[INFO] cloning repository https://github.com/argon-lang/verilization
[INFO] running `Command { std: "git" "-c" "credential.helper=" "-c" "credential.helper=/workspace/cargo-home/bin/git-credential-null" "clone" "--bare" "https://github.com/argon-lang/verilization" "/workspace/cache/git-repos/https%3A%2F%2Fgithub.com%2Fargon-lang%2Fverilization", kill_on_drop: false }`
[INFO] [stderr] Cloning into bare repository '/workspace/cache/git-repos/https%3A%2F%2Fgithub.com%2Fargon-lang%2Fverilization'...
[INFO] running `Command { std: "git" "rev-parse" "HEAD", kill_on_drop: false }`
[INFO] [stdout] c97a84ec63ac9a93934638df7b3ab51946258670
[INFO] testing argon-lang/verilization against 1.54.0 for beta-1.55-1
[INFO] running `Command { std: "git" "clone" "/workspace/cache/git-repos/https%3A%2F%2Fgithub.com%2Fargon-lang%2Fverilization" "/workspace/builds/worker-3/source", kill_on_drop: false }`
[INFO] [stderr] Cloning into '/workspace/builds/worker-3/source'...
[INFO] [stderr] done.
[INFO] validating manifest of git repo https://github.com/argon-lang/verilization on toolchain 1.54.0
[INFO] running `Command { std: "/workspace/cargo-home/bin/cargo" "+1.54.0" "metadata" "--manifest-path" "Cargo.toml" "--no-deps", kill_on_drop: false }`
[INFO] started tweaking git repo https://github.com/argon-lang/verilization
[INFO] finished tweaking git repo https://github.com/argon-lang/verilization
[INFO] tweaked toml for git repo https://github.com/argon-lang/verilization written to /workspace/builds/worker-3/source/Cargo.toml
[INFO] crate git repo https://github.com/argon-lang/verilization already has a lockfile, it will not be regenerated
[INFO] running `Command { std: "/workspace/cargo-home/bin/cargo" "+1.54.0" "fetch" "--manifest-path" "Cargo.toml", kill_on_drop: false }`
[INFO] [stderr] warning: /workspace/builds/worker-3/source/lang/typescript/Cargo.toml: unused manifest key: package.hompage
[INFO] [stderr] warning: /workspace/builds/worker-3/source/compiler-cli-core/Cargo.toml: unused manifest key: package.hompage
[INFO] [stderr] warning: /workspace/builds/worker-3/source/lang/scala/Cargo.toml: unused manifest key: package.hompage
[INFO] [stderr] warning: /workspace/builds/worker-3/source/compiler-cli/Cargo.toml: unused manifest key: package.hompage
[INFO] [stderr] warning: /workspace/builds/worker-3/source/bindings/c-api-core/Cargo.toml: unused manifest key: package.hompage
[INFO] [stderr] warning: /workspace/builds/worker-3/source/lang/java/Cargo.toml: unused manifest key: package.hompage
[INFO] [stderr] warning: /workspace/builds/worker-3/source/compiler/Cargo.toml: unused manifest key: package.hompage
[INFO] running `Command { std: "docker" "create" "-v" "/var/lib/crater-agent-workspace/builds/worker-3/target:/opt/rustwide/target:rw,Z" "-v" "/var/lib/crater-agent-workspace/builds/worker-3/source:/opt/rustwide/workdir:ro,Z" "-v" "/var/lib/crater-agent-workspace/cargo-home:/opt/rustwide/cargo-home:ro,Z" "-v" "/var/lib/crater-agent-workspace/rustup-home:/opt/rustwide/rustup-home:ro,Z" "-e" "SOURCE_DIR=/opt/rustwide/workdir" "-e" "CARGO_TARGET_DIR=/opt/rustwide/target" "-e" "CARGO_HOME=/opt/rustwide/cargo-home" "-e" "RUSTUP_HOME=/opt/rustwide/rustup-home" "-w" "/opt/rustwide/workdir" "-m" "1610612736" "--user" "0:0" "--network" "none" "ghcr.io/rust-lang/crates-build-env/linux@sha256:34b6a614d2c27851fe6cbf88fbd1137609cefab8b10d0615aaeb6fd47975d74e" "/opt/rustwide/cargo-home/bin/cargo" "+1.54.0" "metadata" "--no-deps" "--format-version=1", kill_on_drop: false }`
[INFO] [stdout] 55681146ebe71a76db67d12f5ed458a1b7f8adedeb2b08c4232e8c15993b5d77
[INFO] running `Command { std: "docker" "start" "-a" "55681146ebe71a76db67d12f5ed458a1b7f8adedeb2b08c4232e8c15993b5d77", kill_on_drop: false }`
[INFO] running `Command { std: "docker" "inspect" "55681146ebe71a76db67d12f5ed458a1b7f8adedeb2b08c4232e8c15993b5d77", kill_on_drop: false }`
[INFO] running `Command { std: "docker" "rm" "-f" "55681146ebe71a76db67d12f5ed458a1b7f8adedeb2b08c4232e8c15993b5d77", kill_on_drop: false }`
[INFO] [stdout] 55681146ebe71a76db67d12f5ed458a1b7f8adedeb2b08c4232e8c15993b5d77
[INFO] running `Command { std: "docker" "create" "-v" "/var/lib/crater-agent-workspace/builds/worker-3/target:/opt/rustwide/target:rw,Z" "-v" "/var/lib/crater-agent-workspace/builds/worker-3/source:/opt/rustwide/workdir:ro,Z" "-v" "/var/lib/crater-agent-workspace/cargo-home:/opt/rustwide/cargo-home:ro,Z" "-v" "/var/lib/crater-agent-workspace/rustup-home:/opt/rustwide/rustup-home:ro,Z" "-e" "SOURCE_DIR=/opt/rustwide/workdir" "-e" "CARGO_TARGET_DIR=/opt/rustwide/target" "-e" "CARGO_INCREMENTAL=0" "-e" "RUST_BACKTRACE=full" "-e" "RUSTFLAGS=--cap-lints=warn" "-e" "CARGO_HOME=/opt/rustwide/cargo-home" "-e" "RUSTUP_HOME=/opt/rustwide/rustup-home" "-w" "/opt/rustwide/workdir" "-m" "1610612736" "--user" "0:0" "--network" "none" "ghcr.io/rust-lang/crates-build-env/linux@sha256:34b6a614d2c27851fe6cbf88fbd1137609cefab8b10d0615aaeb6fd47975d74e" "/opt/rustwide/cargo-home/bin/cargo" "+1.54.0" "build" "--frozen" "--message-format=json", kill_on_drop: false }`
[INFO] [stdout] 3d554d558bcf2dc53a3d4dcb2760fb76882c3589c7789ccc8b7a8e521ee70bcd
[INFO] running `Command { std: "docker" "start" "-a" "3d554d558bcf2dc53a3d4dcb2760fb76882c3589c7789ccc8b7a8e521ee70bcd", kill_on_drop: false }`
[INFO] [stderr] warning: /opt/rustwide/workdir/lang/java/Cargo.toml: unused manifest key: package.hompage
[INFO] [stderr] warning: /opt/rustwide/workdir/compiler-cli-core/Cargo.toml: unused manifest key: package.hompage
[INFO] [stderr] warning: /opt/rustwide/workdir/compiler-cli/Cargo.toml: unused manifest key: package.hompage
[INFO] [stderr] warning: /opt/rustwide/workdir/compiler/Cargo.toml: unused manifest key: package.hompage
[INFO] [stderr] warning: /opt/rustwide/workdir/bindings/c-api-core/Cargo.toml: unused manifest key: package.hompage
[INFO] [stderr] warning: /opt/rustwide/workdir/lang/scala/Cargo.toml: unused manifest key: package.hompage
[INFO] [stderr] warning: /opt/rustwide/workdir/lang/typescript/Cargo.toml: unused manifest key: package.hompage
[INFO] [stderr]    Compiling radium v0.5.3
[INFO] [stderr]    Compiling memchr v2.3.4
[INFO] [stderr]    Compiling lexical-core v0.7.5
[INFO] [stderr]    Compiling tap v1.0.1
[INFO] [stderr]    Compiling funty v1.1.0
[INFO] [stderr]    Compiling wyz v0.2.0
[INFO] [stderr]    Compiling arrayvec v0.5.2
[INFO] [stderr]    Compiling pathdiff v0.2.0
[INFO] [stderr]    Compiling hex-literal v0.3.1
[INFO] [stderr]    Compiling num-bigint v0.4.0
[INFO] [stderr]    Compiling nom v6.1.2
[INFO] [stderr]    Compiling random-string v0.2.0
[INFO] [stderr]    Compiling getrandom v0.2.2
[INFO] [stderr]    Compiling rand v0.4.6
[INFO] [stderr]    Compiling sha2 v0.9.3
[INFO] [stderr]    Compiling rand_core v0.6.2
[INFO] [stderr]    Compiling rand_chacha v0.3.0
[INFO] [stderr]    Compiling tempdir v0.3.7
[INFO] [stderr]    Compiling bitvec v0.19.5
[INFO] [stderr]    Compiling rand v0.8.3
[INFO] [stderr]    Compiling verilization-runtime v0.1.0 (/opt/rustwide/workdir/runtime/rust)
[INFO] [stderr]    Compiling verilization-compiler v0.1.0 (/opt/rustwide/workdir/compiler)
[INFO] [stderr]    Compiling verilization-lang-scala v0.1.0 (/opt/rustwide/workdir/lang/scala)
[INFO] [stderr]    Compiling verilization-lang-java v0.1.0 (/opt/rustwide/workdir/lang/java)
[INFO] [stderr]    Compiling verilization-bindings-c-api-core v0.1.0 (/opt/rustwide/workdir/bindings/c-api-core)
[INFO] [stderr]    Compiling verilization-compiler-cli-core v0.1.0 (/opt/rustwide/workdir/compiler-cli-core)
[INFO] [stderr]    Compiling verilization-lang-typescript v0.1.0 (/opt/rustwide/workdir/lang/typescript)
[INFO] [stderr]    Compiling verilization-bindings-c-api v0.1.0 (/opt/rustwide/workdir/bindings/c-api)
[INFO] [stderr]    Compiling verilization-test-runner v0.1.0 (/opt/rustwide/workdir/tests/runner)
[INFO] [stderr]    Compiling verilization-compiler-cli v0.1.0 (/opt/rustwide/workdir/compiler-cli)
[INFO] [stderr]     Finished dev [unoptimized + debuginfo] target(s) in 22.16s
[INFO] running `Command { std: "docker" "inspect" "3d554d558bcf2dc53a3d4dcb2760fb76882c3589c7789ccc8b7a8e521ee70bcd", kill_on_drop: false }`
[INFO] running `Command { std: "docker" "rm" "-f" "3d554d558bcf2dc53a3d4dcb2760fb76882c3589c7789ccc8b7a8e521ee70bcd", kill_on_drop: false }`
[INFO] [stdout] 3d554d558bcf2dc53a3d4dcb2760fb76882c3589c7789ccc8b7a8e521ee70bcd
[INFO] running `Command { std: "docker" "create" "-v" "/var/lib/crater-agent-workspace/builds/worker-3/target:/opt/rustwide/target:rw,Z" "-v" "/var/lib/crater-agent-workspace/builds/worker-3/source:/opt/rustwide/workdir:ro,Z" "-v" "/var/lib/crater-agent-workspace/cargo-home:/opt/rustwide/cargo-home:ro,Z" "-v" "/var/lib/crater-agent-workspace/rustup-home:/opt/rustwide/rustup-home:ro,Z" "-e" "SOURCE_DIR=/opt/rustwide/workdir" "-e" "CARGO_TARGET_DIR=/opt/rustwide/target" "-e" "CARGO_INCREMENTAL=0" "-e" "RUST_BACKTRACE=full" "-e" "RUSTFLAGS=--cap-lints=warn" "-e" "CARGO_HOME=/opt/rustwide/cargo-home" "-e" "RUSTUP_HOME=/opt/rustwide/rustup-home" "-w" "/opt/rustwide/workdir" "-m" "1610612736" "--user" "0:0" "--network" "none" "ghcr.io/rust-lang/crates-build-env/linux@sha256:34b6a614d2c27851fe6cbf88fbd1137609cefab8b10d0615aaeb6fd47975d74e" "/opt/rustwide/cargo-home/bin/cargo" "+1.54.0" "test" "--frozen" "--no-run" "--message-format=json", kill_on_drop: false }`
[INFO] [stdout] 8de64727607c7896787234b653146011d43986b29483fe1315b896c566663eab
[INFO] running `Command { std: "docker" "start" "-a" "8de64727607c7896787234b653146011d43986b29483fe1315b896c566663eab", kill_on_drop: false }`
[INFO] [stderr] warning: /opt/rustwide/workdir/bindings/c-api-core/Cargo.toml: unused manifest key: package.hompage
[INFO] [stderr] warning: /opt/rustwide/workdir/lang/typescript/Cargo.toml: unused manifest key: package.hompage
[INFO] [stderr] warning: /opt/rustwide/workdir/lang/scala/Cargo.toml: unused manifest key: package.hompage
[INFO] [stderr] warning: /opt/rustwide/workdir/lang/java/Cargo.toml: unused manifest key: package.hompage
[INFO] [stderr] warning: /opt/rustwide/workdir/compiler-cli-core/Cargo.toml: unused manifest key: package.hompage
[INFO] [stderr] warning: /opt/rustwide/workdir/compiler-cli/Cargo.toml: unused manifest key: package.hompage
[INFO] [stderr] warning: /opt/rustwide/workdir/compiler/Cargo.toml: unused manifest key: package.hompage
[INFO] [stderr]    Compiling syn v0.15.44
[INFO] [stderr]    Compiling verilization-compiler v0.1.0 (/opt/rustwide/workdir/compiler)
[INFO] [stderr]    Compiling verilization-runtime v0.1.0 (/opt/rustwide/workdir/runtime/rust)
[INFO] [stderr]    Compiling verilization-lang-java v0.1.0 (/opt/rustwide/workdir/lang/java)
[INFO] [stderr]    Compiling verilization-bindings-c-api-core v0.1.0 (/opt/rustwide/workdir/bindings/c-api-core)
[INFO] [stderr]    Compiling verilization-lang-scala v0.1.0 (/opt/rustwide/workdir/lang/scala)
[INFO] [stderr]    Compiling verilization-compiler-cli-core v0.1.0 (/opt/rustwide/workdir/compiler-cli-core)
[INFO] [stderr]    Compiling verilization-lang-typescript v0.1.0 (/opt/rustwide/workdir/lang/typescript)
[INFO] [stderr]    Compiling verilization-compiler-cli v0.1.0 (/opt/rustwide/workdir/compiler-cli)
[INFO] [stderr]    Compiling verilization-bindings-c-api v0.1.0 (/opt/rustwide/workdir/bindings/c-api)
[INFO] [stderr]    Compiling test-generator v0.3.0
[INFO] [stderr]    Compiling verilization-test-runner v0.1.0 (/opt/rustwide/workdir/tests/runner)
[INFO] [stdout] warning: constant is never used: `NUM_SAMPLES`
[INFO] [stdout]   --> tests/runner/tests/generators.rs:14:1
[INFO] [stdout]    |
[INFO] [stdout] 14 | const NUM_SAMPLES: i32 = 20;
[INFO] [stdout]    | ^^^^^^^^^^^^^^^^^^^^^^^^^^^^
[INFO] [stdout]    |
[INFO] [stdout]    = note: `#[warn(dead_code)]` on by default
[INFO] [stdout] 
[INFO] [stdout] 
[INFO] [stdout] warning: 1 warning emitted
[INFO] [stdout] 
[INFO] [stdout] 
[INFO] [stderr]     Finished test [unoptimized + debuginfo] target(s) in 16.13s
[INFO] running `Command { std: "docker" "inspect" "8de64727607c7896787234b653146011d43986b29483fe1315b896c566663eab", kill_on_drop: false }`
[INFO] running `Command { std: "docker" "rm" "-f" "8de64727607c7896787234b653146011d43986b29483fe1315b896c566663eab", kill_on_drop: false }`
[INFO] [stdout] 8de64727607c7896787234b653146011d43986b29483fe1315b896c566663eab
[INFO] running `Command { std: "docker" "create" "-v" "/var/lib/crater-agent-workspace/builds/worker-3/target:/opt/rustwide/target:rw,Z" "-v" "/var/lib/crater-agent-workspace/builds/worker-3/source:/opt/rustwide/workdir:ro,Z" "-v" "/var/lib/crater-agent-workspace/cargo-home:/opt/rustwide/cargo-home:ro,Z" "-v" "/var/lib/crater-agent-workspace/rustup-home:/opt/rustwide/rustup-home:ro,Z" "-e" "SOURCE_DIR=/opt/rustwide/workdir" "-e" "CARGO_TARGET_DIR=/opt/rustwide/target" "-e" "CARGO_INCREMENTAL=0" "-e" "RUST_BACKTRACE=full" "-e" "RUSTFLAGS=--cap-lints=warn" "-e" "CARGO_HOME=/opt/rustwide/cargo-home" "-e" "RUSTUP_HOME=/opt/rustwide/rustup-home" "-w" "/opt/rustwide/workdir" "-m" "1610612736" "--user" "0:0" "--network" "none" "ghcr.io/rust-lang/crates-build-env/linux@sha256:34b6a614d2c27851fe6cbf88fbd1137609cefab8b10d0615aaeb6fd47975d74e" "/opt/rustwide/cargo-home/bin/cargo" "+1.54.0" "test" "--frozen", kill_on_drop: false }`
[INFO] [stdout] 7ba26e94a12b56143247249f95928dba2a2da0c4b9f5b4c9dbf8bc3ba9c39ca3
[INFO] running `Command { std: "docker" "start" "-a" "7ba26e94a12b56143247249f95928dba2a2da0c4b9f5b4c9dbf8bc3ba9c39ca3", kill_on_drop: false }`
[INFO] [stderr] warning: /opt/rustwide/workdir/bindings/c-api-core/Cargo.toml: unused manifest key: package.hompage
[INFO] [stderr] warning: /opt/rustwide/workdir/lang/java/Cargo.toml: unused manifest key: package.hompage
[INFO] [stderr] warning: /opt/rustwide/workdir/lang/scala/Cargo.toml: unused manifest key: package.hompage
[INFO] [stderr] warning: /opt/rustwide/workdir/lang/typescript/Cargo.toml: unused manifest key: package.hompage
[INFO] [stderr] warning: /opt/rustwide/workdir/compiler-cli/Cargo.toml: unused manifest key: package.hompage
[INFO] [stderr] warning: /opt/rustwide/workdir/compiler/Cargo.toml: unused manifest key: package.hompage
[INFO] [stderr] warning: /opt/rustwide/workdir/compiler-cli-core/Cargo.toml: unused manifest key: package.hompage
[INFO] [stdout] 
[INFO] [stderr] warning: constant is never used: `NUM_SAMPLES`
[INFO] [stdout] running 0 tests
[INFO] [stderr]   --> tests/runner/tests/generators.rs:14:1
[INFO] [stdout] 
[INFO] [stderr]    |
[INFO] [stdout] test result: ok. 0 passed; 0 failed; 0 ignored; 0 measured; 0 filtered out; finished in 0.00s
[INFO] [stderr] 14 | const NUM_SAMPLES: i32 = 20;
[INFO] [stdout] 
[INFO] [stderr]    | ^^^^^^^^^^^^^^^^^^^^^^^^^^^^
[INFO] [stdout] 
[INFO] [stderr]    |
[INFO] [stdout] running 0 tests
[INFO] [stderr]    = note: `#[warn(dead_code)]` on by default
[INFO] [stdout] 
[INFO] [stderr] 
[INFO] [stdout] test result: ok. 0 passed; 0 failed; 0 ignored; 0 measured; 0 filtered out; finished in 0.00s
[INFO] [stderr] warning: 1 warning emitted
[INFO] [stdout] 
[INFO] [stderr] 
[INFO] [stdout] 
[INFO] [stderr]     Finished test [unoptimized + debuginfo] target(s) in 0.05s
[INFO] [stdout] running 0 tests
[INFO] [stderr]      Running unittests (/opt/rustwide/target/debug/deps/verilization_bindings_c_api-57d2dffe33830d98)
[INFO] [stdout] 
[INFO] [stderr]      Running unittests (/opt/rustwide/target/debug/deps/verilization_bindings_c_api_core-ea48cb5d11a51faf)
[INFO] [stdout] test result: ok. 0 passed; 0 failed; 0 ignored; 0 measured; 0 filtered out; finished in 0.00s
[INFO] [stderr]      Running unittests (/opt/rustwide/target/debug/deps/verilization_compiler-6e08b7d98d574ca6)
[INFO] [stdout] 
[INFO] [stderr]      Running unittests (/opt/rustwide/target/debug/deps/verilization_compiler_cli-1976dfd45707979e)
[INFO] [stdout] 
[INFO] [stdout] running 0 tests
[INFO] [stdout] 
[INFO] [stdout] test result: ok. 0 passed; 0 failed; 0 ignored; 0 measured; 0 filtered out; finished in 0.00s
[INFO] [stdout] 
[INFO] [stderr]      Running unittests (/opt/rustwide/target/debug/deps/verilization_compiler_cli_core-9be98e9134a52f47)
[INFO] [stdout] 
[INFO] [stderr]      Running unittests (/opt/rustwide/target/debug/deps/verilization_lang_java-6360f164ce3b707b)
[INFO] [stdout] running 0 tests
[INFO] [stderr]      Running unittests (/opt/rustwide/target/debug/deps/verilization_lang_scala-b2887211978b93a2)
[INFO] [stdout] 
[INFO] [stdout] test result: ok. 0 passed; 0 failed; 0 ignored; 0 measured; 0 filtered out; finished in 0.00s
[INFO] [stdout] 
[INFO] [stdout] 
[INFO] [stdout] running 0 tests
[INFO] [stdout] 
[INFO] [stdout] test result: ok. 0 passed; 0 failed; 0 ignored; 0 measured; 0 filtered out; finished in 0.00s
[INFO] [stdout] 
[INFO] [stderr]      Running unittests (/opt/rustwide/target/debug/deps/verilization_lang_typescript-3ce7ed9ec1f1f538)
[INFO] [stdout] 
[INFO] [stdout] running 0 tests
[INFO] [stdout] 
[INFO] [stdout] test result: ok. 0 passed; 0 failed; 0 ignored; 0 measured; 0 filtered out; finished in 0.00s
[INFO] [stdout] 
[INFO] [stderr]      Running unittests (/opt/rustwide/target/debug/deps/verilization_runtime-512527c7585b4f0d)
[INFO] [stdout] 
[INFO] [stdout] running 0 tests
[INFO] [stdout] 
[INFO] [stdout] test result: ok. 0 passed; 0 failed; 0 ignored; 0 measured; 0 filtered out; finished in 0.00s
[INFO] [stdout] 
[INFO] [stdout] 
[INFO] [stdout] running 0 tests
[INFO] [stdout] 
[INFO] [stdout] test result: ok. 0 passed; 0 failed; 0 ignored; 0 measured; 0 filtered out; finished in 0.00s
[INFO] [stdout] 
[INFO] [stdout] 
[INFO] [stdout] running 0 tests
[INFO] [stdout] 
[INFO] [stdout] test result: ok. 0 passed; 0 failed; 0 ignored; 0 measured; 0 filtered out; finished in 0.00s
[INFO] [stdout] 
[INFO] [stderr]      Running unittests (/opt/rustwide/target/debug/deps/verilization_test_runner-d863311ab6d92a87)
[INFO] [stderr]      Running tests/command_line_interfaces.rs (/opt/rustwide/target/debug/deps/command_line_interfaces-c2dc6a0c7864a918)
[INFO] [stdout] 
[INFO] [stdout] running 12 tests
[INFO] [stdout] test run_cli_scala_tests_verilization_enum_versions_verilization ... FAILED
[INFO] [stdout] test run_cli_typescript_tests_verilization_struct_versions_verilization ... FAILED
[INFO] [stdout] test run_cli_scala_tests_verilization_generics_verilization ... FAILED
[INFO] [stdout] test run_cli_scala_tests_verilization_final_verilization ... FAILED
[INFO] [stdout] test run_cli_scala_tests_verilization_struct_versions_verilization ... FAILED
[INFO] [stdout] test run_cli_java_tests_verilization_generics_verilization ... FAILED
[INFO] [stdout] test run_cli_java_tests_verilization_enum_versions_verilization ... FAILED
[INFO] [stdout] test run_cli_typescript_tests_verilization_final_verilization ... FAILED
[INFO] [stdout] test run_cli_typescript_tests_verilization_generics_verilization ... FAILED
[INFO] [stdout] test run_cli_java_tests_verilization_final_verilization ... FAILED
[INFO] [stdout] test run_cli_java_tests_verilization_struct_versions_verilization ... FAILED
[INFO] [stdout] test run_cli_typescript_tests_verilization_enum_versions_verilization ... FAILED
[INFO] [stdout] 
[INFO] [stdout] failures:
[INFO] [stdout] 
[INFO] [stdout] ---- run_cli_scala_tests_verilization_enum_versions_verilization stdout ----
[INFO] [stdout] Command: "cargo" "build"
[INFO] [stdout] warning: /opt/rustwide/workdir/bindings/c-api-core/Cargo.toml: unused manifest key: package.hompage
[INFO] [stdout] warning: /opt/rustwide/workdir/compiler-cli-core/Cargo.toml: unused manifest key: package.hompage
[INFO] [stdout] warning: /opt/rustwide/workdir/compiler-cli/Cargo.toml: unused manifest key: package.hompage
[INFO] [stdout] warning: /opt/rustwide/workdir/lang/scala/Cargo.toml: unused manifest key: package.hompage
[INFO] [stdout] warning: /opt/rustwide/workdir/lang/java/Cargo.toml: unused manifest key: package.hompage
[INFO] [stdout] warning: /opt/rustwide/workdir/lang/typescript/Cargo.toml: unused manifest key: package.hompage
[INFO] [stdout] warning: /opt/rustwide/workdir/compiler/Cargo.toml: unused manifest key: package.hompage
[INFO] [stdout]     Blocking waiting for file lock on build directory
[INFO] [stdout]     Finished dev [unoptimized + debuginfo] target(s) in 11.54s
[INFO] [stdout] Command: "cargo" "run" "-p" "verilization-compiler-cli" "--" "generate" "scala" "-i" "../../tests/verilization/enum_versions.verilization" "-i" "../../runtime/verilization//integral.verilization" "-i" "../../runtime/verilization//string.verilization" "-i" "../../runtime/verilization//list.verilization" "-i" "../../runtime/verilization//option.verilization" "-o:out_dir" "/tmp/verilization.VeTvypevvZKQ" "-o:pkg:genericsTest" "genericsTest" "-o:pkg:finalTest" "finalTest" "-o:pkg:enum.versions" "enum_.versions" "-o:pkg:struct.versions" "struct.versions" "-o:lib:" "dev.argon.verilization.scala_runtime"
[INFO] [stdout] warning: /opt/rustwide/workdir/compiler/Cargo.toml: unused manifest key: package.hompage
[INFO] [stdout] warning: /opt/rustwide/workdir/lang/scala/Cargo.toml: unused manifest key: package.hompage
[INFO] [stdout] warning: /opt/rustwide/workdir/lang/typescript/Cargo.toml: unused manifest key: package.hompage
[INFO] [stdout] warning: /opt/rustwide/workdir/compiler-cli/Cargo.toml: unused manifest key: package.hompage
[INFO] [stdout] warning: /opt/rustwide/workdir/bindings/c-api-core/Cargo.toml: unused manifest key: package.hompage
[INFO] [stdout] warning: /opt/rustwide/workdir/lang/java/Cargo.toml: unused manifest key: package.hompage
[INFO] [stdout] warning: /opt/rustwide/workdir/compiler-cli-core/Cargo.toml: unused manifest key: package.hompage
[INFO] [stdout]    Compiling verilization-lang-typescript v0.1.0 (/opt/rustwide/workdir/lang/typescript)
[INFO] [stdout]    Compiling verilization-compiler-cli v0.1.0 (/opt/rustwide/workdir/compiler-cli)
[INFO] [stdout]     Finished dev [unoptimized + debuginfo] target(s) in 5.86s
[INFO] [stdout]      Running `/opt/rustwide/target/debug/verilization-compiler-cli generate scala -i ../../tests/verilization/enum_versions.verilization -i ../../runtime/verilization//integral.verilization -i ../../runtime/verilization//string.verilization -i ../../runtime/verilization//list.verilization -i ../../runtime/verilization//option.verilization '-o:out_dir' /tmp/verilization.VeTvypevvZKQ '-o:pkg:genericsTest' genericsTest '-o:pkg:finalTest' finalTest '-o:pkg:enum.versions' enum_.versions '-o:pkg:struct.versions' struct.versions '-o:lib:' dev.argon.verilization.scala_runtime`
[INFO] [stdout] Command: "npm" "run" "build"
[INFO] [stdout] thread 'run_cli_scala_tests_verilization_enum_versions_verilization' panicked at 'Could not run test command.: Os { code: 2, kind: NotFound, message: "No such file or directory" }', tests/runner/tests/command_line_interfaces.rs:26:10
[INFO] [stdout] stack backtrace:
[INFO] [stdout]    0:     0x5584b6671dc0 - std::backtrace_rs::backtrace::libunwind::trace::h34055254b57d8e79
[INFO] [stdout]                                at /rustc/a178d0322ce20e33eac124758e837cbd80a6f633/library/std/src/../../backtrace/src/backtrace/libunwind.rs:90:5
[INFO] [stdout]    1:     0x5584b6671dc0 - std::backtrace_rs::backtrace::trace_unsynchronized::h8f1e3fbd9afff6ec
[INFO] [stdout]                                at /rustc/a178d0322ce20e33eac124758e837cbd80a6f633/library/std/src/../../backtrace/src/backtrace/mod.rs:66:5
[INFO] [stdout]    2:     0x5584b6671dc0 - std::sys_common::backtrace::_print_fmt::h3a99a796b770c360
[INFO] [stdout]                                at /rustc/a178d0322ce20e33eac124758e837cbd80a6f633/library/std/src/sys_common/backtrace.rs:67:5
[INFO] [stdout]    3:     0x5584b6671dc0 - <std::sys_common::backtrace::_print::DisplayBacktrace as core::fmt::Display>::fmt::h32d1f94a80615d18
[INFO] [stdout]                                at /rustc/a178d0322ce20e33eac124758e837cbd80a6f633/library/std/src/sys_common/backtrace.rs:46:22
[INFO] [stdout]    4:     0x5584b6695cac - core::fmt::write::h306731c068f7162c
[INFO] [stdout]                                at /rustc/a178d0322ce20e33eac124758e837cbd80a6f633/library/core/src/fmt/mod.rs:1110:17
[INFO] [stdout]    5:     0x5584b666e8d5 - std::io::Write::write_fmt::h87f19b0a2cd190bc
[INFO] [stdout]                                at /rustc/a178d0322ce20e33eac124758e837cbd80a6f633/library/std/src/io/mod.rs:1588:15
[INFO] [stdout]    6:     0x5584b667437b - std::sys_common::backtrace::_print::h5abaa2601a852287
[INFO] [stdout]                                at /rustc/a178d0322ce20e33eac124758e837cbd80a6f633/library/std/src/sys_common/backtrace.rs:49:5
[INFO] [stdout]    7:     0x5584b667437b - std::sys_common::backtrace::print::h8d81445442bb638f
[INFO] [stdout]                                at /rustc/a178d0322ce20e33eac124758e837cbd80a6f633/library/std/src/sys_common/backtrace.rs:36:9
[INFO] [stdout]    8:     0x5584b667437b - std::panicking::default_hook::{{closure}}::hcfe804496a9fa747
[INFO] [stdout]                                at /rustc/a178d0322ce20e33eac124758e837cbd80a6f633/library/std/src/panicking.rs:208:50
[INFO] [stdout]    9:     0x5584b6673e8c - std::panicking::default_hook::hbea8e3ccf2ba8901
[INFO] [stdout]                                at /rustc/a178d0322ce20e33eac124758e837cbd80a6f633/library/std/src/panicking.rs:222:9
[INFO] [stdout]   10:     0x5584b6674a44 - std::panicking::rust_panic_with_hook::h7ee9e1a2d0f8975a
[INFO] [stdout]                                at /rustc/a178d0322ce20e33eac124758e837cbd80a6f633/library/std/src/panicking.rs:622:17
[INFO] [stdout]   11:     0x5584b6674527 - std::panicking::begin_panic_handler::{{closure}}::h8ab3b4491718b2c7
[INFO] [stdout]                                at /rustc/a178d0322ce20e33eac124758e837cbd80a6f633/library/std/src/panicking.rs:519:13
[INFO] [stdout]   12:     0x5584b66722bc - std::sys_common::backtrace::__rust_end_short_backtrace::hd489062ffa586a9f
[INFO] [stdout]                                at /rustc/a178d0322ce20e33eac124758e837cbd80a6f633/library/std/src/sys_common/backtrace.rs:141:18
[INFO] [stdout]   13:     0x5584b6674489 - rust_begin_unwind
[INFO] [stdout]                                at /rustc/a178d0322ce20e33eac124758e837cbd80a6f633/library/std/src/panicking.rs:515:5
[INFO] [stdout]   14:     0x5584b6426761 - core::panicking::panic_fmt::hca6330e3e14086b4
[INFO] [stdout]                                at /rustc/a178d0322ce20e33eac124758e837cbd80a6f633/library/core/src/panicking.rs:92:14
[INFO] [stdout]   15:     0x5584b6426853 - core::result::unwrap_failed::h6160d2b4bfbb0e87
[INFO] [stdout]                                at /rustc/a178d0322ce20e33eac124758e837cbd80a6f633/library/core/src/result.rs:1355:5
[INFO] [stdout]   16:     0x5584b651d88d - core::result::Result<T,E>::expect::h78a68a7b78350e26
[INFO] [stdout]                                at /rustc/a178d0322ce20e33eac124758e837cbd80a6f633/library/core/src/result.rs:997:23
[INFO] [stdout]   17:     0x5584b64ac70d - command_line_interfaces::run_command_check_exit::hfea21fa61bf74c0b
[INFO] [stdout]                                at /opt/rustwide/workdir/tests/runner/tests/command_line_interfaces.rs:23:18
[INFO] [stdout]   18:     0x5584b64ae3e3 - command_line_interfaces::run_test_case::h2f82b10690e18709
[INFO] [stdout]                                at /opt/rustwide/workdir/tests/runner/tests/command_line_interfaces.rs:97:9
[INFO] [stdout]   19:     0x5584b64b2094 - command_line_interfaces::run_cli_scala::he4d0be1a3a4f3ed6
[INFO] [stdout]                                at /opt/rustwide/workdir/tests/runner/tests/command_line_interfaces.rs:142:5
[INFO] [stdout]   20:     0x5584b64b20fe - command_line_interfaces::run_cli_scala_tests_verilization_enum_versions_verilization::h52123d9a38e7e69d
[INFO] [stdout]                                at /opt/rustwide/workdir/tests/runner/tests/command_line_interfaces.rs:140:1
[INFO] [stdout]   21:     0x5584b64b20ba - command_line_interfaces::run_cli_scala_tests_verilization_enum_versions_verilization::{{closure}}::h18644fee3470d537
[INFO] [stdout]                                at /opt/rustwide/workdir/tests/runner/tests/command_line_interfaces.rs:140:1
[INFO] [stdout]   22:     0x5584b65147ae - core::ops::function::FnOnce::call_once::he7d725490b640a48
[INFO] [stdout]                                at /rustc/a178d0322ce20e33eac124758e837cbd80a6f633/library/core/src/ops/function.rs:227:5
[INFO] [stdout]   23:     0x5584b65494f3 - core::ops::function::FnOnce::call_once::h152e7e439ff59e19
[INFO] [stdout]                                at /rustc/a178d0322ce20e33eac124758e837cbd80a6f633/library/core/src/ops/function.rs:227:5
[INFO] [stdout]   24:     0x5584b65494f3 - test::__rust_begin_short_backtrace::h0908f3b1fdbb72ab
[INFO] [stdout]                                at /rustc/a178d0322ce20e33eac124758e837cbd80a6f633/library/test/src/lib.rs:577:5
[INFO] [stdout]   25:     0x5584b6547fb0 - <alloc::boxed::Box<F,A> as core::ops::function::FnOnce<Args>>::call_once::hf6d2a51e5587546c
[INFO] [stdout]                                at /rustc/a178d0322ce20e33eac124758e837cbd80a6f633/library/alloc/src/boxed.rs:1575:9
[INFO] [stdout]   26:     0x5584b6547fb0 - <std::panic::AssertUnwindSafe<F> as core::ops::function::FnOnce<()>>::call_once::h8af660f3a89ef593
[INFO] [stdout]                                at /rustc/a178d0322ce20e33eac124758e837cbd80a6f633/library/std/src/panic.rs:347:9
[INFO] [stdout]   27:     0x5584b6547fb0 - std::panicking::try::do_call::hd36aef60f84b6d36
[INFO] [stdout]                                at /rustc/a178d0322ce20e33eac124758e837cbd80a6f633/library/std/src/panicking.rs:401:40
[INFO] [stdout]   28:     0x5584b6547fb0 - std::panicking::try::h9932b4480e69817c
[INFO] [stdout]                                at /rustc/a178d0322ce20e33eac124758e837cbd80a6f633/library/std/src/panicking.rs:365:19
[INFO] [stdout]   29:     0x5584b6547fb0 - std::panic::catch_unwind::h6aa177099cfff5f8
[INFO] [stdout]                                at /rustc/a178d0322ce20e33eac124758e837cbd80a6f633/library/std/src/panic.rs:434:14
[INFO] [stdout]   30:     0x5584b6547fb0 - test::run_test_in_process::h5884d6f2d99e20c3
[INFO] [stdout]                                at /rustc/a178d0322ce20e33eac124758e837cbd80a6f633/library/test/src/lib.rs:600:18
[INFO] [stdout]   31:     0x5584b6547fb0 - test::run_test::run_test_inner::{{closure}}::h6fdc58c6d5f5b6e3
[INFO] [stdout]                                at /rustc/a178d0322ce20e33eac124758e837cbd80a6f633/library/test/src/lib.rs:492:39
[INFO] [stdout]   32:     0x5584b6521662 - test::run_test::run_test_inner::{{closure}}::h408365d67a78ade8
[INFO] [stdout]                                at /rustc/a178d0322ce20e33eac124758e837cbd80a6f633/library/test/src/lib.rs:519:37
[INFO] [stdout]   33:     0x5584b6521662 - std::sys_common::backtrace::__rust_begin_short_backtrace::hb560b77c4f701523
[INFO] [stdout]                                at /rustc/a178d0322ce20e33eac124758e837cbd80a6f633/library/std/src/sys_common/backtrace.rs:125:18
[INFO] [stdout]   34:     0x5584b6525218 - std::thread::Builder::spawn_unchecked::{{closure}}::{{closure}}::hf2e7831dad93c597
[INFO] [stdout]                                at /rustc/a178d0322ce20e33eac124758e837cbd80a6f633/library/std/src/thread/mod.rs:481:17
[INFO] [stdout]   35:     0x5584b6525218 - <std::panic::AssertUnwindSafe<F> as core::ops::function::FnOnce<()>>::call_once::hd2e08783d8be4d02
[INFO] [stdout]                                at /rustc/a178d0322ce20e33eac124758e837cbd80a6f633/library/std/src/panic.rs:347:9
[INFO] [stdout]   36:     0x5584b6525218 - std::panicking::try::do_call::h062597b7acfd6b82
[INFO] [stdout]                                at /rustc/a178d0322ce20e33eac124758e837cbd80a6f633/library/std/src/panicking.rs:401:40
[INFO] [stdout]   37:     0x5584b6525218 - std::panicking::try::h0d7b79db04c14552
[INFO] [stdout]                                at /rustc/a178d0322ce20e33eac124758e837cbd80a6f633/library/std/src/panicking.rs:365:19
[INFO] [stdout]   38:     0x5584b6525218 - std::panic::catch_unwind::hb01a0b5e7c8cd43b
[INFO] [stdout]                                at /rustc/a178d0322ce20e33eac124758e837cbd80a6f633/library/std/src/panic.rs:434:14
[INFO] [stdout]   39:     0x5584b6525218 - std::thread::Builder::spawn_unchecked::{{closure}}::h5bde48cc887e0d1e
[INFO] [stdout]                                at /rustc/a178d0322ce20e33eac124758e837cbd80a6f633/library/std/src/thread/mod.rs:480:30
[INFO] [stdout]   40:     0x5584b6525218 - core::ops::function::FnOnce::call_once{{vtable.shim}}::h745ea30807a29e55
[INFO] [stdout]                                at /rustc/a178d0322ce20e33eac124758e837cbd80a6f633/library/core/src/ops/function.rs:227:5
[INFO] [stdout]   41:     0x5584b667a647 - <alloc::boxed::Box<F,A> as core::ops::function::FnOnce<Args>>::call_once::h7ece6cfefaff1005
[INFO] [stdout]                                at /rustc/a178d0322ce20e33eac124758e837cbd80a6f633/library/alloc/src/boxed.rs:1575:9
[INFO] [stdout]   42:     0x5584b667a647 - <alloc::boxed::Box<F,A> as core::ops::function::FnOnce<Args>>::call_once::hb8b48e55c21f193e
[INFO] [stdout]                                at /rustc/a178d0322ce20e33eac124758e837cbd80a6f633/library/alloc/src/boxed.rs:1575:9
[INFO] [stdout]   43:     0x5584b667a647 - std::sys::unix::thread::Thread::new::thread_start::h8c7c4450dba62914
[INFO] [stdout]                                at /rustc/a178d0322ce20e33eac124758e837cbd80a6f633/library/std/src/sys/unix/thread.rs:71:17
[INFO] [stdout]   44:     0x7f5e0919d609 - start_thread
[INFO] [stdout]   45:     0x7f5e08f6f293 - clone
[INFO] [stdout]   46:                0x0 - <unknown>
[INFO] [stdout] 
[INFO] [stdout] ---- run_cli_typescript_tests_verilization_struct_versions_verilization stdout ----
[INFO] [stdout] Command: "cargo" "build"
[INFO] [stdout] warning: /opt/rustwide/workdir/lang/typescript/Cargo.toml: unused manifest key: package.hompage
[INFO] [stdout] warning: /opt/rustwide/workdir/compiler-cli-core/Cargo.toml: unused manifest key: package.hompage
[INFO] [stdout] warning: /opt/rustwide/workdir/bindings/c-api-core/Cargo.toml: unused manifest key: package.hompage
[INFO] [stdout] warning: /opt/rustwide/workdir/compiler/Cargo.toml: unused manifest key: package.hompage
[INFO] [stdout] warning: /opt/rustwide/workdir/lang/java/Cargo.toml: unused manifest key: package.hompage
[INFO] [stdout] warning: /opt/rustwide/workdir/compiler-cli/Cargo.toml: unused manifest key: package.hompage
[INFO] [stdout] warning: /opt/rustwide/workdir/lang/scala/Cargo.toml: unused manifest key: package.hompage
[INFO] [stdout]     Blocking waiting for file lock on build directory
[INFO] [stdout]     Finished dev [unoptimized + debuginfo] target(s) in 11.59s
[INFO] [stdout] Command: "cargo" "run" "-p" "verilization-compiler-cli" "--" "generate" "typescript" "-i" "../../tests/verilization/struct_versions.verilization" "-i" "../../runtime/verilization//integral.verilization" "-i" "../../runtime/verilization//string.verilization" "-i" "../../runtime/verilization//list.verilization" "-i" "../../runtime/verilization//option.verilization" "-o:out_dir" "/tmp/verilization.AeCUTGGnyTUh" "-o:pkg:struct.versions" "struct/versions" "-o:pkg:genericsTest" "genericsTest" "-o:pkg:enum.versions" "enum/versions" "-o:pkg:finalTest" "finalTest" "-o:lib:" "@verilization/runtime"
[INFO] [stdout] warning: /opt/rustwide/workdir/compiler-cli-core/Cargo.toml: unused manifest key: package.hompage
[INFO] [stdout] warning: /opt/rustwide/workdir/lang/java/Cargo.toml: unused manifest key: package.hompage
[INFO] [stdout] warning: /opt/rustwide/workdir/compiler-cli/Cargo.toml: unused manifest key: package.hompage
[INFO] [stdout] warning: /opt/rustwide/workdir/lang/scala/Cargo.toml: unused manifest key: package.hompage
[INFO] [stdout] warning: /opt/rustwide/workdir/bindings/c-api-core/Cargo.toml: unused manifest key: package.hompage
[INFO] [stdout] warning: /opt/rustwide/workdir/lang/typescript/Cargo.toml: unused manifest key: package.hompage
[INFO] [stdout] warning: /opt/rustwide/workdir/compiler/Cargo.toml: unused manifest key: package.hompage
[INFO] [stdout]     Blocking waiting for file lock on build directory
[INFO] [stdout]     Finished dev [unoptimized + debuginfo] target(s) in 5.65s
[INFO] [stdout]      Running `/opt/rustwide/target/debug/verilization-compiler-cli generate typescript -i ../../tests/verilization/struct_versions.verilization -i ../../runtime/verilization//integral.verilization -i ../../runtime/verilization//string.verilization -i ../../runtime/verilization//list.verilization -i ../../runtime/verilization//option.verilization '-o:out_dir' /tmp/verilization.AeCUTGGnyTUh '-o:pkg:struct.versions' struct/versions '-o:pkg:genericsTest' genericsTest '-o:pkg:enum.versions' enum/versions '-o:pkg:finalTest' finalTest '-o:lib:' '@verilization/runtime'`
[INFO] [stdout] Command: "npm" "run" "build"
[INFO] [stdout] thread 'run_cli_typescript_tests_verilization_struct_versions_verilization' panicked at 'Could not run test command.: Os { code: 2, kind: NotFound, message: "No such file or directory" }', tests/runner/tests/command_line_interfaces.rs:26:10
[INFO] [stdout] stack backtrace:
[INFO] [stdout]    0:     0x5584b6671dc0 - std::backtrace_rs::backtrace::libunwind::trace::h34055254b57d8e79
[INFO] [stdout]                                at /rustc/a178d0322ce20e33eac124758e837cbd80a6f633/library/std/src/../../backtrace/src/backtrace/libunwind.rs:90:5
[INFO] [stdout]    1:     0x5584b6671dc0 - std::backtrace_rs::backtrace::trace_unsynchronized::h8f1e3fbd9afff6ec
[INFO] [stdout]                                at /rustc/a178d0322ce20e33eac124758e837cbd80a6f633/library/std/src/../../backtrace/src/backtrace/mod.rs:66:5
[INFO] [stdout]    2:     0x5584b6671dc0 - std::sys_common::backtrace::_print_fmt::h3a99a796b770c360
[INFO] [stdout]                                at /rustc/a178d0322ce20e33eac124758e837cbd80a6f633/library/std/src/sys_common/backtrace.rs:67:5
[INFO] [stdout]    3:     0x5584b6671dc0 - <std::sys_common::backtrace::_print::DisplayBacktrace as core::fmt::Display>::fmt::h32d1f94a80615d18
[INFO] [stdout]                                at /rustc/a178d0322ce20e33eac124758e837cbd80a6f633/library/std/src/sys_common/backtrace.rs:46:22
[INFO] [stdout]    4:     0x5584b6695cac - core::fmt::write::h306731c068f7162c
[INFO] [stdout]                                at /rustc/a178d0322ce20e33eac124758e837cbd80a6f633/library/core/src/fmt/mod.rs:1110:17
[INFO] [stdout]    5:     0x5584b666e8d5 - std::io::Write::write_fmt::h87f19b0a2cd190bc
[INFO] [stdout]                                at /rustc/a178d0322ce20e33eac124758e837cbd80a6f633/library/std/src/io/mod.rs:1588:15
[INFO] [stdout]    6:     0x5584b667437b - std::sys_common::backtrace::_print::h5abaa2601a852287
[INFO] [stdout]                                at /rustc/a178d0322ce20e33eac124758e837cbd80a6f633/library/std/src/sys_common/backtrace.rs:49:5
[INFO] [stdout]    7:     0x5584b667437b - std::sys_common::backtrace::print::h8d81445442bb638f
[INFO] [stdout]                                at /rustc/a178d0322ce20e33eac124758e837cbd80a6f633/library/std/src/sys_common/backtrace.rs:36:9
[INFO] [stdout]    8:     0x5584b667437b - std::panicking::default_hook::{{closure}}::hcfe804496a9fa747
[INFO] [stdout]                                at /rustc/a178d0322ce20e33eac124758e837cbd80a6f633/library/std/src/panicking.rs:208:50
[INFO] [stdout]    9:     0x5584b6673e8c - std::panicking::default_hook::hbea8e3ccf2ba8901
[INFO] [stdout]                                at /rustc/a178d0322ce20e33eac124758e837cbd80a6f633/library/std/src/panicking.rs:222:9
[INFO] [stdout]   10:     0x5584b6674a44 - std::panicking::rust_panic_with_hook::h7ee9e1a2d0f8975a
[INFO] [stdout]                                at /rustc/a178d0322ce20e33eac124758e837cbd80a6f633/library/std/src/panicking.rs:622:17
[INFO] [stdout]   11:     0x5584b6674527 - std::panicking::begin_panic_handler::{{closure}}::h8ab3b4491718b2c7
[INFO] [stdout]                                at /rustc/a178d0322ce20e33eac124758e837cbd80a6f633/library/std/src/panicking.rs:519:13
[INFO] [stdout]   12:     0x5584b66722bc - std::sys_common::backtrace::__rust_end_short_backtrace::hd489062ffa586a9f
[INFO] [stdout]                                at /rustc/a178d0322ce20e33eac124758e837cbd80a6f633/library/std/src/sys_common/backtrace.rs:141:18
[INFO] [stdout]   13:     0x5584b6674489 - rust_begin_unwind
[INFO] [stdout]                                at /rustc/a178d0322ce20e33eac124758e837cbd80a6f633/library/std/src/panicking.rs:515:5
[INFO] [stdout]   14:     0x5584b6426761 - core::panicking::panic_fmt::hca6330e3e14086b4
[INFO] [stdout]                                at /rustc/a178d0322ce20e33eac124758e837cbd80a6f633/library/core/src/panicking.rs:92:14
[INFO] [stdout]   15:     0x5584b6426853 - core::result::unwrap_failed::h6160d2b4bfbb0e87
[INFO] [stdout]                                at /rustc/a178d0322ce20e33eac124758e837cbd80a6f633/library/core/src/result.rs:1355:5
[INFO] [stdout]   16:     0x5584b651d88d - core::result::Result<T,E>::expect::h78a68a7b78350e26
[INFO] [stdout]                                at /rustc/a178d0322ce20e33eac124758e837cbd80a6f633/library/core/src/result.rs:997:23
[INFO] [stdout]   17:     0x5584b64ac70d - command_line_interfaces::run_command_check_exit::hfea21fa61bf74c0b
[INFO] [stdout]                                at /opt/rustwide/workdir/tests/runner/tests/command_line_interfaces.rs:23:18
[INFO] [stdout]   18:     0x5584b64af353 - command_line_interfaces::run_test_case::hcf3def6fd147285b
[INFO] [stdout]                                at /opt/rustwide/workdir/tests/runner/tests/command_line_interfaces.rs:97:9
[INFO] [stdout]   19:     0x5584b64b1d14 - command_line_interfaces::run_cli_typescript::h6faf41d1512732dc
[INFO] [stdout]                                at /opt/rustwide/workdir/tests/runner/tests/command_line_interfaces.rs:132:5
[INFO] [stdout]   20:     0x5584b64b1e9e - command_line_interfaces::run_cli_typescript_tests_verilization_struct_versions_verilization::hc81ee3318eab6f64
[INFO] [stdout]                                at /opt/rustwide/workdir/tests/runner/tests/command_line_interfaces.rs:130:1
[INFO] [stdout]   21:     0x5584b64b1e5a - command_line_interfaces::run_cli_typescript_tests_verilization_struct_versions_verilization::{{closure}}::h6d4fa53b1d7dadf9
[INFO] [stdout]                                at /opt/rustwide/workdir/tests/runner/tests/command_line_interfaces.rs:130:1
[INFO] [stdout]   22:     0x5584b651443e - core::ops::function::FnOnce::call_once::h0d80f510433966bb
[INFO] [stdout]                                at /rustc/a178d0322ce20e33eac124758e837cbd80a6f633/library/core/src/ops/function.rs:227:5
[INFO] [stdout]   23:     0x5584b65494f3 - core::ops::function::FnOnce::call_once::h152e7e439ff59e19
[INFO] [stdout]                                at /rustc/a178d0322ce20e33eac124758e837cbd80a6f633/library/core/src/ops/function.rs:227:5
[INFO] [stdout]   24:     0x5584b65494f3 - test::__rust_begin_short_backtrace::h0908f3b1fdbb72ab
[INFO] [stdout]                                at /rustc/a178d0322ce20e33eac124758e837cbd80a6f633/library/test/src/lib.rs:577:5
[INFO] [stdout]   25:     0x5584b6547fb0 - <alloc::boxed::Box<F,A> as core::ops::function::FnOnce<Args>>::call_once::hf6d2a51e5587546c
[INFO] [stdout]                                at /rustc/a178d0322ce20e33eac124758e837cbd80a6f633/library/alloc/src/boxed.rs:1575:9
[INFO] [stdout]   26:     0x5584b6547fb0 - <std::panic::AssertUnwindSafe<F> as core::ops::function::FnOnce<()>>::call_once::h8af660f3a89ef593
[INFO] [stdout]                                at /rustc/a178d0322ce20e33eac124758e837cbd80a6f633/library/std/src/panic.rs:347:9
[INFO] [stdout]   27:     0x5584b6547fb0 - std::panicking::try::do_call::hd36aef60f84b6d36
[INFO] [stdout]                                at /rustc/a178d0322ce20e33eac124758e837cbd80a6f633/library/std/src/panicking.rs:401:40
[INFO] [stdout]   28:     0x5584b6547fb0 - std::panicking::try::h9932b4480e69817c
[INFO] [stdout]                                at /rustc/a178d0322ce20e33eac124758e837cbd80a6f633/library/std/src/panicking.rs:365:19
[INFO] [stdout]   29:     0x5584b6547fb0 - std::panic::catch_unwind::h6aa177099cfff5f8
[INFO] [stdout]                                at /rustc/a178d0322ce20e33eac124758e837cbd80a6f633/library/std/src/panic.rs:434:14
[INFO] [stdout]   30:     0x5584b6547fb0 - test::run_test_in_process::h5884d6f2d99e20c3
[INFO] [stdout]                                at /rustc/a178d0322ce20e33eac124758e837cbd80a6f633/library/test/src/lib.rs:600:18
[INFO] [stdout]   31:     0x5584b6547fb0 - test::run_test::run_test_inner::{{closure}}::h6fdc58c6d5f5b6e3
[INFO] [stdout]                                at /rustc/a178d0322ce20e33eac124758e837cbd80a6f633/library/test/src/lib.rs:492:39
[INFO] [stdout]   32:     0x5584b6521662 - test::run_test::run_test_inner::{{closure}}::h408365d67a78ade8
[INFO] [stdout]                                at /rustc/a178d0322ce20e33eac124758e837cbd80a6f633/library/test/src/lib.rs:519:37
[INFO] [stdout]   33:     0x5584b6521662 - std::sys_common::backtrace::__rust_begin_short_backtrace::hb560b77c4f701523
[INFO] [stdout]                                at /rustc/a178d0322ce20e33eac124758e837cbd80a6f633/library/std/src/sys_common/backtrace.rs:125:18
[INFO] [stdout]   34:     0x5584b6525218 - std::thread::Builder::spawn_unchecked::{{closure}}::{{closure}}::hf2e7831dad93c597
[INFO] [stdout]                                at /rustc/a178d0322ce20e33eac124758e837cbd80a6f633/library/std/src/thread/mod.rs:481:17
[INFO] [stdout]   35:     0x5584b6525218 - <std::panic::AssertUnwindSafe<F> as core::ops::function::FnOnce<()>>::call_once::hd2e08783d8be4d02
[INFO] [stdout]                                at /rustc/a178d0322ce20e33eac124758e837cbd80a6f633/library/std/src/panic.rs:347:9
[INFO] [stdout]   36:     0x5584b6525218 - std::panicking::try::do_call::h062597b7acfd6b82
[INFO] [stdout]                                at /rustc/a178d0322ce20e33eac124758e837cbd80a6f633/library/std/src/panicking.rs:401:40
[INFO] [stdout]   37:     0x5584b6525218 - std::panicking::try::h0d7b79db04c14552
[INFO] [stdout]                                at /rustc/a178d0322ce20e33eac124758e837cbd80a6f633/library/std/src/panicking.rs:365:19
[INFO] [stdout]   38:     0x5584b6525218 - std::panic::catch_unwind::hb01a0b5e7c8cd43b
[INFO] [stdout]                                at /rustc/a178d0322ce20e33eac124758e837cbd80a6f633/library/std/src/panic.rs:434:14
[INFO] [stdout]   39:     0x5584b6525218 - std::thread::Builder::spawn_unchecked::{{closure}}::h5bde48cc887e0d1e
[INFO] [stdout]                                at /rustc/a178d0322ce20e33eac124758e837cbd80a6f633/library/std/src/thread/mod.rs:480:30
[INFO] [stdout]   40:     0x5584b6525218 - core::ops::function::FnOnce::call_once{{vtable.shim}}::h745ea30807a29e55
[INFO] [stdout]                                at /rustc/a178d0322ce20e33eac124758e837cbd80a6f633/library/core/src/ops/function.rs:227:5
[INFO] [stdout]   41:     0x5584b667a647 - <alloc::boxed::Box<F,A> as core::ops::function::FnOnce<Args>>::call_once::h7ece6cfefaff1005
[INFO] [stdout]                                at /rustc/a178d0322ce20e33eac124758e837cbd80a6f633/library/alloc/src/boxed.rs:1575:9
[INFO] [stdout]   42:     0x5584b667a647 - <alloc::boxed::Box<F,A> as core::ops::function::FnOnce<Args>>::call_once::hb8b48e55c21f193e
[INFO] [stdout]                                at /rustc/a178d0322ce20e33eac124758e837cbd80a6f633/library/alloc/src/boxed.rs:1575:9
[INFO] [stdout]   43:     0x5584b667a647 - std::sys::unix::thread::Thread::new::thread_start::h8c7c4450dba62914
[INFO] [stdout]                                at /rustc/a178d0322ce20e33eac124758e837cbd80a6f633/library/std/src/sys/unix/thread.rs:71:17
[INFO] [stdout]   44:     0x7f5e0919d609 - start_thread
[INFO] [stdout]   45:     0x7f5e08f6f293 - clone
[INFO] [stdout]   46:                0x0 - <unknown>
[INFO] [stdout] 
[INFO] [stdout] ---- run_cli_scala_tests_verilization_generics_verilization stdout ----
[INFO] [stdout] Command: "cargo" "build"
[INFO] [stdout] warning: /opt/rustwide/workdir/compiler-cli-core/Cargo.toml: unused manifest key: package.hompage
[INFO] [stdout] warning: /opt/rustwide/workdir/lang/scala/Cargo.toml: unused manifest key: package.hompage
[INFO] [stdout] warning: /opt/rustwide/workdir/compiler-cli/Cargo.toml: unused manifest key: package.hompage
[INFO] [stdout] warning: /opt/rustwide/workdir/bindings/c-api-core/Cargo.toml: unused manifest key: package.hompage
[INFO] [stdout] warning: /opt/rustwide/workdir/lang/java/Cargo.toml: unused manifest key: package.hompage
[INFO] [stdout] warning: /opt/rustwide/workdir/compiler/Cargo.toml: unused manifest key: package.hompage
[INFO] [stdout] warning: /opt/rustwide/workdir/lang/typescript/Cargo.toml: unused manifest key: package.hompage
[INFO] [stdout]     Blocking waiting for file lock on build directory
[INFO] [stdout]     Finished dev [unoptimized + debuginfo] target(s) in 11.49s
[INFO] [stdout] Command: "cargo" "run" "-p" "verilization-compiler-cli" "--" "generate" "scala" "-i" "../../tests/verilization/generics.verilization" "-i" "../../runtime/verilization//integral.verilization" "-i" "../../runtime/verilization//string.verilization" "-i" "../../runtime/verilization//list.verilization" "-i" "../../runtime/verilization//option.verilization" "-o:out_dir" "/tmp/verilization.hYH3m1NiUS8B" "-o:pkg:enum.versions" "enum_.versions" "-o:pkg:finalTest" "finalTest" "-o:pkg:genericsTest" "genericsTest" "-o:pkg:struct.versions" "struct.versions" "-o:lib:" "dev.argon.verilization.scala_runtime"
[INFO] [stdout] warning: /opt/rustwide/workdir/lang/scala/Cargo.toml: unused manifest key: package.hompage
[INFO] [stdout] warning: /opt/rustwide/workdir/compiler-cli-core/Cargo.toml: unused manifest key: package.hompage
[INFO] [stdout] warning: /opt/rustwide/workdir/bindings/c-api-core/Cargo.toml: unused manifest key: package.hompage
[INFO] [stdout] warning: /opt/rustwide/workdir/compiler/Cargo.toml: unused manifest key: package.hompage
[INFO] [stdout] warning: /opt/rustwide/workdir/compiler-cli/Cargo.toml: unused manifest key: package.hompage
[INFO] [stdout] warning: /opt/rustwide/workdir/lang/typescript/Cargo.toml: unused manifest key: package.hompage
[INFO] [stdout] warning: /opt/rustwide/workdir/lang/java/Cargo.toml: unused manifest key: package.hompage
[INFO] [stdout]     Blocking waiting for file lock on build directory
[INFO] [stdout]     Finished dev [unoptimized + debuginfo] target(s) in 5.68s
[INFO] [stdout]      Running `/opt/rustwide/target/debug/verilization-compiler-cli generate scala -i ../../tests/verilization/generics.verilization -i ../../runtime/verilization//integral.verilization -i ../../runtime/verilization//string.verilization -i ../../runtime/verilization//list.verilization -i ../../runtime/verilization//option.verilization '-o:out_dir' /tmp/verilization.hYH3m1NiUS8B '-o:pkg:enum.versions' enum_.versions '-o:pkg:finalTest' finalTest '-o:pkg:genericsTest' genericsTest '-o:pkg:struct.versions' struct.versions '-o:lib:' dev.argon.verilization.scala_runtime`
[INFO] [stdout] Command: "npm" "run" "build"
[INFO] [stdout] thread 'run_cli_scala_tests_verilization_generics_verilization' panicked at 'Could not run test command.: Os { code: 2, kind: NotFound, message: "No such file or directory" }', tests/runner/tests/command_line_interfaces.rs:26:10
[INFO] [stdout] stack backtrace:
[INFO] [stdout]    0:     0x5584b6671dc0 - std::backtrace_rs::backtrace::libunwind::trace::h34055254b57d8e79
[INFO] [stdout]                                at /rustc/a178d0322ce20e33eac124758e837cbd80a6f633/library/std/src/../../backtrace/src/backtrace/libunwind.rs:90:5
[INFO] [stdout]    1:     0x5584b6671dc0 - std::backtrace_rs::backtrace::trace_unsynchronized::h8f1e3fbd9afff6ec
[INFO] [stdout]                                at /rustc/a178d0322ce20e33eac124758e837cbd80a6f633/library/std/src/../../backtrace/src/backtrace/mod.rs:66:5
[INFO] [stdout]    2:     0x5584b6671dc0 - std::sys_common::backtrace::_print_fmt::h3a99a796b770c360
[INFO] [stdout]                                at /rustc/a178d0322ce20e33eac124758e837cbd80a6f633/library/std/src/sys_common/backtrace.rs:67:5
[INFO] [stdout]    3:     0x5584b6671dc0 - <std::sys_common::backtrace::_print::DisplayBacktrace as core::fmt::Display>::fmt::h32d1f94a80615d18
[INFO] [stdout]                                at /rustc/a178d0322ce20e33eac124758e837cbd80a6f633/library/std/src/sys_common/backtrace.rs:46:22
[INFO] [stdout]    4:     0x5584b6695cac - core::fmt::write::h306731c068f7162c
[INFO] [stdout]                                at /rustc/a178d0322ce20e33eac124758e837cbd80a6f633/library/core/src/fmt/mod.rs:1110:17
[INFO] [stdout]    5:     0x5584b666e8d5 - std::io::Write::write_fmt::h87f19b0a2cd190bc
[INFO] [stdout]                                at /rustc/a178d0322ce20e33eac124758e837cbd80a6f633/library/std/src/io/mod.rs:1588:15
[INFO] [stdout]    6:     0x5584b667437b - std::sys_common::backtrace::_print::h5abaa2601a852287
[INFO] [stdout]                                at /rustc/a178d0322ce20e33eac124758e837cbd80a6f633/library/std/src/sys_common/backtrace.rs:49:5
[INFO] [stdout]    7:     0x5584b667437b - std::sys_common::backtrace::print::h8d81445442bb638f
[INFO] [stdout]                                at /rustc/a178d0322ce20e33eac124758e837cbd80a6f633/library/std/src/sys_common/backtrace.rs:36:9
[INFO] [stdout]    8:     0x5584b667437b - std::panicking::default_hook::{{closure}}::hcfe804496a9fa747
[INFO] [stdout]                                at /rustc/a178d0322ce20e33eac124758e837cbd80a6f633/library/std/src/panicking.rs:208:50
[INFO] [stdout]    9:     0x5584b6673e8c - std::panicking::default_hook::hbea8e3ccf2ba8901
[INFO] [stdout]                                at /rustc/a178d0322ce20e33eac124758e837cbd80a6f633/library/std/src/panicking.rs:222:9
[INFO] [stdout]   10:     0x5584b6674a44 - std::panicking::rust_panic_with_hook::h7ee9e1a2d0f8975a
[INFO] [stdout]                                at /rustc/a178d0322ce20e33eac124758e837cbd80a6f633/library/std/src/panicking.rs:622:17
[INFO] [stdout]   11:     0x5584b6674527 - std::panicking::begin_panic_handler::{{closure}}::h8ab3b4491718b2c7
[INFO] [stdout]                                at /rustc/a178d0322ce20e33eac124758e837cbd80a6f633/library/std/src/panicking.rs:519:13
[INFO] [stdout]   12:     0x5584b66722bc - std::sys_common::backtrace::__rust_end_short_backtrace::hd489062ffa586a9f
[INFO] [stdout]                                at /rustc/a178d0322ce20e33eac124758e837cbd80a6f633/library/std/src/sys_common/backtrace.rs:141:18
[INFO] [stdout]   13:     0x5584b6674489 - rust_begin_unwind
[INFO] [stdout]                                at /rustc/a178d0322ce20e33eac124758e837cbd80a6f633/library/std/src/panicking.rs:515:5
[INFO] [stdout]   14:     0x5584b6426761 - core::panicking::panic_fmt::hca6330e3e14086b4
[INFO] [stdout]                                at /rustc/a178d0322ce20e33eac124758e837cbd80a6f633/library/core/src/panicking.rs:92:14
[INFO] [stdout]   15:     0x5584b6426853 - core::result::unwrap_failed::h6160d2b4bfbb0e87
[INFO] [stdout]                                at /rustc/a178d0322ce20e33eac124758e837cbd80a6f633/library/core/src/result.rs:1355:5
[INFO] [stdout]   16:     0x5584b651d88d - core::result::Result<T,E>::expect::h78a68a7b78350e26
[INFO] [stdout]                                at /rustc/a178d0322ce20e33eac124758e837cbd80a6f633/library/core/src/result.rs:997:23
[INFO] [stdout]   17:     0x5584b64ac70d - command_line_interfaces::run_command_check_exit::hfea21fa61bf74c0b
[INFO] [stdout]                                at /opt/rustwide/workdir/tests/runner/tests/command_line_interfaces.rs:23:18
[INFO] [stdout]   18:     0x5584b64ae3e3 - command_line_interfaces::run_test_case::h2f82b10690e18709
[INFO] [stdout]                                at /opt/rustwide/workdir/tests/runner/tests/command_line_interfaces.rs:97:9
[INFO] [stdout]   19:     0x5584b64b2094 - command_line_interfaces::run_cli_scala::he4d0be1a3a4f3ed6
[INFO] [stdout]                                at /opt/rustwide/workdir/tests/runner/tests/command_line_interfaces.rs:142:5
[INFO] [stdout]   20:     0x5584b64b21be - command_line_interfaces::run_cli_scala_tests_verilization_generics_verilization::hc528d7ceabf1aec1
[INFO] [stdout]                                at /opt/rustwide/workdir/tests/runner/tests/command_line_interfaces.rs:140:1
[INFO] [stdout]   21:     0x5584b64b217a - command_line_interfaces::run_cli_scala_tests_verilization_generics_verilization::{{closure}}::h907fa7bd3ac03b86
[INFO] [stdout]                                at /opt/rustwide/workdir/tests/runner/tests/command_line_interfaces.rs:140:1
[INFO] [stdout]   22:     0x5584b651472e - core::ops::function::FnOnce::call_once::hd1f5f57ca3f64e5f
[INFO] [stdout]                                at /rustc/a178d0322ce20e33eac124758e837cbd80a6f633/library/core/src/ops/function.rs:227:5
[INFO] [stdout]   23:     0x5584b65494f3 - core::ops::function::FnOnce::call_once::h152e7e439ff59e19
[INFO] [stdout]                                at /rustc/a178d0322ce20e33eac124758e837cbd80a6f633/library/core/src/ops/function.rs:227:5
[INFO] [stdout]   24:     0x5584b65494f3 - test::__rust_begin_short_backtrace::h0908f3b1fdbb72ab
[INFO] [stdout]                                at /rustc/a178d0322ce20e33eac124758e837cbd80a6f633/library/test/src/lib.rs:577:5
[INFO] [stdout]   25:     0x5584b6547fb0 - <alloc::boxed::Box<F,A> as core::ops::function::FnOnce<Args>>::call_once::hf6d2a51e5587546c
[INFO] [stdout]                                at /rustc/a178d0322ce20e33eac124758e837cbd80a6f633/library/alloc/src/boxed.rs:1575:9
[INFO] [stdout]   26:     0x5584b6547fb0 - <std::panic::AssertUnwindSafe<F> as core::ops::function::FnOnce<()>>::call_once::h8af660f3a89ef593
[INFO] [stdout]                                at /rustc/a178d0322ce20e33eac124758e837cbd80a6f633/library/std/src/panic.rs:347:9
[INFO] [stdout]   27:     0x5584b6547fb0 - std::panicking::try::do_call::hd36aef60f84b6d36
[INFO] [stdout]                                at /rustc/a178d0322ce20e33eac124758e837cbd80a6f633/library/std/src/panicking.rs:401:40
[INFO] [stdout]   28:     0x5584b6547fb0 - std::panicking::try::h9932b4480e69817c
[INFO] [stdout]                                at /rustc/a178d0322ce20e33eac124758e837cbd80a6f633/library/std/src/panicking.rs:365:19
[INFO] [stdout]   29:     0x5584b6547fb0 - std::panic::catch_unwind::h6aa177099cfff5f8
[INFO] [stdout]                                at /rustc/a178d0322ce20e33eac124758e837cbd80a6f633/library/std/src/panic.rs:434:14
[INFO] [stdout]   30:     0x5584b6547fb0 - test::run_test_in_process::h5884d6f2d99e20c3
[INFO] [stdout]                                at /rustc/a178d0322ce20e33eac124758e837cbd80a6f633/library/test/src/lib.rs:600:18
[INFO] [stdout]   31:     0x5584b6547fb0 - test::run_test::run_test_inner::{{closure}}::h6fdc58c6d5f5b6e3
[INFO] [stdout]                                at /rustc/a178d0322ce20e33eac124758e837cbd80a6f633/library/test/src/lib.rs:492:39
[INFO] [stdout]   32:     0x5584b6521662 - test::run_test::run_test_inner::{{closure}}::h408365d67a78ade8
[INFO] [stdout]                                at /rustc/a178d0322ce20e33eac124758e837cbd80a6f633/library/test/src/lib.rs:519:37
[INFO] [stdout]   33:     0x5584b6521662 - std::sys_common::backtrace::__rust_begin_short_backtrace::hb560b77c4f701523
[INFO] [stdout]                                at /rustc/a178d0322ce20e33eac124758e837cbd80a6f633/library/std/src/sys_common/backtrace.rs:125:18
[INFO] [stdout]   34:     0x5584b6525218 - std::thread::Builder::spawn_unchecked::{{closure}}::{{closure}}::hf2e7831dad93c597
[INFO] [stdout]                                at /rustc/a178d0322ce20e33eac124758e837cbd80a6f633/library/std/src/thread/mod.rs:481:17
[INFO] [stdout]   35:     0x5584b6525218 - <std::panic::AssertUnwindSafe<F> as core::ops::function::FnOnce<()>>::call_once::hd2e08783d8be4d02
[INFO] [stdout]                                at /rustc/a178d0322ce20e33eac124758e837cbd80a6f633/library/std/src/panic.rs:347:9
[INFO] [stdout]   36:     0x5584b6525218 - std::panicking::try::do_call::h062597b7acfd6b82
[INFO] [stdout]                                at /rustc/a178d0322ce20e33eac124758e837cbd80a6f633/library/std/src/panicking.rs:401:40
[INFO] [stdout]   37:     0x5584b6525218 - std::panicking::try::h0d7b79db04c14552
[INFO] [stdout]                                at /rustc/a178d0322ce20e33eac124758e837cbd80a6f633/library/std/src/panicking.rs:365:19
[INFO] [stdout]   38:     0x5584b6525218 - std::panic::catch_unwind::hb01a0b5e7c8cd43b
[INFO] [stdout]                                at /rustc/a178d0322ce20e33eac124758e837cbd80a6f633/library/std/src/panic.rs:434:14
[INFO] [stdout]   39:     0x5584b6525218 - std::thread::Builder::spawn_unchecked::{{closure}}::h5bde48cc887e0d1e
[INFO] [stdout]                                at /rustc/a178d0322ce20e33eac124758e837cbd80a6f633/library/std/src/thread/mod.rs:480:30
[INFO] [stdout]   40:     0x5584b6525218 - core::ops::function::FnOnce::call_once{{vtable.shim}}::h745ea30807a29e55
[INFO] [stdout]                                at /rustc/a178d0322ce20e33eac124758e837cbd80a6f633/library/core/src/ops/function.rs:227:5
[INFO] [stdout]   41:     0x5584b667a647 - <alloc::boxed::Box<F,A> as core::ops::function::FnOnce<Args>>::call_once::h7ece6cfefaff1005
[INFO] [stdout]                                at /rustc/a178d0322ce20e33eac124758e837cbd80a6f633/library/alloc/src/boxed.rs:1575:9
[INFO] [stdout]   42:     0x5584b667a647 - <alloc::boxed::Box<F,A> as core::ops::function::FnOnce<Args>>::call_once::hb8b48e55c21f193e
[INFO] [stdout]                                at /rustc/a178d0322ce20e33eac124758e837cbd80a6f633/library/alloc/src/boxed.rs:1575:9
[INFO] [stdout]   43:     0x5584b667a647 - std::sys::unix::thread::Thread::new::thread_start::h8c7c4450dba62914
[INFO] [stdout]                                at /rustc/a178d0322ce20e33eac124758e837cbd80a6f633/library/std/src/sys/unix/thread.rs:71:17
[INFO] [stdout]   44:     0x7f5e0919d609 - start_thread
[INFO] [stdout]   45:     0x7f5e08f6f293 - clone
[INFO] [stdout]   46:                0x0 - <unknown>
[INFO] [stdout] 
[INFO] [stdout] ---- run_cli_scala_tests_verilization_final_verilization stdout ----
[INFO] [stdout] Command: "cargo" "build"
[INFO] [stdout] warning: /opt/rustwide/workdir/compiler-cli/Cargo.toml: unused manifest key: package.hompage
[INFO] [stdout] warning: /opt/rustwide/workdir/lang/java/Cargo.toml: unused manifest key: package.hompage
[INFO] [stdout] warning: /opt/rustwide/workdir/lang/typescript/Cargo.toml: unused manifest key: package.hompage
[INFO] [stdout] warning: /opt/rustwide/workdir/bindings/c-api-core/Cargo.toml: unused manifest key: package.hompage
[INFO] [stdout] warning: /opt/rustwide/workdir/compiler-cli-core/Cargo.toml: unused manifest key: package.hompage
[INFO] [stdout] warning: /opt/rustwide/workdir/compiler/Cargo.toml: unused manifest key: package.hompage
[INFO] [stdout] warning: /opt/rustwide/workdir/lang/scala/Cargo.toml: unused manifest key: package.hompage
[INFO] [stdout]     Blocking waiting for file lock on build directory
[INFO] [stdout]     Finished dev [unoptimized + debuginfo] target(s) in 11.54s
[INFO] [stdout] Command: "cargo" "run" "-p" "verilization-compiler-cli" "--" "generate" "scala" "-i" "../../tests/verilization/final.verilization" "-i" "../../runtime/verilization//integral.verilization" "-i" "../../runtime/verilization//string.verilization" "-i" "../../runtime/verilization//list.verilization" "-i" "../../runtime/verilization//option.verilization" "-o:out_dir" "/tmp/verilization.P2LCmQziZKVk" "-o:pkg:finalTest" "finalTest" "-o:pkg:genericsTest" "genericsTest" "-o:pkg:struct.versions" "struct.versions" "-o:pkg:enum.versions" "enum_.versions" "-o:lib:" "dev.argon.verilization.scala_runtime"
[INFO] [stdout] warning: /opt/rustwide/workdir/bindings/c-api-core/Cargo.toml: unused manifest key: package.hompage
[INFO] [stdout] warning: /opt/rustwide/workdir/lang/scala/Cargo.toml: unused manifest key: package.hompage
[INFO] [stdout] warning: /opt/rustwide/workdir/compiler-cli/Cargo.toml: unused manifest key: package.hompage
[INFO] [stdout] warning: /opt/rustwide/workdir/compiler/Cargo.toml: unused manifest key: package.hompage
[INFO] [stdout] warning: /opt/rustwide/workdir/compiler-cli-core/Cargo.toml: unused manifest key: package.hompage
[INFO] [stdout] warning: /opt/rustwide/workdir/lang/java/Cargo.toml: unused manifest key: package.hompage
[INFO] [stdout] warning: /opt/rustwide/workdir/lang/typescript/Cargo.toml: unused manifest key: package.hompage
[INFO] [stdout]     Blocking waiting for file lock on build directory
[INFO] [stdout]     Finished dev [unoptimized + debuginfo] target(s) in 5.52s
[INFO] [stdout]      Running `/opt/rustwide/target/debug/verilization-compiler-cli generate scala -i ../../tests/verilization/final.verilization -i ../../runtime/verilization//integral.verilization -i ../../runtime/verilization//string.verilization -i ../../runtime/verilization//list.verilization -i ../../runtime/verilization//option.verilization '-o:out_dir' /tmp/verilization.P2LCmQziZKVk '-o:pkg:finalTest' finalTest '-o:pkg:genericsTest' genericsTest '-o:pkg:struct.versions' struct.versions '-o:pkg:enum.versions' enum_.versions '-o:lib:' dev.argon.verilization.scala_runtime`
[INFO] [stdout] Command: "npm" "run" "build"
[INFO] [stdout] thread 'run_cli_scala_tests_verilization_final_verilization' panicked at 'Could not run test command.: Os { code: 2, kind: NotFound, message: "No such file or directory" }', tests/runner/tests/command_line_interfaces.rs:26:10
[INFO] [stdout] stack backtrace:
[INFO] [stdout]    0:     0x5584b6671dc0 - std::backtrace_rs::backtrace::libunwind::trace::h34055254b57d8e79
[INFO] [stdout]                                at /rustc/a178d0322ce20e33eac124758e837cbd80a6f633/library/std/src/../../backtrace/src/backtrace/libunwind.rs:90:5
[INFO] [stdout]    1:     0x5584b6671dc0 - std::backtrace_rs::backtrace::trace_unsynchronized::h8f1e3fbd9afff6ec
[INFO] [stdout]                                at /rustc/a178d0322ce20e33eac124758e837cbd80a6f633/library/std/src/../../backtrace/src/backtrace/mod.rs:66:5
[INFO] [stdout]    2:     0x5584b6671dc0 - std::sys_common::backtrace::_print_fmt::h3a99a796b770c360
[INFO] [stdout]                                at /rustc/a178d0322ce20e33eac124758e837cbd80a6f633/library/std/src/sys_common/backtrace.rs:67:5
[INFO] [stdout]    3:     0x5584b6671dc0 - <std::sys_common::backtrace::_print::DisplayBacktrace as core::fmt::Display>::fmt::h32d1f94a80615d18
[INFO] [stdout]                                at /rustc/a178d0322ce20e33eac124758e837cbd80a6f633/library/std/src/sys_common/backtrace.rs:46:22
[INFO] [stdout]    4:     0x5584b6695cac - core::fmt::write::h306731c068f7162c
[INFO] [stdout]                                at /rustc/a178d0322ce20e33eac124758e837cbd80a6f633/library/core/src/fmt/mod.rs:1110:17
[INFO] [stdout]    5:     0x5584b666e8d5 - std::io::Write::write_fmt::h87f19b0a2cd190bc
[INFO] [stdout]                                at /rustc/a178d0322ce20e33eac124758e837cbd80a6f633/library/std/src/io/mod.rs:1588:15
[INFO] [stdout]    6:     0x5584b667437b - std::sys_common::backtrace::_print::h5abaa2601a852287
[INFO] [stdout]                                at /rustc/a178d0322ce20e33eac124758e837cbd80a6f633/library/std/src/sys_common/backtrace.rs:49:5
[INFO] [stdout]    7:     0x5584b667437b - std::sys_common::backtrace::print::h8d81445442bb638f
[INFO] [stdout]                                at /rustc/a178d0322ce20e33eac124758e837cbd80a6f633/library/std/src/sys_common/backtrace.rs:36:9
[INFO] [stdout]    8:     0x5584b667437b - std::panicking::default_hook::{{closure}}::hcfe804496a9fa747
[INFO] [stdout]                                at /rustc/a178d0322ce20e33eac124758e837cbd80a6f633/library/std/src/panicking.rs:208:50
[INFO] [stdout]    9:     0x5584b6673e8c - std::panicking::default_hook::hbea8e3ccf2ba8901
[INFO] [stdout]                                at /rustc/a178d0322ce20e33eac124758e837cbd80a6f633/library/std/src/panicking.rs:222:9
[INFO] [stdout]   10:     0x5584b6674a44 - std::panicking::rust_panic_with_hook::h7ee9e1a2d0f8975a
[INFO] [stdout]                                at /rustc/a178d0322ce20e33eac124758e837cbd80a6f633/library/std/src/panicking.rs:622:17
[INFO] [stdout]   11:     0x5584b6674527 - std::panicking::begin_panic_handler::{{closure}}::h8ab3b4491718b2c7
[INFO] [stdout]                                at /rustc/a178d0322ce20e33eac124758e837cbd80a6f633/library/std/src/panicking.rs:519:13
[INFO] [stdout]   12:     0x5584b66722bc - std::sys_common::backtrace::__rust_end_short_backtrace::hd489062ffa586a9f
[INFO] [stdout]                                at /rustc/a178d0322ce20e33eac124758e837cbd80a6f633/library/std/src/sys_common/backtrace.rs:141:18
[INFO] [stdout]   13:     0x5584b6674489 - rust_begin_unwind
[INFO] [stdout]                                at /rustc/a178d0322ce20e33eac124758e837cbd80a6f633/library/std/src/panicking.rs:515:5
[INFO] [stdout]   14:     0x5584b6426761 - core::panicking::panic_fmt::hca6330e3e14086b4
[INFO] [stdout]                                at /rustc/a178d0322ce20e33eac124758e837cbd80a6f633/library/core/src/panicking.rs:92:14
[INFO] [stdout]   15:     0x5584b6426853 - core::result::unwrap_failed::h6160d2b4bfbb0e87
[INFO] [stdout]                                at /rustc/a178d0322ce20e33eac124758e837cbd80a6f633/library/core/src/result.rs:1355:5
[INFO] [stdout]   16:     0x5584b651d88d - core::result::Result<T,E>::expect::h78a68a7b78350e26
[INFO] [stdout]                                at /rustc/a178d0322ce20e33eac124758e837cbd80a6f633/library/core/src/result.rs:997:23
[INFO] [stdout]   17:     0x5584b64ac70d - command_line_interfaces::run_command_check_exit::hfea21fa61bf74c0b
[INFO] [stdout]                                at /opt/rustwide/workdir/tests/runner/tests/command_line_interfaces.rs:23:18
[INFO] [stdout]   18:     0x5584b64ae3e3 - command_line_interfaces::run_test_case::h2f82b10690e18709
[INFO] [stdout]                                at /opt/rustwide/workdir/tests/runner/tests/command_line_interfaces.rs:97:9
[INFO] [stdout]   19:     0x5584b64b2094 - command_line_interfaces::run_cli_scala::he4d0be1a3a4f3ed6
[INFO] [stdout]                                at /opt/rustwide/workdir/tests/runner/tests/command_line_interfaces.rs:142:5
[INFO] [stdout]   20:     0x5584b64b215e - command_line_interfaces::run_cli_scala_tests_verilization_final_verilization::hb0e49214a43f29c2
[INFO] [stdout]                                at /opt/rustwide/workdir/tests/runner/tests/command_line_interfaces.rs:140:1
[INFO] [stdout]   21:     0x5584b64b211a - command_line_interfaces::run_cli_scala_tests_verilization_final_verilization::{{closure}}::h84f54ea7bb781ca2
[INFO] [stdout]                                at /opt/rustwide/workdir/tests/runner/tests/command_line_interfaces.rs:140:1
[INFO] [stdout]   22:     0x5584b651447e - core::ops::function::FnOnce::call_once::h17a10318dc5c797f
[INFO] [stdout]                                at /rustc/a178d0322ce20e33eac124758e837cbd80a6f633/library/core/src/ops/function.rs:227:5
[INFO] [stdout]   23:     0x5584b65494f3 - core::ops::function::FnOnce::call_once::h152e7e439ff59e19
[INFO] [stdout]                                at /rustc/a178d0322ce20e33eac124758e837cbd80a6f633/library/core/src/ops/function.rs:227:5
[INFO] [stdout]   24:     0x5584b65494f3 - test::__rust_begin_short_backtrace::h0908f3b1fdbb72ab
[INFO] [stdout]                                at /rustc/a178d0322ce20e33eac124758e837cbd80a6f633/library/test/src/lib.rs:577:5
[INFO] [stdout]   25:     0x5584b6547fb0 - <alloc::boxed::Box<F,A> as core::ops::function::FnOnce<Args>>::call_once::hf6d2a51e5587546c
[INFO] [stdout]                                at /rustc/a178d0322ce20e33eac124758e837cbd80a6f633/library/alloc/src/boxed.rs:1575:9
[INFO] [stdout]   26:     0x5584b6547fb0 - <std::panic::AssertUnwindSafe<F> as core::ops::function::FnOnce<()>>::call_once::h8af660f3a89ef593
[INFO] [stdout]                                at /rustc/a178d0322ce20e33eac124758e837cbd80a6f633/library/std/src/panic.rs:347:9
[INFO] [stdout]   27:     0x5584b6547fb0 - std::panicking::try::do_call::hd36aef60f84b6d36
[INFO] [stdout]                                at /rustc/a178d0322ce20e33eac124758e837cbd80a6f633/library/std/src/panicking.rs:401:40
[INFO] [stdout]   28:     0x5584b6547fb0 - std::panicking::try::h9932b4480e69817c
[INFO] [stdout]                                at /rustc/a178d0322ce20e33eac124758e837cbd80a6f633/library/std/src/panicking.rs:365:19
[INFO] [stdout]   29:     0x5584b6547fb0 - std::panic::catch_unwind::h6aa177099cfff5f8
[INFO] [stdout]                                at /rustc/a178d0322ce20e33eac124758e837cbd80a6f633/library/std/src/panic.rs:434:14
[INFO] [stdout]   30:     0x5584b6547fb0 - test::run_test_in_process::h5884d6f2d99e20c3
[INFO] [stdout]                                at /rustc/a178d0322ce20e33eac124758e837cbd80a6f633/library/test/src/lib.rs:600:18
[INFO] [stdout]   31:     0x5584b6547fb0 - test::run_test::run_test_inner::{{closure}}::h6fdc58c6d5f5b6e3
[INFO] [stdout]                                at /rustc/a178d0322ce20e33eac124758e837cbd80a6f633/library/test/src/lib.rs:492:39
[INFO] [stdout]   32:     0x5584b6521662 - test::run_test::run_test_inner::{{closure}}::h408365d67a78ade8
[INFO] [stdout]                                at /rustc/a178d0322ce20e33eac124758e837cbd80a6f633/library/test/src/lib.rs:519:37
[INFO] [stdout]   33:     0x5584b6521662 - std::sys_common::backtrace::__rust_begin_short_backtrace::hb560b77c4f701523
[INFO] [stdout]                                at /rustc/a178d0322ce20e33eac124758e837cbd80a6f633/library/std/src/sys_common/backtrace.rs:125:18
[INFO] [stdout]   34:     0x5584b6525218 - std::thread::Builder::spawn_unchecked::{{closure}}::{{closure}}::hf2e7831dad93c597
[INFO] [stdout]                                at /rustc/a178d0322ce20e33eac124758e837cbd80a6f633/library/std/src/thread/mod.rs:481:17
[INFO] [stdout]   35:     0x5584b6525218 - <std::panic::AssertUnwindSafe<F> as core::ops::function::FnOnce<()>>::call_once::hd2e08783d8be4d02
[INFO] [stdout]                                at /rustc/a178d0322ce20e33eac124758e837cbd80a6f633/library/std/src/panic.rs:347:9
[INFO] [stdout]   36:     0x5584b6525218 - std::panicking::try::do_call::h062597b7acfd6b82
[INFO] [stdout]                                at /rustc/a178d0322ce20e33eac124758e837cbd80a6f633/library/std/src/panicking.rs:401:40
[INFO] [stdout]   37:     0x5584b6525218 - std::panicking::try::h0d7b79db04c14552
[INFO] [stdout]                                at /rustc/a178d0322ce20e33eac124758e837cbd80a6f633/library/std/src/panicking.rs:365:19
[INFO] [stdout]   38:     0x5584b6525218 - std::panic::catch_unwind::hb01a0b5e7c8cd43b
[INFO] [stdout]                                at /rustc/a178d0322ce20e33eac124758e837cbd80a6f633/library/std/src/panic.rs:434:14
[INFO] [stdout]   39:     0x5584b6525218 - std::thread::Builder::spawn_unchecked::{{closure}}::h5bde48cc887e0d1e
[INFO] [stdout]                                at /rustc/a178d0322ce20e33eac124758e837cbd80a6f633/library/std/src/thread/mod.rs:480:30
[INFO] [stdout]   40:     0x5584b6525218 - core::ops::function::FnOnce::call_once{{vtable.shim}}::h745ea30807a29e55
[INFO] [stdout]                                at /rustc/a178d0322ce20e33eac124758e837cbd80a6f633/library/core/src/ops/function.rs:227:5
[INFO] [stdout]   41:     0x5584b667a647 - <alloc::boxed::Box<F,A> as core::ops::function::FnOnce<Args>>::call_once::h7ece6cfefaff1005
[INFO] [stdout]                                at /rustc/a178d0322ce20e33eac124758e837cbd80a6f633/library/alloc/src/boxed.rs:1575:9
[INFO] [stdout]   42:     0x5584b667a647 - <alloc::boxed::Box<F,A> as core::ops::function::FnOnce<Args>>::call_once::hb8b48e55c21f193e
[INFO] [stdout]                                at /rustc/a178d0322ce20e33eac124758e837cbd80a6f633/library/alloc/src/boxed.rs:1575:9
[INFO] [stdout]   43:     0x5584b667a647 - std::sys::unix::thread::Thread::new::thread_start::h8c7c4450dba62914
[INFO] [stdout]                                at /rustc/a178d0322ce20e33eac124758e837cbd80a6f633/library/std/src/sys/unix/thread.rs:71:17
[INFO] [stdout]   44:     0x7f5e0919d609 - start_thread
[INFO] [stdout]   45:     0x7f5e08f6f293 - clone
[INFO] [stdout]   46:                0x0 - <unknown>
[INFO] [stdout] 
[INFO] [stdout] ---- run_cli_scala_tests_verilization_struct_versions_verilization stdout ----
[INFO] [stdout] Command: "cargo" "build"
[INFO] [stdout] warning: /opt/rustwide/workdir/lang/typescript/Cargo.toml: unused manifest key: package.hompage
[INFO] [stdout] warning: /opt/rustwide/workdir/bindings/c-api-core/Cargo.toml: unused manifest key: package.hompage
[INFO] [stdout] warning: /opt/rustwide/workdir/compiler/Cargo.toml: unused manifest key: package.hompage
[INFO] [stdout] warning: /opt/rustwide/workdir/lang/scala/Cargo.toml: unused manifest key: package.hompage
[INFO] [stdout] warning: /opt/rustwide/workdir/lang/java/Cargo.toml: unused manifest key: package.hompage
[INFO] [stdout] warning: /opt/rustwide/workdir/compiler-cli-core/Cargo.toml: unused manifest key: package.hompage
[INFO] [stdout] warning: /opt/rustwide/workdir/compiler-cli/Cargo.toml: unused manifest key: package.hompage
[INFO] [stdout]     Blocking waiting for file lock on build directory
[INFO] [stdout]     Finished dev [unoptimized + debuginfo] target(s) in 11.57s
[INFO] [stdout] Command: "cargo" "run" "-p" "verilization-compiler-cli" "--" "generate" "scala" "-i" "../../tests/verilization/struct_versions.verilization" "-i" "../../runtime/verilization//integral.verilization" "-i" "../../runtime/verilization//string.verilization" "-i" "../../runtime/verilization//list.verilization" "-i" "../../runtime/verilization//option.verilization" "-o:out_dir" "/tmp/verilization.6XmYuFD3exr4" "-o:pkg:struct.versions" "struct.versions" "-o:pkg:genericsTest" "genericsTest" "-o:pkg:enum.versions" "enum_.versions" "-o:pkg:finalTest" "finalTest" "-o:lib:" "dev.argon.verilization.scala_runtime"
[INFO] [stdout] warning: /opt/rustwide/workdir/bindings/c-api-core/Cargo.toml: unused manifest key: package.hompage
[INFO] [stdout] warning: /opt/rustwide/workdir/lang/scala/Cargo.toml: unused manifest key: package.hompage
[INFO] [stdout] warning: /opt/rustwide/workdir/compiler-cli/Cargo.toml: unused manifest key: package.hompage
[INFO] [stdout] warning: /opt/rustwide/workdir/lang/typescript/Cargo.toml: unused manifest key: package.hompage
[INFO] [stdout] warning: /opt/rustwide/workdir/compiler/Cargo.toml: unused manifest key: package.hompage
[INFO] [stdout] warning: /opt/rustwide/workdir/lang/java/Cargo.toml: unused manifest key: package.hompage
[INFO] [stdout] warning: /opt/rustwide/workdir/compiler-cli-core/Cargo.toml: unused manifest key: package.hompage
[INFO] [stdout]     Blocking waiting for file lock on build directory
[INFO] [stdout]     Finished dev [unoptimized + debuginfo] target(s) in 5.48s
[INFO] [stdout]      Running `/opt/rustwide/target/debug/verilization-compiler-cli generate scala -i ../../tests/verilization/struct_versions.verilization -i ../../runtime/verilization//integral.verilization -i ../../runtime/verilization//string.verilization -i ../../runtime/verilization//list.verilization -i ../../runtime/verilization//option.verilization '-o:out_dir' /tmp/verilization.6XmYuFD3exr4 '-o:pkg:struct.versions' struct.versions '-o:pkg:genericsTest' genericsTest '-o:pkg:enum.versions' enum_.versions '-o:pkg:finalTest' finalTest '-o:lib:' dev.argon.verilization.scala_runtime`
[INFO] [stdout] Command: "npm" "run" "build"
[INFO] [stdout] thread 'run_cli_scala_tests_verilization_struct_versions_verilization' panicked at 'Could not run test command.: Os { code: 2, kind: NotFound, message: "No such file or directory" }', tests/runner/tests/command_line_interfaces.rs:26:10
[INFO] [stdout] stack backtrace:
[INFO] [stdout]    0:     0x5584b6671dc0 - std::backtrace_rs::backtrace::libunwind::trace::h34055254b57d8e79
[INFO] [stdout]                                at /rustc/a178d0322ce20e33eac124758e837cbd80a6f633/library/std/src/../../backtrace/src/backtrace/libunwind.rs:90:5
[INFO] [stdout]    1:     0x5584b6671dc0 - std::backtrace_rs::backtrace::trace_unsynchronized::h8f1e3fbd9afff6ec
[INFO] [stdout]                                at /rustc/a178d0322ce20e33eac124758e837cbd80a6f633/library/std/src/../../backtrace/src/backtrace/mod.rs:66:5
[INFO] [stdout]    2:     0x5584b6671dc0 - std::sys_common::backtrace::_print_fmt::h3a99a796b770c360
[INFO] [stdout]                                at /rustc/a178d0322ce20e33eac124758e837cbd80a6f633/library/std/src/sys_common/backtrace.rs:67:5
[INFO] [stdout]    3:     0x5584b6671dc0 - <std::sys_common::backtrace::_print::DisplayBacktrace as core::fmt::Display>::fmt::h32d1f94a80615d18
[INFO] [stdout]                                at /rustc/a178d0322ce20e33eac124758e837cbd80a6f633/library/std/src/sys_common/backtrace.rs:46:22
[INFO] [stdout]    4:     0x5584b6695cac - core::fmt::write::h306731c068f7162c
[INFO] [stdout]                                at /rustc/a178d0322ce20e33eac124758e837cbd80a6f633/library/core/src/fmt/mod.rs:1110:17
[INFO] [stdout]    5:     0x5584b666e8d5 - std::io::Write::write_fmt::h87f19b0a2cd190bc
[INFO] [stdout]                                at /rustc/a178d0322ce20e33eac124758e837cbd80a6f633/library/std/src/io/mod.rs:1588:15
[INFO] [stdout]    6:     0x5584b667437b - std::sys_common::backtrace::_print::h5abaa2601a852287
[INFO] [stdout]                                at /rustc/a178d0322ce20e33eac124758e837cbd80a6f633/library/std/src/sys_common/backtrace.rs:49:5
[INFO] [stdout]    7:     0x5584b667437b - std::sys_common::backtrace::print::h8d81445442bb638f
[INFO] [stdout]                                at /rustc/a178d0322ce20e33eac124758e837cbd80a6f633/library/std/src/sys_common/backtrace.rs:36:9
[INFO] [stdout]    8:     0x5584b667437b - std::panicking::default_hook::{{closure}}::hcfe804496a9fa747
[INFO] [stdout]                                at /rustc/a178d0322ce20e33eac124758e837cbd80a6f633/library/std/src/panicking.rs:208:50
[INFO] [stdout]    9:     0x5584b6673e8c - std::panicking::default_hook::hbea8e3ccf2ba8901
[INFO] [stdout]                                at /rustc/a178d0322ce20e33eac124758e837cbd80a6f633/library/std/src/panicking.rs:222:9
[INFO] [stdout]   10:     0x5584b6674a44 - std::panicking::rust_panic_with_hook::h7ee9e1a2d0f8975a
[INFO] [stdout]                                at /rustc/a178d0322ce20e33eac124758e837cbd80a6f633/library/std/src/panicking.rs:622:17
[INFO] [stdout]   11:     0x5584b6674527 - std::panicking::begin_panic_handler::{{closure}}::h8ab3b4491718b2c7
[INFO] [stdout]                                at /rustc/a178d0322ce20e33eac124758e837cbd80a6f633/library/std/src/panicking.rs:519:13
[INFO] [stdout]   12:     0x5584b66722bc - std::sys_common::backtrace::__rust_end_short_backtrace::hd489062ffa586a9f
[INFO] [stdout]                                at /rustc/a178d0322ce20e33eac124758e837cbd80a6f633/library/std/src/sys_common/backtrace.rs:141:18
[INFO] [stdout]   13:     0x5584b6674489 - rust_begin_unwind
[INFO] [stdout]                                at /rustc/a178d0322ce20e33eac124758e837cbd80a6f633/library/std/src/panicking.rs:515:5
[INFO] [stdout]   14:     0x5584b6426761 - core::panicking::panic_fmt::hca6330e3e14086b4
[INFO] [stdout]                                at /rustc/a178d0322ce20e33eac124758e837cbd80a6f633/library/core/src/panicking.rs:92:14
[INFO] [stdout]   15:     0x5584b6426853 - core::result::unwrap_failed::h6160d2b4bfbb0e87
[INFO] [stdout]                                at /rustc/a178d0322ce20e33eac124758e837cbd80a6f633/library/core/src/result.rs:1355:5
[INFO] [stdout]   16:     0x5584b651d88d - core::result::Result<T,E>::expect::h78a68a7b78350e26
[INFO] [stdout]                                at /rustc/a178d0322ce20e33eac124758e837cbd80a6f633/library/core/src/result.rs:997:23
[INFO] [stdout]   17:     0x5584b64ac70d - command_line_interfaces::run_command_check_exit::hfea21fa61bf74c0b
[INFO] [stdout]                                at /opt/rustwide/workdir/tests/runner/tests/command_line_interfaces.rs:23:18
[INFO] [stdout]   18:     0x5584b64ae3e3 - command_line_interfaces::run_test_case::h2f82b10690e18709
[INFO] [stdout]                                at /opt/rustwide/workdir/tests/runner/tests/command_line_interfaces.rs:97:9
[INFO] [stdout]   19:     0x5584b64b2094 - command_line_interfaces::run_cli_scala::he4d0be1a3a4f3ed6
[INFO] [stdout]                                at /opt/rustwide/workdir/tests/runner/tests/command_line_interfaces.rs:142:5
[INFO] [stdout]   20:     0x5584b64b221e - command_line_interfaces::run_cli_scala_tests_verilization_struct_versions_verilization::h2e6d978a66e9fe8d
[INFO] [stdout]                                at /opt/rustwide/workdir/tests/runner/tests/command_line_interfaces.rs:140:1
[INFO] [stdout]   21:     0x5584b64b21da - command_line_interfaces::run_cli_scala_tests_verilization_struct_versions_verilization::{{closure}}::h5ba74b0d6a244343
[INFO] [stdout]                                at /opt/rustwide/workdir/tests/runner/tests/command_line_interfaces.rs:140:1
[INFO] [stdout]   22:     0x5584b651458e - core::ops::function::FnOnce::call_once::h38b8ab7a49b3330a
[INFO] [stdout]                                at /rustc/a178d0322ce20e33eac124758e837cbd80a6f633/library/core/src/ops/function.rs:227:5
[INFO] [stdout]   23:     0x5584b65494f3 - core::ops::function::FnOnce::call_once::h152e7e439ff59e19
[INFO] [stdout]                                at /rustc/a178d0322ce20e33eac124758e837cbd80a6f633/library/core/src/ops/function.rs:227:5
[INFO] [stdout]   24:     0x5584b65494f3 - test::__rust_begin_short_backtrace::h0908f3b1fdbb72ab
[INFO] [stdout]                                at /rustc/a178d0322ce20e33eac124758e837cbd80a6f633/library/test/src/lib.rs:577:5
[INFO] [stdout]   25:     0x5584b6547fb0 - <alloc::boxed::Box<F,A> as core::ops::function::FnOnce<Args>>::call_once::hf6d2a51e5587546c
[INFO] [stdout]                                at /rustc/a178d0322ce20e33eac124758e837cbd80a6f633/library/alloc/src/boxed.rs:1575:9
[INFO] [stdout]   26:     0x5584b6547fb0 - <std::panic::AssertUnwindSafe<F> as core::ops::function::FnOnce<()>>::call_once::h8af660f3a89ef593
[INFO] [stdout]                                at /rustc/a178d0322ce20e33eac124758e837cbd80a6f633/library/std/src/panic.rs:347:9
[INFO] [stdout]   27:     0x5584b6547fb0 - std::panicking::try::do_call::hd36aef60f84b6d36
[INFO] [stdout]                                at /rustc/a178d0322ce20e33eac124758e837cbd80a6f633/library/std/src/panicking.rs:401:40
[INFO] [stdout]   28:     0x5584b6547fb0 - std::panicking::try::h9932b4480e69817c
[INFO] [stdout]                                at /rustc/a178d0322ce20e33eac124758e837cbd80a6f633/library/std/src/panicking.rs:365:19
[INFO] [stdout]   29:     0x5584b6547fb0 - std::panic::catch_unwind::h6aa177099cfff5f8
[INFO] [stdout]                                at /rustc/a178d0322ce20e33eac124758e837cbd80a6f633/library/std/src/panic.rs:434:14
[INFO] [stdout]   30:     0x5584b6547fb0 - test::run_test_in_process::h5884d6f2d99e20c3
[INFO] [stdout]                                at /rustc/a178d0322ce20e33eac124758e837cbd80a6f633/library/test/src/lib.rs:600:18
[INFO] [stdout]   31:     0x5584b6547fb0 - test::run_test::run_test_inner::{{closure}}::h6fdc58c6d5f5b6e3
[INFO] [stdout]                                at /rustc/a178d0322ce20e33eac124758e837cbd80a6f633/library/test/src/lib.rs:492:39
[INFO] [stdout]   32:     0x5584b6521662 - test::run_test::run_test_inner::{{closure}}::h408365d67a78ade8
[INFO] [stdout]                                at /rustc/a178d0322ce20e33eac124758e837cbd80a6f633/library/test/src/lib.rs:519:37
[INFO] [stdout]   33:     0x5584b6521662 - std::sys_common::backtrace::__rust_begin_short_backtrace::hb560b77c4f701523
[INFO] [stdout]                                at /rustc/a178d0322ce20e33eac124758e837cbd80a6f633/library/std/src/sys_common/backtrace.rs:125:18
[INFO] [stdout]   34:     0x5584b6525218 - std::thread::Builder::spawn_unchecked::{{closure}}::{{closure}}::hf2e7831dad93c597
[INFO] [stdout]                                at /rustc/a178d0322ce20e33eac124758e837cbd80a6f633/library/std/src/thread/mod.rs:481:17
[INFO] [stdout]   35:     0x5584b6525218 - <std::panic::AssertUnwindSafe<F> as core::ops::function::FnOnce<()>>::call_once::hd2e08783d8be4d02
[INFO] [stdout]                                at /rustc/a178d0322ce20e33eac124758e837cbd80a6f633/library/std/src/panic.rs:347:9
[INFO] [stdout]   36:     0x5584b6525218 - std::panicking::try::do_call::h062597b7acfd6b82
[INFO] [stdout]                                at /rustc/a178d0322ce20e33eac124758e837cbd80a6f633/library/std/src/panicking.rs:401:40
[INFO] [stdout]   37:     0x5584b6525218 - std::panicking::try::h0d7b79db04c14552
[INFO] [stdout]                                at /rustc/a178d0322ce20e33eac124758e837cbd80a6f633/library/std/src/panicking.rs:365:19
[INFO] [stdout]   38:     0x5584b6525218 - std::panic::catch_unwind::hb01a0b5e7c8cd43b
[INFO] [stdout]                                at /rustc/a178d0322ce20e33eac124758e837cbd80a6f633/library/std/src/panic.rs:434:14
[INFO] [stdout]   39:     0x5584b6525218 - std::thread::Builder::spawn_unchecked::{{closure}}::h5bde48cc887e0d1e
[INFO] [stdout]                                at /rustc/a178d0322ce20e33eac124758e837cbd80a6f633/library/std/src/thread/mod.rs:480:30
[INFO] [stdout]   40:     0x5584b6525218 - core::ops::function::FnOnce::call_once{{vtable.shim}}::h745ea30807a29e55
[INFO] [stdout]                                at /rustc/a178d0322ce20e33eac124758e837cbd80a6f633/library/core/src/ops/function.rs:227:5
[INFO] [stdout]   41:     0x5584b667a647 - <alloc::boxed::Box<F,A> as core::ops::function::FnOnce<Args>>::call_once::h7ece6cfefaff1005
[INFO] [stdout]                                at /rustc/a178d0322ce20e33eac124758e837cbd80a6f633/library/alloc/src/boxed.rs:1575:9
[INFO] [stdout]   42:     0x5584b667a647 - <alloc::boxed::Box<F,A> as core::ops::function::FnOnce<Args>>::call_once::hb8b48e55c21f193e
[INFO] [stdout]                                at /rustc/a178d0322ce20e33eac124758e837cbd80a6f633/library/alloc/src/boxed.rs:1575:9
[INFO] [stdout]   43:     0x5584b667a647 - std::sys::unix::thread::Thread::new::thread_start::h8c7c4450dba62914
[INFO] [stdout]                                at /rustc/a178d0322ce20e33eac124758e837cbd80a6f633/library/std/src/sys/unix/thread.rs:71:17
[INFO] [stdout]   44:     0x7f5e0919d609 - start_thread
[INFO] [stdout]   45:     0x7f5e08f6f293 - clone
[INFO] [stdout]   46:                0x0 - <unknown>
[INFO] [stdout] 
[INFO] [stdout] ---- run_cli_java_tests_verilization_generics_verilization stdout ----
[INFO] [stdout] Command: "cargo" "build"
[INFO] [stdout] warning: /opt/rustwide/workdir/compiler-cli/Cargo.toml: unused manifest key: package.hompage
[INFO] [stdout] warning: /opt/rustwide/workdir/lang/java/Cargo.toml: unused manifest key: package.hompage
[INFO] [stdout] warning: /opt/rustwide/workdir/lang/scala/Cargo.toml: unused manifest key: package.hompage
[INFO] [stdout] warning: /opt/rustwide/workdir/lang/typescript/Cargo.toml: unused manifest key: package.hompage
[INFO] [stdout] warning: /opt/rustwide/workdir/bindings/c-api-core/Cargo.toml: unused manifest key: package.hompage
[INFO] [stdout] warning: /opt/rustwide/workdir/compiler-cli-core/Cargo.toml: unused manifest key: package.hompage
[INFO] [stdout] warning: /opt/rustwide/workdir/compiler/Cargo.toml: unused manifest key: package.hompage
[INFO] [stdout]    Compiling num-bigint v0.4.0
[INFO] [stdout]    Compiling verilization-compiler v0.1.0 (/opt/rustwide/workdir/compiler)
[INFO] [stdout]    Compiling verilization-lang-scala v0.1.0 (/opt/rustwide/workdir/lang/scala)
[INFO] [stdout]    Compiling verilization-lang-java v0.1.0 (/opt/rustwide/workdir/lang/java)
[INFO] [stdout]    Compiling verilization-compiler-cli-core v0.1.0 (/opt/rustwide/workdir/compiler-cli-core)
[INFO] [stdout]    Compiling verilization-lang-typescript v0.1.0 (/opt/rustwide/workdir/lang/typescript)
[INFO] [stdout]    Compiling verilization-compiler-cli v0.1.0 (/opt/rustwide/workdir/compiler-cli)
[INFO] [stdout]     Finished dev [unoptimized + debuginfo] target(s) in 11.54s
[INFO] [stdout] Command: "cargo" "run" "-p" "verilization-compiler-cli" "--" "generate" "java" "-i" "../../tests/verilization/generics.verilization" "-i" "../../runtime/verilization//integral.verilization" "-i" "../../runtime/verilization//string.verilization" "-i" "../../runtime/verilization//list.verilization" "-i" "../../runtime/verilization//option.verilization" "-o:out_dir" "/tmp/verilization.ZpuGUlNO6PG1" "-o:pkg:struct.versions" "struct.versions" "-o:pkg:genericsTest" "genericsTest" "-o:pkg:finalTest" "finalTest" "-o:pkg:enum.versions" "enum_.versions" "-o:lib:" "dev.argon.verilization.runtime" "-o:extern:u16" "short" "-o:extern:u64" "long" "-o:extern:i64" "long" "-o:extern:i32" "int" "-o:extern:i16" "short" "-o:extern:u32" "int" "-o:extern:option" "java.util.Optional" "-o:extern:string" "java.lang.String" "-o:extern:u8" "byte" "-o:extern:int" "java.math.BigInteger" "-o:extern:nat" "java.math.BigInteger" "-o:extern:i8" "byte"
[INFO] [stdout] warning: /opt/rustwide/workdir/compiler-cli-core/Cargo.toml: unused manifest key: package.hompage
[INFO] [stdout] warning: /opt/rustwide/workdir/lang/typescript/Cargo.toml: unused manifest key: package.hompage
[INFO] [stdout] warning: /opt/rustwide/workdir/lang/scala/Cargo.toml: unused manifest key: package.hompage
[INFO] [stdout] warning: /opt/rustwide/workdir/bindings/c-api-core/Cargo.toml: unused manifest key: package.hompage
[INFO] [stdout] warning: /opt/rustwide/workdir/compiler/Cargo.toml: unused manifest key: package.hompage
[INFO] [stdout] warning: /opt/rustwide/workdir/compiler-cli/Cargo.toml: unused manifest key: package.hompage
[INFO] [stdout] warning: /opt/rustwide/workdir/lang/java/Cargo.toml: unused manifest key: package.hompage
[INFO] [stdout]     Blocking waiting for file lock on build directory
[INFO] [stdout]     Finished dev [unoptimized + debuginfo] target(s) in 5.64s
[INFO] [stdout]      Running `/opt/rustwide/target/debug/verilization-compiler-cli generate java -i ../../tests/verilization/generics.verilization -i ../../runtime/verilization//integral.verilization -i ../../runtime/verilization//string.verilization -i ../../runtime/verilization//list.verilization -i ../../runtime/verilization//option.verilization '-o:out_dir' /tmp/verilization.ZpuGUlNO6PG1 '-o:pkg:struct.versions' struct.versions '-o:pkg:genericsTest' genericsTest '-o:pkg:finalTest' finalTest '-o:pkg:enum.versions' enum_.versions '-o:lib:' dev.argon.verilization.runtime '-o:extern:u16' short '-o:extern:u64' long '-o:extern:i64' long '-o:extern:i32' int '-o:extern:i16' short '-o:extern:u32' int '-o:extern:option' java.util.Optional '-o:extern:string' java.lang.String '-o:extern:u8' byte '-o:extern:int' java.math.BigInteger '-o:extern:nat' java.math.BigInteger '-o:extern:i8' byte`
[INFO] [stdout] Command: "npm" "run" "build"
[INFO] [stdout] thread 'run_cli_java_tests_verilization_generics_verilization' panicked at 'Could not run test command.: Os { code: 2, kind: NotFound, message: "No such file or directory" }', tests/runner/tests/command_line_interfaces.rs:26:10
[INFO] [stdout] stack backtrace:
[INFO] [stdout]    0:     0x5584b6671dc0 - std::backtrace_rs::backtrace::libunwind::trace::h34055254b57d8e79
[INFO] [stdout]                                at /rustc/a178d0322ce20e33eac124758e837cbd80a6f633/library/std/src/../../backtrace/src/backtrace/libunwind.rs:90:5
[INFO] [stdout]    1:     0x5584b6671dc0 - std::backtrace_rs::backtrace::trace_unsynchronized::h8f1e3fbd9afff6ec
[INFO] [stdout]                                at /rustc/a178d0322ce20e33eac124758e837cbd80a6f633/library/std/src/../../backtrace/src/backtrace/mod.rs:66:5
[INFO] [stdout]    2:     0x5584b6671dc0 - std::sys_common::backtrace::_print_fmt::h3a99a796b770c360
[INFO] [stdout]                                at /rustc/a178d0322ce20e33eac124758e837cbd80a6f633/library/std/src/sys_common/backtrace.rs:67:5
[INFO] [stdout]    3:     0x5584b6671dc0 - <std::sys_common::backtrace::_print::DisplayBacktrace as core::fmt::Display>::fmt::h32d1f94a80615d18
[INFO] [stdout]                                at /rustc/a178d0322ce20e33eac124758e837cbd80a6f633/library/std/src/sys_common/backtrace.rs:46:22
[INFO] [stdout]    4:     0x5584b6695cac - core::fmt::write::h306731c068f7162c
[INFO] [stdout]                                at /rustc/a178d0322ce20e33eac124758e837cbd80a6f633/library/core/src/fmt/mod.rs:1110:17
[INFO] [stdout]    5:     0x5584b666e8d5 - std::io::Write::write_fmt::h87f19b0a2cd190bc
[INFO] [stdout]                                at /rustc/a178d0322ce20e33eac124758e837cbd80a6f633/library/std/src/io/mod.rs:1588:15
[INFO] [stdout]    6:     0x5584b667437b - std::sys_common::backtrace::_print::h5abaa2601a852287
[INFO] [stdout]                                at /rustc/a178d0322ce20e33eac124758e837cbd80a6f633/library/std/src/sys_common/backtrace.rs:49:5
[INFO] [stdout]    7:     0x5584b667437b - std::sys_common::backtrace::print::h8d81445442bb638f
[INFO] [stdout]                                at /rustc/a178d0322ce20e33eac124758e837cbd80a6f633/library/std/src/sys_common/backtrace.rs:36:9
[INFO] [stdout]    8:     0x5584b667437b - std::panicking::default_hook::{{closure}}::hcfe804496a9fa747
[INFO] [stdout]                                at /rustc/a178d0322ce20e33eac124758e837cbd80a6f633/library/std/src/panicking.rs:208:50
[INFO] [stdout]    9:     0x5584b6673e8c - std::panicking::default_hook::hbea8e3ccf2ba8901
[INFO] [stdout]                                at /rustc/a178d0322ce20e33eac124758e837cbd80a6f633/library/std/src/panicking.rs:222:9
[INFO] [stdout]   10:     0x5584b6674a44 - std::panicking::rust_panic_with_hook::h7ee9e1a2d0f8975a
[INFO] [stdout]                                at /rustc/a178d0322ce20e33eac124758e837cbd80a6f633/library/std/src/panicking.rs:622:17
[INFO] [stdout]   11:     0x5584b6674527 - std::panicking::begin_panic_handler::{{closure}}::h8ab3b4491718b2c7
[INFO] [stdout]                                at /rustc/a178d0322ce20e33eac124758e837cbd80a6f633/library/std/src/panicking.rs:519:13
[INFO] [stdout]   12:     0x5584b66722bc - std::sys_common::backtrace::__rust_end_short_backtrace::hd489062ffa586a9f
[INFO] [stdout]                                at /rustc/a178d0322ce20e33eac124758e837cbd80a6f633/library/std/src/sys_common/backtrace.rs:141:18
[INFO] [stdout]   13:     0x5584b6674489 - rust_begin_unwind
[INFO] [stdout]                                at /rustc/a178d0322ce20e33eac124758e837cbd80a6f633/library/std/src/panicking.rs:515:5
[INFO] [stdout]   14:     0x5584b6426761 - core::panicking::panic_fmt::hca6330e3e14086b4
[INFO] [stdout]                                at /rustc/a178d0322ce20e33eac124758e837cbd80a6f633/library/core/src/panicking.rs:92:14
[INFO] [stdout]   15:     0x5584b6426853 - core::result::unwrap_failed::h6160d2b4bfbb0e87
[INFO] [stdout]                                at /rustc/a178d0322ce20e33eac124758e837cbd80a6f633/library/core/src/result.rs:1355:5
[INFO] [stdout]   16:     0x5584b651d88d - core::result::Result<T,E>::expect::h78a68a7b78350e26
[INFO] [stdout]                                at /rustc/a178d0322ce20e33eac124758e837cbd80a6f633/library/core/src/result.rs:997:23
[INFO] [stdout]   17:     0x5584b64ac70d - command_line_interfaces::run_command_check_exit::hfea21fa61bf74c0b
[INFO] [stdout]                                at /opt/rustwide/workdir/tests/runner/tests/command_line_interfaces.rs:23:18
[INFO] [stdout]   18:     0x5584b64ad473 - command_line_interfaces::run_test_case::h1ad42cc440a7adbd
[INFO] [stdout]                                at /opt/rustwide/workdir/tests/runner/tests/command_line_interfaces.rs:97:9
[INFO] [stdout]   19:     0x5584b64b1ed4 - command_line_interfaces::run_cli_java::h80e0b91c885779f4
[INFO] [stdout]                                at /opt/rustwide/workdir/tests/runner/tests/command_line_interfaces.rs:137:5
[INFO] [stdout]   20:     0x5584b64b1ffe - command_line_interfaces::run_cli_java_tests_verilization_generics_verilization::hd0d8094d38d40a13
[INFO] [stdout]                                at /opt/rustwide/workdir/tests/runner/tests/command_line_interfaces.rs:135:1
[INFO] [stdout]   21:     0x5584b64b1fba - command_line_interfaces::run_cli_java_tests_verilization_generics_verilization::{{closure}}::h1717931b22008eb6
[INFO] [stdout]                                at /opt/rustwide/workdir/tests/runner/tests/command_line_interfaces.rs:135:1
[INFO] [stdout]   22:     0x5584b65146ee - core::ops::function::FnOnce::call_once::hc7d9547f7db949cf
[INFO] [stdout]                                at /rustc/a178d0322ce20e33eac124758e837cbd80a6f633/library/core/src/ops/function.rs:227:5
[INFO] [stdout]   23:     0x5584b65494f3 - core::ops::function::FnOnce::call_once::h152e7e439ff59e19
[INFO] [stdout]                                at /rustc/a178d0322ce20e33eac124758e837cbd80a6f633/library/core/src/ops/function.rs:227:5
[INFO] [stdout]   24:     0x5584b65494f3 - test::__rust_begin_short_backtrace::h0908f3b1fdbb72ab
[INFO] [stdout]                                at /rustc/a178d0322ce20e33eac124758e837cbd80a6f633/library/test/src/lib.rs:577:5
[INFO] [stdout]   25:     0x5584b6547fb0 - <alloc::boxed::Box<F,A> as core::ops::function::FnOnce<Args>>::call_once::hf6d2a51e5587546c
[INFO] [stdout]                                at /rustc/a178d0322ce20e33eac124758e837cbd80a6f633/library/alloc/src/boxed.rs:1575:9
[INFO] [stdout]   26:     0x5584b6547fb0 - <std::panic::AssertUnwindSafe<F> as core::ops::function::FnOnce<()>>::call_once::h8af660f3a89ef593
[INFO] [stdout]                                at /rustc/a178d0322ce20e33eac124758e837cbd80a6f633/library/std/src/panic.rs:347:9
[INFO] [stdout]   27:     0x5584b6547fb0 - std::panicking::try::do_call::hd36aef60f84b6d36
[INFO] [stdout]                                at /rustc/a178d0322ce20e33eac124758e837cbd80a6f633/library/std/src/panicking.rs:401:40
[INFO] [stdout]   28:     0x5584b6547fb0 - std::panicking::try::h9932b4480e69817c
[INFO] [stdout]                                at /rustc/a178d0322ce20e33eac124758e837cbd80a6f633/library/std/src/panicking.rs:365:19
[INFO] [stdout]   29:     0x5584b6547fb0 - std::panic::catch_unwind::h6aa177099cfff5f8
[INFO] [stdout]                                at /rustc/a178d0322ce20e33eac124758e837cbd80a6f633/library/std/src/panic.rs:434:14
[INFO] [stdout]   30:     0x5584b6547fb0 - test::run_test_in_process::h5884d6f2d99e20c3
[INFO] [stdout]                                at /rustc/a178d0322ce20e33eac124758e837cbd80a6f633/library/test/src/lib.rs:600:18
[INFO] [stdout]   31:     0x5584b6547fb0 - test::run_test::run_test_inner::{{closure}}::h6fdc58c6d5f5b6e3
[INFO] [stdout]                                at /rustc/a178d0322ce20e33eac124758e837cbd80a6f633/library/test/src/lib.rs:492:39
[INFO] [stdout]   32:     0x5584b6521662 - test::run_test::run_test_inner::{{closure}}::h408365d67a78ade8
[INFO] [stdout]                                at /rustc/a178d0322ce20e33eac124758e837cbd80a6f633/library/test/src/lib.rs:519:37
[INFO] [stdout]   33:     0x5584b6521662 - std::sys_common::backtrace::__rust_begin_short_backtrace::hb560b77c4f701523
[INFO] [stdout]                                at /rustc/a178d0322ce20e33eac124758e837cbd80a6f633/library/std/src/sys_common/backtrace.rs:125:18
[INFO] [stdout]   34:     0x5584b6525218 - std::thread::Builder::spawn_unchecked::{{closure}}::{{closure}}::hf2e7831dad93c597
[INFO] [stdout]                                at /rustc/a178d0322ce20e33eac124758e837cbd80a6f633/library/std/src/thread/mod.rs:481:17
[INFO] [stdout]   35:     0x5584b6525218 - <std::panic::AssertUnwindSafe<F> as core::ops::function::FnOnce<()>>::call_once::hd2e08783d8be4d02
[INFO] [stdout]                                at /rustc/a178d0322ce20e33eac124758e837cbd80a6f633/library/std/src/panic.rs:347:9
[INFO] [stdout]   36:     0x5584b6525218 - std::panicking::try::do_call::h062597b7acfd6b82
[INFO] [stdout]                                at /rustc/a178d0322ce20e33eac124758e837cbd80a6f633/library/std/src/panicking.rs:401:40
[INFO] [stdout]   37:     0x5584b6525218 - std::panicking::try::h0d7b79db04c14552
[INFO] [stdout]                                at /rustc/a178d0322ce20e33eac124758e837cbd80a6f633/library/std/src/panicking.rs:365:19
[INFO] [stdout]   38:     0x5584b6525218 - std::panic::catch_unwind::hb01a0b5e7c8cd43b
[INFO] [stdout]                                at /rustc/a178d0322ce20e33eac124758e837cbd80a6f633/library/std/src/panic.rs:434:14
[INFO] [stdout]   39:     0x5584b6525218 - std::thread::Builder::spawn_unchecked::{{closure}}::h5bde48cc887e0d1e
[INFO] [stdout]                                at /rustc/a178d0322ce20e33eac124758e837cbd80a6f633/library/std/src/thread/mod.rs:480:30
[INFO] [stdout]   40:     0x5584b6525218 - core::ops::function::FnOnce::call_once{{vtable.shim}}::h745ea30807a29e55
[INFO] [stdout]                                at /rustc/a178d0322ce20e33eac124758e837cbd80a6f633/library/core/src/ops/function.rs:227:5
[INFO] [stdout]   41:     0x5584b667a647 - <alloc::boxed::Box<F,A> as core::ops::function::FnOnce<Args>>::call_once::h7ece6cfefaff1005
[INFO] [stdout]                                at /rustc/a178d0322ce20e33eac124758e837cbd80a6f633/library/alloc/src/boxed.rs:1575:9
[INFO] [stdout]   42:     0x5584b667a647 - <alloc::boxed::Box<F,A> as core::ops::function::FnOnce<Args>>::call_once::hb8b48e55c21f193e
[INFO] [stdout]                                at /rustc/a178d0322ce20e33eac124758e837cbd80a6f633/library/alloc/src/boxed.rs:1575:9
[INFO] [stdout]   43:     0x5584b667a647 - std::sys::unix::thread::Thread::new::thread_start::h8c7c4450dba62914
[INFO] [stdout]                                at /rustc/a178d0322ce20e33eac124758e837cbd80a6f633/library/std/src/sys/unix/thread.rs:71:17
[INFO] [stdout]   44:     0x7f5e0919d609 - start_thread
[INFO] [stdout]   45:     0x7f5e08f6f293 - clone
[INFO] [stdout]   46:                0x0 - <unknown>
[INFO] [stdout] 
[INFO] [stdout] ---- run_cli_java_tests_verilization_enum_versions_verilization stdout ----
[INFO] [stdout] Command: "cargo" "build"
[INFO] [stdout] warning: /opt/rustwide/workdir/compiler/Cargo.toml: unused manifest key: package.hompage
[INFO] [stdout] warning: /opt/rustwide/workdir/lang/java/Cargo.toml: unused manifest key: package.hompage
[INFO] [stdout] warning: /opt/rustwide/workdir/compiler-cli-core/Cargo.toml: unused manifest key: package.hompage
[INFO] [stdout] warning: /opt/rustwide/workdir/compiler-cli/Cargo.toml: unused manifest key: package.hompage
[INFO] [stdout] warning: /opt/rustwide/workdir/lang/scala/Cargo.toml: unused manifest key: package.hompage
[INFO] [stdout] warning: /opt/rustwide/workdir/bindings/c-api-core/Cargo.toml: unused manifest key: package.hompage
[INFO] [stdout] warning: /opt/rustwide/workdir/lang/typescript/Cargo.toml: unused manifest key: package.hompage
[INFO] [stdout]     Blocking waiting for file lock on build directory
[INFO] [stdout]     Finished dev [unoptimized + debuginfo] target(s) in 11.53s
[INFO] [stdout] Command: "cargo" "run" "-p" "verilization-compiler-cli" "--" "generate" "java" "-i" "../../tests/verilization/enum_versions.verilization" "-i" "../../runtime/verilization//integral.verilization" "-i" "../../runtime/verilization//string.verilization" "-i" "../../runtime/verilization//list.verilization" "-i" "../../runtime/verilization//option.verilization" "-o:out_dir" "/tmp/verilization.ZVQbTuK4fkr3" "-o:pkg:enum.versions" "enum_.versions" "-o:pkg:genericsTest" "genericsTest" "-o:pkg:struct.versions" "struct.versions" "-o:pkg:finalTest" "finalTest" "-o:lib:" "dev.argon.verilization.runtime" "-o:extern:string" "java.lang.String" "-o:extern:option" "java.util.Optional" "-o:extern:u64" "long" "-o:extern:i64" "long" "-o:extern:int" "java.math.BigInteger" "-o:extern:nat" "java.math.BigInteger" "-o:extern:i8" "byte" "-o:extern:u16" "short" "-o:extern:i16" "short" "-o:extern:u32" "int" "-o:extern:i32" "int" "-o:extern:u8" "byte"
[INFO] [stdout] warning: /opt/rustwide/workdir/compiler/Cargo.toml: unused manifest key: package.hompage
[INFO] [stdout] warning: /opt/rustwide/workdir/compiler-cli-core/Cargo.toml: unused manifest key: package.hompage
[INFO] [stdout] warning: /opt/rustwide/workdir/bindings/c-api-core/Cargo.toml: unused manifest key: package.hompage
[INFO] [stdout] warning: /opt/rustwide/workdir/lang/typescript/Cargo.toml: unused manifest key: package.hompage
[INFO] [stdout] warning: /opt/rustwide/workdir/lang/scala/Cargo.toml: unused manifest key: package.hompage
[INFO] [stdout] warning: /opt/rustwide/workdir/compiler-cli/Cargo.toml: unused manifest key: package.hompage
[INFO] [stdout] warning: /opt/rustwide/workdir/lang/java/Cargo.toml: unused manifest key: package.hompage
[INFO] [stdout]     Blocking waiting for file lock on build directory
[INFO] [stdout]     Finished dev [unoptimized + debuginfo] target(s) in 5.45s
[INFO] [stdout]      Running `/opt/rustwide/target/debug/verilization-compiler-cli generate java -i ../../tests/verilization/enum_versions.verilization -i ../../runtime/verilization//integral.verilization -i ../../runtime/verilization//string.verilization -i ../../runtime/verilization//list.verilization -i ../../runtime/verilization//option.verilization '-o:out_dir' /tmp/verilization.ZVQbTuK4fkr3 '-o:pkg:enum.versions' enum_.versions '-o:pkg:genericsTest' genericsTest '-o:pkg:struct.versions' struct.versions '-o:pkg:finalTest' finalTest '-o:lib:' dev.argon.verilization.runtime '-o:extern:string' java.lang.String '-o:extern:option' java.util.Optional '-o:extern:u64' long '-o:extern:i64' long '-o:extern:int' java.math.BigInteger '-o:extern:nat' java.math.BigInteger '-o:extern:i8' byte '-o:extern:u16' short '-o:extern:i16' short '-o:extern:u32' int '-o:extern:i32' int '-o:extern:u8' byte`
[INFO] [stdout] Command: "npm" "run" "build"
[INFO] [stdout] thread 'run_cli_java_tests_verilization_enum_versions_verilization' panicked at 'Could not run test command.: Os { code: 2, kind: NotFound, message: "No such file or directory" }', tests/runner/tests/command_line_interfaces.rs:26:10
[INFO] [stdout] stack backtrace:
[INFO] [stdout]    0:     0x5584b6671dc0 - std::backtrace_rs::backtrace::libunwind::trace::h34055254b57d8e79
[INFO] [stdout]                                at /rustc/a178d0322ce20e33eac124758e837cbd80a6f633/library/std/src/../../backtrace/src/backtrace/libunwind.rs:90:5
[INFO] [stdout]    1:     0x5584b6671dc0 - std::backtrace_rs::backtrace::trace_unsynchronized::h8f1e3fbd9afff6ec
[INFO] [stdout]                                at /rustc/a178d0322ce20e33eac124758e837cbd80a6f633/library/std/src/../../backtrace/src/backtrace/mod.rs:66:5
[INFO] [stdout]    2:     0x5584b6671dc0 - std::sys_common::backtrace::_print_fmt::h3a99a796b770c360
[INFO] [stdout]                                at /rustc/a178d0322ce20e33eac124758e837cbd80a6f633/library/std/src/sys_common/backtrace.rs:67:5
[INFO] [stdout]    3:     0x5584b6671dc0 - <std::sys_common::backtrace::_print::DisplayBacktrace as core::fmt::Display>::fmt::h32d1f94a80615d18
[INFO] [stdout]                                at /rustc/a178d0322ce20e33eac124758e837cbd80a6f633/library/std/src/sys_common/backtrace.rs:46:22
[INFO] [stdout]    4:     0x5584b6695cac - core::fmt::write::h306731c068f7162c
[INFO] [stdout]                                at /rustc/a178d0322ce20e33eac124758e837cbd80a6f633/library/core/src/fmt/mod.rs:1110:17
[INFO] [stdout]    5:     0x5584b666e8d5 - std::io::Write::write_fmt::h87f19b0a2cd190bc
[INFO] [stdout]                                at /rustc/a178d0322ce20e33eac124758e837cbd80a6f633/library/std/src/io/mod.rs:1588:15
[INFO] [stdout]    6:     0x5584b667437b - std::sys_common::backtrace::_print::h5abaa2601a852287
[INFO] [stdout]                                at /rustc/a178d0322ce20e33eac124758e837cbd80a6f633/library/std/src/sys_common/backtrace.rs:49:5
[INFO] [stdout]    7:     0x5584b667437b - std::sys_common::backtrace::print::h8d81445442bb638f
[INFO] [stdout]                                at /rustc/a178d0322ce20e33eac124758e837cbd80a6f633/library/std/src/sys_common/backtrace.rs:36:9
[INFO] [stdout]    8:     0x5584b667437b - std::panicking::default_hook::{{closure}}::hcfe804496a9fa747
[INFO] [stdout]                                at /rustc/a178d0322ce20e33eac124758e837cbd80a6f633/library/std/src/panicking.rs:208:50
[INFO] [stdout]    9:     0x5584b6673e8c - std::panicking::default_hook::hbea8e3ccf2ba8901
[INFO] [stdout]                                at /rustc/a178d0322ce20e33eac124758e837cbd80a6f633/library/std/src/panicking.rs:222:9
[INFO] [stdout]   10:     0x5584b6674a44 - std::panicking::rust_panic_with_hook::h7ee9e1a2d0f8975a
[INFO] [stdout]                                at /rustc/a178d0322ce20e33eac124758e837cbd80a6f633/library/std/src/panicking.rs:622:17
[INFO] [stdout]   11:     0x5584b6674527 - std::panicking::begin_panic_handler::{{closure}}::h8ab3b4491718b2c7
[INFO] [stdout]                                at /rustc/a178d0322ce20e33eac124758e837cbd80a6f633/library/std/src/panicking.rs:519:13
[INFO] [stdout]   12:     0x5584b66722bc - std::sys_common::backtrace::__rust_end_short_backtrace::hd489062ffa586a9f
[INFO] [stdout]                                at /rustc/a178d0322ce20e33eac124758e837cbd80a6f633/library/std/src/sys_common/backtrace.rs:141:18
[INFO] [stdout]   13:     0x5584b6674489 - rust_begin_unwind
[INFO] [stdout]                                at /rustc/a178d0322ce20e33eac124758e837cbd80a6f633/library/std/src/panicking.rs:515:5
[INFO] [stdout]   14:     0x5584b6426761 - core::panicking::panic_fmt::hca6330e3e14086b4
[INFO] [stdout]                                at /rustc/a178d0322ce20e33eac124758e837cbd80a6f633/library/core/src/panicking.rs:92:14
[INFO] [stdout]   15:     0x5584b6426853 - core::result::unwrap_failed::h6160d2b4bfbb0e87
[INFO] [stdout]                                at /rustc/a178d0322ce20e33eac124758e837cbd80a6f633/library/core/src/result.rs:1355:5
[INFO] [stdout]   16:     0x5584b651d88d - core::result::Result<T,E>::expect::h78a68a7b78350e26
[INFO] [stdout]                                at /rustc/a178d0322ce20e33eac124758e837cbd80a6f633/library/core/src/result.rs:997:23
[INFO] [stdout]   17:     0x5584b64ac70d - command_line_interfaces::run_command_check_exit::hfea21fa61bf74c0b
[INFO] [stdout]                                at /opt/rustwide/workdir/tests/runner/tests/command_line_interfaces.rs:23:18
[INFO] [stdout]   18:     0x5584b64ad473 - command_line_interfaces::run_test_case::h1ad42cc440a7adbd
[INFO] [stdout]                                at /opt/rustwide/workdir/tests/runner/tests/command_line_interfaces.rs:97:9
[INFO] [stdout]   19:     0x5584b64b1ed4 - command_line_interfaces::run_cli_java::h80e0b91c885779f4
[INFO] [stdout]                                at /opt/rustwide/workdir/tests/runner/tests/command_line_interfaces.rs:137:5
[INFO] [stdout]   20:     0x5584b64b1f3e - command_line_interfaces::run_cli_java_tests_verilization_enum_versions_verilization::h264ae41d131712ea
[INFO] [stdout]                                at /opt/rustwide/workdir/tests/runner/tests/command_line_interfaces.rs:135:1
[INFO] [stdout]   21:     0x5584b64b1efa - command_line_interfaces::run_cli_java_tests_verilization_enum_versions_verilization::{{closure}}::h51e354ffa608ffeb
[INFO] [stdout]                                at /opt/rustwide/workdir/tests/runner/tests/command_line_interfaces.rs:135:1
[INFO] [stdout]   22:     0x5584b65146ae - core::ops::function::FnOnce::call_once::hbff48459221a496d
[INFO] [stdout]                                at /rustc/a178d0322ce20e33eac124758e837cbd80a6f633/library/core/src/ops/function.rs:227:5
[INFO] [stdout]   23:     0x5584b65494f3 - core::ops::function::FnOnce::call_once::h152e7e439ff59e19
[INFO] [stdout]                                at /rustc/a178d0322ce20e33eac124758e837cbd80a6f633/library/core/src/ops/function.rs:227:5
[INFO] [stdout]   24:     0x5584b65494f3 - test::__rust_begin_short_backtrace::h0908f3b1fdbb72ab
[INFO] [stdout]                                at /rustc/a178d0322ce20e33eac124758e837cbd80a6f633/library/test/src/lib.rs:577:5
[INFO] [stdout]   25:     0x5584b6547fb0 - <alloc::boxed::Box<F,A> as core::ops::function::FnOnce<Args>>::call_once::hf6d2a51e5587546c
[INFO] [stdout]                                at /rustc/a178d0322ce20e33eac124758e837cbd80a6f633/library/alloc/src/boxed.rs:1575:9
[INFO] [stdout]   26:     0x5584b6547fb0 - <std::panic::AssertUnwindSafe<F> as core::ops::function::FnOnce<()>>::call_once::h8af660f3a89ef593
[INFO] [stdout]                                at /rustc/a178d0322ce20e33eac124758e837cbd80a6f633/library/std/src/panic.rs:347:9
[INFO] [stdout]   27:     0x5584b6547fb0 - std::panicking::try::do_call::hd36aef60f84b6d36
[INFO] [stdout]                                at /rustc/a178d0322ce20e33eac124758e837cbd80a6f633/library/std/src/panicking.rs:401:40
[INFO] [stdout]   28:     0x5584b6547fb0 - std::panicking::try::h9932b4480e69817c
[INFO] [stdout]                                at /rustc/a178d0322ce20e33eac124758e837cbd80a6f633/library/std/src/panicking.rs:365:19
[INFO] [stdout]   29:     0x5584b6547fb0 - std::panic::catch_unwind::h6aa177099cfff5f8
[INFO] [stdout]                                at /rustc/a178d0322ce20e33eac124758e837cbd80a6f633/library/std/src/panic.rs:434:14
[INFO] [stdout]   30:     0x5584b6547fb0 - test::run_test_in_process::h5884d6f2d99e20c3
[INFO] [stdout]                                at /rustc/a178d0322ce20e33eac124758e837cbd80a6f633/library/test/src/lib.rs:600:18
[INFO] [stdout]   31:     0x5584b6547fb0 - test::run_test::run_test_inner::{{closure}}::h6fdc58c6d5f5b6e3
[INFO] [stdout]                                at /rustc/a178d0322ce20e33eac124758e837cbd80a6f633/library/test/src/lib.rs:492:39
[INFO] [stdout]   32:     0x5584b6521662 - test::run_test::run_test_inner::{{closure}}::h408365d67a78ade8
[INFO] [stdout]                                at /rustc/a178d0322ce20e33eac124758e837cbd80a6f633/library/test/src/lib.rs:519:37
[INFO] [stdout]   33:     0x5584b6521662 - std::sys_common::backtrace::__rust_begin_short_backtrace::hb560b77c4f701523
[INFO] [stdout]                                at /rustc/a178d0322ce20e33eac124758e837cbd80a6f633/library/std/src/sys_common/backtrace.rs:125:18
[INFO] [stdout]   34:     0x5584b6525218 - std::thread::Builder::spawn_unchecked::{{closure}}::{{closure}}::hf2e7831dad93c597
[INFO] [stdout]                                at /rustc/a178d0322ce20e33eac124758e837cbd80a6f633/library/std/src/thread/mod.rs:481:17
[INFO] [stdout]   35:     0x5584b6525218 - <std::panic::AssertUnwindSafe<F> as core::ops::function::FnOnce<()>>::call_once::hd2e08783d8be4d02
[INFO] [stdout]                                at /rustc/a178d0322ce20e33eac124758e837cbd80a6f633/library/std/src/panic.rs:347:9
[INFO] [stdout]   36:     0x5584b6525218 - std::panicking::try::do_call::h062597b7acfd6b82
[INFO] [stdout]                                at /rustc/a178d0322ce20e33eac124758e837cbd80a6f633/library/std/src/panicking.rs:401:40
[INFO] [stdout]   37:     0x5584b6525218 - std::panicking::try::h0d7b79db04c14552
[INFO] [stdout]                                at /rustc/a178d0322ce20e33eac124758e837cbd80a6f633/library/std/src/panicking.rs:365:19
[INFO] [stdout]   38:     0x5584b6525218 - std::panic::catch_unwind::hb01a0b5e7c8cd43b
[INFO] [stdout]                                at /rustc/a178d0322ce20e33eac124758e837cbd80a6f633/library/std/src/panic.rs:434:14
[INFO] [stdout]   39:     0x5584b6525218 - std::thread::Builder::spawn_unchecked::{{closure}}::h5bde48cc887e0d1e
[INFO] [stdout]                                at /rustc/a178d0322ce20e33eac124758e837cbd80a6f633/library/std/src/thread/mod.rs:480:30
[INFO] [stdout]   40:     0x5584b6525218 - core::ops::function::FnOnce::call_once{{vtable.shim}}::h745ea30807a29e55
[INFO] [stdout]                                at /rustc/a178d0322ce20e33eac124758e837cbd80a6f633/library/core/src/ops/function.rs:227:5
[INFO] [stdout]   41:     0x5584b667a647 - <alloc::boxed::Box<F,A> as core::ops::function::FnOnce<Args>>::call_once::h7ece6cfefaff1005
[INFO] [stdout]                                at /rustc/a178d0322ce20e33eac124758e837cbd80a6f633/library/alloc/src/boxed.rs:1575:9
[INFO] [stdout]   42:     0x5584b667a647 - <alloc::boxed::Box<F,A> as core::ops::function::FnOnce<Args>>::call_once::hb8b48e55c21f193e
[INFO] [stdout]                                at /rustc/a178d0322ce20e33eac124758e837cbd80a6f633/library/alloc/src/boxed.rs:1575:9
[INFO] [stdout]   43:     0x5584b667a647 - std::sys::unix::thread::Thread::new::thread_start::h8c7c4450dba62914
[INFO] [stdout]                                at /rustc/a178d0322ce20e33eac124758e837cbd80a6f633/library/std/src/sys/unix/thread.rs:71:17
[INFO] [stdout]   44:     0x7f5e0919d609 - start_thread
[INFO] [stdout]   45:     0x7f5e08f6f293 - clone
[INFO] [stdout]   46:                0x0 - <unknown>
[INFO] [stdout] 
[INFO] [stdout] ---- run_cli_typescript_tests_verilization_final_verilization stdout ----
[INFO] [stdout] Command: "cargo" "build"
[INFO] [stdout] warning: /opt/rustwide/workdir/compiler/Cargo.toml: unused manifest key: package.hompage
[INFO] [stdout] warning: /opt/rustwide/workdir/bindings/c-api-core/Cargo.toml: unused manifest key: package.hompage
[INFO] [stdout] warning: /opt/rustwide/workdir/lang/scala/Cargo.toml: unused manifest key: package.hompage
[INFO] [stdout] warning: /opt/rustwide/workdir/compiler-cli-core/Cargo.toml: unused manifest key: package.hompage
[INFO] [stdout] warning: /opt/rustwide/workdir/compiler-cli/Cargo.toml: unused manifest key: package.hompage
[INFO] [stdout] warning: /opt/rustwide/workdir/lang/java/Cargo.toml: unused manifest key: package.hompage
[INFO] [stdout] warning: /opt/rustwide/workdir/lang/typescript/Cargo.toml: unused manifest key: package.hompage
[INFO] [stdout]     Blocking waiting for file lock on build directory
[INFO] [stdout]     Finished dev [unoptimized + debuginfo] target(s) in 11.50s
[INFO] [stdout] Command: "cargo" "run" "-p" "verilization-compiler-cli" "--" "generate" "typescript" "-i" "../../tests/verilization/final.verilization" "-i" "../../runtime/verilization//integral.verilization" "-i" "../../runtime/verilization//string.verilization" "-i" "../../runtime/verilization//list.verilization" "-i" "../../runtime/verilization//option.verilization" "-o:out_dir" "/tmp/verilization.EfpnGG5oTGIE" "-o:pkg:finalTest" "finalTest" "-o:pkg:struct.versions" "struct/versions" "-o:pkg:enum.versions" "enum/versions" "-o:pkg:genericsTest" "genericsTest" "-o:lib:" "@verilization/runtime"
[INFO] [stdout] warning: /opt/rustwide/workdir/lang/scala/Cargo.toml: unused manifest key: package.hompage
[INFO] [stdout] warning: /opt/rustwide/workdir/compiler/Cargo.toml: unused manifest key: package.hompage
[INFO] [stdout] warning: /opt/rustwide/workdir/lang/java/Cargo.toml: unused manifest key: package.hompage
[INFO] [stdout] warning: /opt/rustwide/workdir/lang/typescript/Cargo.toml: unused manifest key: package.hompage
[INFO] [stdout] warning: /opt/rustwide/workdir/compiler-cli-core/Cargo.toml: unused manifest key: package.hompage
[INFO] [stdout] warning: /opt/rustwide/workdir/compiler-cli/Cargo.toml: unused manifest key: package.hompage
[INFO] [stdout] warning: /opt/rustwide/workdir/bindings/c-api-core/Cargo.toml: unused manifest key: package.hompage
[INFO] [stdout]     Blocking waiting for file lock on build directory
[INFO] [stdout]     Finished dev [unoptimized + debuginfo] target(s) in 5.38s
[INFO] [stdout]      Running `/opt/rustwide/target/debug/verilization-compiler-cli generate typescript -i ../../tests/verilization/final.verilization -i ../../runtime/verilization//integral.verilization -i ../../runtime/verilization//string.verilization -i ../../runtime/verilization//list.verilization -i ../../runtime/verilization//option.verilization '-o:out_dir' /tmp/verilization.EfpnGG5oTGIE '-o:pkg:finalTest' finalTest '-o:pkg:struct.versions' struct/versions '-o:pkg:enum.versions' enum/versions '-o:pkg:genericsTest' genericsTest '-o:lib:' '@verilization/runtime'`
[INFO] [stdout] Command: "npm" "run" "build"
[INFO] [stdout] thread 'run_cli_typescript_tests_verilization_final_verilization' panicked at 'Could not run test command.: Os { code: 2, kind: NotFound, message: "No such file or directory" }', tests/runner/tests/command_line_interfaces.rs:26:10
[INFO] [stdout] stack backtrace:
[INFO] [stdout]    0:     0x5584b6671dc0 - std::backtrace_rs::backtrace::libunwind::trace::h34055254b57d8e79
[INFO] [stdout]                                at /rustc/a178d0322ce20e33eac124758e837cbd80a6f633/library/std/src/../../backtrace/src/backtrace/libunwind.rs:90:5
[INFO] [stdout]    1:     0x5584b6671dc0 - std::backtrace_rs::backtrace::trace_unsynchronized::h8f1e3fbd9afff6ec
[INFO] [stdout]                                at /rustc/a178d0322ce20e33eac124758e837cbd80a6f633/library/std/src/../../backtrace/src/backtrace/mod.rs:66:5
[INFO] [stdout]    2:     0x5584b6671dc0 - std::sys_common::backtrace::_print_fmt::h3a99a796b770c360
[INFO] [stdout]                                at /rustc/a178d0322ce20e33eac124758e837cbd80a6f633/library/std/src/sys_common/backtrace.rs:67:5
[INFO] [stdout]    3:     0x5584b6671dc0 - <std::sys_common::backtrace::_print::DisplayBacktrace as core::fmt::Display>::fmt::h32d1f94a80615d18
[INFO] [stdout]                                at /rustc/a178d0322ce20e33eac124758e837cbd80a6f633/library/std/src/sys_common/backtrace.rs:46:22
[INFO] [stdout]    4:     0x5584b6695cac - core::fmt::write::h306731c068f7162c
[INFO] [stdout]                                at /rustc/a178d0322ce20e33eac124758e837cbd80a6f633/library/core/src/fmt/mod.rs:1110:17
[INFO] [stdout]    5:     0x5584b666e8d5 - std::io::Write::write_fmt::h87f19b0a2cd190bc
[INFO] [stdout]                                at /rustc/a178d0322ce20e33eac124758e837cbd80a6f633/library/std/src/io/mod.rs:1588:15
[INFO] [stdout]    6:     0x5584b667437b - std::sys_common::backtrace::_print::h5abaa2601a852287
[INFO] [stdout]                                at /rustc/a178d0322ce20e33eac124758e837cbd80a6f633/library/std/src/sys_common/backtrace.rs:49:5
[INFO] [stdout]    7:     0x5584b667437b - std::sys_common::backtrace::print::h8d81445442bb638f
[INFO] [stdout]                                at /rustc/a178d0322ce20e33eac124758e837cbd80a6f633/library/std/src/sys_common/backtrace.rs:36:9
[INFO] [stdout]    8:     0x5584b667437b - std::panicking::default_hook::{{closure}}::hcfe804496a9fa747
[INFO] [stdout]                                at /rustc/a178d0322ce20e33eac124758e837cbd80a6f633/library/std/src/panicking.rs:208:50
[INFO] [stdout]    9:     0x5584b6673e8c - std::panicking::default_hook::hbea8e3ccf2ba8901
[INFO] [stdout]                                at /rustc/a178d0322ce20e33eac124758e837cbd80a6f633/library/std/src/panicking.rs:222:9
[INFO] [stdout]   10:     0x5584b6674a44 - std::panicking::rust_panic_with_hook::h7ee9e1a2d0f8975a
[INFO] [stdout]                                at /rustc/a178d0322ce20e33eac124758e837cbd80a6f633/library/std/src/panicking.rs:622:17
[INFO] [stdout]   11:     0x5584b6674527 - std::panicking::begin_panic_handler::{{closure}}::h8ab3b4491718b2c7
[INFO] [stdout]                                at /rustc/a178d0322ce20e33eac124758e837cbd80a6f633/library/std/src/panicking.rs:519:13
[INFO] [stdout]   12:     0x5584b66722bc - std::sys_common::backtrace::__rust_end_short_backtrace::hd489062ffa586a9f
[INFO] [stdout]                                at /rustc/a178d0322ce20e33eac124758e837cbd80a6f633/library/std/src/sys_common/backtrace.rs:141:18
[INFO] [stdout]   13:     0x5584b6674489 - rust_begin_unwind
[INFO] [stdout]                                at /rustc/a178d0322ce20e33eac124758e837cbd80a6f633/library/std/src/panicking.rs:515:5
[INFO] [stdout]   14:     0x5584b6426761 - core::panicking::panic_fmt::hca6330e3e14086b4
[INFO] [stdout]                                at /rustc/a178d0322ce20e33eac124758e837cbd80a6f633/library/core/src/panicking.rs:92:14
[INFO] [stdout]   15:     0x5584b6426853 - core::result::unwrap_failed::h6160d2b4bfbb0e87
[INFO] [stdout]                                at /rustc/a178d0322ce20e33eac124758e837cbd80a6f633/library/core/src/result.rs:1355:5
[INFO] [stdout]   16:     0x5584b651d88d - core::result::Result<T,E>::expect::h78a68a7b78350e26
[INFO] [stdout]                                at /rustc/a178d0322ce20e33eac124758e837cbd80a6f633/library/core/src/result.rs:997:23
[INFO] [stdout]   17:     0x5584b64ac70d - command_line_interfaces::run_command_check_exit::hfea21fa61bf74c0b
[INFO] [stdout]                                at /opt/rustwide/workdir/tests/runner/tests/command_line_interfaces.rs:23:18
[INFO] [stdout]   18:     0x5584b64af353 - command_line_interfaces::run_test_case::hcf3def6fd147285b
[INFO] [stdout]                                at /opt/rustwide/workdir/tests/runner/tests/command_line_interfaces.rs:97:9
[INFO] [stdout]   19:     0x5584b64b1d14 - command_line_interfaces::run_cli_typescript::h6faf41d1512732dc
[INFO] [stdout]                                at /opt/rustwide/workdir/tests/runner/tests/command_line_interfaces.rs:132:5
[INFO] [stdout]   20:     0x5584b64b1dde - command_line_interfaces::run_cli_typescript_tests_verilization_final_verilization::h1a116e79cef8036b
[INFO] [stdout]                                at /opt/rustwide/workdir/tests/runner/tests/command_line_interfaces.rs:130:1
[INFO] [stdout]   21:     0x5584b64b1d9a - command_line_interfaces::run_cli_typescript_tests_verilization_final_verilization::{{closure}}::h1adddb518b79952f
[INFO] [stdout]                                at /opt/rustwide/workdir/tests/runner/tests/command_line_interfaces.rs:130:1
[INFO] [stdout]   22:     0x5584b651454e - core::ops::function::FnOnce::call_once::h23c143336a803a8c
[INFO] [stdout]                                at /rustc/a178d0322ce20e33eac124758e837cbd80a6f633/library/core/src/ops/function.rs:227:5
[INFO] [stdout]   23:     0x5584b65494f3 - core::ops::function::FnOnce::call_once::h152e7e439ff59e19
[INFO] [stdout]                                at /rustc/a178d0322ce20e33eac124758e837cbd80a6f633/library/core/src/ops/function.rs:227:5
[INFO] [stdout]   24:     0x5584b65494f3 - test::__rust_begin_short_backtrace::h0908f3b1fdbb72ab
[INFO] [stdout]                                at /rustc/a178d0322ce20e33eac124758e837cbd80a6f633/library/test/src/lib.rs:577:5
[INFO] [stdout]   25:     0x5584b6547fb0 - <alloc::boxed::Box<F,A> as core::ops::function::FnOnce<Args>>::call_once::hf6d2a51e5587546c
[INFO] [stdout]                                at /rustc/a178d0322ce20e33eac124758e837cbd80a6f633/library/alloc/src/boxed.rs:1575:9
[INFO] [stdout]   26:     0x5584b6547fb0 - <std::panic::AssertUnwindSafe<F> as core::ops::function::FnOnce<()>>::call_once::h8af660f3a89ef593
[INFO] [stdout]                                at /rustc/a178d0322ce20e33eac124758e837cbd80a6f633/library/std/src/panic.rs:347:9
[INFO] [stdout]   27:     0x5584b6547fb0 - std::panicking::try::do_call::hd36aef60f84b6d36
[INFO] [stdout]                                at /rustc/a178d0322ce20e33eac124758e837cbd80a6f633/library/std/src/panicking.rs:401:40
[INFO] [stdout]   28:     0x5584b6547fb0 - std::panicking::try::h9932b4480e69817c
[INFO] [stdout]                                at /rustc/a178d0322ce20e33eac124758e837cbd80a6f633/library/std/src/panicking.rs:365:19
[INFO] [stdout]   29:     0x5584b6547fb0 - std::panic::catch_unwind::h6aa177099cfff5f8
[INFO] [stdout]                                at /rustc/a178d0322ce20e33eac124758e837cbd80a6f633/library/std/src/panic.rs:434:14
[INFO] [stdout]   30:     0x5584b6547fb0 - test::run_test_in_process::h5884d6f2d99e20c3
[INFO] [stdout]                                at /rustc/a178d0322ce20e33eac124758e837cbd80a6f633/library/test/src/lib.rs:600:18
[INFO] [stdout]   31:     0x5584b6547fb0 - test::run_test::run_test_inner::{{closure}}::h6fdc58c6d5f5b6e3
[INFO] [stdout]                                at /rustc/a178d0322ce20e33eac124758e837cbd80a6f633/library/test/src/lib.rs:492:39
[INFO] [stdout]   32:     0x5584b6521662 - test::run_test::run_test_inner::{{closure}}::h408365d67a78ade8
[INFO] [stdout]                                at /rustc/a178d0322ce20e33eac124758e837cbd80a6f633/library/test/src/lib.rs:519:37
[INFO] [stdout]   33:     0x5584b6521662 - std::sys_common::backtrace::__rust_begin_short_backtrace::hb560b77c4f701523
[INFO] [stdout]                                at /rustc/a178d0322ce20e33eac124758e837cbd80a6f633/library/std/src/sys_common/backtrace.rs:125:18
[INFO] [stdout]   34:     0x5584b6525218 - std::thread::Builder::spawn_unchecked::{{closure}}::{{closure}}::hf2e7831dad93c597
[INFO] [stdout]                                at /rustc/a178d0322ce20e33eac124758e837cbd80a6f633/library/std/src/thread/mod.rs:481:17
[INFO] [stdout]   35:     0x5584b6525218 - <std::panic::AssertUnwindSafe<F> as core::ops::function::FnOnce<()>>::call_once::hd2e08783d8be4d02
[INFO] [stdout]                                at /rustc/a178d0322ce20e33eac124758e837cbd80a6f633/library/std/src/panic.rs:347:9
[INFO] [stdout]   36:     0x5584b6525218 - std::panicking::try::do_call::h062597b7acfd6b82
[INFO] [stdout]                                at /rustc/a178d0322ce20e33eac124758e837cbd80a6f633/library/std/src/panicking.rs:401:40
[INFO] [stdout]   37:     0x5584b6525218 - std::panicking::try::h0d7b79db04c14552
[INFO] [stdout]                                at /rustc/a178d0322ce20e33eac124758e837cbd80a6f633/library/std/src/panicking.rs:365:19
[INFO] [stdout]   38:     0x5584b6525218 - std::panic::catch_unwind::hb01a0b5e7c8cd43b
[INFO] [stdout]                                at /rustc/a178d0322ce20e33eac124758e837cbd80a6f633/library/std/src/panic.rs:434:14
[INFO] [stdout]   39:     0x5584b6525218 - std::thread::Builder::spawn_unchecked::{{closure}}::h5bde48cc887e0d1e
[INFO] [stdout]                                at /rustc/a178d0322ce20e33eac124758e837cbd80a6f633/library/std/src/thread/mod.rs:480:30
[INFO] [stdout]   40:     0x5584b6525218 - core::ops::function::FnOnce::call_once{{vtable.shim}}::h745ea30807a29e55
[INFO] [stdout]                                at /rustc/a178d0322ce20e33eac124758e837cbd80a6f633/library/core/src/ops/function.rs:227:5
[INFO] [stdout]   41:     0x5584b667a647 - <alloc::boxed::Box<F,A> as core::ops::function::FnOnce<Args>>::call_once::h7ece6cfefaff1005
[INFO] [stdout]                                at /rustc/a178d0322ce20e33eac124758e837cbd80a6f633/library/alloc/src/boxed.rs:1575:9
[INFO] [stdout]   42:     0x5584b667a647 - <alloc::boxed::Box<F,A> as core::ops::function::FnOnce<Args>>::call_once::hb8b48e55c21f193e
[INFO] [stdout]                                at /rustc/a178d0322ce20e33eac124758e837cbd80a6f633/library/alloc/src/boxed.rs:1575:9
[INFO] [stdout]   43:     0x5584b667a647 - std::sys::unix::thread::Thread::new::thread_start::h8c7c4450dba62914
[INFO] [stdout]                                at /rustc/a178d0322ce20e33eac124758e837cbd80a6f633/library/std/src/sys/unix/thread.rs:71:17
[INFO] [stdout]   44:     0x7f5e0919d609 - start_thread
[INFO] [stdout]   45:     0x7f5e08f6f293 - clone
[INFO] [stdout]   46:                0x0 - <unknown>
[INFO] [stdout] 
[INFO] [stdout] ---- run_cli_typescript_tests_verilization_generics_verilization stdout ----
[INFO] [stdout] Command: "cargo" "build"
[INFO] [stdout] warning: /opt/rustwide/workdir/lang/typescript/Cargo.toml: unused manifest key: package.hompage
[INFO] [stdout] warning: /opt/rustwide/workdir/compiler-cli-core/Cargo.toml: unused manifest key: package.hompage
[INFO] [stdout] warning: /opt/rustwide/workdir/bindings/c-api-core/Cargo.toml: unused manifest key: package.hompage
[INFO] [stdout] warning: /opt/rustwide/workdir/compiler/Cargo.toml: unused manifest key: package.hompage
[INFO] [stdout] warning: /opt/rustwide/workdir/compiler-cli/Cargo.toml: unused manifest key: package.hompage
[INFO] [stdout] warning: /opt/rustwide/workdir/lang/java/Cargo.toml: unused manifest key: package.hompage
[INFO] [stdout] warning: /opt/rustwide/workdir/lang/scala/Cargo.toml: unused manifest key: package.hompage
[INFO] [stdout]     Blocking waiting for file lock on build directory
[INFO] [stdout]     Finished dev [unoptimized + debuginfo] target(s) in 11.46s
[INFO] [stdout] Command: "cargo" "run" "-p" "verilization-compiler-cli" "--" "generate" "typescript" "-i" "../../tests/verilization/generics.verilization" "-i" "../../runtime/verilization//integral.verilization" "-i" "../../runtime/verilization//string.verilization" "-i" "../../runtime/verilization//list.verilization" "-i" "../../runtime/verilization//option.verilization" "-o:out_dir" "/tmp/verilization.d9vEXhzzdE31" "-o:pkg:struct.versions" "struct/versions" "-o:pkg:genericsTest" "genericsTest" "-o:pkg:enum.versions" "enum/versions" "-o:pkg:finalTest" "finalTest" "-o:lib:" "@verilization/runtime"
[INFO] [stdout] warning: /opt/rustwide/workdir/bindings/c-api-core/Cargo.toml: unused manifest key: package.hompage
[INFO] [stdout] warning: /opt/rustwide/workdir/lang/scala/Cargo.toml: unused manifest key: package.hompage
[INFO] [stdout] warning: /opt/rustwide/workdir/compiler-cli-core/Cargo.toml: unused manifest key: package.hompage
[INFO] [stdout] warning: /opt/rustwide/workdir/lang/typescript/Cargo.toml: unused manifest key: package.hompage
[INFO] [stdout] warning: /opt/rustwide/workdir/compiler/Cargo.toml: unused manifest key: package.hompage
[INFO] [stdout] warning: /opt/rustwide/workdir/lang/java/Cargo.toml: unused manifest key: package.hompage
[INFO] [stdout] warning: /opt/rustwide/workdir/compiler-cli/Cargo.toml: unused manifest key: package.hompage
[INFO] [stdout]     Blocking waiting for file lock on build directory
[INFO] [stdout]     Finished dev [unoptimized + debuginfo] target(s) in 5.47s
[INFO] [stdout]      Running `/opt/rustwide/target/debug/verilization-compiler-cli generate typescript -i ../../tests/verilization/generics.verilization -i ../../runtime/verilization//integral.verilization -i ../../runtime/verilization//string.verilization -i ../../runtime/verilization//list.verilization -i ../../runtime/verilization//option.verilization '-o:out_dir' /tmp/verilization.d9vEXhzzdE31 '-o:pkg:struct.versions' struct/versions '-o:pkg:genericsTest' genericsTest '-o:pkg:enum.versions' enum/versions '-o:pkg:finalTest' finalTest '-o:lib:' '@verilization/runtime'`
[INFO] [stdout] Command: "npm" "run" "build"
[INFO] [stdout] thread 'run_cli_typescript_tests_verilization_generics_verilization' panicked at 'Could not run test command.: Os { code: 2, kind: NotFound, message: "No such file or directory" }', tests/runner/tests/command_line_interfaces.rs:26:10
[INFO] [stdout] stack backtrace:
[INFO] [stdout]    0:     0x5584b6671dc0 - std::backtrace_rs::backtrace::libunwind::trace::h34055254b57d8e79
[INFO] [stdout]                                at /rustc/a178d0322ce20e33eac124758e837cbd80a6f633/library/std/src/../../backtrace/src/backtrace/libunwind.rs:90:5
[INFO] [stdout]    1:     0x5584b6671dc0 - std::backtrace_rs::backtrace::trace_unsynchronized::h8f1e3fbd9afff6ec
[INFO] [stdout]                                at /rustc/a178d0322ce20e33eac124758e837cbd80a6f633/library/std/src/../../backtrace/src/backtrace/mod.rs:66:5
[INFO] [stdout]    2:     0x5584b6671dc0 - std::sys_common::backtrace::_print_fmt::h3a99a796b770c360
[INFO] [stdout]                                at /rustc/a178d0322ce20e33eac124758e837cbd80a6f633/library/std/src/sys_common/backtrace.rs:67:5
[INFO] [stdout]    3:     0x5584b6671dc0 - <std::sys_common::backtrace::_print::DisplayBacktrace as core::fmt::Display>::fmt::h32d1f94a80615d18
[INFO] [stdout]                                at /rustc/a178d0322ce20e33eac124758e837cbd80a6f633/library/std/src/sys_common/backtrace.rs:46:22
[INFO] [stdout]    4:     0x5584b6695cac - core::fmt::write::h306731c068f7162c
[INFO] [stdout]                                at /rustc/a178d0322ce20e33eac124758e837cbd80a6f633/library/core/src/fmt/mod.rs:1110:17
[INFO] [stdout]    5:     0x5584b666e8d5 - std::io::Write::write_fmt::h87f19b0a2cd190bc
[INFO] [stdout]                                at /rustc/a178d0322ce20e33eac124758e837cbd80a6f633/library/std/src/io/mod.rs:1588:15
[INFO] [stdout]    6:     0x5584b667437b - std::sys_common::backtrace::_print::h5abaa2601a852287
[INFO] [stdout]                                at /rustc/a178d0322ce20e33eac124758e837cbd80a6f633/library/std/src/sys_common/backtrace.rs:49:5
[INFO] [stdout]    7:     0x5584b667437b - std::sys_common::backtrace::print::h8d81445442bb638f
[INFO] [stdout]                                at /rustc/a178d0322ce20e33eac124758e837cbd80a6f633/library/std/src/sys_common/backtrace.rs:36:9
[INFO] [stdout]    8:     0x5584b667437b - std::panicking::default_hook::{{closure}}::hcfe804496a9fa747
[INFO] [stdout]                                at /rustc/a178d0322ce20e33eac124758e837cbd80a6f633/library/std/src/panicking.rs:208:50
[INFO] [stdout]    9:     0x5584b6673e8c - std::panicking::default_hook::hbea8e3ccf2ba8901
[INFO] [stdout]                                at /rustc/a178d0322ce20e33eac124758e837cbd80a6f633/library/std/src/panicking.rs:222:9
[INFO] [stdout]   10:     0x5584b6674a44 - std::panicking::rust_panic_with_hook::h7ee9e1a2d0f8975a
[INFO] [stdout]                                at /rustc/a178d0322ce20e33eac124758e837cbd80a6f633/library/std/src/panicking.rs:622:17
[INFO] [stdout]   11:     0x5584b6674527 - std::panicking::begin_panic_handler::{{closure}}::h8ab3b4491718b2c7
[INFO] [stdout]                                at /rustc/a178d0322ce20e33eac124758e837cbd80a6f633/library/std/src/panicking.rs:519:13
[INFO] [stdout]   12:     0x5584b66722bc - std::sys_common::backtrace::__rust_end_short_backtrace::hd489062ffa586a9f
[INFO] [stdout]                                at /rustc/a178d0322ce20e33eac124758e837cbd80a6f633/library/std/src/sys_common/backtrace.rs:141:18
[INFO] [stdout]   13:     0x5584b6674489 - rust_begin_unwind
[INFO] [stdout]                                at /rustc/a178d0322ce20e33eac124758e837cbd80a6f633/library/std/src/panicking.rs:515:5
[INFO] [stdout]   14:     0x5584b6426761 - core::panicking::panic_fmt::hca6330e3e14086b4
[INFO] [stdout]                                at /rustc/a178d0322ce20e33eac124758e837cbd80a6f633/library/core/src/panicking.rs:92:14
[INFO] [stdout]   15:     0x5584b6426853 - core::result::unwrap_failed::h6160d2b4bfbb0e87
[INFO] [stdout]                                at /rustc/a178d0322ce20e33eac124758e837cbd80a6f633/library/core/src/result.rs:1355:5
[INFO] [stdout]   16:     0x5584b651d88d - core::result::Result<T,E>::expect::h78a68a7b78350e26
[INFO] [stdout]                                at /rustc/a178d0322ce20e33eac124758e837cbd80a6f633/library/core/src/result.rs:997:23
[INFO] [stdout]   17:     0x5584b64ac70d - command_line_interfaces::run_command_check_exit::hfea21fa61bf74c0b
[INFO] [stdout]                                at /opt/rustwide/workdir/tests/runner/tests/command_line_interfaces.rs:23:18
[INFO] [stdout]   18:     0x5584b64af353 - command_line_interfaces::run_test_case::hcf3def6fd147285b
[INFO] [stdout]                                at /opt/rustwide/workdir/tests/runner/tests/command_line_interfaces.rs:97:9
[INFO] [stdout]   19:     0x5584b64b1d14 - command_line_interfaces::run_cli_typescript::h6faf41d1512732dc
[INFO] [stdout]                                at /opt/rustwide/workdir/tests/runner/tests/command_line_interfaces.rs:132:5
[INFO] [stdout]   20:     0x5584b64b1e3e - command_line_interfaces::run_cli_typescript_tests_verilization_generics_verilization::h775391cdc53fbd53
[INFO] [stdout]                                at /opt/rustwide/workdir/tests/runner/tests/command_line_interfaces.rs:130:1
[INFO] [stdout]   21:     0x5584b64b1dfa - command_line_interfaces::run_cli_typescript_tests_verilization_generics_verilization::{{closure}}::ha9062e311d509f20
[INFO] [stdout]                                at /opt/rustwide/workdir/tests/runner/tests/command_line_interfaces.rs:130:1
[INFO] [stdout]   22:     0x5584b651462e - core::ops::function::FnOnce::call_once::h88eca7a25153936f
[INFO] [stdout]                                at /rustc/a178d0322ce20e33eac124758e837cbd80a6f633/library/core/src/ops/function.rs:227:5
[INFO] [stdout]   23:     0x5584b65494f3 - core::ops::function::FnOnce::call_once::h152e7e439ff59e19
[INFO] [stdout]                                at /rustc/a178d0322ce20e33eac124758e837cbd80a6f633/library/core/src/ops/function.rs:227:5
[INFO] [stdout]   24:     0x5584b65494f3 - test::__rust_begin_short_backtrace::h0908f3b1fdbb72ab
[INFO] [stdout]                                at /rustc/a178d0322ce20e33eac124758e837cbd80a6f633/library/test/src/lib.rs:577:5
[INFO] [stdout]   25:     0x5584b6547fb0 - <alloc::boxed::Box<F,A> as core::ops::function::FnOnce<Args>>::call_once::hf6d2a51e5587546c
[INFO] [stdout]                                at /rustc/a178d0322ce20e33eac124758e837cbd80a6f633/library/alloc/src/boxed.rs:1575:9
[INFO] [stdout]   26:     0x5584b6547fb0 - <std::panic::AssertUnwindSafe<F> as core::ops::function::FnOnce<()>>::call_once::h8af660f3a89ef593
[INFO] [stdout]                                at /rustc/a178d0322ce20e33eac124758e837cbd80a6f633/library/std/src/panic.rs:347:9
[INFO] [stdout]   27:     0x5584b6547fb0 - std::panicking::try::do_call::hd36aef60f84b6d36
[INFO] [stdout]                                at /rustc/a178d0322ce20e33eac124758e837cbd80a6f633/library/std/src/panicking.rs:401:40
[INFO] [stdout]   28:     0x5584b6547fb0 - std::panicking::try::h9932b4480e69817c
[INFO] [stdout]                                at /rustc/a178d0322ce20e33eac124758e837cbd80a6f633/library/std/src/panicking.rs:365:19
[INFO] [stdout]   29:     0x5584b6547fb0 - std::panic::catch_unwind::h6aa177099cfff5f8
[INFO] [stdout]                                at /rustc/a178d0322ce20e33eac124758e837cbd80a6f633/library/std/src/panic.rs:434:14
[INFO] [stdout]   30:     0x5584b6547fb0 - test::run_test_in_process::h5884d6f2d99e20c3
[INFO] [stdout]                                at /rustc/a178d0322ce20e33eac124758e837cbd80a6f633/library/test/src/lib.rs:600:18
[INFO] [stdout]   31:     0x5584b6547fb0 - test::run_test::run_test_inner::{{closure}}::h6fdc58c6d5f5b6e3
[INFO] [stdout]                                at /rustc/a178d0322ce20e33eac124758e837cbd80a6f633/library/test/src/lib.rs:492:39
[INFO] [stdout]   32:     0x5584b6521662 - test::run_test::run_test_inner::{{closure}}::h408365d67a78ade8
[INFO] [stdout]                                at /rustc/a178d0322ce20e33eac124758e837cbd80a6f633/library/test/src/lib.rs:519:37
[INFO] [stdout]   33:     0x5584b6521662 - std::sys_common::backtrace::__rust_begin_short_backtrace::hb560b77c4f701523
[INFO] [stdout]                                at /rustc/a178d0322ce20e33eac124758e837cbd80a6f633/library/std/src/sys_common/backtrace.rs:125:18
[INFO] [stdout]   34:     0x5584b6525218 - std::thread::Builder::spawn_unchecked::{{closure}}::{{closure}}::hf2e7831dad93c597
[INFO] [stdout]                                at /rustc/a178d0322ce20e33eac124758e837cbd80a6f633/library/std/src/thread/mod.rs:481:17
[INFO] [stdout]   35:     0x5584b6525218 - <std::panic::AssertUnwindSafe<F> as core::ops::function::FnOnce<()>>::call_once::hd2e08783d8be4d02
[INFO] [stdout]                                at /rustc/a178d0322ce20e33eac124758e837cbd80a6f633/library/std/src/panic.rs:347:9
[INFO] [stdout]   36:     0x5584b6525218 - std::panicking::try::do_call::h062597b7acfd6b82
[INFO] [stdout]                                at /rustc/a178d0322ce20e33eac124758e837cbd80a6f633/library/std/src/panicking.rs:401:40
[INFO] [stdout]   37:     0x5584b6525218 - std::panicking::try::h0d7b79db04c14552
[INFO] [stdout]                                at /rustc/a178d0322ce20e33eac124758e837cbd80a6f633/library/std/src/panicking.rs:365:19
[INFO] [stdout]   38:     0x5584b6525218 - std::panic::catch_unwind::hb01a0b5e7c8cd43b
[INFO] [stdout]                                at /rustc/a178d0322ce20e33eac124758e837cbd80a6f633/library/std/src/panic.rs:434:14
[INFO] [stdout]   39:     0x5584b6525218 - std::thread::Builder::spawn_unchecked::{{closure}}::h5bde48cc887e0d1e
[INFO] [stdout]                                at /rustc/a178d0322ce20e33eac124758e837cbd80a6f633/library/std/src/thread/mod.rs:480:30
[INFO] [stdout]   40:     0x5584b6525218 - core::ops::function::FnOnce::call_once{{vtable.shim}}::h745ea30807a29e55
[INFO] [stdout]                                at /rustc/a178d0322ce20e33eac124758e837cbd80a6f633/library/core/src/ops/function.rs:227:5
[INFO] [stdout]   41:     0x5584b667a647 - <alloc::boxed::Box<F,A> as core::ops::function::FnOnce<Args>>::call_once::h7ece6cfefaff1005
[INFO] [stdout]                                at /rustc/a178d0322ce20e33eac124758e837cbd80a6f633/library/alloc/src/boxed.rs:1575:9
[INFO] [stdout]   42:     0x5584b667a647 - <alloc::boxed::Box<F,A> as core::ops::function::FnOnce<Args>>::call_once::hb8b48e55c21f193e
[INFO] [stdout]                                at /rustc/a178d0322ce20e33eac124758e837cbd80a6f633/library/alloc/src/boxed.rs:1575:9
[INFO] [stdout]   43:     0x5584b667a647 - std::sys::unix::thread::Thread::new::thread_start::h8c7c4450dba62914
[INFO] [stdout]                                at /rustc/a178d0322ce20e33eac124758e837cbd80a6f633/library/std/src/sys/unix/thread.rs:71:17
[INFO] [stdout]   44:     0x7f5e0919d609 - start_thread
[INFO] [stdout]   45:     0x7f5e08f6f293 - clone
[INFO] [stdout]   46:                0x0 - <unknown>
[INFO] [stdout] 
[INFO] [stdout] ---- run_cli_java_tests_verilization_final_verilization stdout ----
[INFO] [stdout] Command: "cargo" "build"
[INFO] [stdout] warning: /opt/rustwide/workdir/compiler-cli-core/Cargo.toml: unused manifest key: package.hompage
[INFO] [stdout] warning: /opt/rustwide/workdir/compiler/Cargo.toml: unused manifest key: package.hompage
[INFO] [stdout] warning: /opt/rustwide/workdir/lang/java/Cargo.toml: unused manifest key: package.hompage
[INFO] [stdout] warning: /opt/rustwide/workdir/lang/scala/Cargo.toml: unused manifest key: package.hompage
[INFO] [stdout] warning: /opt/rustwide/workdir/bindings/c-api-core/Cargo.toml: unused manifest key: package.hompage
[INFO] [stdout] warning: /opt/rustwide/workdir/compiler-cli/Cargo.toml: unused manifest key: package.hompage
[INFO] [stdout] warning: /opt/rustwide/workdir/lang/typescript/Cargo.toml: unused manifest key: package.hompage
[INFO] [stdout]     Blocking waiting for file lock on build directory
[INFO] [stdout]     Finished dev [unoptimized + debuginfo] target(s) in 11.61s
[INFO] [stdout] Command: "cargo" "run" "-p" "verilization-compiler-cli" "--" "generate" "java" "-i" "../../tests/verilization/final.verilization" "-i" "../../runtime/verilization//integral.verilization" "-i" "../../runtime/verilization//string.verilization" "-i" "../../runtime/verilization//list.verilization" "-i" "../../runtime/verilization//option.verilization" "-o:out_dir" "/tmp/verilization.PZsgv3rhZSAj" "-o:pkg:genericsTest" "genericsTest" "-o:pkg:struct.versions" "struct.versions" "-o:pkg:finalTest" "finalTest" "-o:pkg:enum.versions" "enum_.versions" "-o:lib:" "dev.argon.verilization.runtime" "-o:extern:u64" "long" "-o:extern:i32" "int" "-o:extern:int" "java.math.BigInteger" "-o:extern:i8" "byte" "-o:extern:i64" "long" "-o:extern:string" "java.lang.String" "-o:extern:option" "java.util.Optional" "-o:extern:nat" "java.math.BigInteger" "-o:extern:i16" "short" "-o:extern:u32" "int" "-o:extern:u8" "byte" "-o:extern:u16" "short"
[INFO] [stdout] warning: /opt/rustwide/workdir/compiler-cli-core/Cargo.toml: unused manifest key: package.hompage
[INFO] [stdout] warning: /opt/rustwide/workdir/compiler-cli/Cargo.toml: unused manifest key: package.hompage
[INFO] [stdout] warning: /opt/rustwide/workdir/lang/scala/Cargo.toml: unused manifest key: package.hompage
[INFO] [stdout] warning: /opt/rustwide/workdir/compiler/Cargo.toml: unused manifest key: package.hompage
[INFO] [stdout] warning: /opt/rustwide/workdir/lang/typescript/Cargo.toml: unused manifest key: package.hompage
[INFO] [stdout] warning: /opt/rustwide/workdir/lang/java/Cargo.toml: unused manifest key: package.hompage
[INFO] [stdout] warning: /opt/rustwide/workdir/bindings/c-api-core/Cargo.toml: unused manifest key: package.hompage
[INFO] [stdout]     Blocking waiting for file lock on build directory
[INFO] [stdout]     Finished dev [unoptimized + debuginfo] target(s) in 5.38s
[INFO] [stdout]      Running `/opt/rustwide/target/debug/verilization-compiler-cli generate java -i ../../tests/verilization/final.verilization -i ../../runtime/verilization//integral.verilization -i ../../runtime/verilization//string.verilization -i ../../runtime/verilization//list.verilization -i ../../runtime/verilization//option.verilization '-o:out_dir' /tmp/verilization.PZsgv3rhZSAj '-o:pkg:genericsTest' genericsTest '-o:pkg:struct.versions' struct.versions '-o:pkg:finalTest' finalTest '-o:pkg:enum.versions' enum_.versions '-o:lib:' dev.argon.verilization.runtime '-o:extern:u64' long '-o:extern:i32' int '-o:extern:int' java.math.BigInteger '-o:extern:i8' byte '-o:extern:i64' long '-o:extern:string' java.lang.String '-o:extern:option' java.util.Optional '-o:extern:nat' java.math.BigInteger '-o:extern:i16' short '-o:extern:u32' int '-o:extern:u8' byte '-o:extern:u16' short`
[INFO] [stdout] Command: "npm" "run" "build"
[INFO] [stdout] thread 'run_cli_java_tests_verilization_final_verilization' panicked at 'Could not run test command.: Os { code: 2, kind: NotFound, message: "No such file or directory" }', tests/runner/tests/command_line_interfaces.rs:26:10
[INFO] [stdout] stack backtrace:
[INFO] [stdout]    0:     0x5584b6671dc0 - std::backtrace_rs::backtrace::libunwind::trace::h34055254b57d8e79
[INFO] [stdout]                                at /rustc/a178d0322ce20e33eac124758e837cbd80a6f633/library/std/src/../../backtrace/src/backtrace/libunwind.rs:90:5
[INFO] [stdout]    1:     0x5584b6671dc0 - std::backtrace_rs::backtrace::trace_unsynchronized::h8f1e3fbd9afff6ec
[INFO] [stdout]                                at /rustc/a178d0322ce20e33eac124758e837cbd80a6f633/library/std/src/../../backtrace/src/backtrace/mod.rs:66:5
[INFO] [stdout]    2:     0x5584b6671dc0 - std::sys_common::backtrace::_print_fmt::h3a99a796b770c360
[INFO] [stdout]                                at /rustc/a178d0322ce20e33eac124758e837cbd80a6f633/library/std/src/sys_common/backtrace.rs:67:5
[INFO] [stdout]    3:     0x5584b6671dc0 - <std::sys_common::backtrace::_print::DisplayBacktrace as core::fmt::Display>::fmt::h32d1f94a80615d18
[INFO] [stdout]                                at /rustc/a178d0322ce20e33eac124758e837cbd80a6f633/library/std/src/sys_common/backtrace.rs:46:22
[INFO] [stdout]    4:     0x5584b6695cac - core::fmt::write::h306731c068f7162c
[INFO] [stdout]                                at /rustc/a178d0322ce20e33eac124758e837cbd80a6f633/library/core/src/fmt/mod.rs:1110:17
[INFO] [stdout]    5:     0x5584b666e8d5 - std::io::Write::write_fmt::h87f19b0a2cd190bc
[INFO] [stdout]                                at /rustc/a178d0322ce20e33eac124758e837cbd80a6f633/library/std/src/io/mod.rs:1588:15
[INFO] [stdout]    6:     0x5584b667437b - std::sys_common::backtrace::_print::h5abaa2601a852287
[INFO] [stdout]                                at /rustc/a178d0322ce20e33eac124758e837cbd80a6f633/library/std/src/sys_common/backtrace.rs:49:5
[INFO] [stdout]    7:     0x5584b667437b - std::sys_common::backtrace::print::h8d81445442bb638f
[INFO] [stdout]                                at /rustc/a178d0322ce20e33eac124758e837cbd80a6f633/library/std/src/sys_common/backtrace.rs:36:9
[INFO] [stdout]    8:     0x5584b667437b - std::panicking::default_hook::{{closure}}::hcfe804496a9fa747
[INFO] [stdout]                                at /rustc/a178d0322ce20e33eac124758e837cbd80a6f633/library/std/src/panicking.rs:208:50
[INFO] [stdout]    9:     0x5584b6673e8c - std::panicking::default_hook::hbea8e3ccf2ba8901
[INFO] [stdout]                                at /rustc/a178d0322ce20e33eac124758e837cbd80a6f633/library/std/src/panicking.rs:222:9
[INFO] [stdout]   10:     0x5584b6674a44 - std::panicking::rust_panic_with_hook::h7ee9e1a2d0f8975a
[INFO] [stdout]                                at /rustc/a178d0322ce20e33eac124758e837cbd80a6f633/library/std/src/panicking.rs:622:17
[INFO] [stdout]   11:     0x5584b6674527 - std::panicking::begin_panic_handler::{{closure}}::h8ab3b4491718b2c7
[INFO] [stdout]                                at /rustc/a178d0322ce20e33eac124758e837cbd80a6f633/library/std/src/panicking.rs:519:13
[INFO] [stdout]   12:     0x5584b66722bc - std::sys_common::backtrace::__rust_end_short_backtrace::hd489062ffa586a9f
[INFO] [stdout]                                at /rustc/a178d0322ce20e33eac124758e837cbd80a6f633/library/std/src/sys_common/backtrace.rs:141:18
[INFO] [stdout]   13:     0x5584b6674489 - rust_begin_unwind
[INFO] [stdout]                                at /rustc/a178d0322ce20e33eac124758e837cbd80a6f633/library/std/src/panicking.rs:515:5
[INFO] [stdout]   14:     0x5584b6426761 - core::panicking::panic_fmt::hca6330e3e14086b4
[INFO] [stdout]                                at /rustc/a178d0322ce20e33eac124758e837cbd80a6f633/library/core/src/panicking.rs:92:14
[INFO] [stdout]   15:     0x5584b6426853 - core::result::unwrap_failed::h6160d2b4bfbb0e87
[INFO] [stdout]                                at /rustc/a178d0322ce20e33eac124758e837cbd80a6f633/library/core/src/result.rs:1355:5
[INFO] [stdout]   16:     0x5584b651d88d - core::result::Result<T,E>::expect::h78a68a7b78350e26
[INFO] [stdout]                                at /rustc/a178d0322ce20e33eac124758e837cbd80a6f633/library/core/src/result.rs:997:23
[INFO] [stdout]   17:     0x5584b64ac70d - command_line_interfaces::run_command_check_exit::hfea21fa61bf74c0b
[INFO] [stdout]                                at /opt/rustwide/workdir/tests/runner/tests/command_line_interfaces.rs:23:18
[INFO] [stdout]   18:     0x5584b64ad473 - command_line_interfaces::run_test_case::h1ad42cc440a7adbd
[INFO] [stdout]                                at /opt/rustwide/workdir/tests/runner/tests/command_line_interfaces.rs:97:9
[INFO] [stdout]   19:     0x5584b64b1ed4 - command_line_interfaces::run_cli_java::h80e0b91c885779f4
[INFO] [stdout]                                at /opt/rustwide/workdir/tests/runner/tests/command_line_interfaces.rs:137:5
[INFO] [stdout]   20:     0x5584b64b1f9e - command_line_interfaces::run_cli_java_tests_verilization_final_verilization::h29ccd2043470c315
[INFO] [stdout]                                at /opt/rustwide/workdir/tests/runner/tests/command_line_interfaces.rs:135:1
[INFO] [stdout]   21:     0x5584b64b1f5a - command_line_interfaces::run_cli_java_tests_verilization_final_verilization::{{closure}}::he9d10cc2e235719c
[INFO] [stdout]                                at /opt/rustwide/workdir/tests/runner/tests/command_line_interfaces.rs:135:1
[INFO] [stdout]   22:     0x5584b65144be - core::ops::function::FnOnce::call_once::h1c300c6938f91054
[INFO] [stdout]                                at /rustc/a178d0322ce20e33eac124758e837cbd80a6f633/library/core/src/ops/function.rs:227:5
[INFO] [stdout]   23:     0x5584b65494f3 - core::ops::function::FnOnce::call_once::h152e7e439ff59e19
[INFO] [stdout]                                at /rustc/a178d0322ce20e33eac124758e837cbd80a6f633/library/core/src/ops/function.rs:227:5
[INFO] [stdout]   24:     0x5584b65494f3 - test::__rust_begin_short_backtrace::h0908f3b1fdbb72ab
[INFO] [stdout]                                at /rustc/a178d0322ce20e33eac124758e837cbd80a6f633/library/test/src/lib.rs:577:5
[INFO] [stdout]   25:     0x5584b6547fb0 - <alloc::boxed::Box<F,A> as core::ops::function::FnOnce<Args>>::call_once::hf6d2a51e5587546c
[INFO] [stdout]                                at /rustc/a178d0322ce20e33eac124758e837cbd80a6f633/library/alloc/src/boxed.rs:1575:9
[INFO] [stdout]   26:     0x5584b6547fb0 - <std::panic::AssertUnwindSafe<F> as core::ops::function::FnOnce<()>>::call_once::h8af660f3a89ef593
[INFO] [stdout]                                at /rustc/a178d0322ce20e33eac124758e837cbd80a6f633/library/std/src/panic.rs:347:9
[INFO] [stdout]   27:     0x5584b6547fb0 - std::panicking::try::do_call::hd36aef60f84b6d36
[INFO] [stdout]                                at /rustc/a178d0322ce20e33eac124758e837cbd80a6f633/library/std/src/panicking.rs:401:40
[INFO] [stdout]   28:     0x5584b6547fb0 - std::panicking::try::h9932b4480e69817c
[INFO] [stdout]                                at /rustc/a178d0322ce20e33eac124758e837cbd80a6f633/library/std/src/panicking.rs:365:19
[INFO] [stdout]   29:     0x5584b6547fb0 - std::panic::catch_unwind::h6aa177099cfff5f8
[INFO] [stdout]                                at /rustc/a178d0322ce20e33eac124758e837cbd80a6f633/library/std/src/panic.rs:434:14
[INFO] [stdout]   30:     0x5584b6547fb0 - test::run_test_in_process::h5884d6f2d99e20c3
[INFO] [stdout]                                at /rustc/a178d0322ce20e33eac124758e837cbd80a6f633/library/test/src/lib.rs:600:18
[INFO] [stdout]   31:     0x5584b6547fb0 - test::run_test::run_test_inner::{{closure}}::h6fdc58c6d5f5b6e3
[INFO] [stdout]                                at /rustc/a178d0322ce20e33eac124758e837cbd80a6f633/library/test/src/lib.rs:492:39
[INFO] [stdout]   32:     0x5584b6521662 - test::run_test::run_test_inner::{{closure}}::h408365d67a78ade8
[INFO] [stdout]                                at /rustc/a178d0322ce20e33eac124758e837cbd80a6f633/library/test/src/lib.rs:519:37
[INFO] [stdout]   33:     0x5584b6521662 - std::sys_common::backtrace::__rust_begin_short_backtrace::hb560b77c4f701523
[INFO] [stdout]                                at /rustc/a178d0322ce20e33eac124758e837cbd80a6f633/library/std/src/sys_common/backtrace.rs:125:18
[INFO] [stdout]   34:     0x5584b6525218 - std::thread::Builder::spawn_unchecked::{{closure}}::{{closure}}::hf2e7831dad93c597
[INFO] [stdout]                                at /rustc/a178d0322ce20e33eac124758e837cbd80a6f633/library/std/src/thread/mod.rs:481:17
[INFO] [stdout]   35:     0x5584b6525218 - <std::panic::AssertUnwindSafe<F> as core::ops::function::FnOnce<()>>::call_once::hd2e08783d8be4d02
[INFO] [stdout]                                at /rustc/a178d0322ce20e33eac124758e837cbd80a6f633/library/std/src/panic.rs:347:9
[INFO] [stdout]   36:     0x5584b6525218 - std::panicking::try::do_call::h062597b7acfd6b82
[INFO] [stdout]                                at /rustc/a178d0322ce20e33eac124758e837cbd80a6f633/library/std/src/panicking.rs:401:40
[INFO] [stdout]   37:     0x5584b6525218 - std::panicking::try::h0d7b79db04c14552
[INFO] [stdout]                                at /rustc/a178d0322ce20e33eac124758e837cbd80a6f633/library/std/src/panicking.rs:365:19
[INFO] [stdout]   38:     0x5584b6525218 - std::panic::catch_unwind::hb01a0b5e7c8cd43b
[INFO] [stdout]                                at /rustc/a178d0322ce20e33eac124758e837cbd80a6f633/library/std/src/panic.rs:434:14
[INFO] [stdout]   39:     0x5584b6525218 - std::thread::Builder::spawn_unchecked::{{closure}}::h5bde48cc887e0d1e
[INFO] [stdout]                                at /rustc/a178d0322ce20e33eac124758e837cbd80a6f633/library/std/src/thread/mod.rs:480:30
[INFO] [stdout]   40:     0x5584b6525218 - core::ops::function::FnOnce::call_once{{vtable.shim}}::h745ea30807a29e55
[INFO] [stdout]                                at /rustc/a178d0322ce20e33eac124758e837cbd80a6f633/library/core/src/ops/function.rs:227:5
[INFO] [stdout]   41:     0x5584b667a647 - <alloc::boxed::Box<F,A> as core::ops::function::FnOnce<Args>>::call_once::h7ece6cfefaff1005
[INFO] [stdout]                                at /rustc/a178d0322ce20e33eac124758e837cbd80a6f633/library/alloc/src/boxed.rs:1575:9
[INFO] [stdout]   42:     0x5584b667a647 - <alloc::boxed::Box<F,A> as core::ops::function::FnOnce<Args>>::call_once::hb8b48e55c21f193e
[INFO] [stdout]                                at /rustc/a178d0322ce20e33eac124758e837cbd80a6f633/library/alloc/src/boxed.rs:1575:9
[INFO] [stdout]   43:     0x5584b667a647 - std::sys::unix::thread::Thread::new::thread_start::h8c7c4450dba62914
[INFO] [stdout]                                at /rustc/a178d0322ce20e33eac124758e837cbd80a6f633/library/std/src/sys/unix/thread.rs:71:17
[INFO] [stdout]   44:     0x7f5e0919d609 - start_thread
[INFO] [stdout]   45:     0x7f5e08f6f293 - clone
[INFO] [stdout]   46:                0x0 - <unknown>
[INFO] [stdout] 
[INFO] [stdout] ---- run_cli_java_tests_verilization_struct_versions_verilization stdout ----
[INFO] [stdout] Command: "cargo" "build"
[INFO] [stdout] warning: /opt/rustwide/workdir/lang/scala/Cargo.toml: unused manifest key: package.hompage
[INFO] [stdout] warning: /opt/rustwide/workdir/lang/typescript/Cargo.toml: unused manifest key: package.hompage
[INFO] [stdout] warning: /opt/rustwide/workdir/compiler/Cargo.toml: unused manifest key: package.hompage
[INFO] [stdout] warning: /opt/rustwide/workdir/bindings/c-api-core/Cargo.toml: unused manifest key: package.hompage
[INFO] [stdout] warning: /opt/rustwide/workdir/lang/java/Cargo.toml: unused manifest key: package.hompage
[INFO] [stdout] warning: /opt/rustwide/workdir/compiler-cli-core/Cargo.toml: unused manifest key: package.hompage
[INFO] [stdout] warning: /opt/rustwide/workdir/compiler-cli/Cargo.toml: unused manifest key: package.hompage
[INFO] [stdout]     Blocking waiting for file lock on build directory
[INFO] [stdout]     Finished dev [unoptimized + debuginfo] target(s) in 11.51s
[INFO] [stdout] Command: "cargo" "run" "-p" "verilization-compiler-cli" "--" "generate" "java" "-i" "../../tests/verilization/struct_versions.verilization" "-i" "../../runtime/verilization//integral.verilization" "-i" "../../runtime/verilization//string.verilization" "-i" "../../runtime/verilization//list.verilization" "-i" "../../runtime/verilization//option.verilization" "-o:out_dir" "/tmp/verilization.n4DXlYNGEVUT" "-o:pkg:struct.versions" "struct.versions" "-o:pkg:genericsTest" "genericsTest" "-o:pkg:finalTest" "finalTest" "-o:pkg:enum.versions" "enum_.versions" "-o:lib:" "dev.argon.verilization.runtime" "-o:extern:int" "java.math.BigInteger" "-o:extern:option" "java.util.Optional" "-o:extern:u32" "int" "-o:extern:i8" "byte" "-o:extern:i64" "long" "-o:extern:u8" "byte" "-o:extern:u64" "long" "-o:extern:i16" "short" "-o:extern:i32" "int" "-o:extern:string" "java.lang.String" "-o:extern:u16" "short" "-o:extern:nat" "java.math.BigInteger"
[INFO] [stdout] warning: /opt/rustwide/workdir/bindings/c-api-core/Cargo.toml: unused manifest key: package.hompage
[INFO] [stdout] warning: /opt/rustwide/workdir/compiler-cli-core/Cargo.toml: unused manifest key: package.hompage
[INFO] [stdout] warning: /opt/rustwide/workdir/lang/java/Cargo.toml: unused manifest key: package.hompage
[INFO] [stdout] warning: /opt/rustwide/workdir/lang/scala/Cargo.toml: unused manifest key: package.hompage
[INFO] [stdout] warning: /opt/rustwide/workdir/lang/typescript/Cargo.toml: unused manifest key: package.hompage
[INFO] [stdout] warning: /opt/rustwide/workdir/compiler-cli/Cargo.toml: unused manifest key: package.hompage
[INFO] [stdout] warning: /opt/rustwide/workdir/compiler/Cargo.toml: unused manifest key: package.hompage
[INFO] [stdout]     Blocking waiting for file lock on build directory
[INFO] [stdout]     Finished dev [unoptimized + debuginfo] target(s) in 5.43s
[INFO] [stdout]      Running `/opt/rustwide/target/debug/verilization-compiler-cli generate java -i ../../tests/verilization/struct_versions.verilization -i ../../runtime/verilization//integral.verilization -i ../../runtime/verilization//string.verilization -i ../../runtime/verilization//list.verilization -i ../../runtime/verilization//option.verilization '-o:out_dir' /tmp/verilization.n4DXlYNGEVUT '-o:pkg:struct.versions' struct.versions '-o:pkg:genericsTest' genericsTest '-o:pkg:finalTest' finalTest '-o:pkg:enum.versions' enum_.versions '-o:lib:' dev.argon.verilization.runtime '-o:extern:int' java.math.BigInteger '-o:extern:option' java.util.Optional '-o:extern:u32' int '-o:extern:i8' byte '-o:extern:i64' long '-o:extern:u8' byte '-o:extern:u64' long '-o:extern:i16' short '-o:extern:i32' int '-o:extern:string' java.lang.String '-o:extern:u16' short '-o:extern:nat' java.math.BigInteger`
[INFO] [stderr] error: test failed, to rerun pass '-p verilization-test-runner --test command_line_interfaces'
[INFO] [stdout] Command: "npm" "run" "build"
[INFO] [stdout] thread 'run_cli_java_tests_verilization_struct_versions_verilization' panicked at 'Could not run test command.: Os { code: 2, kind: NotFound, message: "No such file or directory" }', tests/runner/tests/command_line_interfaces.rs:26:10
[INFO] [stdout] stack backtrace:
[INFO] [stdout]    0:     0x5584b6671dc0 - std::backtrace_rs::backtrace::libunwind::trace::h34055254b57d8e79
[INFO] [stdout]                                at /rustc/a178d0322ce20e33eac124758e837cbd80a6f633/library/std/src/../../backtrace/src/backtrace/libunwind.rs:90:5
[INFO] [stdout]    1:     0x5584b6671dc0 - std::backtrace_rs::backtrace::trace_unsynchronized::h8f1e3fbd9afff6ec
[INFO] [stdout]                                at /rustc/a178d0322ce20e33eac124758e837cbd80a6f633/library/std/src/../../backtrace/src/backtrace/mod.rs:66:5
[INFO] [stdout]    2:     0x5584b6671dc0 - std::sys_common::backtrace::_print_fmt::h3a99a796b770c360
[INFO] [stdout]                                at /rustc/a178d0322ce20e33eac124758e837cbd80a6f633/library/std/src/sys_common/backtrace.rs:67:5
[INFO] [stdout]    3:     0x5584b6671dc0 - <std::sys_common::backtrace::_print::DisplayBacktrace as core::fmt::Display>::fmt::h32d1f94a80615d18
[INFO] [stdout]                                at /rustc/a178d0322ce20e33eac124758e837cbd80a6f633/library/std/src/sys_common/backtrace.rs:46:22
[INFO] [stdout]    4:     0x5584b6695cac - core::fmt::write::h306731c068f7162c
[INFO] [stdout]                                at /rustc/a178d0322ce20e33eac124758e837cbd80a6f633/library/core/src/fmt/mod.rs:1110:17
[INFO] [stdout]    5:     0x5584b666e8d5 - std::io::Write::write_fmt::h87f19b0a2cd190bc
[INFO] [stdout]                                at /rustc/a178d0322ce20e33eac124758e837cbd80a6f633/library/std/src/io/mod.rs:1588:15
[INFO] [stdout]    6:     0x5584b667437b - std::sys_common::backtrace::_print::h5abaa2601a852287
[INFO] [stdout]                                at /rustc/a178d0322ce20e33eac124758e837cbd80a6f633/library/std/src/sys_common/backtrace.rs:49:5
[INFO] [stdout]    7:     0x5584b667437b - std::sys_common::backtrace::print::h8d81445442bb638f
[INFO] [stdout]                                at /rustc/a178d0322ce20e33eac124758e837cbd80a6f633/library/std/src/sys_common/backtrace.rs:36:9
[INFO] [stdout]    8:     0x5584b667437b - std::panicking::default_hook::{{closure}}::hcfe804496a9fa747
[INFO] [stdout]                                at /rustc/a178d0322ce20e33eac124758e837cbd80a6f633/library/std/src/panicking.rs:208:50
[INFO] [stdout]    9:     0x5584b6673e8c - std::panicking::default_hook::hbea8e3ccf2ba8901
[INFO] [stdout]                                at /rustc/a178d0322ce20e33eac124758e837cbd80a6f633/library/std/src/panicking.rs:222:9
[INFO] [stdout]   10:     0x5584b6674a44 - std::panicking::rust_panic_with_hook::h7ee9e1a2d0f8975a
[INFO] [stdout]                                at /rustc/a178d0322ce20e33eac124758e837cbd80a6f633/library/std/src/panicking.rs:622:17
[INFO] [stdout]   11:     0x5584b6674527 - std::panicking::begin_panic_handler::{{closure}}::h8ab3b4491718b2c7
[INFO] [stdout]                                at /rustc/a178d0322ce20e33eac124758e837cbd80a6f633/library/std/src/panicking.rs:519:13
[INFO] [stdout]   12:     0x5584b66722bc - std::sys_common::backtrace::__rust_end_short_backtrace::hd489062ffa586a9f
[INFO] [stdout]                                at /rustc/a178d0322ce20e33eac124758e837cbd80a6f633/library/std/src/sys_common/backtrace.rs:141:18
[INFO] [stdout]   13:     0x5584b6674489 - rust_begin_unwind
[INFO] [stdout]                                at /rustc/a178d0322ce20e33eac124758e837cbd80a6f633/library/std/src/panicking.rs:515:5
[INFO] [stdout]   14:     0x5584b6426761 - core::panicking::panic_fmt::hca6330e3e14086b4
[INFO] [stdout]                                at /rustc/a178d0322ce20e33eac124758e837cbd80a6f633/library/core/src/panicking.rs:92:14
[INFO] [stdout]   15:     0x5584b6426853 - core::result::unwrap_failed::h6160d2b4bfbb0e87
[INFO] [stdout]                                at /rustc/a178d0322ce20e33eac124758e837cbd80a6f633/library/core/src/result.rs:1355:5
[INFO] [stdout]   16:     0x5584b651d88d - core::result::Result<T,E>::expect::h78a68a7b78350e26
[INFO] [stdout]                                at /rustc/a178d0322ce20e33eac124758e837cbd80a6f633/library/core/src/result.rs:997:23
[INFO] [stdout]   17:     0x5584b64ac70d - command_line_interfaces::run_command_check_exit::hfea21fa61bf74c0b
[INFO] [stdout]                                at /opt/rustwide/workdir/tests/runner/tests/command_line_interfaces.rs:23:18
[INFO] [stdout]   18:     0x5584b64ad473 - command_line_interfaces::run_test_case::h1ad42cc440a7adbd
[INFO] [stdout]                                at /opt/rustwide/workdir/tests/runner/tests/command_line_interfaces.rs:97:9
[INFO] [stdout]   19:     0x5584b64b1ed4 - command_line_interfaces::run_cli_java::h80e0b91c885779f4
[INFO] [stdout]                                at /opt/rustwide/workdir/tests/runner/tests/command_line_interfaces.rs:137:5
[INFO] [stdout]   20:     0x5584b64b205e - command_line_interfaces::run_cli_java_tests_verilization_struct_versions_verilization::h63e109b9e64ac135
[INFO] [stdout]                                at /opt/rustwide/workdir/tests/runner/tests/command_line_interfaces.rs:135:1
[INFO] [stdout]   21:     0x5584b64b201a - command_line_interfaces::run_cli_java_tests_verilization_struct_versions_verilization::{{closure}}::ha27b155e8d1e94a9
[INFO] [stdout]                                at /opt/rustwide/workdir/tests/runner/tests/command_line_interfaces.rs:135:1
[INFO] [stdout]   22:     0x5584b651476e - core::ops::function::FnOnce::call_once::he7368a908391bc65
[INFO] [stdout]                                at /rustc/a178d0322ce20e33eac124758e837cbd80a6f633/library/core/src/ops/function.rs:227:5
[INFO] [stdout]   23:     0x5584b65494f3 - core::ops::function::FnOnce::call_once::h152e7e439ff59e19
[INFO] [stdout]                                at /rustc/a178d0322ce20e33eac124758e837cbd80a6f633/library/core/src/ops/function.rs:227:5
[INFO] [stdout]   24:     0x5584b65494f3 - test::__rust_begin_short_backtrace::h0908f3b1fdbb72ab
[INFO] [stdout]                                at /rustc/a178d0322ce20e33eac124758e837cbd80a6f633/library/test/src/lib.rs:577:5
[INFO] [stdout]   25:     0x5584b6547fb0 - <alloc::boxed::Box<F,A> as core::ops::function::FnOnce<Args>>::call_once::hf6d2a51e5587546c
[INFO] [stdout]                                at /rustc/a178d0322ce20e33eac124758e837cbd80a6f633/library/alloc/src/boxed.rs:1575:9
[INFO] [stdout]   26:     0x5584b6547fb0 - <std::panic::AssertUnwindSafe<F> as core::ops::function::FnOnce<()>>::call_once::h8af660f3a89ef593
[INFO] [stdout]                                at /rustc/a178d0322ce20e33eac124758e837cbd80a6f633/library/std/src/panic.rs:347:9
[INFO] [stdout]   27:     0x5584b6547fb0 - std::panicking::try::do_call::hd36aef60f84b6d36
[INFO] [stdout]                                at /rustc/a178d0322ce20e33eac124758e837cbd80a6f633/library/std/src/panicking.rs:401:40
[INFO] [stdout]   28:     0x5584b6547fb0 - std::panicking::try::h9932b4480e69817c
[INFO] [stdout]                                at /rustc/a178d0322ce20e33eac124758e837cbd80a6f633/library/std/src/panicking.rs:365:19
[INFO] [stdout]   29:     0x5584b6547fb0 - std::panic::catch_unwind::h6aa177099cfff5f8
[INFO] [stdout]                                at /rustc/a178d0322ce20e33eac124758e837cbd80a6f633/library/std/src/panic.rs:434:14
[INFO] [stdout]   30:     0x5584b6547fb0 - test::run_test_in_process::h5884d6f2d99e20c3
[INFO] [stdout]                                at /rustc/a178d0322ce20e33eac124758e837cbd80a6f633/library/test/src/lib.rs:600:18
[INFO] [stdout]   31:     0x5584b6547fb0 - test::run_test::run_test_inner::{{closure}}::h6fdc58c6d5f5b6e3
[INFO] [stdout]                                at /rustc/a178d0322ce20e33eac124758e837cbd80a6f633/library/test/src/lib.rs:492:39
[INFO] [stdout]   32:     0x5584b6521662 - test::run_test::run_test_inner::{{closure}}::h408365d67a78ade8
[INFO] [stdout]                                at /rustc/a178d0322ce20e33eac124758e837cbd80a6f633/library/test/src/lib.rs:519:37
[INFO] [stdout]   33:     0x5584b6521662 - std::sys_common::backtrace::__rust_begin_short_backtrace::hb560b77c4f701523
[INFO] [stdout]                                at /rustc/a178d0322ce20e33eac124758e837cbd80a6f633/library/std/src/sys_common/backtrace.rs:125:18
[INFO] [stdout]   34:     0x5584b6525218 - std::thread::Builder::spawn_unchecked::{{closure}}::{{closure}}::hf2e7831dad93c597
[INFO] [stdout]                                at /rustc/a178d0322ce20e33eac124758e837cbd80a6f633/library/std/src/thread/mod.rs:481:17
[INFO] [stdout]   35:     0x5584b6525218 - <std::panic::AssertUnwindSafe<F> as core::ops::function::FnOnce<()>>::call_once::hd2e08783d8be4d02
[INFO] [stdout]                                at /rustc/a178d0322ce20e33eac124758e837cbd80a6f633/library/std/src/panic.rs:347:9
[INFO] [stdout]   36:     0x5584b6525218 - std::panicking::try::do_call::h062597b7acfd6b82
[INFO] [stdout]                                at /rustc/a178d0322ce20e33eac124758e837cbd80a6f633/library/std/src/panicking.rs:401:40
[INFO] [stdout]   37:     0x5584b6525218 - std::panicking::try::h0d7b79db04c14552
[INFO] [stdout]                                at /rustc/a178d0322ce20e33eac124758e837cbd80a6f633/library/std/src/panicking.rs:365:19
[INFO] [stdout]   38:     0x5584b6525218 - std::panic::catch_unwind::hb01a0b5e7c8cd43b
[INFO] [stdout]                                at /rustc/a178d0322ce20e33eac124758e837cbd80a6f633/library/std/src/panic.rs:434:14
[INFO] [stdout]   39:     0x5584b6525218 - std::thread::Builder::spawn_unchecked::{{closure}}::h5bde48cc887e0d1e
[INFO] [stdout]                                at /rustc/a178d0322ce20e33eac124758e837cbd80a6f633/library/std/src/thread/mod.rs:480:30
[INFO] [stdout]   40:     0x5584b6525218 - core::ops::function::FnOnce::call_once{{vtable.shim}}::h745ea30807a29e55
[INFO] [stdout]                                at /rustc/a178d0322ce20e33eac124758e837cbd80a6f633/library/core/src/ops/function.rs:227:5
[INFO] [stdout]   41:     0x5584b667a647 - <alloc::boxed::Box<F,A> as core::ops::function::FnOnce<Args>>::call_once::h7ece6cfefaff1005
[INFO] [stdout]                                at /rustc/a178d0322ce20e33eac124758e837cbd80a6f633/library/alloc/src/boxed.rs:1575:9
[INFO] [stdout]   42:     0x5584b667a647 - <alloc::boxed::Box<F,A> as core::ops::function::FnOnce<Args>>::call_once::hb8b48e55c21f193e
[INFO] [stdout]                                at /rustc/a178d0322ce20e33eac124758e837cbd80a6f633/library/alloc/src/boxed.rs:1575:9
[INFO] [stdout]   43:     0x5584b667a647 - std::sys::unix::thread::Thread::new::thread_start::h8c7c4450dba62914
[INFO] [stdout]                                at /rustc/a178d0322ce20e33eac124758e837cbd80a6f633/library/std/src/sys/unix/thread.rs:71:17
[INFO] [stdout]   44:     0x7f5e0919d609 - start_thread
[INFO] [stdout]   45:     0x7f5e08f6f293 - clone
[INFO] [stdout]   46:                0x0 - <unknown>
[INFO] [stdout] 
[INFO] [stdout] ---- run_cli_typescript_tests_verilization_enum_versions_verilization stdout ----
[INFO] [stdout] Command: "cargo" "build"
[INFO] [stdout] warning: /opt/rustwide/workdir/lang/java/Cargo.toml: unused manifest key: package.hompage
[INFO] [stdout] warning: /opt/rustwide/workdir/bindings/c-api-core/Cargo.toml: unused manifest key: package.hompage
[INFO] [stdout] warning: /opt/rustwide/workdir/lang/scala/Cargo.toml: unused manifest key: package.hompage
[INFO] [stdout] warning: /opt/rustwide/workdir/compiler/Cargo.toml: unused manifest key: package.hompage
[INFO] [stdout] warning: /opt/rustwide/workdir/compiler-cli-core/Cargo.toml: unused manifest key: package.hompage
[INFO] [stdout] warning: /opt/rustwide/workdir/compiler-cli/Cargo.toml: unused manifest key: package.hompage
[INFO] [stdout] warning: /opt/rustwide/workdir/lang/typescript/Cargo.toml: unused manifest key: package.hompage
[INFO] [stdout]     Blocking waiting for file lock on build directory
[INFO] [stdout]     Finished dev [unoptimized + debuginfo] target(s) in 11.58s
[INFO] [stdout] Command: "cargo" "run" "-p" "verilization-compiler-cli" "--" "generate" "typescript" "-i" "../../tests/verilization/enum_versions.verilization" "-i" "../../runtime/verilization//integral.verilization" "-i" "../../runtime/verilization//string.verilization" "-i" "../../runtime/verilization//list.verilization" "-i" "../../runtime/verilization//option.verilization" "-o:out_dir" "/tmp/verilization.QlpN4QtG8Fyw" "-o:pkg:enum.versions" "enum/versions" "-o:pkg:genericsTest" "genericsTest" "-o:pkg:struct.versions" "struct/versions" "-o:pkg:finalTest" "finalTest" "-o:lib:" "@verilization/runtime"
[INFO] [stdout] warning: /opt/rustwide/workdir/lang/typescript/Cargo.toml: unused manifest key: package.hompage
[INFO] [stdout] warning: /opt/rustwide/workdir/lang/java/Cargo.toml: unused manifest key: package.hompage
[INFO] [stdout] warning: /opt/rustwide/workdir/compiler-cli/Cargo.toml: unused manifest key: package.hompage
[INFO] [stdout] warning: /opt/rustwide/workdir/bindings/c-api-core/Cargo.toml: unused manifest key: package.hompage
[INFO] [stdout] warning: /opt/rustwide/workdir/compiler-cli-core/Cargo.toml: unused manifest key: package.hompage
[INFO] [stdout] warning: /opt/rustwide/workdir/lang/scala/Cargo.toml: unused manifest key: package.hompage
[INFO] [stdout] warning: /opt/rustwide/workdir/compiler/Cargo.toml: unused manifest key: package.hompage
[INFO] [stdout]     Blocking waiting for file lock on build directory
[INFO] [stdout]     Finished dev [unoptimized + debuginfo] target(s) in 5.47s
[INFO] [stdout]      Running `/opt/rustwide/target/debug/verilization-compiler-cli generate typescript -i ../../tests/verilization/enum_versions.verilization -i ../../runtime/verilization//integral.verilization -i ../../runtime/verilization//string.verilization -i ../../runtime/verilization//list.verilization -i ../../runtime/verilization//option.verilization '-o:out_dir' /tmp/verilization.QlpN4QtG8Fyw '-o:pkg:enum.versions' enum/versions '-o:pkg:genericsTest' genericsTest '-o:pkg:struct.versions' struct/versions '-o:pkg:finalTest' finalTest '-o:lib:' '@verilization/runtime'`
[INFO] [stdout] Command: "npm" "run" "build"
[INFO] [stdout] thread 'run_cli_typescript_tests_verilization_enum_versions_verilization' panicked at 'Could not run test command.: Os { code: 2, kind: NotFound, message: "No such file or directory" }', tests/runner/tests/command_line_interfaces.rs:26:10
[INFO] [stdout] stack backtrace:
[INFO] [stdout]    0:     0x5584b6671dc0 - std::backtrace_rs::backtrace::libunwind::trace::h34055254b57d8e79
[INFO] [stdout]                                at /rustc/a178d0322ce20e33eac124758e837cbd80a6f633/library/std/src/../../backtrace/src/backtrace/libunwind.rs:90:5
[INFO] [stdout]    1:     0x5584b6671dc0 - std::backtrace_rs::backtrace::trace_unsynchronized::h8f1e3fbd9afff6ec
[INFO] [stdout]                                at /rustc/a178d0322ce20e33eac124758e837cbd80a6f633/library/std/src/../../backtrace/src/backtrace/mod.rs:66:5
[INFO] [stdout]    2:     0x5584b6671dc0 - std::sys_common::backtrace::_print_fmt::h3a99a796b770c360
[INFO] [stdout]                                at /rustc/a178d0322ce20e33eac124758e837cbd80a6f633/library/std/src/sys_common/backtrace.rs:67:5
[INFO] [stdout]    3:     0x5584b6671dc0 - <std::sys_common::backtrace::_print::DisplayBacktrace as core::fmt::Display>::fmt::h32d1f94a80615d18
[INFO] [stdout]                                at /rustc/a178d0322ce20e33eac124758e837cbd80a6f633/library/std/src/sys_common/backtrace.rs:46:22
[INFO] [stdout]    4:     0x5584b6695cac - core::fmt::write::h306731c068f7162c
[INFO] [stdout]                                at /rustc/a178d0322ce20e33eac124758e837cbd80a6f633/library/core/src/fmt/mod.rs:1110:17
[INFO] [stdout]    5:     0x5584b666e8d5 - std::io::Write::write_fmt::h87f19b0a2cd190bc
[INFO] [stdout]                                at /rustc/a178d0322ce20e33eac124758e837cbd80a6f633/library/std/src/io/mod.rs:1588:15
[INFO] [stdout]    6:     0x5584b667437b - std::sys_common::backtrace::_print::h5abaa2601a852287
[INFO] [stdout]                                at /rustc/a178d0322ce20e33eac124758e837cbd80a6f633/library/std/src/sys_common/backtrace.rs:49:5
[INFO] [stdout]    7:     0x5584b667437b - std::sys_common::backtrace::print::h8d81445442bb638f
[INFO] [stdout]                                at /rustc/a178d0322ce20e33eac124758e837cbd80a6f633/library/std/src/sys_common/backtrace.rs:36:9
[INFO] [stdout]    8:     0x5584b667437b - std::panicking::default_hook::{{closure}}::hcfe804496a9fa747
[INFO] [stdout]                                at /rustc/a178d0322ce20e33eac124758e837cbd80a6f633/library/std/src/panicking.rs:208:50
[INFO] [stdout]    9:     0x5584b6673e8c - std::panicking::default_hook::hbea8e3ccf2ba8901
[INFO] [stdout]                                at /rustc/a178d0322ce20e33eac124758e837cbd80a6f633/library/std/src/panicking.rs:222:9
[INFO] [stdout]   10:     0x5584b6674a44 - std::panicking::rust_panic_with_hook::h7ee9e1a2d0f8975a
[INFO] [stdout]                                at /rustc/a178d0322ce20e33eac124758e837cbd80a6f633/library/std/src/panicking.rs:622:17
[INFO] [stdout]   11:     0x5584b6674527 - std::panicking::begin_panic_handler::{{closure}}::h8ab3b4491718b2c7
[INFO] [stdout]                                at /rustc/a178d0322ce20e33eac124758e837cbd80a6f633/library/std/src/panicking.rs:519:13
[INFO] [stdout]   12:     0x5584b66722bc - std::sys_common::backtrace::__rust_end_short_backtrace::hd489062ffa586a9f
[INFO] [stdout]                                at /rustc/a178d0322ce20e33eac124758e837cbd80a6f633/library/std/src/sys_common/backtrace.rs:141:18
[INFO] [stdout]   13:     0x5584b6674489 - rust_begin_unwind
[INFO] [stdout]                                at /rustc/a178d0322ce20e33eac124758e837cbd80a6f633/library/std/src/panicking.rs:515:5
[INFO] [stdout]   14:     0x5584b6426761 - core::panicking::panic_fmt::hca6330e3e14086b4
[INFO] [stdout]                                at /rustc/a178d0322ce20e33eac124758e837cbd80a6f633/library/core/src/panicking.rs:92:14
[INFO] [stdout]   15:     0x5584b6426853 - core::result::unwrap_failed::h6160d2b4bfbb0e87
[INFO] [stdout]                                at /rustc/a178d0322ce20e33eac124758e837cbd80a6f633/library/core/src/result.rs:1355:5
[INFO] [stdout]   16:     0x5584b651d88d - core::result::Result<T,E>::expect::h78a68a7b78350e26
[INFO] [stdout]                                at /rustc/a178d0322ce20e33eac124758e837cbd80a6f633/library/core/src/result.rs:997:23
[INFO] [stdout]   17:     0x5584b64ac70d - command_line_interfaces::run_command_check_exit::hfea21fa61bf74c0b
[INFO] [stdout]                                at /opt/rustwide/workdir/tests/runner/tests/command_line_interfaces.rs:23:18
[INFO] [stdout]   18:     0x5584b64af353 - command_line_interfaces::run_test_case::hcf3def6fd147285b
[INFO] [stdout]                                at /opt/rustwide/workdir/tests/runner/tests/command_line_interfaces.rs:97:9
[INFO] [stdout]   19:     0x5584b64b1d14 - command_line_interfaces::run_cli_typescript::h6faf41d1512732dc
[INFO] [stdout]                                at /opt/rustwide/workdir/tests/runner/tests/command_line_interfaces.rs:132:5
[INFO] [stdout]   20:     0x5584b64b1d7e - command_line_interfaces::run_cli_typescript_tests_verilization_enum_versions_verilization::h27ea785699be42dd
[INFO] [stdout]                                at /opt/rustwide/workdir/tests/runner/tests/command_line_interfaces.rs:130:1
[INFO] [stdout]   21:     0x5584b64b1d3a - command_line_interfaces::run_cli_typescript_tests_verilization_enum_versions_verilization::{{closure}}::h909964d0e5fbfe97
[INFO] [stdout]                                at /opt/rustwide/workdir/tests/runner/tests/command_line_interfaces.rs:130:1
[INFO] [stdout]   22:     0x5584b651466e - core::ops::function::FnOnce::call_once::hbc254258ad3d2499
[INFO] [stdout]                                at /rustc/a178d0322ce20e33eac124758e837cbd80a6f633/library/core/src/ops/function.rs:227:5
[INFO] [stdout]   23:     0x5584b65494f3 - core::ops::function::FnOnce::call_once::h152e7e439ff59e19
[INFO] [stdout]                                at /rustc/a178d0322ce20e33eac124758e837cbd80a6f633/library/core/src/ops/function.rs:227:5
[INFO] [stdout]   24:     0x5584b65494f3 - test::__rust_begin_short_backtrace::h0908f3b1fdbb72ab
[INFO] [stdout]                                at /rustc/a178d0322ce20e33eac124758e837cbd80a6f633/library/test/src/lib.rs:577:5
[INFO] [stdout]   25:     0x5584b6547fb0 - <alloc::boxed::Box<F,A> as core::ops::function::FnOnce<Args>>::call_once::hf6d2a51e5587546c
[INFO] [stdout]                                at /rustc/a178d0322ce20e33eac124758e837cbd80a6f633/library/alloc/src/boxed.rs:1575:9
[INFO] [stdout]   26:     0x5584b6547fb0 - <std::panic::AssertUnwindSafe<F> as core::ops::function::FnOnce<()>>::call_once::h8af660f3a89ef593
[INFO] [stdout]                                at /rustc/a178d0322ce20e33eac124758e837cbd80a6f633/library/std/src/panic.rs:347:9
[INFO] [stdout]   27:     0x5584b6547fb0 - std::panicking::try::do_call::hd36aef60f84b6d36
[INFO] [stdout]                                at /rustc/a178d0322ce20e33eac124758e837cbd80a6f633/library/std/src/panicking.rs:401:40
[INFO] [stdout]   28:     0x5584b6547fb0 - std::panicking::try::h9932b4480e69817c
[INFO] [stdout]                                at /rustc/a178d0322ce20e33eac124758e837cbd80a6f633/library/std/src/panicking.rs:365:19
[INFO] [stdout]   29:     0x5584b6547fb0 - std::panic::catch_unwind::h6aa177099cfff5f8
[INFO] [stdout]                                at /rustc/a178d0322ce20e33eac124758e837cbd80a6f633/library/std/src/panic.rs:434:14
[INFO] [stdout]   30:     0x5584b6547fb0 - test::run_test_in_process::h5884d6f2d99e20c3
[INFO] [stdout]                                at /rustc/a178d0322ce20e33eac124758e837cbd80a6f633/library/test/src/lib.rs:600:18
[INFO] [stdout]   31:     0x5584b6547fb0 - test::run_test::run_test_inner::{{closure}}::h6fdc58c6d5f5b6e3
[INFO] [stdout]                                at /rustc/a178d0322ce20e33eac124758e837cbd80a6f633/library/test/src/lib.rs:492:39
[INFO] [stdout]   32:     0x5584b6521662 - test::run_test::run_test_inner::{{closure}}::h408365d67a78ade8
[INFO] [stdout]                                at /rustc/a178d0322ce20e33eac124758e837cbd80a6f633/library/test/src/lib.rs:519:37
[INFO] [stdout]   33:     0x5584b6521662 - std::sys_common::backtrace::__rust_begin_short_backtrace::hb560b77c4f701523
[INFO] [stdout]                                at /rustc/a178d0322ce20e33eac124758e837cbd80a6f633/library/std/src/sys_common/backtrace.rs:125:18
[INFO] [stdout]   34:     0x5584b6525218 - std::thread::Builder::spawn_unchecked::{{closure}}::{{closure}}::hf2e7831dad93c597
[INFO] [stdout]                                at /rustc/a178d0322ce20e33eac124758e837cbd80a6f633/library/std/src/thread/mod.rs:481:17
[INFO] [stdout]   35:     0x5584b6525218 - <std::panic::AssertUnwindSafe<F> as core::ops::function::FnOnce<()>>::call_once::hd2e08783d8be4d02
[INFO] [stdout]                                at /rustc/a178d0322ce20e33eac124758e837cbd80a6f633/library/std/src/panic.rs:347:9
[INFO] [stdout]   36:     0x5584b6525218 - std::panicking::try::do_call::h062597b7acfd6b82
[INFO] [stdout]                                at /rustc/a178d0322ce20e33eac124758e837cbd80a6f633/library/std/src/panicking.rs:401:40
[INFO] [stdout]   37:     0x5584b6525218 - std::panicking::try::h0d7b79db04c14552
[INFO] [stdout]                                at /rustc/a178d0322ce20e33eac124758e837cbd80a6f633/library/std/src/panicking.rs:365:19
[INFO] [stdout]   38:     0x5584b6525218 - std::panic::catch_unwind::hb01a0b5e7c8cd43b
[INFO] [stdout]                                at /rustc/a178d0322ce20e33eac124758e837cbd80a6f633/library/std/src/panic.rs:434:14
[INFO] [stdout]   39:     0x5584b6525218 - std::thread::Builder::spawn_unchecked::{{closure}}::h5bde48cc887e0d1e
[INFO] [stdout]                                at /rustc/a178d0322ce20e33eac124758e837cbd80a6f633/library/std/src/thread/mod.rs:480:30
[INFO] [stdout]   40:     0x5584b6525218 - core::ops::function::FnOnce::call_once{{vtable.shim}}::h745ea30807a29e55
[INFO] [stdout]                                at /rustc/a178d0322ce20e33eac124758e837cbd80a6f633/library/core/src/ops/function.rs:227:5
[INFO] [stdout]   41:     0x5584b667a647 - <alloc::boxed::Box<F,A> as core::ops::function::FnOnce<Args>>::call_once::h7ece6cfefaff1005
[INFO] [stdout]                                at /rustc/a178d0322ce20e33eac124758e837cbd80a6f633/library/alloc/src/boxed.rs:1575:9
[INFO] [stdout]   42:     0x5584b667a647 - <alloc::boxed::Box<F,A> as core::ops::function::FnOnce<Args>>::call_once::hb8b48e55c21f193e
[INFO] [stdout]                                at /rustc/a178d0322ce20e33eac124758e837cbd80a6f633/library/alloc/src/boxed.rs:1575:9
[INFO] [stdout]   43:     0x5584b667a647 - std::sys::unix::thread::Thread::new::thread_start::h8c7c4450dba62914
[INFO] [stdout]                                at /rustc/a178d0322ce20e33eac124758e837cbd80a6f633/library/std/src/sys/unix/thread.rs:71:17
[INFO] [stdout]   44:     0x7f5e0919d609 - start_thread
[INFO] [stdout]   45:     0x7f5e08f6f293 - clone
[INFO] [stdout]   46:                0x0 - <unknown>
[INFO] [stdout] 
[INFO] [stdout] 
[INFO] [stdout] failures:
[INFO] [stdout]     run_cli_java_tests_verilization_enum_versions_verilization
[INFO] [stdout]     run_cli_java_tests_verilization_final_verilization
[INFO] [stdout]     run_cli_java_tests_verilization_generics_verilization
[INFO] [stdout]     run_cli_java_tests_verilization_struct_versions_verilization
[INFO] [stdout]     run_cli_scala_tests_verilization_enum_versions_verilization
[INFO] [stdout]     run_cli_scala_tests_verilization_final_verilization
[INFO] [stdout]     run_cli_scala_tests_verilization_generics_verilization
[INFO] [stdout]     run_cli_scala_tests_verilization_struct_versions_verilization
[INFO] [stdout]     run_cli_typescript_tests_verilization_enum_versions_verilization
[INFO] [stdout]     run_cli_typescript_tests_verilization_final_verilization
[INFO] [stdout]     run_cli_typescript_tests_verilization_generics_verilization
[INFO] [stdout]     run_cli_typescript_tests_verilization_struct_versions_verilization
[INFO] [stdout] 
[INFO] [stdout] test result: FAILED. 0 passed; 12 failed; 0 ignored; 0 measured; 0 filtered out; finished in 18.17s
[INFO] [stdout] 
[INFO] running `Command { std: "docker" "inspect" "7ba26e94a12b56143247249f95928dba2a2da0c4b9f5b4c9dbf8bc3ba9c39ca3", kill_on_drop: false }`
[INFO] running `Command { std: "docker" "rm" "-f" "7ba26e94a12b56143247249f95928dba2a2da0c4b9f5b4c9dbf8bc3ba9c39ca3", kill_on_drop: false }`
[INFO] [stdout] 7ba26e94a12b56143247249f95928dba2a2da0c4b9f5b4c9dbf8bc3ba9c39ca3
