[INFO] cloning repository https://github.com/arctic-hen7/bonnie
[INFO] running `Command { std: "git" "-c" "credential.helper=" "-c" "credential.helper=/workspace/cargo-home/bin/git-credential-null" "clone" "--bare" "https://github.com/arctic-hen7/bonnie" "/workspace/cache/git-repos/https%3A%2F%2Fgithub.com%2Farctic-hen7%2Fbonnie", kill_on_drop: false }`
[INFO] [stderr] Cloning into bare repository '/workspace/cache/git-repos/https%3A%2F%2Fgithub.com%2Farctic-hen7%2Fbonnie'...
[INFO] running `Command { std: "git" "rev-parse" "HEAD", kill_on_drop: false }`
[INFO] [stdout] 7c3eec6f3ae981bb64ea866bf7ebda2d29e7c956
[INFO] testing arctic-hen7/bonnie against 1.54.0 for beta-1.55-1
[INFO] running `Command { std: "git" "clone" "/workspace/cache/git-repos/https%3A%2F%2Fgithub.com%2Farctic-hen7%2Fbonnie" "/workspace/builds/worker-14/source", kill_on_drop: false }`
[INFO] [stderr] Cloning into '/workspace/builds/worker-14/source'...
[INFO] [stderr] done.
[INFO] validating manifest of git repo https://github.com/arctic-hen7/bonnie on toolchain 1.54.0
[INFO] running `Command { std: "/workspace/cargo-home/bin/cargo" "+1.54.0" "metadata" "--manifest-path" "Cargo.toml" "--no-deps", kill_on_drop: false }`
[INFO] started tweaking git repo https://github.com/arctic-hen7/bonnie
[INFO] finished tweaking git repo https://github.com/arctic-hen7/bonnie
[INFO] tweaked toml for git repo https://github.com/arctic-hen7/bonnie written to /workspace/builds/worker-14/source/Cargo.toml
[INFO] crate git repo https://github.com/arctic-hen7/bonnie already has a lockfile, it will not be regenerated
[INFO] running `Command { std: "/workspace/cargo-home/bin/cargo" "+1.54.0" "fetch" "--manifest-path" "Cargo.toml", kill_on_drop: false }`
[INFO] [stderr]     Blocking waiting for file lock on package cache
[INFO] [stderr]     Blocking waiting for file lock on package cache
[INFO] running `Command { std: "docker" "create" "-v" "/var/lib/crater-agent-workspace/builds/worker-14/target:/opt/rustwide/target:rw,Z" "-v" "/var/lib/crater-agent-workspace/builds/worker-14/source:/opt/rustwide/workdir:ro,Z" "-v" "/var/lib/crater-agent-workspace/cargo-home:/opt/rustwide/cargo-home:ro,Z" "-v" "/var/lib/crater-agent-workspace/rustup-home:/opt/rustwide/rustup-home:ro,Z" "-e" "SOURCE_DIR=/opt/rustwide/workdir" "-e" "CARGO_TARGET_DIR=/opt/rustwide/target" "-e" "CARGO_HOME=/opt/rustwide/cargo-home" "-e" "RUSTUP_HOME=/opt/rustwide/rustup-home" "-w" "/opt/rustwide/workdir" "-m" "1610612736" "--user" "0:0" "--network" "none" "ghcr.io/rust-lang/crates-build-env/linux@sha256:34b6a614d2c27851fe6cbf88fbd1137609cefab8b10d0615aaeb6fd47975d74e" "/opt/rustwide/cargo-home/bin/cargo" "+1.54.0" "metadata" "--no-deps" "--format-version=1", kill_on_drop: false }`
[INFO] [stdout] 3d61607077dd44a614052edb2b8629069b90a873dae41cd01312fbcec719a971
[INFO] running `Command { std: "docker" "start" "-a" "3d61607077dd44a614052edb2b8629069b90a873dae41cd01312fbcec719a971", kill_on_drop: false }`
[INFO] running `Command { std: "docker" "inspect" "3d61607077dd44a614052edb2b8629069b90a873dae41cd01312fbcec719a971", kill_on_drop: false }`
[INFO] running `Command { std: "docker" "rm" "-f" "3d61607077dd44a614052edb2b8629069b90a873dae41cd01312fbcec719a971", kill_on_drop: false }`
[INFO] [stdout] 3d61607077dd44a614052edb2b8629069b90a873dae41cd01312fbcec719a971
[INFO] running `Command { std: "docker" "create" "-v" "/var/lib/crater-agent-workspace/builds/worker-14/target:/opt/rustwide/target:rw,Z" "-v" "/var/lib/crater-agent-workspace/builds/worker-14/source:/opt/rustwide/workdir:ro,Z" "-v" "/var/lib/crater-agent-workspace/cargo-home:/opt/rustwide/cargo-home:ro,Z" "-v" "/var/lib/crater-agent-workspace/rustup-home:/opt/rustwide/rustup-home:ro,Z" "-e" "SOURCE_DIR=/opt/rustwide/workdir" "-e" "CARGO_TARGET_DIR=/opt/rustwide/target" "-e" "CARGO_INCREMENTAL=0" "-e" "RUST_BACKTRACE=full" "-e" "RUSTFLAGS=--cap-lints=warn" "-e" "CARGO_HOME=/opt/rustwide/cargo-home" "-e" "RUSTUP_HOME=/opt/rustwide/rustup-home" "-w" "/opt/rustwide/workdir" "-m" "1610612736" "--user" "0:0" "--network" "none" "ghcr.io/rust-lang/crates-build-env/linux@sha256:34b6a614d2c27851fe6cbf88fbd1137609cefab8b10d0615aaeb6fd47975d74e" "/opt/rustwide/cargo-home/bin/cargo" "+1.54.0" "build" "--frozen" "--message-format=json", kill_on_drop: false }`
[INFO] [stdout] 17d8efb0d3a6980b3983583502d09bebbee079c91782b8fe776d0955391fe13e
[INFO] running `Command { std: "docker" "start" "-a" "17d8efb0d3a6980b3983583502d09bebbee079c91782b8fe776d0955391fe13e", kill_on_drop: false }`
[INFO] [stderr]     Blocking waiting for file lock on package cache
[INFO] [stderr]    Compiling proc-macro2 v1.0.26
[INFO] [stderr]    Compiling unicode-xid v0.2.1
[INFO] [stderr]    Compiling syn v1.0.69
[INFO] [stderr]    Compiling serde_derive v1.0.125
[INFO] [stderr]    Compiling serde v1.0.125
[INFO] [stderr]    Compiling memchr v2.4.0
[INFO] [stderr]    Compiling ryu v1.0.5
[INFO] [stderr]    Compiling serde_json v1.0.64
[INFO] [stderr]    Compiling regex-syntax v0.6.25
[INFO] [stderr]    Compiling itoa v0.4.7
[INFO] [stderr]    Compiling dotenv v0.15.0
[INFO] [stderr]    Compiling home v0.5.3
[INFO] [stderr]    Compiling quote v1.0.9
[INFO] [stderr]    Compiling aho-corasick v0.7.18
[INFO] [stderr]    Compiling regex v1.5.4
[INFO] [stderr]    Compiling toml v0.5.8
[INFO] [stderr]    Compiling bonnie v0.3.1 (/opt/rustwide/workdir)
[INFO] [stderr]     Finished dev [unoptimized + debuginfo] target(s) in 56.56s
[INFO] running `Command { std: "docker" "inspect" "17d8efb0d3a6980b3983583502d09bebbee079c91782b8fe776d0955391fe13e", kill_on_drop: false }`
[INFO] running `Command { std: "docker" "rm" "-f" "17d8efb0d3a6980b3983583502d09bebbee079c91782b8fe776d0955391fe13e", kill_on_drop: false }`
[INFO] [stdout] 17d8efb0d3a6980b3983583502d09bebbee079c91782b8fe776d0955391fe13e
[INFO] running `Command { std: "docker" "create" "-v" "/var/lib/crater-agent-workspace/builds/worker-14/target:/opt/rustwide/target:rw,Z" "-v" "/var/lib/crater-agent-workspace/builds/worker-14/source:/opt/rustwide/workdir:ro,Z" "-v" "/var/lib/crater-agent-workspace/cargo-home:/opt/rustwide/cargo-home:ro,Z" "-v" "/var/lib/crater-agent-workspace/rustup-home:/opt/rustwide/rustup-home:ro,Z" "-e" "SOURCE_DIR=/opt/rustwide/workdir" "-e" "CARGO_TARGET_DIR=/opt/rustwide/target" "-e" "CARGO_INCREMENTAL=0" "-e" "RUST_BACKTRACE=full" "-e" "RUSTFLAGS=--cap-lints=warn" "-e" "CARGO_HOME=/opt/rustwide/cargo-home" "-e" "RUSTUP_HOME=/opt/rustwide/rustup-home" "-w" "/opt/rustwide/workdir" "-m" "1610612736" "--user" "0:0" "--network" "none" "ghcr.io/rust-lang/crates-build-env/linux@sha256:34b6a614d2c27851fe6cbf88fbd1137609cefab8b10d0615aaeb6fd47975d74e" "/opt/rustwide/cargo-home/bin/cargo" "+1.54.0" "test" "--frozen" "--no-run" "--message-format=json", kill_on_drop: false }`
[INFO] [stdout] c3688af2a211d00e2112389c2650a004d7859ac06a0d763eee036d9b38109b14
[INFO] running `Command { std: "docker" "start" "-a" "c3688af2a211d00e2112389c2650a004d7859ac06a0d763eee036d9b38109b14", kill_on_drop: false }`
[INFO] [stderr]    Compiling bonnie v0.3.1 (/opt/rustwide/workdir)
[INFO] [stderr]     Finished test [unoptimized + debuginfo] target(s) in 4.57s
[INFO] running `Command { std: "docker" "inspect" "c3688af2a211d00e2112389c2650a004d7859ac06a0d763eee036d9b38109b14", kill_on_drop: false }`
[INFO] running `Command { std: "docker" "rm" "-f" "c3688af2a211d00e2112389c2650a004d7859ac06a0d763eee036d9b38109b14", kill_on_drop: false }`
[INFO] [stdout] c3688af2a211d00e2112389c2650a004d7859ac06a0d763eee036d9b38109b14
[INFO] running `Command { std: "docker" "create" "-v" "/var/lib/crater-agent-workspace/builds/worker-14/target:/opt/rustwide/target:rw,Z" "-v" "/var/lib/crater-agent-workspace/builds/worker-14/source:/opt/rustwide/workdir:ro,Z" "-v" "/var/lib/crater-agent-workspace/cargo-home:/opt/rustwide/cargo-home:ro,Z" "-v" "/var/lib/crater-agent-workspace/rustup-home:/opt/rustwide/rustup-home:ro,Z" "-e" "SOURCE_DIR=/opt/rustwide/workdir" "-e" "CARGO_TARGET_DIR=/opt/rustwide/target" "-e" "CARGO_INCREMENTAL=0" "-e" "RUST_BACKTRACE=full" "-e" "RUSTFLAGS=--cap-lints=warn" "-e" "CARGO_HOME=/opt/rustwide/cargo-home" "-e" "RUSTUP_HOME=/opt/rustwide/rustup-home" "-w" "/opt/rustwide/workdir" "-m" "1610612736" "--user" "0:0" "--network" "none" "ghcr.io/rust-lang/crates-build-env/linux@sha256:34b6a614d2c27851fe6cbf88fbd1137609cefab8b10d0615aaeb6fd47975d74e" "/opt/rustwide/cargo-home/bin/cargo" "+1.54.0" "test" "--frozen", kill_on_drop: false }`
[INFO] [stdout] a50ce73fac9461b31036b3dd4344a06acbe262d9d98da95fe125dadb2812411c
[INFO] running `Command { std: "docker" "start" "-a" "a50ce73fac9461b31036b3dd4344a06acbe262d9d98da95fe125dadb2812411c", kill_on_drop: false }`
[INFO] [stderr]     Finished test [unoptimized + debuginfo] target(s) in 0.02s
[INFO] [stderr]      Running unittests (/opt/rustwide/target/debug/deps/lib-07c9769c4df8e2a5)
[INFO] [stdout] 
[INFO] [stdout] running 19 tests
[INFO] [stderr]      Running unittests (/opt/rustwide/target/debug/deps/bonnie-0d336edc25da8d42)
[INFO] [stdout] test version::identifies_identical_versions ... ok
[INFO] [stdout] test version::identifies_identical_versions_in_beta ... ok
[INFO] [stdout] test version::identifies_major_too_new ... ok
[INFO] [stdout] test version::identifies_major_too_new_in_beta ... ok
[INFO] [stdout] test version::identifies_major_too_old ... ok
[INFO] [stdout] test version::identifies_minor_too_new ... ok
[INFO] [stdout] test version::identifies_minor_too_new_in_beta ... ok
[INFO] [stdout] test version::identifies_minor_too_old ... ok
[INFO] [stdout] test version::identifies_minor_too_old_in_beta ... ok
[INFO] [stdout] test version::identifies_patch_too_new ... ok
[INFO] [stdout] test version::identifies_patch_too_new_in_beta ... ok
[INFO] [stdout] test version::identifies_patch_too_old ... ok
[INFO] [stdout] test version::identifies_patch_too_old_in_beta ... ok
[INFO] [stdout] test version::returns_correct_part_division ... ok
[INFO] [stdout] test version::returns_error_on_invalid_major_number ... ok
[INFO] [stdout] test version::returns_error_on_invalid_minor_number ... ok
[INFO] [stdout] test version::returns_error_on_invalid_patch_number ... ok
[INFO] [stdout] test version::returns_error_on_missing_minor_number ... ok
[INFO] [stdout] test version::returns_error_on_missing_patch_number ... ok
[INFO] [stdout] 
[INFO] [stdout] test result: ok. 19 passed; 0 failed; 0 ignored; 0 measured; 0 filtered out; finished in 0.00s
[INFO] [stdout] 
[INFO] [stdout] 
[INFO] [stdout] running 0 tests
[INFO] [stdout] 
[INFO] [stdout] test result: ok. 0 passed; 0 failed; 0 ignored; 0 measured; 0 filtered out; finished in 0.00s
[INFO] [stdout] 
[INFO] [stderr]      Running tests/caching.rs (/opt/rustwide/target/debug/deps/caching-595fd7dff2c68e48)
[INFO] [stdout] 
[INFO] [stdout] running 3 tests
[INFO] [stdout] test returns_error_on_bad_version ... ok
[INFO] [stdout] test loads_env_files ... ok
[INFO] [stdout] test cache_works ... ok
[INFO] [stdout] 
[INFO] [stdout] test result: ok. 3 passed; 0 failed; 0 ignored; 0 measured; 0 filtered out; finished in 0.03s
[INFO] [stdout] 
[INFO] [stderr]      Running tests/known_cases.rs (/opt/rustwide/target/debug/deps/known_cases-3ee953ae64f39d1f)
[INFO] [stdout] 
[INFO] [stdout] running 41 tests
[INFO] [stdout] Hello
[INFO] [stdout] Name
[INFO] [stdout] Hello foo bar
[INFO] [stdout] Name
[INFO] [stdout] foo bar
[INFO] [stdout] Hello Name (extra stuff)
[INFO] [stdout] Name foo bar
[INFO] [stdout] foo bar %%
[INFO] [stdout] 
[INFO] [stdout] Test
[INFO] [stdout] Hello foo bar
[INFO] [stdout] Name
[INFO] [stdout] Hello foo bar
[INFO] [stdout] Name
[INFO] [stdout] test returns_error_if_generic_os_specifier_not_given ... ok
[INFO] [stdout] test returns_error_on_non_global_args_for_ordered_subcommands ... ok
[INFO] [stdout] test returns_error_on_nonexistent_env_file ... ok
[INFO] [stdout] test returns_error_on_too_few_args ... ok
[INFO] [stdout] test returns_error_on_invalid_env_file ... ok
[INFO] [stdout] test loads_env_files ... ok
[INFO] [stdout] test returns_error_on_missing_cmd ... ok
[INFO] [stdout] test returns_error_on_unordered_nesting_in_order ... ok
[INFO] [stdout] test succeeds_with_arg_interpolation ... ok
[INFO] [stdout] test returns_error_on_cmd_and_ordered_subcommands ... ok
[INFO] [stdout] test succeeds_with_custom_shell ... ok
[INFO] [stdout] test succeeds_with_custom_shell_and_os_specificity_and_multistage_and_interpolation ... ok
[INFO] [stdout] test succeeds_with_mass_arg_interpolation_and_many_args ... ok
[INFO] [stdout] test succeeds_with_custom_shell_with_delimiter ... ok
[INFO] [stdout] test succeeds_with_kv_simple_ordered_subcommands ... ok
[INFO] [stdout] test succeeds_with_mass_arg_interpolation_and_specific_arg_interpolation ... ok
[INFO] [stdout] test succeeds_with_full_interpolation ... ok
[INFO] [stdout] test succeeds_with_kv_syntax ... ok
[INFO] [stdout] test succeeds_with_mass_arg_interpolation_and_escaping ... ok
[INFO] [stdout] test succeeds_with_kv_unordered_subcommands ... ok
[INFO] [stdout] test succeeds_with_mass_arg_interpolation_and_no_args ... ok
[INFO] [stdout] test succeeds_with_mass_arg_interpolation_and_one_arg ... ok
[INFO] [stdout] test succeeds_with_multistage_with_interpolation ... ok
[INFO] [stdout] test succeeds_with_os_specific_kv_cmd ... ok
[INFO] [stdout] test succeeds_with_multistage ... ok
[INFO] [stdout] Hello foo bar
[INFO] [stdout] Name
[INFO] [stdout] test succeeds_with_multistage_and_interpolation_unordered_subcommands ... ok
[INFO] [stdout] test uses_generic_default_shell_with_delimiter ... ok
[INFO] [stdout] test uses_os_specific_default_shell ... ok
[INFO] [stdout] test uses_generic_default_shell ... ok
[INFO] [stdout] test succeeds_with_exit_code_order_control ... ok
[INFO] [stdout] test succeeds_with_os_specific_multistage_and_interpolation_cmd ... ok
[INFO] [stdout] test uses_simple_default_shell ... ok
[INFO] [stdout] test succeeds_with_intersection_order_control ... ok
[INFO] [stdout] test succeeds_with_kv_complex_ordered_subcommands ... ok
[INFO] [stdout] test succeeds_with_root_cmd_for_unordered_subcommands ... ok
[INFO] [stdout] test succeeds_with_any_none_order_control ... ok
[INFO] [stdout] test succeeds_with_union_order_control ... ok
[INFO] [stdout] Hello foo bar
[INFO] [stdout] Name
[INFO] [stdout] Hello foo bar
[INFO] [stdout] Name
[INFO] [stdout] test succeeds_with_everything ... ok
[INFO] [stdout] test succeeds_with_env_var_interpolation ... FAILED
[INFO] [stdout] test succeeds_with_not_exit_code_order_control ... ok
[INFO] [stdout] test succeeds_with_success_failure_order_control ... ok
[INFO] [stdout] 
[INFO] [stdout] failures:
[INFO] [stdout] 
[INFO] [stdout] ---- succeeds_with_env_var_interpolation stdout ----
[INFO] [stdout] thread 'succeeds_with_env_var_interpolation' panicked at 'assertion failed: `(left == right)`
[INFO] [stdout]   left: `Err("The environment variable 'USER' couldn't be loaded. This means it either hasn't been defined (you may need to load another environment variable file) or contains invalid characters.")`,
[INFO] [stdout]  right: `Ok(0)`', tests/known_cases.rs:125:18
[INFO] [stdout] stack backtrace:
[INFO] [stdout]    0:     0x56473fdfb930 - std::backtrace_rs::backtrace::libunwind::trace::h34055254b57d8e79
[INFO] [stdout]                                at /rustc/a178d0322ce20e33eac124758e837cbd80a6f633/library/std/src/../../backtrace/src/backtrace/libunwind.rs:90:5
[INFO] [stdout]    1:     0x56473fdfb930 - std::backtrace_rs::backtrace::trace_unsynchronized::h8f1e3fbd9afff6ec
[INFO] [stdout]                                at /rustc/a178d0322ce20e33eac124758e837cbd80a6f633/library/std/src/../../backtrace/src/backtrace/mod.rs:66:5
[INFO] [stdout]    2:     0x56473fdfb930 - std::sys_common::backtrace::_print_fmt::h3a99a796b770c360
[INFO] [stdout]                                at /rustc/a178d0322ce20e33eac124758e837cbd80a6f633/library/std/src/sys_common/backtrace.rs:67:5
[INFO] [stdout]    3:     0x56473fdfb930 - <std::sys_common::backtrace::_print::DisplayBacktrace as core::fmt::Display>::fmt::h32d1f94a80615d18
[INFO] [stdout]                                at /rustc/a178d0322ce20e33eac124758e837cbd80a6f633/library/std/src/sys_common/backtrace.rs:46:22
[INFO] [stdout]    4:     0x56473fe1f90c - core::fmt::write::h306731c068f7162c
[INFO] [stdout]                                at /rustc/a178d0322ce20e33eac124758e837cbd80a6f633/library/core/src/fmt/mod.rs:1110:17
[INFO] [stdout]    5:     0x56473fdf8545 - std::io::Write::write_fmt::h87f19b0a2cd190bc
[INFO] [stdout]                                at /rustc/a178d0322ce20e33eac124758e837cbd80a6f633/library/std/src/io/mod.rs:1588:15
[INFO] [stdout]    6:     0x56473fdfda9b - std::sys_common::backtrace::_print::h5abaa2601a852287
[INFO] [stdout]                                at /rustc/a178d0322ce20e33eac124758e837cbd80a6f633/library/std/src/sys_common/backtrace.rs:49:5
[INFO] [stdout]    7:     0x56473fdfda9b - std::sys_common::backtrace::print::h8d81445442bb638f
[INFO] [stdout]                                at /rustc/a178d0322ce20e33eac124758e837cbd80a6f633/library/std/src/sys_common/backtrace.rs:36:9
[INFO] [stdout]    8:     0x56473fdfda9b - std::panicking::default_hook::{{closure}}::hcfe804496a9fa747
[INFO] [stdout]                                at /rustc/a178d0322ce20e33eac124758e837cbd80a6f633/library/std/src/panicking.rs:208:50
[INFO] [stdout]    9:     0x56473fdfd5ac - std::panicking::default_hook::hbea8e3ccf2ba8901
[INFO] [stdout]                                at /rustc/a178d0322ce20e33eac124758e837cbd80a6f633/library/std/src/panicking.rs:222:9
[INFO] [stdout]   10:     0x56473fdfe164 - std::panicking::rust_panic_with_hook::h7ee9e1a2d0f8975a
[INFO] [stdout]                                at /rustc/a178d0322ce20e33eac124758e837cbd80a6f633/library/std/src/panicking.rs:622:17
[INFO] [stdout]   11:     0x56473fdfdc47 - std::panicking::begin_panic_handler::{{closure}}::h8ab3b4491718b2c7
[INFO] [stdout]                                at /rustc/a178d0322ce20e33eac124758e837cbd80a6f633/library/std/src/panicking.rs:519:13
[INFO] [stdout]   12:     0x56473fdfbe2c - std::sys_common::backtrace::__rust_end_short_backtrace::hd489062ffa586a9f
[INFO] [stdout]                                at /rustc/a178d0322ce20e33eac124758e837cbd80a6f633/library/std/src/sys_common/backtrace.rs:141:18
[INFO] [stdout]   13:     0x56473fdfdba9 - rust_begin_unwind
[INFO] [stdout]                                at /rustc/a178d0322ce20e33eac124758e837cbd80a6f633/library/std/src/panicking.rs:515:5
[INFO] [stdout]   14:     0x56473faa0b31 - core::panicking::panic_fmt::hca6330e3e14086b4
[INFO] [stdout]                                at /rustc/a178d0322ce20e33eac124758e837cbd80a6f633/library/core/src/panicking.rs:92:14
[INFO] [stdout]   15:     0x56473fe1e228 - core::panicking::assert_failed_inner::h33b45280069a80ed
[INFO] [stdout]   16:     0x56473facfa2a - core::panicking::assert_failed::h5b5a7a3b45ae483f
[INFO] [stdout]                                at /rustc/a178d0322ce20e33eac124758e837cbd80a6f633/library/core/src/panicking.rs:117:5
[INFO] [stdout]   17:     0x56473fab645d - known_cases::succeeds_with_env_var_interpolation::h10c1acf5d0de8501
[INFO] [stdout]                                at /opt/rustwide/workdir/tests/known_cases.rs:125:18
[INFO] [stdout]   18:     0x56473fab60ea - known_cases::succeeds_with_env_var_interpolation::{{closure}}::h07fe1eb1f846ea9b
[INFO] [stdout]                                at /opt/rustwide/workdir/tests/known_cases.rs:124:1
[INFO] [stdout]   19:     0x56473facd13e - core::ops::function::FnOnce::call_once::h1241168bf0f9555a
[INFO] [stdout]                                at /rustc/a178d0322ce20e33eac124758e837cbd80a6f633/library/core/src/ops/function.rs:227:5
[INFO] [stdout]   20:     0x56473fb01bf3 - core::ops::function::FnOnce::call_once::h152e7e439ff59e19
[INFO] [stdout]                                at /rustc/a178d0322ce20e33eac124758e837cbd80a6f633/library/core/src/ops/function.rs:227:5
[INFO] [stdout]   21:     0x56473fb01bf3 - test::__rust_begin_short_backtrace::h0908f3b1fdbb72ab
[INFO] [stdout]                                at /rustc/a178d0322ce20e33eac124758e837cbd80a6f633/library/test/src/lib.rs:577:5
[INFO] [stdout]   22:     0x56473fb006b0 - <alloc::boxed::Box<F,A> as core::ops::function::FnOnce<Args>>::call_once::hf6d2a51e5587546c
[INFO] [stdout]                                at /rustc/a178d0322ce20e33eac124758e837cbd80a6f633/library/alloc/src/boxed.rs:1575:9
[INFO] [stdout]   23:     0x56473fb006b0 - <std::panic::AssertUnwindSafe<F> as core::ops::function::FnOnce<()>>::call_once::h8af660f3a89ef593
[INFO] [stdout]                                at /rustc/a178d0322ce20e33eac124758e837cbd80a6f633/library/std/src/panic.rs:347:9
[INFO] [stdout]   24:     0x56473fb006b0 - std::panicking::try::do_call::hd36aef60f84b6d36
[INFO] [stdout]                                at /rustc/a178d0322ce20e33eac124758e837cbd80a6f633/library/std/src/panicking.rs:401:40
[INFO] [stdout]   25:     0x56473fb006b0 - std::panicking::try::h9932b4480e69817c
[INFO] [stdout]                                at /rustc/a178d0322ce20e33eac124758e837cbd80a6f633/library/std/src/panicking.rs:365:19
[INFO] [stdout]   26:     0x56473fb006b0 - std::panic::catch_unwind::h6aa177099cfff5f8
[INFO] [stdout]                                at /rustc/a178d0322ce20e33eac124758e837cbd80a6f633/library/std/src/panic.rs:434:14
[INFO] [stdout]   27:     0x56473fb006b0 - test::run_test_in_process::h5884d6f2d99e20c3
[INFO] [stdout]                                at /rustc/a178d0322ce20e33eac124758e837cbd80a6f633/library/test/src/lib.rs:600:18
[INFO] [stdout]   28:     0x56473fb006b0 - test::run_test::run_test_inner::{{closure}}::h6fdc58c6d5f5b6e3
[INFO] [stdout]                                at /rustc/a178d0322ce20e33eac124758e837cbd80a6f633/library/test/src/lib.rs:492:39
[INFO] [stdout]   29:     0x56473fad9d62 - test::run_test::run_test_inner::{{closure}}::h408365d67a78ade8
[INFO] [stdout]                                at /rustc/a178d0322ce20e33eac124758e837cbd80a6f633/library/test/src/lib.rs:519:37
[INFO] [stdout]   30:     0x56473fad9d62 - std::sys_common::backtrace::__rust_begin_short_backtrace::hb560b77c4f701523
[INFO] [stdout]                                at /rustc/a178d0322ce20e33eac124758e837cbd80a6f633/library/std/src/sys_common/backtrace.rs:125:18
[INFO] [stdout]   31:     0x56473fadd918 - std::thread::Builder::spawn_unchecked::{{closure}}::{{closure}}::hf2e7831dad93c597
[INFO] [stdout]                                at /rustc/a178d0322ce20e33eac124758e837cbd80a6f633/library/std/src/thread/mod.rs:481:17
[INFO] [stdout]   32:     0x56473fadd918 - <std::panic::AssertUnwindSafe<F> as core::ops::function::FnOnce<()>>::call_once::hd2e08783d8be4d02
[INFO] [stdout]                                at /rustc/a178d0322ce20e33eac124758e837cbd80a6f633/library/std/src/panic.rs:347:9
[INFO] [stdout]   33:     0x56473fadd918 - std::panicking::try::do_call::h062597b7acfd6b82
[INFO] [stdout]                                at /rustc/a178d0322ce20e33eac124758e837cbd80a6f633/library/std/src/panicking.rs:401:40
[INFO] [stdout]   34:     0x56473fadd918 - std::panicking::try::h0d7b79db04c14552
[INFO] [stdout]                                at /rustc/a178d0322ce20e33eac124758e837cbd80a6f633/library/std/src/panicking.rs:365:19
[INFO] [stdout]   35:     0x56473fadd918 - std::panic::catch_unwind::hb01a0b5e7c8cd43b
[INFO] [stdout]                                at /rustc/a178d0322ce20e33eac124758e837cbd80a6f633/library/std/src/panic.rs:434:14
[INFO] [stdout]   36:     0x56473fadd918 - std::thread::Builder::spawn_unchecked::{{closure}}::h5bde48cc887e0d1e
[INFO] [stdout]                                at /rustc/a178d0322ce20e33eac124758e837cbd80a6f633/library/std/src/thread/mod.rs:480:30
[INFO] [stdout]   37:     0x56473fadd918 - core::ops::function::FnOnce::call_once{{vtable.shim}}::h745ea30807a29e55
[INFO] [stdout]                                at /rustc/a178d0322ce20e33eac124758e837cbd80a6f633/library/core/src/ops/function.rs:227:5
[INFO] [stdout]   38:     0x56473fe02dc7 - <alloc::boxed::Box<F,A> as core::ops::function::FnOnce<Args>>::call_once::h7ece6cfefaff1005
[INFO] [stdout]                                at /rustc/a178d0322ce20e33eac124758e837cbd80a6f633/library/alloc/src/boxed.rs:1575:9
[INFO] [stdout]   39:     0x56473fe02dc7 - <alloc::boxed::Box<F,A> as core::ops::function::FnOnce<Args>>::call_once::hb8b48e55c21f193e
[INFO] [stdout]                                at /rustc/a178d0322ce20e33eac124758e837cbd80a6f633/library/alloc/src/boxed.rs:1575:9
[INFO] [stdout]   40:     0x56473fe02dc7 - std::sys::unix::thread::Thread::new::thread_start::h8c7c4450dba62914
[INFO] [stdout]                                at /rustc/a178d0322ce20e33eac124758e837cbd80a6f633/library/std/src/sys/unix/thread.rs:71:17
[INFO] [stdout]   41:     0x7f46fcbea609 - start_thread
[INFO] [stdout]   42:     0x7f46fc9bc293 - clone
[INFO] [stdout]   43:                0x0 - <unknown>
[INFO] [stdout] 
[INFO] [stdout] 
[INFO] [stdout] failures:
[INFO] [stdout]     succeeds_with_env_var_interpolation
[INFO] [stdout] 
[INFO] [stdout] test result: FAILED. 40 passed; 1 failed; 0 ignored; 0 measured; 0 filtered out; finished in 0.09s
[INFO] [stdout] 
[INFO] [stderr] error: test failed, to rerun pass '--test known_cases'
[INFO] running `Command { std: "docker" "inspect" "a50ce73fac9461b31036b3dd4344a06acbe262d9d98da95fe125dadb2812411c", kill_on_drop: false }`
[INFO] running `Command { std: "docker" "rm" "-f" "a50ce73fac9461b31036b3dd4344a06acbe262d9d98da95fe125dadb2812411c", kill_on_drop: false }`
[INFO] [stdout] a50ce73fac9461b31036b3dd4344a06acbe262d9d98da95fe125dadb2812411c
