[INFO] cloning repository https://github.com/archion/eHosts
[INFO] running `Command { std: "git" "-c" "credential.helper=" "-c" "credential.helper=/workspace/cargo-home/bin/git-credential-null" "clone" "--bare" "https://github.com/archion/eHosts" "/workspace/cache/git-repos/https%3A%2F%2Fgithub.com%2Farchion%2FeHosts", kill_on_drop: false }`
[INFO] [stderr] Cloning into bare repository '/workspace/cache/git-repos/https%3A%2F%2Fgithub.com%2Farchion%2FeHosts'...
[INFO] running `Command { std: "git" "rev-parse" "HEAD", kill_on_drop: false }`
[INFO] [stdout] a2b12a40857bce3f33923ec39c6bfe77280b39aa
[INFO] testing archion/eHosts against beta-2021-08-01 for beta-1.55-1
[INFO] running `Command { std: "git" "clone" "/workspace/cache/git-repos/https%3A%2F%2Fgithub.com%2Farchion%2FeHosts" "/workspace/builds/worker-34/source", kill_on_drop: false }`
[INFO] [stderr] Cloning into '/workspace/builds/worker-34/source'...
[INFO] [stderr] done.
[INFO] validating manifest of git repo https://github.com/archion/eHosts on toolchain beta-2021-08-01
[INFO] running `Command { std: "/workspace/cargo-home/bin/cargo" "+beta-2021-08-01" "metadata" "--manifest-path" "Cargo.toml" "--no-deps", kill_on_drop: false }`
[INFO] started tweaking git repo https://github.com/archion/eHosts
[INFO] finished tweaking git repo https://github.com/archion/eHosts
[INFO] tweaked toml for git repo https://github.com/archion/eHosts written to /workspace/builds/worker-34/source/Cargo.toml
[INFO] crate git repo https://github.com/archion/eHosts already has a lockfile, it will not be regenerated
[INFO] running `Command { std: "/workspace/cargo-home/bin/cargo" "+beta-2021-08-01" "fetch" "--manifest-path" "Cargo.toml", kill_on_drop: false }`
[INFO] [stderr]     Blocking waiting for file lock on package cache
[INFO] [stderr]     Blocking waiting for file lock on package cache
[INFO] running `Command { std: "docker" "create" "-v" "/var/lib/crater-agent-workspace/builds/worker-34/target:/opt/rustwide/target:rw,Z" "-v" "/var/lib/crater-agent-workspace/builds/worker-34/source:/opt/rustwide/workdir:ro,Z" "-v" "/var/lib/crater-agent-workspace/cargo-home:/opt/rustwide/cargo-home:ro,Z" "-v" "/var/lib/crater-agent-workspace/rustup-home:/opt/rustwide/rustup-home:ro,Z" "-e" "SOURCE_DIR=/opt/rustwide/workdir" "-e" "CARGO_TARGET_DIR=/opt/rustwide/target" "-e" "CARGO_HOME=/opt/rustwide/cargo-home" "-e" "RUSTUP_HOME=/opt/rustwide/rustup-home" "-w" "/opt/rustwide/workdir" "-m" "1610612736" "--user" "0:0" "--network" "none" "ghcr.io/rust-lang/crates-build-env/linux@sha256:34b6a614d2c27851fe6cbf88fbd1137609cefab8b10d0615aaeb6fd47975d74e" "/opt/rustwide/cargo-home/bin/cargo" "+beta-2021-08-01" "metadata" "--no-deps" "--format-version=1", kill_on_drop: false }`
[INFO] [stdout] 0b28d3f8a7ba5823322f438fbccf5545396d139896334187ec06e1bece814ce0
[INFO] running `Command { std: "docker" "start" "-a" "0b28d3f8a7ba5823322f438fbccf5545396d139896334187ec06e1bece814ce0", kill_on_drop: false }`
[INFO] running `Command { std: "docker" "inspect" "0b28d3f8a7ba5823322f438fbccf5545396d139896334187ec06e1bece814ce0", kill_on_drop: false }`
[INFO] running `Command { std: "docker" "rm" "-f" "0b28d3f8a7ba5823322f438fbccf5545396d139896334187ec06e1bece814ce0", kill_on_drop: false }`
[INFO] [stdout] 0b28d3f8a7ba5823322f438fbccf5545396d139896334187ec06e1bece814ce0
[INFO] running `Command { std: "docker" "create" "-v" "/var/lib/crater-agent-workspace/builds/worker-34/target:/opt/rustwide/target:rw,Z" "-v" "/var/lib/crater-agent-workspace/builds/worker-34/source:/opt/rustwide/workdir:ro,Z" "-v" "/var/lib/crater-agent-workspace/cargo-home:/opt/rustwide/cargo-home:ro,Z" "-v" "/var/lib/crater-agent-workspace/rustup-home:/opt/rustwide/rustup-home:ro,Z" "-e" "SOURCE_DIR=/opt/rustwide/workdir" "-e" "CARGO_TARGET_DIR=/opt/rustwide/target" "-e" "CARGO_INCREMENTAL=0" "-e" "RUST_BACKTRACE=full" "-e" "RUSTFLAGS=--cap-lints=warn" "-e" "CARGO_HOME=/opt/rustwide/cargo-home" "-e" "RUSTUP_HOME=/opt/rustwide/rustup-home" "-w" "/opt/rustwide/workdir" "-m" "1610612736" "--user" "0:0" "--network" "none" "ghcr.io/rust-lang/crates-build-env/linux@sha256:34b6a614d2c27851fe6cbf88fbd1137609cefab8b10d0615aaeb6fd47975d74e" "/opt/rustwide/cargo-home/bin/cargo" "+beta-2021-08-01" "build" "--frozen" "--message-format=json", kill_on_drop: false }`
[INFO] [stdout] a0562a85067325abe682dff292403ccdae33ef30e34b9d149a8cc82709a39a27
[INFO] running `Command { std: "docker" "start" "-a" "a0562a85067325abe682dff292403ccdae33ef30e34b9d149a8cc82709a39a27", kill_on_drop: false }`
[INFO] [stderr]     Blocking waiting for file lock on package cache
[INFO] [stderr]     Blocking waiting for file lock on package cache
[INFO] [stderr]    Compiling libc v0.2.20
[INFO] [stderr]    Compiling void v1.0.2
[INFO] [stderr]    Compiling unicode-segmentation v1.0.1
[INFO] [stderr]    Compiling regex-syntax v0.4.0
[INFO] [stderr]    Compiling vec_map v0.6.0
[INFO] [stderr]    Compiling strsim v0.6.0
[INFO] [stderr]    Compiling utf8-ranges v1.0.0
[INFO] [stderr]    Compiling unicode-width v0.1.4
[INFO] [stderr]    Compiling ansi_term v0.9.0
[INFO] [stderr]    Compiling bitflags v0.7.0
[INFO] [stderr]    Compiling thread-id v3.0.0
[INFO] [stderr]    Compiling memchr v1.0.1
[INFO] [stderr]    Compiling term_size v0.2.2
[INFO] [stderr]    Compiling rand v0.3.15
[INFO] [stderr]    Compiling unreachable v0.1.1
[INFO] [stderr]    Compiling aho-corasick v0.6.1
[INFO] [stderr]    Compiling clap v2.20.1
[INFO] [stderr]    Compiling thread_local v0.3.2
[INFO] [stderr]    Compiling regex v0.2.1
[INFO] [stderr]    Compiling eHosts v0.0.1 (/opt/rustwide/workdir)
[INFO] [stdout] warning: `...` range patterns are deprecated
[INFO] [stdout]    --> src/lib.rs:195:14
[INFO] [stdout]     |
[INFO] [stdout] 195 |             1...64 => {
[INFO] [stdout]     |              ^^^ help: use `..=` for an inclusive range
[INFO] [stdout]     |
[INFO] [stdout]     = note: `#[warn(ellipsis_inclusive_range_patterns)]` on by default
[INFO] [stdout]     = warning: this is accepted in the current edition (Rust 2015) but is a hard error in Rust 2021!
[INFO] [stdout]     = note: for more information, see issue #80165 <https://github.com/rust-lang/rust/issues/80165>
[INFO] [stdout] 
[INFO] [stdout] 
[INFO] [stdout] warning: 1 warning emitted
[INFO] [stdout] 
[INFO] [stdout] 
[INFO] [stdout] warning: unnecessary parentheses around function argument
[INFO] [stdout]    --> src/main.rs:347:50
[INFO] [stdout]     |
[INFO] [stdout] 347 |         let socket_addr =  SocketAddrV4::new(ip, ((rand::random::<u16>() % 16382) + 49152));
[INFO] [stdout]     |                                                  ^^^^^^^^^^^^^^^^^^^^^^^^^^^^^^^^^^^^^^^^^ help: remove these parentheses
[INFO] [stdout]     |
[INFO] [stdout]     = note: `#[warn(unused_parens)]` on by default
[INFO] [stdout] 
[INFO] [stdout] 
[INFO] [stdout] warning: use of deprecated associated function `core::str::<impl str>::trim_left_matches`: superseded by `trim_start_matches`
[INFO] [stdout]    --> src/main.rs:281:41
[INFO] [stdout]     |
[INFO] [stdout] 281 |             let mut split = gm.splitn(l.trim_left_matches("#$").trim(), 100);
[INFO] [stdout]     |                                         ^^^^^^^^^^^^^^^^^ help: replace the use of the deprecated associated function: `trim_start_matches`
[INFO] [stdout]     |
[INFO] [stdout]     = note: `#[warn(deprecated)]` on by default
[INFO] [stdout] 
[INFO] [stdout] 
[INFO] [stdout] warning: crate `eHosts` should have a snake case name
[INFO] [stdout]   |
[INFO] [stdout]   = note: `#[warn(non_snake_case)]` on by default
[INFO] [stdout]   = help: convert the identifier to snake case: `e_hosts`
[INFO] [stdout] 
[INFO] [stdout] 
[INFO] [stdout] warning: 3 warnings emitted
[INFO] [stdout] 
[INFO] [stdout] 
[INFO] [stderr]     Finished dev [unoptimized + debuginfo] target(s) in 38.25s
[INFO] running `Command { std: "docker" "inspect" "a0562a85067325abe682dff292403ccdae33ef30e34b9d149a8cc82709a39a27", kill_on_drop: false }`
[INFO] running `Command { std: "docker" "rm" "-f" "a0562a85067325abe682dff292403ccdae33ef30e34b9d149a8cc82709a39a27", kill_on_drop: false }`
[INFO] [stdout] a0562a85067325abe682dff292403ccdae33ef30e34b9d149a8cc82709a39a27
[INFO] running `Command { std: "docker" "create" "-v" "/var/lib/crater-agent-workspace/builds/worker-34/target:/opt/rustwide/target:rw,Z" "-v" "/var/lib/crater-agent-workspace/builds/worker-34/source:/opt/rustwide/workdir:ro,Z" "-v" "/var/lib/crater-agent-workspace/cargo-home:/opt/rustwide/cargo-home:ro,Z" "-v" "/var/lib/crater-agent-workspace/rustup-home:/opt/rustwide/rustup-home:ro,Z" "-e" "SOURCE_DIR=/opt/rustwide/workdir" "-e" "CARGO_TARGET_DIR=/opt/rustwide/target" "-e" "CARGO_INCREMENTAL=0" "-e" "RUST_BACKTRACE=full" "-e" "RUSTFLAGS=--cap-lints=warn" "-e" "CARGO_HOME=/opt/rustwide/cargo-home" "-e" "RUSTUP_HOME=/opt/rustwide/rustup-home" "-w" "/opt/rustwide/workdir" "-m" "1610612736" "--user" "0:0" "--network" "none" "ghcr.io/rust-lang/crates-build-env/linux@sha256:34b6a614d2c27851fe6cbf88fbd1137609cefab8b10d0615aaeb6fd47975d74e" "/opt/rustwide/cargo-home/bin/cargo" "+beta-2021-08-01" "test" "--frozen" "--no-run" "--message-format=json", kill_on_drop: false }`
[INFO] [stdout] cc43029b6c3d0c53bd833029624cc061e6ced568160bae53485ed9036b335afb
[INFO] running `Command { std: "docker" "start" "-a" "cc43029b6c3d0c53bd833029624cc061e6ced568160bae53485ed9036b335afb", kill_on_drop: false }`
[INFO] [stderr]    Compiling eHosts v0.0.1 (/opt/rustwide/workdir)
[INFO] [stdout] warning: `...` range patterns are deprecated
[INFO] [stdout]    --> src/lib.rs:195:14
[INFO] [stdout]     |
[INFO] [stdout] 195 |             1...64 => {
[INFO] [stdout]     |              ^^^ help: use `..=` for an inclusive range
[INFO] [stdout]     |
[INFO] [stdout]     = note: `#[warn(ellipsis_inclusive_range_patterns)]` on by default
[INFO] [stdout]     = warning: this is accepted in the current edition (Rust 2015) but is a hard error in Rust 2021!
[INFO] [stdout]     = note: for more information, see issue #80165 <https://github.com/rust-lang/rust/issues/80165>
[INFO] [stdout] 
[INFO] [stdout] 
[INFO] [stdout] warning: 1 warning emitted
[INFO] [stdout] 
[INFO] [stdout] 
[INFO] [stdout] warning: unnecessary parentheses around function argument
[INFO] [stdout]    --> src/main.rs:347:50
[INFO] [stdout]     |
[INFO] [stdout] 347 |         let socket_addr =  SocketAddrV4::new(ip, ((rand::random::<u16>() % 16382) + 49152));
[INFO] [stdout]     |                                                  ^^^^^^^^^^^^^^^^^^^^^^^^^^^^^^^^^^^^^^^^^ help: remove these parentheses
[INFO] [stdout]     |
[INFO] [stdout]     = note: `#[warn(unused_parens)]` on by default
[INFO] [stdout] 
[INFO] [stdout] 
[INFO] [stdout] warning: `...` range patterns are deprecated
[INFO] [stdout]    --> src/lib.rs:195:14
[INFO] [stdout]     |
[INFO] [stdout] 195 |             1...64 => {
[INFO] [stdout]     |              ^^^ help: use `..=` for an inclusive range
[INFO] [stdout]     |
[INFO] [stdout]     = note: `#[warn(ellipsis_inclusive_range_patterns)]` on by default
[INFO] [stdout]     = warning: this is accepted in the current edition (Rust 2015) but is a hard error in Rust 2021!
[INFO] [stdout]     = note: for more information, see issue #80165 <https://github.com/rust-lang/rust/issues/80165>
[INFO] [stdout] 
[INFO] [stdout] 
[INFO] [stdout] warning: use of deprecated associated function `core::str::<impl str>::trim_left_matches`: superseded by `trim_start_matches`
[INFO] [stdout]    --> src/main.rs:281:41
[INFO] [stdout]     |
[INFO] [stdout] 281 |             let mut split = gm.splitn(l.trim_left_matches("#$").trim(), 100);
[INFO] [stdout]     |                                         ^^^^^^^^^^^^^^^^^ help: replace the use of the deprecated associated function: `trim_start_matches`
[INFO] [stdout]     |
[INFO] [stdout]     = note: `#[warn(deprecated)]` on by default
[INFO] [stdout] 
[INFO] [stdout] 
[INFO] [stdout] warning: crate `eHosts` should have a snake case name
[INFO] [stdout]   |
[INFO] [stdout]   = note: `#[warn(non_snake_case)]` on by default
[INFO] [stdout]   = help: convert the identifier to snake case: `e_hosts`
[INFO] [stdout] 
[INFO] [stdout] 
[INFO] [stdout] warning: 3 warnings emitted
[INFO] [stdout] 
[INFO] [stdout] 
[INFO] [stdout] warning: 1 warning emitted
[INFO] [stdout] 
[INFO] [stdout] 
[INFO] [stderr]     Finished test [unoptimized + debuginfo] target(s) in 0.63s
[INFO] running `Command { std: "docker" "inspect" "cc43029b6c3d0c53bd833029624cc061e6ced568160bae53485ed9036b335afb", kill_on_drop: false }`
[INFO] running `Command { std: "docker" "rm" "-f" "cc43029b6c3d0c53bd833029624cc061e6ced568160bae53485ed9036b335afb", kill_on_drop: false }`
[INFO] [stdout] cc43029b6c3d0c53bd833029624cc061e6ced568160bae53485ed9036b335afb
[INFO] running `Command { std: "docker" "create" "-v" "/var/lib/crater-agent-workspace/builds/worker-34/target:/opt/rustwide/target:rw,Z" "-v" "/var/lib/crater-agent-workspace/builds/worker-34/source:/opt/rustwide/workdir:ro,Z" "-v" "/var/lib/crater-agent-workspace/cargo-home:/opt/rustwide/cargo-home:ro,Z" "-v" "/var/lib/crater-agent-workspace/rustup-home:/opt/rustwide/rustup-home:ro,Z" "-e" "SOURCE_DIR=/opt/rustwide/workdir" "-e" "CARGO_TARGET_DIR=/opt/rustwide/target" "-e" "CARGO_INCREMENTAL=0" "-e" "RUST_BACKTRACE=full" "-e" "RUSTFLAGS=--cap-lints=warn" "-e" "CARGO_HOME=/opt/rustwide/cargo-home" "-e" "RUSTUP_HOME=/opt/rustwide/rustup-home" "-w" "/opt/rustwide/workdir" "-m" "1610612736" "--user" "0:0" "--network" "none" "ghcr.io/rust-lang/crates-build-env/linux@sha256:34b6a614d2c27851fe6cbf88fbd1137609cefab8b10d0615aaeb6fd47975d74e" "/opt/rustwide/cargo-home/bin/cargo" "+beta-2021-08-01" "test" "--frozen", kill_on_drop: false }`
[INFO] [stdout] 7ccfe7e423afe4d6b6190c9e3a2f1d678788bbd22483619047b8ee5fc0dd40ae
[INFO] running `Command { std: "docker" "start" "-a" "7ccfe7e423afe4d6b6190c9e3a2f1d678788bbd22483619047b8ee5fc0dd40ae", kill_on_drop: false }`
[INFO] [stderr] warning: `...` range patterns are deprecated
[INFO] [stderr]    --> src/lib.rs:195:14
[INFO] [stderr]     |
[INFO] [stderr] 195 |             1...64 => {
[INFO] [stderr]     |              ^^^ help: use `..=` for an inclusive range
[INFO] [stderr]     |
[INFO] [stderr]     = note: `#[warn(ellipsis_inclusive_range_patterns)]` on by default
[INFO] [stderr]     = warning: this is accepted in the current edition (Rust 2015) but is a hard error in Rust 2021!
[INFO] [stderr]     = note: for more information, see issue #80165 <https://github.com/rust-lang/rust/issues/80165>
[INFO] [stderr] 
[INFO] [stderr] warning: `eHosts` (lib) generated 1 warning
[INFO] [stderr] warning: `eHosts` (lib test) generated 1 warning (1 duplicate)
[INFO] [stderr] warning: unnecessary parentheses around function argument
[INFO] [stderr]    --> src/main.rs:347:50
[INFO] [stderr]     |
[INFO] [stderr] 347 |         let socket_addr =  SocketAddrV4::new(ip, ((rand::random::<u16>() % 16382) + 49152));
[INFO] [stderr]     |                                                  ^^^^^^^^^^^^^^^^^^^^^^^^^^^^^^^^^^^^^^^^^ help: remove these parentheses
[INFO] [stderr]     |
[INFO] [stderr]     = note: `#[warn(unused_parens)]` on by default
[INFO] [stderr] 
[INFO] [stderr] warning: use of deprecated associated function `core::str::<impl str>::trim_left_matches`: superseded by `trim_start_matches`
[INFO] [stderr]    --> src/main.rs:281:41
[INFO] [stderr]     |
[INFO] [stderr] 281 |             let mut split = gm.splitn(l.trim_left_matches("#$").trim(), 100);
[INFO] [stderr]     |                                         ^^^^^^^^^^^^^^^^^ help: replace the use of the deprecated associated function: `trim_start_matches`
[INFO] [stderr]     |
[INFO] [stderr]     = note: `#[warn(deprecated)]` on by default
[INFO] [stderr] 
[INFO] [stderr] warning: crate `eHosts` should have a snake case name
[INFO] [stderr]   |
[INFO] [stderr]   = note: `#[warn(non_snake_case)]` on by default
[INFO] [stderr]   = help: convert the identifier to snake case: `e_hosts`
[INFO] [stderr] 
[INFO] [stderr] warning: `eHosts` (bin "eHosts" test) generated 3 warnings
[INFO] [stderr]     Finished test [unoptimized + debuginfo] target(s) in 0.02s
[INFO] [stderr]      Running unittests (/opt/rustwide/target/debug/deps/dns-f8c9782e1a86e9ea)
[INFO] [stdout] 
[INFO] [stdout] running 2 tests
[INFO] [stdout] test test::test_to_dns_tcp ... FAILED
[INFO] [stdout] test test::test_to_dns_udp ... FAILED
[INFO] [stdout] 
[INFO] [stdout] failures:
[INFO] [stdout] 
[INFO] [stdout] ---- test::test_to_dns_tcp stdout ----
[INFO] [stdout] thread 'test::test_to_dns_tcp' panicked at 'assertion failed: `(left == right)`
[INFO] [stdout]   left: `"DnsMsg { head: Header { id: 52708, qe: 33152, qdc: 1, anc: 3, nsc: 0, arc: 0 }, ques: [Question { qname: [\"www\", \"baidu\", \"com\"], qtype: 1, qclass: 1 }], ansr: [RR { name: [\"www\", \"baidu\", \"com\"], tp: 5, class: 1, ttl: 1106, rdlen: 15, rdata: Cname([\"www\", \"a\", \"shifen\", \"com\"]) }, RR { name: [\"www\", \"a\", \"shifen\", \"com\"], tp: 1, class: 1, ttl: 208, rdlen: 4, rdata: IpAddr(119.75.218.70) }, RR { name: [\"www\", \"a\", \"shifen\", \"com\"], tp: 1, class: 1, ttl: 208, rdlen: 4, rdata: IpAddr(119.75.217.109) }], auth: [], addi: [] }"`,
[INFO] [stdout]  right: `"DnsMsg { head: Header { id: 52708, qe: 33152, qdc: 1, anc: 3, nsc: 0, arc: 0 }, ques: [Question { qname: [\"www\", \"baidu\", \"com\"], qtype: 1, qclass: 1 }], ansr: [RR { name: [\"www\", \"baidu\", \"com\"], tp: 5, class: 1, ttl: 1106, rdlen: 15, rdata: Cname([\"www\", \"a\", \"shifen\", \"com\"]) }, RR { name: [\"www\", \"a\", \"shifen\", \"com\"], tp: 1, class: 1, ttl: 208, rdlen: 4, rdata: IpAddr(V4(119.75.218.70)) }, RR { name: [\"www\", \"a\", \"shifen\", \"com\"], tp: 1, class: 1, ttl: 208, rdlen: 4, rdata: IpAddr(V4(119.75.217.109)) }], auth: [], addi: [] }"`', src/lib.rs:309:9
[INFO] [stdout] stack backtrace:
[INFO] [stdout]    0:     0x55d4925a7d60 - std::backtrace_rs::backtrace::libunwind::trace::hff4d1766e93f64f1
[INFO] [stdout]                                at /rustc/53fd98ca776cb875bc9e5514f56b52eb74f9e7a9/library/std/src/../../backtrace/src/backtrace/libunwind.rs:90:5
[INFO] [stdout]    1:     0x55d4925a7d60 - std::backtrace_rs::backtrace::trace_unsynchronized::h56bbc8eb78770bcb
[INFO] [stdout]                                at /rustc/53fd98ca776cb875bc9e5514f56b52eb74f9e7a9/library/std/src/../../backtrace/src/backtrace/mod.rs:66:5
[INFO] [stdout]    2:     0x55d4925a7d60 - std::sys_common::backtrace::_print_fmt::h5c8e75464faca780
[INFO] [stdout]                                at /rustc/53fd98ca776cb875bc9e5514f56b52eb74f9e7a9/library/std/src/sys_common/backtrace.rs:67:5
[INFO] [stdout]    3:     0x55d4925a7d60 - <std::sys_common::backtrace::_print::DisplayBacktrace as core::fmt::Display>::fmt::h48b88277def8b362
[INFO] [stdout]                                at /rustc/53fd98ca776cb875bc9e5514f56b52eb74f9e7a9/library/std/src/sys_common/backtrace.rs:46:22
[INFO] [stdout]    4:     0x55d4925ca6cc - core::fmt::write::h3381b3176fe2b3d3
[INFO] [stdout]                                at /rustc/53fd98ca776cb875bc9e5514f56b52eb74f9e7a9/library/core/src/fmt/mod.rs:1115:17
[INFO] [stdout]    5:     0x55d4925a3d15 - std::io::Write::write_fmt::h5f34a676f60246b5
[INFO] [stdout]                                at /rustc/53fd98ca776cb875bc9e5514f56b52eb74f9e7a9/library/std/src/io/mod.rs:1665:15
[INFO] [stdout]    6:     0x55d4925a9edb - std::sys_common::backtrace::_print::ha537687d6c17dd0d
[INFO] [stdout]                                at /rustc/53fd98ca776cb875bc9e5514f56b52eb74f9e7a9/library/std/src/sys_common/backtrace.rs:49:5
[INFO] [stdout]    7:     0x55d4925a9edb - std::sys_common::backtrace::print::h61376ae57d131d72
[INFO] [stdout]                                at /rustc/53fd98ca776cb875bc9e5514f56b52eb74f9e7a9/library/std/src/sys_common/backtrace.rs:36:9
[INFO] [stdout]    8:     0x55d4925a9edb - std::panicking::default_hook::{{closure}}::h0f7208c0b9644a54
[INFO] [stdout]                                at /rustc/53fd98ca776cb875bc9e5514f56b52eb74f9e7a9/library/std/src/panicking.rs:208:50
[INFO] [stdout]    9:     0x55d4925a99ec - std::panicking::default_hook::hdac7fc06578c14ce
[INFO] [stdout]                                at /rustc/53fd98ca776cb875bc9e5514f56b52eb74f9e7a9/library/std/src/panicking.rs:222:9
[INFO] [stdout]   10:     0x55d4925aa5a4 - std::panicking::rust_panic_with_hook::h72b21c283da3d1ef
[INFO] [stdout]                                at /rustc/53fd98ca776cb875bc9e5514f56b52eb74f9e7a9/library/std/src/panicking.rs:622:17
[INFO] [stdout]   11:     0x55d4925aa087 - std::panicking::begin_panic_handler::{{closure}}::he5778f1729cff84a
[INFO] [stdout]                                at /rustc/53fd98ca776cb875bc9e5514f56b52eb74f9e7a9/library/std/src/panicking.rs:519:13
[INFO] [stdout]   12:     0x55d4925a823c - std::sys_common::backtrace::__rust_end_short_backtrace::h2d11ca8b453b4b1d
[INFO] [stdout]                                at /rustc/53fd98ca776cb875bc9e5514f56b52eb74f9e7a9/library/std/src/sys_common/backtrace.rs:141:18
[INFO] [stdout]   13:     0x55d4925a9fe9 - rust_begin_unwind
[INFO] [stdout]                                at /rustc/53fd98ca776cb875bc9e5514f56b52eb74f9e7a9/library/std/src/panicking.rs:515:5
[INFO] [stdout]   14:     0x55d49254b3b1 - core::panicking::panic_fmt::hf9de31d4acbce4db
[INFO] [stdout]                                at /rustc/53fd98ca776cb875bc9e5514f56b52eb74f9e7a9/library/core/src/panicking.rs:92:14
[INFO] [stdout]   15:     0x55d4925c8fe8 - core::panicking::assert_failed_inner::h62e8cb2847a6e7ec
[INFO] [stdout]   16:     0x55d4925515de - core::panicking::assert_failed::hdaa4e156def93370
[INFO] [stdout]                                at /rustc/53fd98ca776cb875bc9e5514f56b52eb74f9e7a9/library/core/src/panicking.rs:117:5
[INFO] [stdout]   17:     0x55d492555c49 - dns::test::test_to_dns_tcp::h7135a66d6038574f
[INFO] [stdout]                                at /opt/rustwide/workdir/src/lib.rs:309:9
[INFO] [stdout]   18:     0x55d49255581a - dns::test::test_to_dns_tcp::{{closure}}::h8946963e7c9d0027
[INFO] [stdout]                                at /opt/rustwide/workdir/src/lib.rs:307:5
[INFO] [stdout]   19:     0x55d49255746e - core::ops::function::FnOnce::call_once::ha366ad9af671c184
[INFO] [stdout]                                at /rustc/53fd98ca776cb875bc9e5514f56b52eb74f9e7a9/library/core/src/ops/function.rs:227:5
[INFO] [stdout]   20:     0x55d49258b3f3 - core::ops::function::FnOnce::call_once::hbb52c4519d3137b0
[INFO] [stdout]                                at /rustc/53fd98ca776cb875bc9e5514f56b52eb74f9e7a9/library/core/src/ops/function.rs:227:5
[INFO] [stdout]   21:     0x55d49258b3f3 - test::__rust_begin_short_backtrace::h86fe3a2a5a5121af
[INFO] [stdout]                                at /rustc/53fd98ca776cb875bc9e5514f56b52eb74f9e7a9/library/test/src/lib.rs:578:5
[INFO] [stdout]   22:     0x55d492589ea8 - <alloc::boxed::Box<F,A> as core::ops::function::FnOnce<Args>>::call_once::hfd956bc3d57399be
[INFO] [stdout]                                at /rustc/53fd98ca776cb875bc9e5514f56b52eb74f9e7a9/library/alloc/src/boxed.rs:1572:9
[INFO] [stdout]   23:     0x55d492589ea8 - <std::panic::AssertUnwindSafe<F> as core::ops::function::FnOnce<()>>::call_once::h40dc93e0ddb5938a
[INFO] [stdout]                                at /rustc/53fd98ca776cb875bc9e5514f56b52eb74f9e7a9/library/std/src/panic.rs:347:9
[INFO] [stdout]   24:     0x55d492589ea8 - std::panicking::try::do_call::h90d07750cb47c562
[INFO] [stdout]                                at /rustc/53fd98ca776cb875bc9e5514f56b52eb74f9e7a9/library/std/src/panicking.rs:401:40
[INFO] [stdout]   25:     0x55d492589ea8 - std::panicking::try::h063c84733ad2a629
[INFO] [stdout]                                at /rustc/53fd98ca776cb875bc9e5514f56b52eb74f9e7a9/library/std/src/panicking.rs:365:19
[INFO] [stdout]   26:     0x55d492589ea8 - std::panic::catch_unwind::h0c464836a84e7c08
[INFO] [stdout]                                at /rustc/53fd98ca776cb875bc9e5514f56b52eb74f9e7a9/library/std/src/panic.rs:434:14
[INFO] [stdout]   27:     0x55d492589ea8 - test::run_test_in_process::h5cb06ef620b157fc
[INFO] [stdout]                                at /rustc/53fd98ca776cb875bc9e5514f56b52eb74f9e7a9/library/test/src/lib.rs:601:18
[INFO] [stdout]   28:     0x55d492589ea8 - test::run_test::run_test_inner::{{closure}}::h76f677f4b93f9828
[INFO] [stdout]                                at /rustc/53fd98ca776cb875bc9e5514f56b52eb74f9e7a9/library/test/src/lib.rs:493:39
[INFO] [stdout]   29:     0x55d49255863d - test::run_test::run_test_inner::{{closure}}::h366d01fe04f4d67a
[INFO] [stdout]                                at /rustc/53fd98ca776cb875bc9e5514f56b52eb74f9e7a9/library/test/src/lib.rs:520:37
[INFO] [stdout]   30:     0x55d49255863d - std::sys_common::backtrace::__rust_begin_short_backtrace::h7dfa0de4eb395af2
[INFO] [stdout]                                at /rustc/53fd98ca776cb875bc9e5514f56b52eb74f9e7a9/library/std/src/sys_common/backtrace.rs:125:18
[INFO] [stdout]   31:     0x55d49255ce08 - std::thread::Builder::spawn_unchecked::{{closure}}::{{closure}}::hf0a74bb58798037f
[INFO] [stdout]                                at /rustc/53fd98ca776cb875bc9e5514f56b52eb74f9e7a9/library/std/src/thread/mod.rs:476:17
[INFO] [stdout]   32:     0x55d49255ce08 - <std::panic::AssertUnwindSafe<F> as core::ops::function::FnOnce<()>>::call_once::hb024e854818586ac
[INFO] [stdout]                                at /rustc/53fd98ca776cb875bc9e5514f56b52eb74f9e7a9/library/std/src/panic.rs:347:9
[INFO] [stdout]   33:     0x55d49255ce08 - std::panicking::try::do_call::hb2dd9f1d0d48e41d
[INFO] [stdout]                                at /rustc/53fd98ca776cb875bc9e5514f56b52eb74f9e7a9/library/std/src/panicking.rs:401:40
[INFO] [stdout]   34:     0x55d49255ce08 - std::panicking::try::h4717ae7bac8b2bf3
[INFO] [stdout]                                at /rustc/53fd98ca776cb875bc9e5514f56b52eb74f9e7a9/library/std/src/panicking.rs:365:19
[INFO] [stdout]   35:     0x55d49255ce08 - std::panic::catch_unwind::h0dc8a061326ce8d8
[INFO] [stdout]                                at /rustc/53fd98ca776cb875bc9e5514f56b52eb74f9e7a9/library/std/src/panic.rs:434:14
[INFO] [stdout]   36:     0x55d49255ce08 - std::thread::Builder::spawn_unchecked::{{closure}}::haa369e2d6fd00aa1
[INFO] [stdout]                                at /rustc/53fd98ca776cb875bc9e5514f56b52eb74f9e7a9/library/std/src/thread/mod.rs:475:30
[INFO] [stdout]   37:     0x55d49255ce08 - core::ops::function::FnOnce::call_once{{vtable.shim}}::h36dcf3de8b056f17
[INFO] [stdout]                                at /rustc/53fd98ca776cb875bc9e5514f56b52eb74f9e7a9/library/core/src/ops/function.rs:227:5
[INFO] [stdout]   38:     0x55d4925af117 - <alloc::boxed::Box<F,A> as core::ops::function::FnOnce<Args>>::call_once::h65c29e4642be2358
[INFO] [stdout]                                at /rustc/53fd98ca776cb875bc9e5514f56b52eb74f9e7a9/library/alloc/src/boxed.rs:1572:9
[INFO] [stdout]   39:     0x55d4925af117 - <alloc::boxed::Box<F,A> as core::ops::function::FnOnce<Args>>::call_once::hd0f8f7fbbd9fffbf
[INFO] [stdout]                                at /rustc/53fd98ca776cb875bc9e5514f56b52eb74f9e7a9/library/alloc/src/boxed.rs:1572:9
[INFO] [stdout]   40:     0x55d4925af117 - std::sys::unix::thread::Thread::new::thread_start::h2fd22fee3ca77b65
[INFO] [stdout]                                at /rustc/53fd98ca776cb875bc9e5514f56b52eb74f9e7a9/library/std/src/sys/unix/thread.rs:74:17
[INFO] [stdout]   41:     0x7feb50af0609 - start_thread
[INFO] [stdout]   42:     0x7feb508c2293 - clone
[INFO] [stdout]   43:                0x0 - <unknown>
[INFO] [stdout] 
[INFO] [stdout] ---- test::test_to_dns_udp stdout ----
[INFO] [stdout] thread 'test::test_to_dns_udp' panicked at 'assertion failed: `(left == right)`
[INFO] [stdout]   left: `"DnsMsg { head: Header { id: 52708, qe: 33152, qdc: 1, anc: 3, nsc: 0, arc: 0 }, ques: [Question { qname: [\"www\", \"baidu\", \"com\"], qtype: 1, qclass: 1 }], ansr: [RR { name: [\"www\", \"baidu\", \"com\"], tp: 5, class: 1, ttl: 1106, rdlen: 15, rdata: Cname([\"www\", \"a\", \"shifen\", \"com\"]) }, RR { name: [\"www\", \"a\", \"shifen\", \"com\"], tp: 1, class: 1, ttl: 208, rdlen: 4, rdata: IpAddr(119.75.218.70) }, RR { name: [\"www\", \"a\", \"shifen\", \"com\"], tp: 1, class: 1, ttl: 208, rdlen: 4, rdata: IpAddr(119.75.217.109) }], auth: [], addi: [] }"`,
[INFO] [stdout]  right: `"DnsMsg { head: Header { id: 52708, qe: 33152, qdc: 1, anc: 3, nsc: 0, arc: 0 }, ques: [Question { qname: [\"www\", \"baidu\", \"com\"], qtype: 1, qclass: 1 }], ansr: [RR { name: [\"www\", \"baidu\", \"com\"], tp: 5, class: 1, ttl: 1106, rdlen: 15, rdata: Cname([\"www\", \"a\", \"shifen\", \"com\"]) }, RR { name: [\"www\", \"a\", \"shifen\", \"com\"], tp: 1, class: 1, ttl: 208, rdlen: 4, rdata: IpAddr(V4(119.75.218.70)) }, RR { name: [\"www\", \"a\", \"shifen\", \"com\"], tp: 1, class: 1, ttl: 208, rdlen: 4, rdata: IpAddr(V4(119.75.217.109)) }], auth: [], addi: [] }"`', src/lib.rs:300:9
[INFO] [stdout] stack backtrace:
[INFO] [stdout]    0:     0x55d4925a7d60 - std::backtrace_rs::backtrace::libunwind::trace::hff4d1766e93f64f1
[INFO] [stdout]                                at /rustc/53fd98ca776cb875bc9e5514f56b52eb74f9e7a9/library/std/src/../../backtrace/src/backtrace/libunwind.rs:90:5
[INFO] [stdout]    1:     0x55d4925a7d60 - std::backtrace_rs::backtrace::trace_unsynchronized::h56bbc8eb78770bcb
[INFO] [stdout]                                at /rustc/53fd98ca776cb875bc9e5514f56b52eb74f9e7a9/library/std/src/../../backtrace/src/backtrace/mod.rs:66:5
[INFO] [stdout]    2:     0x55d4925a7d60 - std::sys_common::backtrace::_print_fmt::h5c8e75464faca780
[INFO] [stdout]                                at /rustc/53fd98ca776cb875bc9e5514f56b52eb74f9e7a9/library/std/src/sys_common/backtrace.rs:67:5
[INFO] [stdout]    3:     0x55d4925a7d60 - <std::sys_common::backtrace::_print::DisplayBacktrace as core::fmt::Display>::fmt::h48b88277def8b362
[INFO] [stdout]                                at /rustc/53fd98ca776cb875bc9e5514f56b52eb74f9e7a9/library/std/src/sys_common/backtrace.rs:46:22
[INFO] [stdout]    4:     0x55d4925ca6cc - core::fmt::write::h3381b3176fe2b3d3
[INFO] [stdout]                                at /rustc/53fd98ca776cb875bc9e5514f56b52eb74f9e7a9/library/core/src/fmt/mod.rs:1115:17
[INFO] [stdout]    5:     0x55d4925a3d15 - std::io::Write::write_fmt::h5f34a676f60246b5
[INFO] [stdout]                                at /rustc/53fd98ca776cb875bc9e5514f56b52eb74f9e7a9/library/std/src/io/mod.rs:1665:15
[INFO] [stdout]    6:     0x55d4925a9edb - std::sys_common::backtrace::_print::ha537687d6c17dd0d
[INFO] [stdout]                                at /rustc/53fd98ca776cb875bc9e5514f56b52eb74f9e7a9/library/std/src/sys_common/backtrace.rs:49:5
[INFO] [stdout]    7:     0x55d4925a9edb - std::sys_common::backtrace::print::h61376ae57d131d72
[INFO] [stdout]                                at /rustc/53fd98ca776cb875bc9e5514f56b52eb74f9e7a9/library/std/src/sys_common/backtrace.rs:36:9
[INFO] [stdout]    8:     0x55d4925a9edb - std::panicking::default_hook::{{closure}}::h0f7208c0b9644a54
[INFO] [stdout]                                at /rustc/53fd98ca776cb875bc9e5514f56b52eb74f9e7a9/library/std/src/panicking.rs:208:50
[INFO] [stdout]    9:     0x55d4925a99ec - std::panicking::default_hook::hdac7fc06578c14ce
[INFO] [stdout]                                at /rustc/53fd98ca776cb875bc9e5514f56b52eb74f9e7a9/library/std/src/panicking.rs:222:9
[INFO] [stdout]   10:     0x55d4925aa5a4 - std::panicking::rust_panic_with_hook::h72b21c283da3d1ef
[INFO] [stdout]                                at /rustc/53fd98ca776cb875bc9e5514f56b52eb74f9e7a9/library/std/src/panicking.rs:622:17
[INFO] [stdout]   11:     0x55d4925aa087 - std::panicking::begin_panic_handler::{{closure}}::he5778f1729cff84a
[INFO] [stdout]                                at /rustc/53fd98ca776cb875bc9e5514f56b52eb74f9e7a9/library/std/src/panicking.rs:519:13
[INFO] [stdout]   12:     0x55d4925a823c - std::sys_common::backtrace::__rust_end_short_backtrace::h2d11ca8b453b4b1d
[INFO] [stdout]                                at /rustc/53fd98ca776cb875bc9e5514f56b52eb74f9e7a9/library/std/src/sys_common/backtrace.rs:141:18
[INFO] [stdout]   13:     0x55d4925a9fe9 - rust_begin_unwind
[INFO] [stdout]                                at /rustc/53fd98ca776cb875bc9e5514f56b52eb74f9e7a9/library/std/src/panicking.rs:515:5
[INFO] [stdout]   14:     0x55d49254b3b1 - core::panicking::panic_fmt::hf9de31d4acbce4db
[INFO] [stdout]                                at /rustc/53fd98ca776cb875bc9e5514f56b52eb74f9e7a9/library/core/src/panicking.rs:92:14
[INFO] [stdout]   15:     0x55d4925c8fe8 - core::panicking::assert_failed_inner::h62e8cb2847a6e7ec
[INFO] [stdout]   16:     0x55d4925515de - core::panicking::assert_failed::hdaa4e156def93370
[INFO] [stdout]                                at /rustc/53fd98ca776cb875bc9e5514f56b52eb74f9e7a9/library/core/src/panicking.rs:117:5
[INFO] [stdout]   17:     0x55d4925557ff - dns::test::test_to_dns_udp::h03e7e725c51c4e20
[INFO] [stdout]                                at /opt/rustwide/workdir/src/lib.rs:300:9
[INFO] [stdout]   18:     0x55d4925553da - dns::test::test_to_dns_udp::{{closure}}::hda3cddc3c2698f49
[INFO] [stdout]                                at /opt/rustwide/workdir/src/lib.rs:298:5
[INFO] [stdout]   19:     0x55d4925573fe - core::ops::function::FnOnce::call_once::h2a8fbe0c11c430a7
[INFO] [stdout]                                at /rustc/53fd98ca776cb875bc9e5514f56b52eb74f9e7a9/library/core/src/ops/function.rs:227:5
[INFO] [stdout]   20:     0x55d49258b3f3 - core::ops::function::FnOnce::call_once::hbb52c4519d3137b0
[INFO] [stdout]                                at /rustc/53fd98ca776cb875bc9e5514f56b52eb74f9e7a9/library/core/src/ops/function.rs:227:5
[INFO] [stdout]   21:     0x55d49258b3f3 - test::__rust_begin_short_backtrace::h86fe3a2a5a5121af
[INFO] [stdout]                                at /rustc/53fd98ca776cb875bc9e5514f56b52eb74f9e7a9/library/test/src/lib.rs:578:5
[INFO] [stdout]   22:     0x55d492589ea8 - <alloc::boxed::Box<F,A> as core::ops::function::FnOnce<Args>>::call_once::hfd956bc3d57399be
[INFO] [stdout]                                at /rustc/53fd98ca776cb875bc9e5514f56b52eb74f9e7a9/library/alloc/src/boxed.rs:1572:9
[INFO] [stdout]   23:     0x55d492589ea8 - <std::panic::AssertUnwindSafe<F> as core::ops::function::FnOnce<()>>::call_once::h40dc93e0ddb5938a
[INFO] [stdout]                                at /rustc/53fd98ca776cb875bc9e5514f56b52eb74f9e7a9/library/std/src/panic.rs:347:9
[INFO] [stdout]   24:     0x55d492589ea8 - std::panicking::try::do_call::h90d07750cb47c562
[INFO] [stdout]                                at /rustc/53fd98ca776cb875bc9e5514f56b52eb74f9e7a9/library/std/src/panicking.rs:401:40
[INFO] [stdout]   25:     0x55d492589ea8 - std::panicking::try::h063c84733ad2a629
[INFO] [stdout]                                at /rustc/53fd98ca776cb875bc9e5514f56b52eb74f9e7a9/library/std/src/panicking.rs:365:19
[INFO] [stdout]   26:     0x55d492589ea8 - std::panic::catch_unwind::h0c464836a84e7c08
[INFO] [stdout]                                at /rustc/53fd98ca776cb875bc9e5514f56b52eb74f9e7a9/library/std/src/panic.rs:434:14
[INFO] [stdout]   27:     0x55d492589ea8 - test::run_test_in_process::h5cb06ef620b157fc
[INFO] [stdout]                                at /rustc/53fd98ca776cb875bc9e5514f56b52eb74f9e7a9/library/test/src/lib.rs:601:18
[INFO] [stdout]   28:     0x55d492589ea8 - test::run_test::run_test_inner::{{closure}}::h76f677f4b93f9828
[INFO] [stdout]                                at /rustc/53fd98ca776cb875bc9e5514f56b52eb74f9e7a9/library/test/src/lib.rs:493:39
[INFO] [stdout]   29:     0x55d49255863d - test::run_test::run_test_inner::{{closure}}::h366d01fe04f4d67a
[INFO] [stdout]                                at /rustc/53fd98ca776cb875bc9e5514f56b52eb74f9e7a9/library/test/src/lib.rs:520:37
[INFO] [stdout]   30:     0x55d49255863d - std::sys_common::backtrace::__rust_begin_short_backtrace::h7dfa0de4eb395af2
[INFO] [stdout]                                at /rustc/53fd98ca776cb875bc9e5514f56b52eb74f9e7a9/library/std/src/sys_common/backtrace.rs:125:18
[INFO] [stdout]   31:     0x55d49255ce08 - std::thread::Builder::spawn_unchecked::{{closure}}::{{closure}}::hf0a74bb58798037f
[INFO] [stdout]                                at /rustc/53fd98ca776cb875bc9e5514f56b52eb74f9e7a9/library/std/src/thread/mod.rs:476:17
[INFO] [stdout]   32:     0x55d49255ce08 - <std::panic::AssertUnwindSafe<F> as core::ops::function::FnOnce<()>>::call_once::hb024e854818586ac
[INFO] [stdout]                                at /rustc/53fd98ca776cb875bc9e5514f56b52eb74f9e7a9/library/std/src/panic.rs:347:9
[INFO] [stdout]   33:     0x55d49255ce08 - std::panicking::try::do_call::hb2dd9f1d0d48e41d
[INFO] [stdout]                                at /rustc/53fd98ca776cb875bc9e5514f56b52eb74f9e7a9/library/std/src/panicking.rs:401:40
[INFO] [stdout]   34:     0x55d49255ce08 - std::panicking::try::h4717ae7bac8b2bf3
[INFO] [stdout]                                at /rustc/53fd98ca776cb875bc9e5514f56b52eb74f9e7a9/library/std/src/panicking.rs:365:19
[INFO] [stdout]   35:     0x55d49255ce08 - std::panic::catch_unwind::h0dc8a061326ce8d8
[INFO] [stdout]                                at /rustc/53fd98ca776cb875bc9e5514f56b52eb74f9e7a9/library/std/src/panic.rs:434:14
[INFO] [stdout]   36:     0x55d49255ce08 - std::thread::Builder::spawn_unchecked::{{closure}}::haa369e2d6fd00aa1
[INFO] [stdout]                                at /rustc/53fd98ca776cb875bc9e5514f56b52eb74f9e7a9/library/std/src/thread/mod.rs:475:30
[INFO] [stdout]   37:     0x55d49255ce08 - core::ops::function::FnOnce::call_once{{vtable.shim}}::h36dcf3de8b056f17
[INFO] [stdout]                                at /rustc/53fd98ca776cb875bc9e5514f56b52eb74f9e7a9/library/core/src/ops/function.rs:227:5
[INFO] [stdout]   38:     0x55d4925af117 - <alloc::boxed::Box<F,A> as core::ops::function::FnOnce<Args>>::call_once::h65c29e4642be2358
[INFO] [stdout]                                at /rustc/53fd98ca776cb875bc9e5514f56b52eb74f9e7a9/library/alloc/src/boxed.rs:1572:9
[INFO] [stdout]   39:     0x55d4925af117 - <alloc::boxed::Box<F,A> as core::ops::function::FnOnce<Args>>::call_once::hd0f8f7fbbd9fffbf
[INFO] [stdout]                                at /rustc/53fd98ca776cb875bc9e5514f56b52eb74f9e7a9/library/alloc/src/boxed.rs:1572:9
[INFO] [stdout]   40:     0x55d4925af117 - std::sys::unix::thread::Thread::new::thread_start::h2fd22fee3ca77b65
[INFO] [stdout]                                at /rustc/53fd98ca776cb875bc9e5514f56b52eb74f9e7a9/library/std/src/sys/unix/thread.rs:74:17
[INFO] [stdout]   41:     0x7feb50af0609 - start_thread
[INFO] [stdout]   42:     0x7feb508c2293 - clone
[INFO] [stdout]   43:                0x0 - <unknown>
[INFO] [stdout] 
[INFO] [stdout] 
[INFO] [stdout] failures:
[INFO] [stdout]     test::test_to_dns_tcp
[INFO] [stdout]     test::test_to_dns_udp
[INFO] [stdout] 
[INFO] [stdout] test result: FAILED. 0 passed; 2 failed; 0 ignored; 0 measured; 0 filtered out; finished in 0.01s
[INFO] [stdout] 
[INFO] [stderr] error: test failed, to rerun pass '--lib'
[INFO] running `Command { std: "docker" "inspect" "7ccfe7e423afe4d6b6190c9e3a2f1d678788bbd22483619047b8ee5fc0dd40ae", kill_on_drop: false }`
[INFO] running `Command { std: "docker" "rm" "-f" "7ccfe7e423afe4d6b6190c9e3a2f1d678788bbd22483619047b8ee5fc0dd40ae", kill_on_drop: false }`
[INFO] [stdout] 7ccfe7e423afe4d6b6190c9e3a2f1d678788bbd22483619047b8ee5fc0dd40ae
