[INFO] cloning repository https://github.com/anmonteiro/now-rust
[INFO] running `Command { std: "git" "-c" "credential.helper=" "-c" "credential.helper=/workspace/cargo-home/bin/git-credential-null" "clone" "--bare" "https://github.com/anmonteiro/now-rust" "/workspace/cache/git-repos/https%3A%2F%2Fgithub.com%2Fanmonteiro%2Fnow-rust", kill_on_drop: false }`
[INFO] [stderr] Cloning into bare repository '/workspace/cache/git-repos/https%3A%2F%2Fgithub.com%2Fanmonteiro%2Fnow-rust'...
[INFO] running `Command { std: "git" "rev-parse" "HEAD", kill_on_drop: false }`
[INFO] [stdout] ba3280b1e477ee2f2b8ef16cd7622ba983f4d19d
[INFO] testing anmonteiro/now-rust against beta-2021-08-01 for beta-1.55-1
[INFO] running `Command { std: "git" "clone" "/workspace/cache/git-repos/https%3A%2F%2Fgithub.com%2Fanmonteiro%2Fnow-rust" "/workspace/builds/worker-53/source", kill_on_drop: false }`
[INFO] [stderr] Cloning into '/workspace/builds/worker-53/source'...
[INFO] [stderr] done.
[INFO] validating manifest of git repo https://github.com/anmonteiro/now-rust on toolchain beta-2021-08-01
[INFO] running `Command { std: "/workspace/cargo-home/bin/cargo" "+beta-2021-08-01" "metadata" "--manifest-path" "Cargo.toml" "--no-deps", kill_on_drop: false }`
[INFO] started tweaking git repo https://github.com/anmonteiro/now-rust
[INFO] finished tweaking git repo https://github.com/anmonteiro/now-rust
[INFO] tweaked toml for git repo https://github.com/anmonteiro/now-rust written to /workspace/builds/worker-53/source/Cargo.toml
[INFO] crate git repo https://github.com/anmonteiro/now-rust already has a lockfile, it will not be regenerated
[INFO] running `Command { std: "/workspace/cargo-home/bin/cargo" "+beta-2021-08-01" "fetch" "--manifest-path" "Cargo.toml", kill_on_drop: false }`
[INFO] [stderr]     Blocking waiting for file lock on package cache
[INFO] [stderr]     Blocking waiting for file lock on package cache
[INFO] running `Command { std: "docker" "create" "-v" "/var/lib/crater-agent-workspace/builds/worker-53/target:/opt/rustwide/target:rw,Z" "-v" "/var/lib/crater-agent-workspace/builds/worker-53/source:/opt/rustwide/workdir:ro,Z" "-v" "/var/lib/crater-agent-workspace/cargo-home:/opt/rustwide/cargo-home:ro,Z" "-v" "/var/lib/crater-agent-workspace/rustup-home:/opt/rustwide/rustup-home:ro,Z" "-e" "SOURCE_DIR=/opt/rustwide/workdir" "-e" "CARGO_TARGET_DIR=/opt/rustwide/target" "-e" "CARGO_HOME=/opt/rustwide/cargo-home" "-e" "RUSTUP_HOME=/opt/rustwide/rustup-home" "-w" "/opt/rustwide/workdir" "-m" "1610612736" "--user" "0:0" "--network" "none" "ghcr.io/rust-lang/crates-build-env/linux@sha256:34b6a614d2c27851fe6cbf88fbd1137609cefab8b10d0615aaeb6fd47975d74e" "/opt/rustwide/cargo-home/bin/cargo" "+beta-2021-08-01" "metadata" "--no-deps" "--format-version=1", kill_on_drop: false }`
[INFO] [stdout] 9eeb2dd4890bb2f26bdbd85d0a495c82c28b4bd72d9d6742d91798b054601564
[INFO] running `Command { std: "docker" "start" "-a" "9eeb2dd4890bb2f26bdbd85d0a495c82c28b4bd72d9d6742d91798b054601564", kill_on_drop: false }`
[INFO] running `Command { std: "docker" "inspect" "9eeb2dd4890bb2f26bdbd85d0a495c82c28b4bd72d9d6742d91798b054601564", kill_on_drop: false }`
[INFO] running `Command { std: "docker" "rm" "-f" "9eeb2dd4890bb2f26bdbd85d0a495c82c28b4bd72d9d6742d91798b054601564", kill_on_drop: false }`
[INFO] [stdout] 9eeb2dd4890bb2f26bdbd85d0a495c82c28b4bd72d9d6742d91798b054601564
[INFO] running `Command { std: "docker" "create" "-v" "/var/lib/crater-agent-workspace/builds/worker-53/target:/opt/rustwide/target:rw,Z" "-v" "/var/lib/crater-agent-workspace/builds/worker-53/source:/opt/rustwide/workdir:ro,Z" "-v" "/var/lib/crater-agent-workspace/cargo-home:/opt/rustwide/cargo-home:ro,Z" "-v" "/var/lib/crater-agent-workspace/rustup-home:/opt/rustwide/rustup-home:ro,Z" "-e" "SOURCE_DIR=/opt/rustwide/workdir" "-e" "CARGO_TARGET_DIR=/opt/rustwide/target" "-e" "CARGO_INCREMENTAL=0" "-e" "RUST_BACKTRACE=full" "-e" "RUSTFLAGS=--cap-lints=warn" "-e" "CARGO_HOME=/opt/rustwide/cargo-home" "-e" "RUSTUP_HOME=/opt/rustwide/rustup-home" "-w" "/opt/rustwide/workdir" "-m" "1610612736" "--user" "0:0" "--network" "none" "ghcr.io/rust-lang/crates-build-env/linux@sha256:34b6a614d2c27851fe6cbf88fbd1137609cefab8b10d0615aaeb6fd47975d74e" "/opt/rustwide/cargo-home/bin/cargo" "+beta-2021-08-01" "build" "--frozen" "--message-format=json", kill_on_drop: false }`
[INFO] [stdout] 0357d7aa72c49d8cd0c7299f436eea2a25657452ebe99fb2812af7851950eb6d
[INFO] running `Command { std: "docker" "start" "-a" "0357d7aa72c49d8cd0c7299f436eea2a25657452ebe99fb2812af7851950eb6d", kill_on_drop: false }`
[INFO] [stderr]    Compiling libc v0.2.48
[INFO] [stderr]    Compiling cfg-if v0.1.6
[INFO] [stderr]    Compiling autocfg v0.1.2
[INFO] [stderr]    Compiling rand_core v0.4.0
[INFO] [stderr]    Compiling futures v0.1.25
[INFO] [stderr]    Compiling lazy_static v1.2.0
[INFO] [stderr]    Compiling byteorder v1.3.1
[INFO] [stderr]    Compiling void v1.0.2
[INFO] [stderr]    Compiling scopeguard v0.3.3
[INFO] [stderr]    Compiling stable_deref_trait v1.1.1
[INFO] [stderr]    Compiling proc-macro2 v0.4.26
[INFO] [stderr]    Compiling arrayvec v0.4.10
[INFO] [stderr]    Compiling lazycell v1.2.1
[INFO] [stderr]    Compiling nodrop v0.1.13
[INFO] [stderr]    Compiling memoffset v0.2.1
[INFO] [stderr]    Compiling cc v1.0.28
[INFO] [stderr]    Compiling itoa v0.4.3
[INFO] [stderr]    Compiling failure_derive v0.1.5
[INFO] [stderr]    Compiling serde v1.0.85
[INFO] [stderr]    Compiling ryu v0.2.7
[INFO] [stderr]    Compiling num-traits v0.2.6
[INFO] [stderr]    Compiling fnv v1.0.6
[INFO] [stderr]    Compiling rustc-demangle v0.1.13
[INFO] [stderr]    Compiling httparse v1.3.3
[INFO] [stderr]    Compiling num-integer v0.1.39
[INFO] [stderr]    Compiling string v0.1.3
[INFO] [stderr]    Compiling try-lock v0.2.2
[INFO] [stderr]    Compiling indexmap v1.0.2
[INFO] [stderr]    Compiling rand_pcg v0.1.1
[INFO] [stderr]    Compiling parking_lot_core v0.4.0
[INFO] [stderr]    Compiling lambda_runtime_core v0.1.0
[INFO] [stderr]    Compiling log v0.4.6
[INFO] [stderr]    Compiling crossbeam-utils v0.6.5
[INFO] [stderr]    Compiling unreachable v1.0.0
[INFO] [stderr]    Compiling owning_ref v0.4.0
[INFO] [stderr]    Compiling smallvec v0.6.8
[INFO] [stderr]    Compiling rand_core v0.3.1
[INFO] [stderr]    Compiling rand_jitter v0.1.1
[INFO] [stderr]    Compiling rand_chacha v0.1.1
[INFO] [stderr]    Compiling rand v0.6.5
[INFO] [stderr]    Compiling backtrace v0.3.13
[INFO] [stderr]    Compiling lock_api v0.1.5
[INFO] [stderr]    Compiling rand_hc v0.1.0
[INFO] [stderr]    Compiling rand_xorshift v0.1.1
[INFO] [stderr]    Compiling rand_isaac v0.1.1
[INFO] [stderr]    Compiling crossbeam-channel v0.3.8
[INFO] [stderr]    Compiling iovec v0.1.2
[INFO] [stderr]    Compiling rand_os v0.1.2
[INFO] [stderr]    Compiling num_cpus v1.9.0
[INFO] [stderr]    Compiling net2 v0.2.33
[INFO] [stderr]    Compiling time v0.1.42
[INFO] [stderr]    Compiling backtrace-sys v0.1.28
[INFO] [stderr]    Compiling base64 v0.10.1
[INFO] [stderr]    Compiling bytes v0.4.11
[INFO] [stderr]    Compiling mio v0.6.16
[INFO] [stderr]    Compiling crossbeam-epoch v0.7.1
[INFO] [stderr]    Compiling tokio-executor v0.1.6
[INFO] [stderr]    Compiling tokio-sync v0.1.0
[INFO] [stderr]    Compiling want v0.0.6
[INFO] [stderr]    Compiling futures-cpupool v0.1.8
[INFO] [stderr]    Compiling crossbeam-deque v0.6.3
[INFO] [stderr]    Compiling quote v0.6.11
[INFO] [stderr]    Compiling tokio-io v0.1.11
[INFO] [stderr]    Compiling http v0.1.15
[INFO] [stderr]    Compiling chrono v0.4.6
[INFO] [stderr]    Compiling tokio-timer v0.2.9
[INFO] [stderr]    Compiling tokio-current-thread v0.1.4
[INFO] [stderr]    Compiling mio-uds v0.6.7
[INFO] [stderr]    Compiling syn v0.15.26
[INFO] [stderr]    Compiling tokio-codec v0.1.1
[INFO] [stderr]    Compiling parking_lot v0.7.1
[INFO] [stderr]    Compiling tokio-reactor v0.1.8
[INFO] [stderr]    Compiling crossbeam v0.6.0
[INFO] [stderr]    Compiling tokio-threadpool v0.1.11
[INFO] [stderr]    Compiling tokio-uds v0.2.5
[INFO] [stderr]    Compiling tokio-tcp v0.1.3
[INFO] [stderr]    Compiling tokio-udp v0.1.3
[INFO] [stderr]    Compiling tokio-fs v0.1.5
[INFO] [stderr]    Compiling h2 v0.1.16
[INFO] [stderr]    Compiling serde_json v1.0.37
[INFO] [stderr]    Compiling tokio v0.1.15
[INFO] [stderr]    Compiling synstructure v0.10.1
[INFO] [stderr]    Compiling lambda_runtime_errors_derive v0.1.0
[INFO] [stderr]    Compiling serde_derive v1.0.85
[INFO] [stderr]    Compiling hyper v0.12.23
[INFO] [stderr]    Compiling failure v0.1.5
[INFO] [stderr]    Compiling lambda_runtime_errors v0.1.0
[INFO] [stderr]    Compiling lambda_runtime_client v0.2.0
[INFO] [stderr]    Compiling lambda_runtime v0.2.0
[INFO] [stderr]    Compiling now_rust v0.1.0 (/opt/rustwide/workdir)
[INFO] [stdout] warning: unnecessary braces around method argument
[INFO] [stdout]    --> src/request.rs:121:21
[INFO] [stdout]     |
[INFO] [stdout] 121 |         builder.uri({ format!("https://{}{}", host, path) });
[INFO] [stdout]     |                     ^^^^^^^^^^^^^^^^^^^^^^^^^^^^^^^^^^^^^^^ help: remove these braces
[INFO] [stdout]     |
[INFO] [stdout]     = note: `#[warn(unused_braces)]` on by default
[INFO] [stdout] 
[INFO] [stdout] 
[INFO] [stdout] warning: unused return value of `std::mem::replace` that must be used
[INFO] [stdout]    --> src/request.rs:135:9
[INFO] [stdout]     |
[INFO] [stdout] 135 |         mem::replace(req.headers_mut(), headers);
[INFO] [stdout]     |         ^^^^^^^^^^^^^^^^^^^^^^^^^^^^^^^^^^^^^^^^^
[INFO] [stdout]     |
[INFO] [stdout]     = note: `#[warn(unused_must_use)]` on by default
[INFO] [stdout]     = note: if you don't need the old value, you can just assign the new value directly
[INFO] [stdout] 
[INFO] [stdout] 
[INFO] [stdout] warning: 2 warnings emitted
[INFO] [stdout] 
[INFO] [stdout] 
[INFO] [stderr]     Finished dev [unoptimized + debuginfo] target(s) in 23.09s
[INFO] running `Command { std: "docker" "inspect" "0357d7aa72c49d8cd0c7299f436eea2a25657452ebe99fb2812af7851950eb6d", kill_on_drop: false }`
[INFO] running `Command { std: "docker" "rm" "-f" "0357d7aa72c49d8cd0c7299f436eea2a25657452ebe99fb2812af7851950eb6d", kill_on_drop: false }`
[INFO] [stdout] 0357d7aa72c49d8cd0c7299f436eea2a25657452ebe99fb2812af7851950eb6d
[INFO] running `Command { std: "docker" "create" "-v" "/var/lib/crater-agent-workspace/builds/worker-53/target:/opt/rustwide/target:rw,Z" "-v" "/var/lib/crater-agent-workspace/builds/worker-53/source:/opt/rustwide/workdir:ro,Z" "-v" "/var/lib/crater-agent-workspace/cargo-home:/opt/rustwide/cargo-home:ro,Z" "-v" "/var/lib/crater-agent-workspace/rustup-home:/opt/rustwide/rustup-home:ro,Z" "-e" "SOURCE_DIR=/opt/rustwide/workdir" "-e" "CARGO_TARGET_DIR=/opt/rustwide/target" "-e" "CARGO_INCREMENTAL=0" "-e" "RUST_BACKTRACE=full" "-e" "RUSTFLAGS=--cap-lints=warn" "-e" "CARGO_HOME=/opt/rustwide/cargo-home" "-e" "RUSTUP_HOME=/opt/rustwide/rustup-home" "-w" "/opt/rustwide/workdir" "-m" "1610612736" "--user" "0:0" "--network" "none" "ghcr.io/rust-lang/crates-build-env/linux@sha256:34b6a614d2c27851fe6cbf88fbd1137609cefab8b10d0615aaeb6fd47975d74e" "/opt/rustwide/cargo-home/bin/cargo" "+beta-2021-08-01" "test" "--frozen" "--no-run" "--message-format=json", kill_on_drop: false }`
[INFO] [stdout] 28bed7d29716f1c9160eaef530d5478af30a96bb3106cb12d44fb900a59deb38
[INFO] running `Command { std: "docker" "start" "-a" "28bed7d29716f1c9160eaef530d5478af30a96bb3106cb12d44fb900a59deb38", kill_on_drop: false }`
[INFO] [stderr]    Compiling simple_logger v1.0.1
[INFO] [stdout] warning: unnecessary braces around method argument
[INFO] [stdout]    --> src/request.rs:121:21
[INFO] [stdout]     |
[INFO] [stdout] 121 |         builder.uri({ format!("https://{}{}", host, path) });
[INFO] [stdout]     |                     ^^^^^^^^^^^^^^^^^^^^^^^^^^^^^^^^^^^^^^^ help: remove these braces
[INFO] [stdout]     |
[INFO] [stdout]     = note: `#[warn(unused_braces)]` on by default
[INFO] [stdout] 
[INFO] [stdout] 
[INFO] [stdout] warning: unused return value of `std::mem::replace` that must be used
[INFO] [stdout]    --> src/request.rs:135:9
[INFO] [stdout]     |
[INFO] [stdout] 135 |         mem::replace(req.headers_mut(), headers);
[INFO] [stdout]     |         ^^^^^^^^^^^^^^^^^^^^^^^^^^^^^^^^^^^^^^^^^
[INFO] [stdout]     |
[INFO] [stdout]     = note: `#[warn(unused_must_use)]` on by default
[INFO] [stdout]     = note: if you don't need the old value, you can just assign the new value directly
[INFO] [stdout] 
[INFO] [stdout] 
[INFO] [stdout] warning: 2 warnings emitted
[INFO] [stdout] 
[INFO] [stdout] 
[INFO] [stderr]    Compiling now_rust v0.1.0 (/opt/rustwide/workdir)
[INFO] [stdout] warning: unnecessary braces around method argument
[INFO] [stdout]    --> src/request.rs:121:21
[INFO] [stdout]     |
[INFO] [stdout] 121 |         builder.uri({ format!("https://{}{}", host, path) });
[INFO] [stdout]     |                     ^^^^^^^^^^^^^^^^^^^^^^^^^^^^^^^^^^^^^^^ help: remove these braces
[INFO] [stdout]     |
[INFO] [stdout]     = note: `#[warn(unused_braces)]` on by default
[INFO] [stdout] 
[INFO] [stdout] 
[INFO] [stdout] warning: unused return value of `std::mem::replace` that must be used
[INFO] [stdout]    --> src/request.rs:135:9
[INFO] [stdout]     |
[INFO] [stdout] 135 |         mem::replace(req.headers_mut(), headers);
[INFO] [stdout]     |         ^^^^^^^^^^^^^^^^^^^^^^^^^^^^^^^^^^^^^^^^^
[INFO] [stdout]     |
[INFO] [stdout]     = note: `#[warn(unused_must_use)]` on by default
[INFO] [stdout]     = note: if you don't need the old value, you can just assign the new value directly
[INFO] [stdout] 
[INFO] [stdout] 
[INFO] [stdout] warning: 2 warnings emitted
[INFO] [stdout] 
[INFO] [stdout] 
[INFO] [stderr]     Finished test [unoptimized + debuginfo] target(s) in 1.80s
[INFO] running `Command { std: "docker" "inspect" "28bed7d29716f1c9160eaef530d5478af30a96bb3106cb12d44fb900a59deb38", kill_on_drop: false }`
[INFO] running `Command { std: "docker" "rm" "-f" "28bed7d29716f1c9160eaef530d5478af30a96bb3106cb12d44fb900a59deb38", kill_on_drop: false }`
[INFO] [stdout] 28bed7d29716f1c9160eaef530d5478af30a96bb3106cb12d44fb900a59deb38
[INFO] running `Command { std: "docker" "create" "-v" "/var/lib/crater-agent-workspace/builds/worker-53/target:/opt/rustwide/target:rw,Z" "-v" "/var/lib/crater-agent-workspace/builds/worker-53/source:/opt/rustwide/workdir:ro,Z" "-v" "/var/lib/crater-agent-workspace/cargo-home:/opt/rustwide/cargo-home:ro,Z" "-v" "/var/lib/crater-agent-workspace/rustup-home:/opt/rustwide/rustup-home:ro,Z" "-e" "SOURCE_DIR=/opt/rustwide/workdir" "-e" "CARGO_TARGET_DIR=/opt/rustwide/target" "-e" "CARGO_INCREMENTAL=0" "-e" "RUST_BACKTRACE=full" "-e" "RUSTFLAGS=--cap-lints=warn" "-e" "CARGO_HOME=/opt/rustwide/cargo-home" "-e" "RUSTUP_HOME=/opt/rustwide/rustup-home" "-w" "/opt/rustwide/workdir" "-m" "1610612736" "--user" "0:0" "--network" "none" "ghcr.io/rust-lang/crates-build-env/linux@sha256:34b6a614d2c27851fe6cbf88fbd1137609cefab8b10d0615aaeb6fd47975d74e" "/opt/rustwide/cargo-home/bin/cargo" "+beta-2021-08-01" "test" "--frozen", kill_on_drop: false }`
[INFO] [stdout] c91dd7439f35aea194d56d0508bb1d8886c7e7e01f35e9496a111b0fd1662bbe
[INFO] running `Command { std: "docker" "start" "-a" "c91dd7439f35aea194d56d0508bb1d8886c7e7e01f35e9496a111b0fd1662bbe", kill_on_drop: false }`
[INFO] [stderr] warning: unnecessary braces around method argument
[INFO] [stderr]    --> src/request.rs:121:21
[INFO] [stderr]     |
[INFO] [stderr] 121 |         builder.uri({ format!("https://{}{}", host, path) });
[INFO] [stderr]     |                     ^^^^^^^^^^^^^^^^^^^^^^^^^^^^^^^^^^^^^^^ help: remove these braces
[INFO] [stderr]     |
[INFO] [stderr]     = note: `#[warn(unused_braces)]` on by default
[INFO] [stderr] 
[INFO] [stderr] warning: unused return value of `std::mem::replace` that must be used
[INFO] [stderr]    --> src/request.rs:135:9
[INFO] [stderr]     |
[INFO] [stderr] 135 |         mem::replace(req.headers_mut(), headers);
[INFO] [stderr]     |         ^^^^^^^^^^^^^^^^^^^^^^^^^^^^^^^^^^^^^^^^^
[INFO] [stderr]     |
[INFO] [stderr]     = note: `#[warn(unused_must_use)]` on by default
[INFO] [stderr]     = note: if you don't need the old value, you can just assign the new value directly
[INFO] [stderr] 
[INFO] [stderr] warning: `now_rust` (lib) generated 2 warnings
[INFO] [stderr] warning: `now_rust` (lib test) generated 2 warnings (2 duplicates)
[INFO] [stderr]     Finished test [unoptimized + debuginfo] target(s) in 0.10s
[INFO] [stderr]      Running unittests (/opt/rustwide/target/debug/deps/now_rust-a03de265a2298384)
[INFO] [stdout] 
[INFO] [stderr]    Doc-tests now_rust
[INFO] [stdout] running 0 tests
[INFO] [stdout] 
[INFO] [stdout] test result: ok. 0 passed; 0 failed; 0 ignored; 0 measured; 0 filtered out; finished in 0.00s
[INFO] [stdout] 
[INFO] [stderr] warning: unnecessary braces around method argument
[INFO] [stderr]    --> /opt/rustwide/workdir/src/request.rs:121:21
[INFO] [stderr]     |
[INFO] [stderr] 121 |         builder.uri({ format!("https://{}{}", host, path) });
[INFO] [stderr]     |                     ^^^^^^^^^^^^^^^^^^^^^^^^^^^^^^^^^^^^^^^ help: remove these braces
[INFO] [stderr]     |
[INFO] [stderr]     = note: `#[warn(unused_braces)]` on by default
[INFO] [stderr] 
[INFO] [stderr] warning: 1 warning emitted
[INFO] [stderr] 
[INFO] [stdout] 
[INFO] [stdout] running 4 tests
[INFO] [stdout] test src/body.rs - body::Body (line 27) ... FAILED
[INFO] [stdout] test src/body.rs - body::Body (line 38) ... FAILED
[INFO] [stderr] error: test failed, to rerun pass '--doc'
[INFO] [stdout] test src/response.rs - response::IntoResponse (line 82) ... FAILED
[INFO] [stdout] test src/body.rs - body::Body (line 51) ... FAILED
[INFO] [stdout] 
[INFO] [stdout] failures:
[INFO] [stdout] 
[INFO] [stdout] ---- src/body.rs - body::Body (line 27) stdout ----
[INFO] [stdout] error[E0433]: failed to resolve: use of undeclared crate or module `lambda_http`
[INFO] [stdout]  --> src/body.rs:29:3
[INFO] [stdout]   |
[INFO] [stdout] 4 |   lambda_http::Body::Text(_) => true,
[INFO] [stdout]   |   ^^^^^^^^^^^ use of undeclared crate or module `lambda_http`
[INFO] [stdout] 
[INFO] [stdout] error[E0433]: failed to resolve: use of undeclared crate or module `lambda_http`
[INFO] [stdout]  --> src/body.rs:28:28
[INFO] [stdout]   |
[INFO] [stdout] 3 | assert!(match lambda_http::Body::from("text") {
[INFO] [stdout]   |                            ^^^^ not found in `lambda_http`
[INFO] [stdout]   |
[INFO] [stdout] help: consider importing this enum
[INFO] [stdout]   |
[INFO] [stdout] 2 | use now_rust::Body;
[INFO] [stdout]   |
[INFO] [stdout] 
[INFO] [stdout] error: aborting due to 2 previous errors
[INFO] [stdout] 
[INFO] [stdout] For more information about this error, try `rustc --explain E0433`.
[INFO] [stdout] Couldn't compile the test.
[INFO] [stdout] ---- src/body.rs - body::Body (line 38) stdout ----
[INFO] [stdout] error[E0433]: failed to resolve: use of undeclared crate or module `lambda_http`
[INFO] [stdout]  --> src/body.rs:40:3
[INFO] [stdout]   |
[INFO] [stdout] 4 |   lambda_http::Body::Binary(_) => true,
[INFO] [stdout]   |   ^^^^^^^^^^^ use of undeclared crate or module `lambda_http`
[INFO] [stdout] 
[INFO] [stdout] error[E0433]: failed to resolve: use of undeclared crate or module `lambda_http`
[INFO] [stdout]  --> src/body.rs:39:28
[INFO] [stdout]   |
[INFO] [stdout] 3 | assert!(match lambda_http::Body::from("text".as_bytes()) {
[INFO] [stdout]   |                            ^^^^ not found in `lambda_http`
[INFO] [stdout]   |
[INFO] [stdout] help: consider importing this enum
[INFO] [stdout]   |
[INFO] [stdout] 2 | use now_rust::Body;
[INFO] [stdout]   |
[INFO] [stdout] 
[INFO] [stdout] error: aborting due to 2 previous errors
[INFO] [stdout] 
[INFO] [stdout] For more information about this error, try `rustc --explain E0433`.
[INFO] [stdout] Couldn't compile the test.
[INFO] [stdout] ---- src/response.rs - response::IntoResponse (line 82) stdout ----
[INFO] [stdout] error[E0432]: unresolved import `lambda_http`
[INFO] [stdout]  --> src/response.rs:83:5
[INFO] [stdout]   |
[INFO] [stdout] 3 | use lambda_http::{Body, IntoResponse, Response};
[INFO] [stdout]   |     ^^^^^^^^^^^ use of undeclared crate or module `lambda_http`
[INFO] [stdout] 
[INFO] [stdout] error[E0599]: no method named `into_response` found for reference `&'static str` in the current scope
[INFO] [stdout]  --> src/response.rs:86:11
[INFO] [stdout]   |
[INFO] [stdout] 6 |   "hello".into_response().body(),
[INFO] [stdout]   |           ^^^^^^^^^^^^^ method not found in `&'static str`
[INFO] [stdout]   |
[INFO] [stdout]   = help: items from traits can only be used if the trait is in scope
[INFO] [stdout] help: the following trait is implemented but not in scope; perhaps add a `use` for it:
[INFO] [stdout]   |
[INFO] [stdout] 2 | use now_rust::IntoResponse;
[INFO] [stdout]   |
[INFO] [stdout] 
[INFO] [stdout] error: aborting due to 2 previous errors
[INFO] [stdout] 
[INFO] [stdout] Some errors have detailed explanations: E0432, E0599.
[INFO] [stdout] For more information about an error, try `rustc --explain E0432`.
[INFO] [stdout] Couldn't compile the test.
[INFO] [stdout] ---- src/body.rs - body::Body (line 51) stdout ----
[INFO] [stdout] error[E0433]: failed to resolve: use of undeclared crate or module `lambda_http`
[INFO] [stdout]  --> src/body.rs:53:3
[INFO] [stdout]   |
[INFO] [stdout] 4 |   lambda_http::Body::Empty => true,
[INFO] [stdout]   |   ^^^^^^^^^^^ use of undeclared crate or module `lambda_http`
[INFO] [stdout] 
[INFO] [stdout] error[E0433]: failed to resolve: use of undeclared crate or module `lambda_http`
[INFO] [stdout]  --> src/body.rs:52:28
[INFO] [stdout]   |
[INFO] [stdout] 3 | assert!(match lambda_http::Body::from(()) {
[INFO] [stdout]   |                            ^^^^ not found in `lambda_http`
[INFO] [stdout]   |
[INFO] [stdout] help: consider importing this enum
[INFO] [stdout]   |
[INFO] [stdout] 2 | use now_rust::Body;
[INFO] [stdout]   |
[INFO] [stdout] 
[INFO] [stdout] error: aborting due to 2 previous errors
[INFO] [stdout] 
[INFO] [stdout] For more information about this error, try `rustc --explain E0433`.
[INFO] [stdout] Couldn't compile the test.
[INFO] [stdout] 
[INFO] [stdout] failures:
[INFO] [stdout]     src/body.rs - body::Body (line 27)
[INFO] [stdout]     src/body.rs - body::Body (line 38)
[INFO] [stdout]     src/body.rs - body::Body (line 51)
[INFO] [stdout]     src/response.rs - response::IntoResponse (line 82)
[INFO] [stdout] 
[INFO] [stdout] test result: FAILED. 0 passed; 4 failed; 0 ignored; 0 measured; 0 filtered out; finished in 0.54s
[INFO] [stdout] 
[INFO] running `Command { std: "docker" "inspect" "c91dd7439f35aea194d56d0508bb1d8886c7e7e01f35e9496a111b0fd1662bbe", kill_on_drop: false }`
[INFO] running `Command { std: "docker" "rm" "-f" "c91dd7439f35aea194d56d0508bb1d8886c7e7e01f35e9496a111b0fd1662bbe", kill_on_drop: false }`
[INFO] [stdout] c91dd7439f35aea194d56d0508bb1d8886c7e7e01f35e9496a111b0fd1662bbe
