[INFO] cloning repository https://github.com/alexwlchan/safari.rs
[INFO] running `Command { std: "git" "-c" "credential.helper=" "-c" "credential.helper=/workspace/cargo-home/bin/git-credential-null" "clone" "--bare" "https://github.com/alexwlchan/safari.rs" "/workspace/cache/git-repos/https%3A%2F%2Fgithub.com%2Falexwlchan%2Fsafari.rs", kill_on_drop: false }`
[INFO] [stderr] Cloning into bare repository '/workspace/cache/git-repos/https%3A%2F%2Fgithub.com%2Falexwlchan%2Fsafari.rs'...
[INFO] running `Command { std: "git" "rev-parse" "HEAD", kill_on_drop: false }`
[INFO] [stdout] 98efffef6d00163e65fa5bc334713088bfabe51c
[INFO] testing alexwlchan/safari.rs against 1.54.0 for beta-1.55-1
[INFO] running `Command { std: "git" "clone" "/workspace/cache/git-repos/https%3A%2F%2Fgithub.com%2Falexwlchan%2Fsafari.rs" "/workspace/builds/worker-92/source", kill_on_drop: false }`
[INFO] [stderr] Cloning into '/workspace/builds/worker-92/source'...
[INFO] [stderr] done.
[INFO] validating manifest of git repo https://github.com/alexwlchan/safari.rs on toolchain 1.54.0
[INFO] running `Command { std: "/workspace/cargo-home/bin/cargo" "+1.54.0" "metadata" "--manifest-path" "Cargo.toml" "--no-deps", kill_on_drop: false }`
[INFO] started tweaking git repo https://github.com/alexwlchan/safari.rs
[INFO] finished tweaking git repo https://github.com/alexwlchan/safari.rs
[INFO] tweaked toml for git repo https://github.com/alexwlchan/safari.rs written to /workspace/builds/worker-92/source/Cargo.toml
[INFO] crate git repo https://github.com/alexwlchan/safari.rs already has a lockfile, it will not be regenerated
[INFO] running `Command { std: "/workspace/cargo-home/bin/cargo" "+1.54.0" "fetch" "--manifest-path" "Cargo.toml", kill_on_drop: false }`
[INFO] running `Command { std: "docker" "create" "-v" "/var/lib/crater-agent-workspace/builds/worker-92/target:/opt/rustwide/target:rw,Z" "-v" "/var/lib/crater-agent-workspace/builds/worker-92/source:/opt/rustwide/workdir:ro,Z" "-v" "/var/lib/crater-agent-workspace/cargo-home:/opt/rustwide/cargo-home:ro,Z" "-v" "/var/lib/crater-agent-workspace/rustup-home:/opt/rustwide/rustup-home:ro,Z" "-e" "SOURCE_DIR=/opt/rustwide/workdir" "-e" "CARGO_TARGET_DIR=/opt/rustwide/target" "-e" "CARGO_HOME=/opt/rustwide/cargo-home" "-e" "RUSTUP_HOME=/opt/rustwide/rustup-home" "-w" "/opt/rustwide/workdir" "-m" "1610612736" "--user" "0:0" "--network" "none" "ghcr.io/rust-lang/crates-build-env/linux@sha256:34b6a614d2c27851fe6cbf88fbd1137609cefab8b10d0615aaeb6fd47975d74e" "/opt/rustwide/cargo-home/bin/cargo" "+1.54.0" "metadata" "--no-deps" "--format-version=1", kill_on_drop: false }`
[INFO] [stdout] 2cbac83365aff78a94e472dcb5441f65e7968b9e42528ce1c3e937cbd6d2ec48
[INFO] running `Command { std: "docker" "start" "-a" "2cbac83365aff78a94e472dcb5441f65e7968b9e42528ce1c3e937cbd6d2ec48", kill_on_drop: false }`
[INFO] running `Command { std: "docker" "inspect" "2cbac83365aff78a94e472dcb5441f65e7968b9e42528ce1c3e937cbd6d2ec48", kill_on_drop: false }`
[INFO] running `Command { std: "docker" "rm" "-f" "2cbac83365aff78a94e472dcb5441f65e7968b9e42528ce1c3e937cbd6d2ec48", kill_on_drop: false }`
[INFO] [stdout] 2cbac83365aff78a94e472dcb5441f65e7968b9e42528ce1c3e937cbd6d2ec48
[INFO] running `Command { std: "docker" "create" "-v" "/var/lib/crater-agent-workspace/builds/worker-92/target:/opt/rustwide/target:rw,Z" "-v" "/var/lib/crater-agent-workspace/builds/worker-92/source:/opt/rustwide/workdir:ro,Z" "-v" "/var/lib/crater-agent-workspace/cargo-home:/opt/rustwide/cargo-home:ro,Z" "-v" "/var/lib/crater-agent-workspace/rustup-home:/opt/rustwide/rustup-home:ro,Z" "-e" "SOURCE_DIR=/opt/rustwide/workdir" "-e" "CARGO_TARGET_DIR=/opt/rustwide/target" "-e" "CARGO_INCREMENTAL=0" "-e" "RUST_BACKTRACE=full" "-e" "RUSTFLAGS=--cap-lints=warn" "-e" "CARGO_HOME=/opt/rustwide/cargo-home" "-e" "RUSTUP_HOME=/opt/rustwide/rustup-home" "-w" "/opt/rustwide/workdir" "-m" "1610612736" "--user" "0:0" "--network" "none" "ghcr.io/rust-lang/crates-build-env/linux@sha256:34b6a614d2c27851fe6cbf88fbd1137609cefab8b10d0615aaeb6fd47975d74e" "/opt/rustwide/cargo-home/bin/cargo" "+1.54.0" "build" "--frozen" "--message-format=json", kill_on_drop: false }`
[INFO] [stdout] 7b332afc77f5bcf82b9745f6c079639a428dc286b05ab165f85d8421fed6e2a8
[INFO] running `Command { std: "docker" "start" "-a" "7b332afc77f5bcf82b9745f6c079639a428dc286b05ab165f85d8421fed6e2a8", kill_on_drop: false }`
[INFO] [stderr]     Blocking waiting for file lock on package cache
[INFO] [stderr]    Compiling libc v0.2.66
[INFO] [stderr]    Compiling autocfg v0.1.7
[INFO] [stderr]    Compiling cc v1.0.48
[INFO] [stderr]    Compiling unicode-xid v0.0.4
[INFO] [stderr]    Compiling smallvec v1.1.0
[INFO] [stderr]    Compiling matches v0.1.6
[INFO] [stderr]    Compiling quote v0.3.15
[INFO] [stderr]    Compiling pkg-config v0.3.9
[INFO] [stderr]    Compiling num-traits v0.1.39
[INFO] [stderr]    Compiling proc-macro2 v1.0.6
[INFO] [stderr]    Compiling version_check v0.9.1
[INFO] [stderr]    Compiling syn v1.0.11
[INFO] [stderr]    Compiling rustc-demangle v0.1.4
[INFO] [stderr]    Compiling openssl v0.10.26
[INFO] [stderr]    Compiling itoa v0.3.1
[INFO] [stderr]    Compiling dtoa v0.4.1
[INFO] [stderr]    Compiling regex-syntax v0.6.12
[INFO] [stderr]    Compiling encoding_rs v0.8.22
[INFO] [stderr]    Compiling utf8-ranges v1.0.0
[INFO] [stderr]    Compiling regex-syntax v0.4.1
[INFO] [stderr]    Compiling httparse v1.2.3
[INFO] [stderr]    Compiling unidecode v0.2.0
[INFO] [stderr]    Compiling lazy_static v0.2.8
[INFO] [stderr]    Compiling plist v0.2.2
[INFO] [stderr]    Compiling bitflags v0.7.0
[INFO] [stderr]    Compiling glob v0.2.11
[INFO] [stderr]    Compiling strsim v0.6.0
[INFO] [stderr]    Compiling pest v0.4.1
[INFO] [stderr]    Compiling humansize v1.0.1
[INFO] [stderr]    Compiling urlparse v0.7.3
[INFO] [stderr]    Compiling urlencoding v1.0.0
[INFO] [stderr]    Compiling lock_api v0.3.2
[INFO] [stderr]    Compiling error-chain v0.12.1
[INFO] [stderr]    Compiling unreachable v0.1.1
[INFO] [stderr]    Compiling miniz_oxide v0.3.5
[INFO] [stderr]    Compiling tokio-executor v0.1.9
[INFO] [stderr]    Compiling memoffset v0.5.3
[INFO] [stderr]    Compiling smallvec v0.6.13
[INFO] [stderr]    Compiling base64 v0.5.2
[INFO] [stderr]    Compiling unicode-bidi v0.3.3
[INFO] [stderr]    Compiling xml-rs v0.4.1
[INFO] [stderr]    Compiling synom v0.11.3
[INFO] [stderr]    Compiling unicode-normalization v0.1.11
[INFO] [stderr]    Compiling tokio-timer v0.2.12
[INFO] [stderr]    Compiling tokio-current-thread v0.1.6
[INFO] [stderr]    Compiling unicase v2.6.0
[INFO] [stderr]    Compiling crossbeam-utils v0.7.0
[INFO] [stderr]    Compiling crossbeam-epoch v0.8.0
[INFO] [stderr]    Compiling indexmap v1.3.0
[INFO] [stderr]    Compiling rand_pcg v0.1.2
[INFO] [stderr]    Compiling rand_chacha v0.1.1
[INFO] [stderr]    Compiling rand v0.6.5
[INFO] [stderr]    Compiling num-integer v0.1.34
[INFO] [stderr]    Compiling openssl-sys v0.9.53
[INFO] [stderr]    Compiling backtrace-sys v0.1.32
[INFO] [stderr]    Compiling syn v0.11.11
[INFO] [stderr]    Compiling regex v1.3.1
[INFO] [stderr]    Compiling native-tls v0.2.3
[INFO] [stderr]    Compiling slug v0.1.2
[INFO] [stderr]    Compiling idna v0.1.5
[INFO] [stderr]    Compiling idna v0.2.0
[INFO] [stderr]    Compiling num-iter v0.1.33
[INFO] [stderr]    Compiling quote v1.0.2
[INFO] [stderr]    Compiling iovec v0.1.4
[INFO] [stderr]    Compiling time v0.1.42
[INFO] [stderr]    Compiling num_cpus v1.11.1
[INFO] [stderr]    Compiling net2 v0.2.33
[INFO] [stderr]    Compiling parking_lot_core v0.6.2
[INFO] [stderr]    Compiling thread-id v3.1.0
[INFO] [stderr]    Compiling memchr v1.0.1
[INFO] [stderr]    Compiling rand_os v0.1.3
[INFO] [stderr]    Compiling flate2 v1.0.13
[INFO] [stderr]    Compiling dirs-sys v0.3.4
[INFO] [stderr]    Compiling num v0.1.39
[INFO] [stderr]    Compiling serde_derive_internals v0.15.1
[INFO] [stderr]    Compiling backtrace v0.3.40
[INFO] [stderr]    Compiling futures-cpupool v0.1.8
[INFO] [stderr]    Compiling url v1.7.2
[INFO] [stderr]    Compiling mime_guess v2.0.1
[INFO] [stderr]    Compiling error-chain v0.10.0
[INFO] [stderr]    Compiling parking_lot v0.9.0
[INFO] [stderr]    Compiling thread_local v0.3.3
[INFO] [stderr]    Compiling crossbeam-deque v0.7.2
[INFO] [stderr]    Compiling chrono v0.3.1
[INFO] [stderr]    Compiling dirs v2.0.2
[INFO] [stderr]    Compiling bytes v0.4.12
[INFO] [stderr]    Compiling mio v0.6.21
[INFO] [stderr]    Compiling aho-corasick v0.6.3
[INFO] [stderr]    Compiling url v2.1.0
[INFO] [stderr]    Compiling cookie v0.12.0
[INFO] [stderr]    Compiling serde_derive v1.0.8
[INFO] [stderr]    Compiling regex v0.2.2
[INFO] [stderr]    Compiling tokio-threadpool v0.1.17
[INFO] [stderr]    Compiling tokio-io v0.1.12
[INFO] [stderr]    Compiling http v0.1.21
[INFO] [stderr]    Compiling string v0.2.1
[INFO] [stderr]    Compiling tokio-buf v0.1.1
[INFO] [stderr]    Compiling uuid v0.7.4
[INFO] [stderr]    Compiling publicsuffix v1.5.4
[INFO] [stderr]    Compiling tokio-reactor v0.1.11
[INFO] [stderr]    Compiling tokio-tcp v0.1.3
[INFO] [stderr]    Compiling tokio v0.1.22
[INFO] [stderr]    Compiling synstructure v0.12.3
[INFO] [stderr]    Compiling serde v1.0.8
[INFO] [stderr]    Compiling h2 v0.1.26
[INFO] [stderr]    Compiling http-body v0.1.0
[INFO] [stderr]    Compiling failure_derive v0.1.6
[INFO] [stderr]    Compiling hyper v0.12.35
[INFO] [stderr]    Compiling failure v0.1.6
[INFO] [stderr]    Compiling serde_json v1.0.2
[INFO] [stderr]    Compiling serde_urlencoded v0.5.1
[INFO] [stderr]    Compiling docopt v0.8.0
[INFO] [stderr]    Compiling cookie_store v0.7.0
[INFO] [stderr]    Compiling tera v0.10.6
[INFO] [stderr]    Compiling hyper-tls v0.3.2
[INFO] [stderr]    Compiling reqwest v0.9.24
[INFO] [stderr]    Compiling safari v2.3.4 (/opt/rustwide/workdir)
[INFO] [stderr]     Finished dev [unoptimized + debuginfo] target(s) in 37.95s
[INFO] running `Command { std: "docker" "inspect" "7b332afc77f5bcf82b9745f6c079639a428dc286b05ab165f85d8421fed6e2a8", kill_on_drop: false }`
[INFO] running `Command { std: "docker" "rm" "-f" "7b332afc77f5bcf82b9745f6c079639a428dc286b05ab165f85d8421fed6e2a8", kill_on_drop: false }`
[INFO] [stdout] 7b332afc77f5bcf82b9745f6c079639a428dc286b05ab165f85d8421fed6e2a8
[INFO] running `Command { std: "docker" "create" "-v" "/var/lib/crater-agent-workspace/builds/worker-92/target:/opt/rustwide/target:rw,Z" "-v" "/var/lib/crater-agent-workspace/builds/worker-92/source:/opt/rustwide/workdir:ro,Z" "-v" "/var/lib/crater-agent-workspace/cargo-home:/opt/rustwide/cargo-home:ro,Z" "-v" "/var/lib/crater-agent-workspace/rustup-home:/opt/rustwide/rustup-home:ro,Z" "-e" "SOURCE_DIR=/opt/rustwide/workdir" "-e" "CARGO_TARGET_DIR=/opt/rustwide/target" "-e" "CARGO_INCREMENTAL=0" "-e" "RUST_BACKTRACE=full" "-e" "RUSTFLAGS=--cap-lints=warn" "-e" "CARGO_HOME=/opt/rustwide/cargo-home" "-e" "RUSTUP_HOME=/opt/rustwide/rustup-home" "-w" "/opt/rustwide/workdir" "-m" "1610612736" "--user" "0:0" "--network" "none" "ghcr.io/rust-lang/crates-build-env/linux@sha256:34b6a614d2c27851fe6cbf88fbd1137609cefab8b10d0615aaeb6fd47975d74e" "/opt/rustwide/cargo-home/bin/cargo" "+1.54.0" "test" "--frozen" "--no-run" "--message-format=json", kill_on_drop: false }`
[INFO] [stdout] efd95247dd7d0ec5357fd9d1a0e22e706015dc58d72da9730d07ccd504d74344
[INFO] running `Command { std: "docker" "start" "-a" "efd95247dd7d0ec5357fd9d1a0e22e706015dc58d72da9730d07ccd504d74344", kill_on_drop: false }`
[INFO] [stderr]    Compiling safari v2.3.4 (/opt/rustwide/workdir)
[INFO] [stderr]     Finished test [unoptimized + debuginfo] target(s) in 3.88s
[INFO] running `Command { std: "docker" "inspect" "efd95247dd7d0ec5357fd9d1a0e22e706015dc58d72da9730d07ccd504d74344", kill_on_drop: false }`
[INFO] running `Command { std: "docker" "rm" "-f" "efd95247dd7d0ec5357fd9d1a0e22e706015dc58d72da9730d07ccd504d74344", kill_on_drop: false }`
[INFO] [stdout] efd95247dd7d0ec5357fd9d1a0e22e706015dc58d72da9730d07ccd504d74344
[INFO] running `Command { std: "docker" "create" "-v" "/var/lib/crater-agent-workspace/builds/worker-92/target:/opt/rustwide/target:rw,Z" "-v" "/var/lib/crater-agent-workspace/builds/worker-92/source:/opt/rustwide/workdir:ro,Z" "-v" "/var/lib/crater-agent-workspace/cargo-home:/opt/rustwide/cargo-home:ro,Z" "-v" "/var/lib/crater-agent-workspace/rustup-home:/opt/rustwide/rustup-home:ro,Z" "-e" "SOURCE_DIR=/opt/rustwide/workdir" "-e" "CARGO_TARGET_DIR=/opt/rustwide/target" "-e" "CARGO_INCREMENTAL=0" "-e" "RUST_BACKTRACE=full" "-e" "RUSTFLAGS=--cap-lints=warn" "-e" "CARGO_HOME=/opt/rustwide/cargo-home" "-e" "RUSTUP_HOME=/opt/rustwide/rustup-home" "-w" "/opt/rustwide/workdir" "-m" "1610612736" "--user" "0:0" "--network" "none" "ghcr.io/rust-lang/crates-build-env/linux@sha256:34b6a614d2c27851fe6cbf88fbd1137609cefab8b10d0615aaeb6fd47975d74e" "/opt/rustwide/cargo-home/bin/cargo" "+1.54.0" "test" "--frozen", kill_on_drop: false }`
[INFO] [stdout] 291e4963525d320980521cf2f77ca6b2e8515ef08d523b96342c2543fbcfa455
[INFO] running `Command { std: "docker" "start" "-a" "291e4963525d320980521cf2f77ca6b2e8515ef08d523b96342c2543fbcfa455", kill_on_drop: false }`
[INFO] [stderr]     Blocking waiting for file lock on package cache
[INFO] [stderr]     Finished test [unoptimized + debuginfo] target(s) in 4.38s
[INFO] [stdout] 
[INFO] [stderr]      Running unittests (/opt/rustwide/target/debug/deps/safari-7d0bb4dbba2b8012)
[INFO] [stdout] running 52 tests
[INFO] [stdout] test urls::amazon_product ... ok
[INFO] [stdout] test urls::etsy_section_link ... ok
[INFO] [stdout] test urls::ga_tracking_parameter ... ok
[INFO] [stdout] test urls::ga_tracking_parameter_and_others ... ok
[INFO] [stdout] test urls::nytimes_mobile_url ... ok
[INFO] [stdout] test urls::nytimes_non_mobile_url ... ok
[INFO] [stdout] test urls::regular_twitter ... ok
[INFO] [stdout] test urls::python_docs_bare ... ok
[INFO] [stdout] test urls::python_docs_with_anchor ... ok
[INFO] [stdout] test urls::blogspot_mobile_link ... ok
[INFO] [stdout] test urls::python_docs_with_highlight_module_anchor ... ok
[INFO] [stdout] test urls::python_docs_with_highlight_anchor ... ok
[INFO] [stdout] test urls::redbubble_plain ... ok
[INFO] [stdout] test urls::redbubble_referrer ... ok
[INFO] [stdout] test urls::strip_telegraph_tracking ... ok
[INFO] [stdout] test urls::multiple_utm_tracker_with_others ... ok
[INFO] [stdout] test safari::tests::test_parse_conditions ... ok
[INFO] [stdout] test urls::telegraph_bare ... ok
[INFO] [stdout] test urls::sff_se_non_question ... ok
[INFO] [stdout] test urls::blogspot ... ok
[INFO] [stdout] test urls::stack_overflow_question ... ok
[INFO] [stdout] test urls::twitter_with_share_link ... ok
[INFO] [stdout] test urls::sff_se_question ... ok
[INFO] [stdout] test urls::stack_overflow_non_question ... ok
[INFO] [stdout] test urls::stacks_medium_referrer ... ok
[INFO] [stdout] test urls::tumblr_with_notes ... ok
[INFO] [stdout] test urls::multiple_utm_tracker ... ok
[INFO] [stdout] test urls::mashable_with_tracking ... ok
[INFO] [stdout] test urls::buzzfeed_with_tracking ... ok
[INFO] [stdout] test urls::medium_with_tracking ... ok
[INFO] [stdout] test urls::single_utm_tracker ... ok
[INFO] [stdout] test urls::github_pr ... ok
[INFO] [stdout] test urls::redbubble_asc ... ok
[INFO] [stdout] test urls::github_pr_with_files ... ok
[INFO] [stdout] test urls::python_docs_with_highlight ... ok
[INFO] [stdout] test urls::se_comments ... ok
[INFO] [stdout] test urls::etsy_link ... ok
[INFO] [stdout] test urls::sff_se_answer ... ok
[INFO] [stdout] test urls::youtube_with_app ... ok
[INFO] [stdout] test urls::url_with_numerals ... ok
[INFO] [stdout] test urls::twitter_mobile ... ok
[INFO] [stdout] test urls::stack_overflow_answer ... ok
[INFO] [stdout] test urls::youtube_plain_video ... ok
[INFO] [stdout] test urls::youtube_with_leading_feature ... ok
[INFO] [stdout] test urls::youtube_with_only_feature ... ok
[INFO] [stdout] test urls::youtube_with_timestamp ... ok
[INFO] [stdout] test urls::wordery_with_tracking_param ... ok
[INFO] [stdout] test urls::etsy_pro_link ... ok
[INFO] [stdout] test urls::url_with_spaces ... ok
[INFO] [stdout] test urls::youtube_channel ... ok
[INFO] [stdout] test urls::youtube_with_trailing_feature ... ok
[INFO] [stdout] test safari::tests_property::test_invalid_property_is_rejected ... FAILED
[INFO] [stdout] 
[INFO] [stdout] failures:
[INFO] [stdout] 
[INFO] [stdout] ---- safari::tests_property::test_invalid_property_is_rejected stdout ----
[INFO] [stdout] thread 'safari::tests_property::test_invalid_property_is_rejected' panicked at 'failed to execute AppleScript: Os { code: 2, kind: NotFound, message: "No such file or directory" }', src/applescript.rs:24:6
[INFO] [stdout] stack backtrace:
[INFO] [stdout]    0:     0x55797720ee00 - std::backtrace_rs::backtrace::libunwind::trace::h34055254b57d8e79
[INFO] [stdout]                                at /rustc/a178d0322ce20e33eac124758e837cbd80a6f633/library/std/src/../../backtrace/src/backtrace/libunwind.rs:90:5
[INFO] [stdout]    1:     0x55797720ee00 - std::backtrace_rs::backtrace::trace_unsynchronized::h8f1e3fbd9afff6ec
[INFO] [stdout]                                at /rustc/a178d0322ce20e33eac124758e837cbd80a6f633/library/std/src/../../backtrace/src/backtrace/mod.rs:66:5
[INFO] [stdout]    2:     0x55797720ee00 - std::sys_common::backtrace::_print_fmt::h3a99a796b770c360
[INFO] [stdout]                                at /rustc/a178d0322ce20e33eac124758e837cbd80a6f633/library/std/src/sys_common/backtrace.rs:67:5
[INFO] [stdout]    3:     0x55797720ee00 - <std::sys_common::backtrace::_print::DisplayBacktrace as core::fmt::Display>::fmt::h32d1f94a80615d18
[INFO] [stdout]                                at /rustc/a178d0322ce20e33eac124758e837cbd80a6f633/library/std/src/sys_common/backtrace.rs:46:22
[INFO] [stdout]    4:     0x557977231dac - core::fmt::write::h306731c068f7162c
[INFO] [stdout]                                at /rustc/a178d0322ce20e33eac124758e837cbd80a6f633/library/core/src/fmt/mod.rs:1110:17
[INFO] [stdout]    5:     0x55797720bd15 - std::io::Write::write_fmt::h87f19b0a2cd190bc
[INFO] [stdout]                                at /rustc/a178d0322ce20e33eac124758e837cbd80a6f633/library/std/src/io/mod.rs:1588:15
[INFO] [stdout]    6:     0x557977210f6b - std::sys_common::backtrace::_print::h5abaa2601a852287
[INFO] [stdout]                                at /rustc/a178d0322ce20e33eac124758e837cbd80a6f633/library/std/src/sys_common/backtrace.rs:49:5
[INFO] [stdout]    7:     0x557977210f6b - std::sys_common::backtrace::print::h8d81445442bb638f
[INFO] [stdout]                                at /rustc/a178d0322ce20e33eac124758e837cbd80a6f633/library/std/src/sys_common/backtrace.rs:36:9
[INFO] [stdout]    8:     0x557977210f6b - std::panicking::default_hook::{{closure}}::hcfe804496a9fa747
[INFO] [stdout]                                at /rustc/a178d0322ce20e33eac124758e837cbd80a6f633/library/std/src/panicking.rs:208:50
[INFO] [stdout]    9:     0x557977210a7c - std::panicking::default_hook::hbea8e3ccf2ba8901
[INFO] [stdout]                                at /rustc/a178d0322ce20e33eac124758e837cbd80a6f633/library/std/src/panicking.rs:222:9
[INFO] [stdout]   10:     0x557977211634 - std::panicking::rust_panic_with_hook::h7ee9e1a2d0f8975a
[INFO] [stdout]                                at /rustc/a178d0322ce20e33eac124758e837cbd80a6f633/library/std/src/panicking.rs:622:17
[INFO] [stdout]   11:     0x557977211117 - std::panicking::begin_panic_handler::{{closure}}::h8ab3b4491718b2c7
[INFO] [stdout]                                at /rustc/a178d0322ce20e33eac124758e837cbd80a6f633/library/std/src/panicking.rs:519:13
[INFO] [stdout]   12:     0x55797720f2fc - std::sys_common::backtrace::__rust_end_short_backtrace::hd489062ffa586a9f
[INFO] [stdout]                                at /rustc/a178d0322ce20e33eac124758e837cbd80a6f633/library/std/src/sys_common/backtrace.rs:141:18
[INFO] [stdout]   13:     0x557977211079 - rust_begin_unwind
[INFO] [stdout]                                at /rustc/a178d0322ce20e33eac124758e837cbd80a6f633/library/std/src/panicking.rs:515:5
[INFO] [stdout]   14:     0x55797716b651 - core::panicking::panic_fmt::hca6330e3e14086b4
[INFO] [stdout]                                at /rustc/a178d0322ce20e33eac124758e837cbd80a6f633/library/core/src/panicking.rs:92:14
[INFO] [stdout]   15:     0x55797716b743 - core::result::unwrap_failed::h6160d2b4bfbb0e87
[INFO] [stdout]                                at /rustc/a178d0322ce20e33eac124758e837cbd80a6f633/library/core/src/result.rs:1355:5
[INFO] [stdout]   16:     0x55797717993d - core::result::Result<T,E>::expect::h3e737c221c55a740
[INFO] [stdout]                                at /rustc/a178d0322ce20e33eac124758e837cbd80a6f633/library/core/src/result.rs:997:23
[INFO] [stdout]   17:     0x557977176a21 - safari::applescript::run::h5a64b037439547d1
[INFO] [stdout]                                at /opt/rustwide/workdir/src/applescript.rs:20:20
[INFO] [stdout]   18:     0x557977175ad8 - safari::safari::get_property::he8b9c071f7877f5d
[INFO] [stdout]                                at /opt/rustwide/workdir/src/safari.rs:88:16
[INFO] [stdout]   19:     0x55797717ac0e - safari::safari::tests_property::test_invalid_property_is_rejected::h51a2a5779440bc84
[INFO] [stdout]                                at /opt/rustwide/workdir/src/safari.rs:109:18
[INFO] [stdout]   20:     0x55797717abba - safari::safari::tests_property::test_invalid_property_is_rejected::{{closure}}::hc93efa222eb28e84
[INFO] [stdout]                                at /opt/rustwide/workdir/src/safari.rs:108:3
[INFO] [stdout]   21:     0x55797717fa9e - core::ops::function::FnOnce::call_once::h6834562cb5b0117a
[INFO] [stdout]                                at /rustc/a178d0322ce20e33eac124758e837cbd80a6f633/library/core/src/ops/function.rs:227:5
[INFO] [stdout]   22:     0x5579771aac33 - core::ops::function::FnOnce::call_once::h152e7e439ff59e19
[INFO] [stdout]                                at /rustc/a178d0322ce20e33eac124758e837cbd80a6f633/library/core/src/ops/function.rs:227:5
[INFO] [stdout]   23:     0x5579771aac33 - test::__rust_begin_short_backtrace::h0908f3b1fdbb72ab
[INFO] [stdout]                                at /rustc/a178d0322ce20e33eac124758e837cbd80a6f633/library/test/src/lib.rs:577:5
[INFO] [stdout]   24:     0x5579771a96f0 - <alloc::boxed::Box<F,A> as core::ops::function::FnOnce<Args>>::call_once::hf6d2a51e5587546c
[INFO] [stdout]                                at /rustc/a178d0322ce20e33eac124758e837cbd80a6f633/library/alloc/src/boxed.rs:1575:9
[INFO] [stdout]   25:     0x5579771a96f0 - <std::panic::AssertUnwindSafe<F> as core::ops::function::FnOnce<()>>::call_once::h8af660f3a89ef593
[INFO] [stdout]                                at /rustc/a178d0322ce20e33eac124758e837cbd80a6f633/library/std/src/panic.rs:347:9
[INFO] [stdout]   26:     0x5579771a96f0 - std::panicking::try::do_call::hd36aef60f84b6d36
[INFO] [stdout]                                at /rustc/a178d0322ce20e33eac124758e837cbd80a6f633/library/std/src/panicking.rs:401:40
[INFO] [stdout]   27:     0x5579771a96f0 - std::panicking::try::h9932b4480e69817c
[INFO] [stdout]                                at /rustc/a178d0322ce20e33eac124758e837cbd80a6f633/library/std/src/panicking.rs:365:19
[INFO] [stdout]   28:     0x5579771a96f0 - std::panic::catch_unwind::h6aa177099cfff5f8
[INFO] [stdout]                                at /rustc/a178d0322ce20e33eac124758e837cbd80a6f633/library/std/src/panic.rs:434:14
[INFO] [stdout]   29:     0x5579771a96f0 - test::run_test_in_process::h5884d6f2d99e20c3
[INFO] [stdout]                                at /rustc/a178d0322ce20e33eac124758e837cbd80a6f633/library/test/src/lib.rs:600:18
[INFO] [stdout]   30:     0x5579771a96f0 - test::run_test::run_test_inner::{{closure}}::h6fdc58c6d5f5b6e3
[INFO] [stdout]                                at /rustc/a178d0322ce20e33eac124758e837cbd80a6f633/library/test/src/lib.rs:492:39
[INFO] [stdout]   31:     0x557977182da2 - test::run_test::run_test_inner::{{closure}}::h408365d67a78ade8
[INFO] [stdout]                                at /rustc/a178d0322ce20e33eac124758e837cbd80a6f633/library/test/src/lib.rs:519:37
[INFO] [stdout]   32:     0x557977182da2 - std::sys_common::backtrace::__rust_begin_short_backtrace::hb560b77c4f701523
[INFO] [stdout]                                at /rustc/a178d0322ce20e33eac124758e837cbd80a6f633/library/std/src/sys_common/backtrace.rs:125:18
[INFO] [stdout]   33:     0x557977186958 - std::thread::Builder::spawn_unchecked::{{closure}}::{{closure}}::hf2e7831dad93c597
[INFO] [stdout]                                at /rustc/a178d0322ce20e33eac124758e837cbd80a6f633/library/std/src/thread/mod.rs:481:17
[INFO] [stdout]   34:     0x557977186958 - <std::panic::AssertUnwindSafe<F> as core::ops::function::FnOnce<()>>::call_once::hd2e08783d8be4d02
[INFO] [stdout]                                at /rustc/a178d0322ce20e33eac124758e837cbd80a6f633/library/std/src/panic.rs:347:9
[INFO] [stdout]   35:     0x557977186958 - std::panicking::try::do_call::h062597b7acfd6b82
[INFO] [stdout]                                at /rustc/a178d0322ce20e33eac124758e837cbd80a6f633/library/std/src/panicking.rs:401:40
[INFO] [stdout]   36:     0x557977186958 - std::panicking::try::h0d7b79db04c14552
[INFO] [stdout]                                at /rustc/a178d0322ce20e33eac124758e837cbd80a6f633/library/std/src/panicking.rs:365:19
[INFO] [stdout]   37:     0x557977186958 - std::panic::catch_unwind::hb01a0b5e7c8cd43b
[INFO] [stdout]                                at /rustc/a178d0322ce20e33eac124758e837cbd80a6f633/library/std/src/panic.rs:434:14
[INFO] [stdout]   38:     0x557977186958 - std::thread::Builder::spawn_unchecked::{{closure}}::h5bde48cc887e0d1e
[INFO] [stdout]                                at /rustc/a178d0322ce20e33eac124758e837cbd80a6f633/library/std/src/thread/mod.rs:480:30
[INFO] [stdout]   39:     0x557977186958 - core::ops::function::FnOnce::call_once{{vtable.shim}}::h745ea30807a29e55
[INFO] [stdout]                                at /rustc/a178d0322ce20e33eac124758e837cbd80a6f633/library/core/src/ops/function.rs:227:5
[INFO] [stdout]   40:     0x5579772161e7 - <alloc::boxed::Box<F,A> as core::ops::function::FnOnce<Args>>::call_once::h7ece6cfefaff1005
[INFO] [stdout]                                at /rustc/a178d0322ce20e33eac124758e837cbd80a6f633/library/alloc/src/boxed.rs:1575:9
[INFO] [stdout]   41:     0x5579772161e7 - <alloc::boxed::Box<F,A> as core::ops::function::FnOnce<Args>>::call_once::hb8b48e55c21f193e
[INFO] [stdout]                                at /rustc/a178d0322ce20e33eac124758e837cbd80a6f633/library/alloc/src/boxed.rs:1575:9
[INFO] [stdout]   42:     0x5579772161e7 - std::sys::unix::thread::Thread::new::thread_start::h8c7c4450dba62914
[INFO] [stdout]                                at /rustc/a178d0322ce20e33eac124758e837cbd80a6f633/library/std/src/sys/unix/thread.rs:71:17
[INFO] [stdout]   43:     0x7fc453bd3609 - start_thread
[INFO] [stdout]   44:     0x7fc4539a5293 - clone
[INFO] [stdout]   45:                0x0 - <unknown>
[INFO] [stdout] 
[INFO] [stdout] 
[INFO] [stdout] failures:
[INFO] [stdout]     safari::tests_property::test_invalid_property_is_rejected
[INFO] [stdout] 
[INFO] [stdout] test result: FAILED. 51 passed; 1 failed; 0 ignored; 0 measured; 0 filtered out; finished in 0.12s
[INFO] [stdout] 
[INFO] [stderr] error: test failed, to rerun pass '--bin safari'
[INFO] running `Command { std: "docker" "inspect" "291e4963525d320980521cf2f77ca6b2e8515ef08d523b96342c2543fbcfa455", kill_on_drop: false }`
[INFO] running `Command { std: "docker" "rm" "-f" "291e4963525d320980521cf2f77ca6b2e8515ef08d523b96342c2543fbcfa455", kill_on_drop: false }`
[INFO] [stdout] 291e4963525d320980521cf2f77ca6b2e8515ef08d523b96342c2543fbcfa455
