[INFO] cloning repository https://github.com/alexkreidler/rust-html-xml-comparison
[INFO] running `Command { std: "git" "-c" "credential.helper=" "-c" "credential.helper=/workspace/cargo-home/bin/git-credential-null" "clone" "--bare" "https://github.com/alexkreidler/rust-html-xml-comparison" "/workspace/cache/git-repos/https%3A%2F%2Fgithub.com%2Falexkreidler%2Frust-html-xml-comparison", kill_on_drop: false }`
[INFO] [stderr] Cloning into bare repository '/workspace/cache/git-repos/https%3A%2F%2Fgithub.com%2Falexkreidler%2Frust-html-xml-comparison'...
[INFO] running `Command { std: "git" "rev-parse" "HEAD", kill_on_drop: false }`
[INFO] [stdout] 227f4cad32b69429546ed56100db7987ff6027bb
[INFO] testing alexkreidler/rust-html-xml-comparison against 1.54.0 for beta-1.55-1
[INFO] running `Command { std: "git" "clone" "/workspace/cache/git-repos/https%3A%2F%2Fgithub.com%2Falexkreidler%2Frust-html-xml-comparison" "/workspace/builds/worker-110/source", kill_on_drop: false }`
[INFO] [stderr] Cloning into '/workspace/builds/worker-110/source'...
[INFO] [stderr] done.
[INFO] validating manifest of git repo https://github.com/alexkreidler/rust-html-xml-comparison on toolchain 1.54.0
[INFO] running `Command { std: "/workspace/cargo-home/bin/cargo" "+1.54.0" "metadata" "--manifest-path" "Cargo.toml" "--no-deps", kill_on_drop: false }`
[INFO] started tweaking git repo https://github.com/alexkreidler/rust-html-xml-comparison
[INFO] removed 0 missing examples
[INFO] finished tweaking git repo https://github.com/alexkreidler/rust-html-xml-comparison
[INFO] tweaked toml for git repo https://github.com/alexkreidler/rust-html-xml-comparison written to /workspace/builds/worker-110/source/Cargo.toml
[INFO] crate git repo https://github.com/alexkreidler/rust-html-xml-comparison already has a lockfile, it will not be regenerated
[INFO] running `Command { std: "/workspace/cargo-home/bin/cargo" "+1.54.0" "fetch" "--manifest-path" "Cargo.toml", kill_on_drop: false }`
[INFO] [stderr]     Blocking waiting for file lock on package cache
[INFO] [stderr]     Blocking waiting for file lock on package cache
[INFO] running `Command { std: "docker" "create" "-v" "/var/lib/crater-agent-workspace/builds/worker-110/target:/opt/rustwide/target:rw,Z" "-v" "/var/lib/crater-agent-workspace/builds/worker-110/source:/opt/rustwide/workdir:ro,Z" "-v" "/var/lib/crater-agent-workspace/cargo-home:/opt/rustwide/cargo-home:ro,Z" "-v" "/var/lib/crater-agent-workspace/rustup-home:/opt/rustwide/rustup-home:ro,Z" "-e" "SOURCE_DIR=/opt/rustwide/workdir" "-e" "CARGO_TARGET_DIR=/opt/rustwide/target" "-e" "CARGO_HOME=/opt/rustwide/cargo-home" "-e" "RUSTUP_HOME=/opt/rustwide/rustup-home" "-w" "/opt/rustwide/workdir" "-m" "1610612736" "--user" "0:0" "--network" "none" "ghcr.io/rust-lang/crates-build-env/linux@sha256:34b6a614d2c27851fe6cbf88fbd1137609cefab8b10d0615aaeb6fd47975d74e" "/opt/rustwide/cargo-home/bin/cargo" "+1.54.0" "metadata" "--no-deps" "--format-version=1", kill_on_drop: false }`
[INFO] [stdout] 5143d98276c0604c5247a36267384610e9d5e9811f081895dab77ab6d7526b31
[INFO] running `Command { std: "docker" "start" "-a" "5143d98276c0604c5247a36267384610e9d5e9811f081895dab77ab6d7526b31", kill_on_drop: false }`
[INFO] running `Command { std: "docker" "inspect" "5143d98276c0604c5247a36267384610e9d5e9811f081895dab77ab6d7526b31", kill_on_drop: false }`
[INFO] running `Command { std: "docker" "rm" "-f" "5143d98276c0604c5247a36267384610e9d5e9811f081895dab77ab6d7526b31", kill_on_drop: false }`
[INFO] [stdout] 5143d98276c0604c5247a36267384610e9d5e9811f081895dab77ab6d7526b31
[INFO] running `Command { std: "docker" "create" "-v" "/var/lib/crater-agent-workspace/builds/worker-110/target:/opt/rustwide/target:rw,Z" "-v" "/var/lib/crater-agent-workspace/builds/worker-110/source:/opt/rustwide/workdir:ro,Z" "-v" "/var/lib/crater-agent-workspace/cargo-home:/opt/rustwide/cargo-home:ro,Z" "-v" "/var/lib/crater-agent-workspace/rustup-home:/opt/rustwide/rustup-home:ro,Z" "-e" "SOURCE_DIR=/opt/rustwide/workdir" "-e" "CARGO_TARGET_DIR=/opt/rustwide/target" "-e" "CARGO_INCREMENTAL=0" "-e" "RUST_BACKTRACE=full" "-e" "RUSTFLAGS=--cap-lints=warn" "-e" "CARGO_HOME=/opt/rustwide/cargo-home" "-e" "RUSTUP_HOME=/opt/rustwide/rustup-home" "-w" "/opt/rustwide/workdir" "-m" "1610612736" "--user" "0:0" "--network" "none" "ghcr.io/rust-lang/crates-build-env/linux@sha256:34b6a614d2c27851fe6cbf88fbd1137609cefab8b10d0615aaeb6fd47975d74e" "/opt/rustwide/cargo-home/bin/cargo" "+1.54.0" "build" "--frozen" "--message-format=json", kill_on_drop: false }`
[INFO] [stdout] c4060c9eab45af68ee620f5ba48a6b3539374ba218a8d22b1e928fa5a1cf9ca3
[INFO] running `Command { std: "docker" "start" "-a" "c4060c9eab45af68ee620f5ba48a6b3539374ba218a8d22b1e928fa5a1cf9ca3", kill_on_drop: false }`
[INFO] [stderr]     Blocking waiting for file lock on package cache
[INFO] [stderr]    Compiling proc-macro2 v1.0.19
[INFO] [stderr]    Compiling syn v1.0.38
[INFO] [stderr]    Compiling libc v0.2.74
[INFO] [stderr]    Compiling version_check v0.9.2
[INFO] [stderr]    Compiling cfg-if v0.1.10
[INFO] [stderr]    Compiling getrandom v0.1.14
[INFO] [stderr]    Compiling serde_derive v1.0.114
[INFO] [stderr]    Compiling siphasher v0.3.3
[INFO] [stderr]    Compiling serde v1.0.114
[INFO] [stderr]    Compiling ppv-lite86 v0.2.8
[INFO] [stderr]    Compiling ryu v1.0.5
[INFO] [stderr]    Compiling serde_json v1.0.57
[INFO] [stderr]    Compiling itoa v0.4.6
[INFO] [stderr]    Compiling memchr v2.3.3
[INFO] [stderr]    Compiling autocfg v1.0.0
[INFO] [stderr]    Compiling log v0.4.11
[INFO] [stderr]    Compiling new_debug_unreachable v1.0.4
[INFO] [stderr]    Compiling unicode-segmentation v1.6.0
[INFO] [stderr]    Compiling bitflags v1.2.1
[INFO] [stderr]    Compiling unicode-width v0.1.8
[INFO] [stderr]    Compiling mac v0.1.1
[INFO] [stderr]    Compiling ucd-trie v0.1.3
[INFO] [stderr]    Compiling precomputed-hash v0.1.1
[INFO] [stderr]    Compiling utf-8 v0.7.5
[INFO] [stderr]    Compiling maplit v1.0.2
[INFO] [stderr]    Compiling vec_map v0.8.2
[INFO] [stderr]    Compiling anyhow v1.0.32
[INFO] [stderr]    Compiling termcolor v1.1.0
[INFO] [stderr]    Compiling regex-syntax v0.6.18
[INFO] [stderr]    Compiling quick-error v1.2.3
[INFO] [stderr]    Compiling xmlparser v0.6.1
[INFO] [stderr]    Compiling xml-rs v0.8.3
[INFO] [stderr]    Compiling strsim v0.10.0
[INFO] [stderr]    Compiling os_str_bytes v2.3.2
[INFO] [stderr]    Compiling xmlparser v0.13.2
[INFO] [stderr]    Compiling thread_local v1.0.1
[INFO] [stderr]    Compiling futf v0.1.4
[INFO] [stderr]    Compiling textwrap v0.11.0
[INFO] [stderr]    Compiling tabwriter v1.2.1
[INFO] [stderr]    Compiling xmltree v0.10.1
[INFO] [stderr]    Compiling humantime v1.3.0
[INFO] [stderr]    Compiling atty v0.2.14
[INFO] [stderr]    Compiling time v0.1.43
[INFO] [stderr]    Compiling proc-macro-error-attr v1.0.4
[INFO] [stderr]    Compiling proc-macro-error v1.0.4
[INFO] [stderr]    Compiling proc-macro-error-attr v0.4.12
[INFO] [stderr]    Compiling proc-macro-error v0.4.12
[INFO] [stderr]    Compiling hashbrown v0.8.2
[INFO] [stderr]    Compiling indexmap v1.5.1
[INFO] [stderr]    Compiling phf_shared v0.8.0
[INFO] [stderr]    Compiling pest v2.1.3
[INFO] [stderr]    Compiling roxmltree v0.1.0
[INFO] [stderr]    Compiling heck v0.3.1
[INFO] [stderr]    Compiling tendril v0.4.1
[INFO] [stderr]    Compiling aho-corasick v0.7.13
[INFO] [stderr]    Compiling quick-xml v0.17.2
[INFO] [stderr]    Compiling quick-xml v0.18.1
[INFO] [stderr]    Compiling quote v1.0.7
[INFO] [stderr]    Compiling clap v2.33.2
[INFO] [stderr]    Compiling rand_core v0.5.1
[INFO] [stderr]    Compiling minidom v0.12.0
[INFO] [stderr]    Compiling rand_pcg v0.2.1
[INFO] [stderr]    Compiling rand_chacha v0.2.2
[INFO] [stderr]    Compiling phf v0.8.0
[INFO] [stderr]    Compiling pest_meta v2.1.3
[INFO] [stderr]    Compiling rand v0.7.3
[INFO] [stderr]    Compiling regex v1.3.9
[INFO] [stderr]    Compiling phf_generator v0.8.0
[INFO] [stderr]    Compiling string_cache_codegen v0.5.1
[INFO] [stderr]    Compiling phf_codegen v0.8.0
[INFO] [stderr]    Compiling env_logger v0.7.1
[INFO] [stderr]    Compiling syn-mid v0.5.0
[INFO] [stderr]    Compiling pest_generator v2.1.3
[INFO] [stderr]    Compiling html5ever v0.25.1
[INFO] [stderr]    Compiling thiserror-impl v1.0.20
[INFO] [stderr]    Compiling structopt-derive v0.4.9
[INFO] [stderr]    Compiling pest_derive v2.1.0
[INFO] [stderr]    Compiling clap_derive v3.0.0-beta.1
[INFO] [stderr]    Compiling thiserror v1.0.20
[INFO] [stderr]    Compiling structopt v0.3.16
[INFO] [stderr]    Compiling clap v3.0.0-beta.1
[INFO] [stderr]    Compiling string_cache v0.8.0
[INFO] [stderr]    Compiling html_parser v0.4.2
[INFO] [stderr]    Compiling markup5ever v0.10.0
[INFO] [stderr]    Compiling xml5ever v0.16.1
[INFO] [stderr]    Compiling markup5ever_rcdom v0.1.0
[INFO] [stderr]    Compiling rust-html-xml-comparison v0.1.0 (/opt/rustwide/workdir)
[INFO] [stdout] warning: unused variable: `r`
[INFO] [stdout]   --> src/matrix.rs:14:23
[INFO] [stdout]    |
[INFO] [stdout] 14 |         Input::Reader(r) => Err(anyhow!("unsupported for now, ownership issues")), //tkz.parse_tokens_reader(r.deref()),
[INFO] [stdout]    |                       ^ help: if this is intentional, prefix it with an underscore: `_r`
[INFO] [stdout]    |
[INFO] [stdout]    = note: `#[warn(unused_variables)]` on by default
[INFO] [stdout] 
[INFO] [stdout] 
[INFO] [stdout] warning: constant `basic` should have an upper case name
[INFO] [stdout]  --> src/data.rs:2:11
[INFO] [stdout]   |
[INFO] [stdout] 2 | pub const basic: &'static str = r#"<tag1 att1 = "test">
[INFO] [stdout]   |           ^^^^^ help: convert the identifier to upper case: `BASIC`
[INFO] [stdout]   |
[INFO] [stdout]   = note: `#[warn(non_upper_case_globals)]` on by default
[INFO] [stdout] 
[INFO] [stdout] 
[INFO] [stdout] warning: constant `basic2` should have an upper case name
[INFO] [stdout]  --> src/data.rs:9:11
[INFO] [stdout]   |
[INFO] [stdout] 9 | pub const basic2: &'static str = r##"
[INFO] [stdout]   |           ^^^^^^ help: convert the identifier to upper case: `BASIC2`
[INFO] [stdout] 
[INFO] [stdout] 
[INFO] [stdout] warning: constant `invalid` should have an upper case name
[INFO] [stdout]   --> src/data.rs:18:11
[INFO] [stdout]    |
[INFO] [stdout] 18 | pub const invalid: &'static str = r#"
[INFO] [stdout]    |           ^^^^^^^ help: convert the identifier to upper case: `INVALID`
[INFO] [stdout] 
[INFO] [stdout] 
[INFO] [stdout] warning: constant `invalid2` should have an upper case name
[INFO] [stdout]   --> src/data.rs:29:11
[INFO] [stdout]    |
[INFO] [stdout] 29 | pub const invalid2: &'static str = r#"
[INFO] [stdout]    |           ^^^^^^^^ help: convert the identifier to upper case: `INVALID2`
[INFO] [stdout] 
[INFO] [stdout] 
[INFO] [stdout] warning: constant `invalid3` should have an upper case name
[INFO] [stdout]   --> src/data.rs:34:11
[INFO] [stdout]    |
[INFO] [stdout] 34 | pub const invalid3: &'static str = r#"
[INFO] [stdout]    |           ^^^^^^^^ help: convert the identifier to upper case: `INVALID3`
[INFO] [stdout] 
[INFO] [stdout] 
[INFO] [stdout] warning: constant `self_closed` should have an upper case name
[INFO] [stdout]   --> src/data.rs:40:11
[INFO] [stdout]    |
[INFO] [stdout] 40 | pub const self_closed: &'static str = r#"
[INFO] [stdout]    |           ^^^^^^^^^^^ help: convert the identifier to upper case: `SELF_CLOSED`
[INFO] [stdout] 
[INFO] [stdout] 
[INFO] [stdout] warning: constant `html` should have an upper case name
[INFO] [stdout]   --> src/data.rs:48:11
[INFO] [stdout]    |
[INFO] [stdout] 48 | pub const html: &'static str = r#"
[INFO] [stdout]    |           ^^^^ help: convert the identifier to upper case: `HTML`
[INFO] [stdout] 
[INFO] [stdout] 
[INFO] [stdout] warning: 8 warnings emitted
[INFO] [stdout] 
[INFO] [stdout] 
[INFO] [stdout] warning: unused variable: `sub_m`
[INFO] [stdout]   --> src/main.rs:44:26
[INFO] [stdout]    |
[INFO] [stdout] 44 |         ("builtin", Some(sub_m)) => matrix::run_matrix(std::io::stdout(), tests::get_tests())?,
[INFO] [stdout]    |                          ^^^^^ help: if this is intentional, prefix it with an underscore: `_sub_m`
[INFO] [stdout]    |
[INFO] [stdout]    = note: `#[warn(unused_variables)]` on by default
[INFO] [stdout] 
[INFO] [stdout] 
[INFO] [stdout] warning: 1 warning emitted
[INFO] [stdout] 
[INFO] [stdout] 
[INFO] [stderr]     Finished dev [unoptimized + debuginfo] target(s) in 1m 27s
[INFO] running `Command { std: "docker" "inspect" "c4060c9eab45af68ee620f5ba48a6b3539374ba218a8d22b1e928fa5a1cf9ca3", kill_on_drop: false }`
[INFO] running `Command { std: "docker" "rm" "-f" "c4060c9eab45af68ee620f5ba48a6b3539374ba218a8d22b1e928fa5a1cf9ca3", kill_on_drop: false }`
[INFO] [stdout] c4060c9eab45af68ee620f5ba48a6b3539374ba218a8d22b1e928fa5a1cf9ca3
[INFO] running `Command { std: "docker" "create" "-v" "/var/lib/crater-agent-workspace/builds/worker-110/target:/opt/rustwide/target:rw,Z" "-v" "/var/lib/crater-agent-workspace/builds/worker-110/source:/opt/rustwide/workdir:ro,Z" "-v" "/var/lib/crater-agent-workspace/cargo-home:/opt/rustwide/cargo-home:ro,Z" "-v" "/var/lib/crater-agent-workspace/rustup-home:/opt/rustwide/rustup-home:ro,Z" "-e" "SOURCE_DIR=/opt/rustwide/workdir" "-e" "CARGO_TARGET_DIR=/opt/rustwide/target" "-e" "CARGO_INCREMENTAL=0" "-e" "RUST_BACKTRACE=full" "-e" "RUSTFLAGS=--cap-lints=warn" "-e" "CARGO_HOME=/opt/rustwide/cargo-home" "-e" "RUSTUP_HOME=/opt/rustwide/rustup-home" "-w" "/opt/rustwide/workdir" "-m" "1610612736" "--user" "0:0" "--network" "none" "ghcr.io/rust-lang/crates-build-env/linux@sha256:34b6a614d2c27851fe6cbf88fbd1137609cefab8b10d0615aaeb6fd47975d74e" "/opt/rustwide/cargo-home/bin/cargo" "+1.54.0" "test" "--frozen" "--no-run" "--message-format=json", kill_on_drop: false }`
[INFO] [stdout] aa5791490387051ae8d26d47ddc0a4d85aca6be8ec29853f541f3023574bd671
[INFO] running `Command { std: "docker" "start" "-a" "aa5791490387051ae8d26d47ddc0a4d85aca6be8ec29853f541f3023574bd671", kill_on_drop: false }`
[INFO] [stdout] warning: unused variable: `r`
[INFO] [stdout]   --> src/matrix.rs:14:23
[INFO] [stdout]    |
[INFO] [stdout] 14 |         Input::Reader(r) => Err(anyhow!("unsupported for now, ownership issues")), //tkz.parse_tokens_reader(r.deref()),
[INFO] [stdout]    |                       ^ help: if this is intentional, prefix it with an underscore: `_r`
[INFO] [stdout]    |
[INFO] [stdout]    = note: `#[warn(unused_variables)]` on by default
[INFO] [stdout] 
[INFO] [stdout] 
[INFO] [stdout] warning: constant `basic` should have an upper case name
[INFO] [stdout]  --> src/data.rs:2:11
[INFO] [stdout]   |
[INFO] [stdout] 2 | pub const basic: &'static str = r#"<tag1 att1 = "test">
[INFO] [stdout]   |           ^^^^^ help: convert the identifier to upper case: `BASIC`
[INFO] [stdout]   |
[INFO] [stdout]   = note: `#[warn(non_upper_case_globals)]` on by default
[INFO] [stdout] 
[INFO] [stdout] 
[INFO] [stdout] warning: constant `basic2` should have an upper case name
[INFO] [stdout]  --> src/data.rs:9:11
[INFO] [stdout]   |
[INFO] [stdout] 9 | pub const basic2: &'static str = r##"
[INFO] [stdout]   |           ^^^^^^ help: convert the identifier to upper case: `BASIC2`
[INFO] [stdout] 
[INFO] [stdout] 
[INFO] [stdout] warning: constant `invalid` should have an upper case name
[INFO] [stdout]   --> src/data.rs:18:11
[INFO] [stdout]    |
[INFO] [stdout] 18 | pub const invalid: &'static str = r#"
[INFO] [stdout]    |           ^^^^^^^ help: convert the identifier to upper case: `INVALID`
[INFO] [stdout] 
[INFO] [stdout] 
[INFO] [stdout] warning: constant `invalid2` should have an upper case name
[INFO] [stdout]   --> src/data.rs:29:11
[INFO] [stdout]    |
[INFO] [stdout] 29 | pub const invalid2: &'static str = r#"
[INFO] [stdout]    |           ^^^^^^^^ help: convert the identifier to upper case: `INVALID2`
[INFO] [stdout] 
[INFO] [stdout] 
[INFO] [stderr]    Compiling rust-html-xml-comparison v0.1.0 (/opt/rustwide/workdir)
[INFO] [stdout] warning: constant `invalid3` should have an upper case name
[INFO] [stdout]   --> src/data.rs:34:11
[INFO] [stdout]    |
[INFO] [stdout] 34 | pub const invalid3: &'static str = r#"
[INFO] [stdout]    |           ^^^^^^^^ help: convert the identifier to upper case: `INVALID3`
[INFO] [stdout] 
[INFO] [stdout] 
[INFO] [stdout] warning: constant `self_closed` should have an upper case name
[INFO] [stdout]   --> src/data.rs:40:11
[INFO] [stdout]    |
[INFO] [stdout] 40 | pub const self_closed: &'static str = r#"
[INFO] [stdout]    |           ^^^^^^^^^^^ help: convert the identifier to upper case: `SELF_CLOSED`
[INFO] [stdout] 
[INFO] [stdout] 
[INFO] [stdout] warning: constant `html` should have an upper case name
[INFO] [stdout]   --> src/data.rs:48:11
[INFO] [stdout]    |
[INFO] [stdout] 48 | pub const html: &'static str = r#"
[INFO] [stdout]    |           ^^^^ help: convert the identifier to upper case: `HTML`
[INFO] [stdout] 
[INFO] [stdout] 
[INFO] [stdout] warning: 8 warnings emitted
[INFO] [stdout] 
[INFO] [stdout] 
[INFO] [stdout] warning: unused import: `std::fs::File`
[INFO] [stdout]  --> examples/high-level/xmltree.rs:1:5
[INFO] [stdout]   |
[INFO] [stdout] 1 | use std::fs::File;
[INFO] [stdout]   |     ^^^^^^^^^^^^^
[INFO] [stdout]   |
[INFO] [stdout]   = note: `#[warn(unused_imports)]` on by default
[INFO] [stdout] 
[INFO] [stdout] 
[INFO] [stdout] warning: unused import: `std::fs::File`
[INFO] [stdout]  --> examples/low-level/xml-rs.rs:3:5
[INFO] [stdout]   |
[INFO] [stdout] 3 | use std::fs::File;
[INFO] [stdout]   |     ^^^^^^^^^^^^^
[INFO] [stdout]   |
[INFO] [stdout]   = note: `#[warn(unused_imports)]` on by default
[INFO] [stdout] 
[INFO] [stdout] 
[INFO] [stdout] warning: unused import: `std::io::BufReader`
[INFO] [stdout]  --> examples/low-level/xml-rs.rs:4:5
[INFO] [stdout]   |
[INFO] [stdout] 4 | use std::io::BufReader;
[INFO] [stdout]   |     ^^^^^^^^^^^^^^^^^^
[INFO] [stdout] 
[INFO] [stdout] 
[INFO] [stdout] warning: unused import: `std::io::Read`
[INFO] [stdout]  --> examples/low-level/xml-rs.rs:5:5
[INFO] [stdout]   |
[INFO] [stdout] 5 | use std::io::Read;
[INFO] [stdout]   |     ^^^^^^^^^^^^^
[INFO] [stdout] 
[INFO] [stdout] 
[INFO] [stdout] warning: unused imports: `Context`, `anyhow`
[INFO] [stdout]  --> src/parser_test.rs:1:14
[INFO] [stdout]   |
[INFO] [stdout] 1 | use anyhow::{anyhow, Context, Error, Result};
[INFO] [stdout]   |              ^^^^^^  ^^^^^^^
[INFO] [stdout]   |
[INFO] [stdout]   = note: `#[warn(unused_imports)]` on by default
[INFO] [stdout] 
[INFO] [stdout] 
[INFO] [stdout] warning: unused variable: `invalid`
[INFO] [stdout]   --> examples/low-level/quick-xml.rs:12:9
[INFO] [stdout]    |
[INFO] [stdout] 12 |     let invalid = r#"
[INFO] [stdout]    |         ^^^^^^^ help: if this is intentional, prefix it with an underscore: `_invalid`
[INFO] [stdout]    |
[INFO] [stdout]    = note: `#[warn(unused_variables)]` on by default
[INFO] [stdout] 
[INFO] [stdout] 
[INFO] [stdout] warning: variable `count` is assigned to, but never used
[INFO] [stdout]   --> examples/low-level/quick-xml.rs:22:13
[INFO] [stdout]    |
[INFO] [stdout] 22 |     let mut count = 0;
[INFO] [stdout]    |             ^^^^^
[INFO] [stdout]    |
[INFO] [stdout]    = note: consider using `_count` instead
[INFO] [stdout] 
[INFO] [stdout] 
[INFO] [stdout] warning: unused imports: `Write`, `self`
[INFO] [stdout]  --> examples/html/html5ever.rs:2:15
[INFO] [stdout]   |
[INFO] [stdout] 2 | use std::io::{self, Write};
[INFO] [stdout]   |               ^^^^  ^^^^^
[INFO] [stdout]   |
[INFO] [stdout]   = note: `#[warn(unused_imports)]` on by default
[INFO] [stdout] 
[INFO] [stdout] 
[INFO] [stdout] warning: unused variable: `sub_m`
[INFO] [stdout]   --> src/main.rs:44:26
[INFO] [stdout]    |
[INFO] [stdout] 44 |         ("builtin", Some(sub_m)) => matrix::run_matrix(std::io::stdout(), tests::get_tests())?,
[INFO] [stdout]    |                          ^^^^^ help: if this is intentional, prefix it with an underscore: `_sub_m`
[INFO] [stdout]    |
[INFO] [stdout]    = note: `#[warn(unused_variables)]` on by default
[INFO] [stdout] 
[INFO] [stdout] 
[INFO] [stdout] warning: unused variable: `r`
[INFO] [stdout]   --> src/matrix.rs:14:23
[INFO] [stdout]    |
[INFO] [stdout] 14 |         Input::Reader(r) => Err(anyhow!("unsupported for now, ownership issues")), //tkz.parse_tokens_reader(r.deref()),
[INFO] [stdout]    |                       ^ help: if this is intentional, prefix it with an underscore: `_r`
[INFO] [stdout]    |
[INFO] [stdout]    = note: `#[warn(unused_variables)]` on by default
[INFO] [stdout] 
[INFO] [stdout] 
[INFO] [stdout] warning: constant `basic` should have an upper case name
[INFO] [stdout]  --> src/data.rs:2:11
[INFO] [stdout]   |
[INFO] [stdout] 2 | pub const basic: &'static str = r#"<tag1 att1 = "test">
[INFO] [stdout]   |           ^^^^^ help: convert the identifier to upper case: `BASIC`
[INFO] [stdout]   |
[INFO] [stdout]   = note: `#[warn(non_upper_case_globals)]` on by default
[INFO] [stdout] 
[INFO] [stdout] 
[INFO] [stdout] warning: constant `basic2` should have an upper case name
[INFO] [stdout]  --> src/data.rs:9:11
[INFO] [stdout]   |
[INFO] [stdout] 9 | pub const basic2: &'static str = r##"
[INFO] [stdout]   |           ^^^^^^ help: convert the identifier to upper case: `BASIC2`
[INFO] [stdout] 
[INFO] [stdout] 
[INFO] [stdout] warning: constant `invalid` should have an upper case name
[INFO] [stdout]   --> src/data.rs:18:11
[INFO] [stdout]    |
[INFO] [stdout] 18 | pub const invalid: &'static str = r#"
[INFO] [stdout]    |           ^^^^^^^ help: convert the identifier to upper case: `INVALID`
[INFO] [stdout] 
[INFO] [stdout] 
[INFO] [stdout] warning: constant `invalid2` should have an upper case name
[INFO] [stdout]   --> src/data.rs:29:11
[INFO] [stdout]    |
[INFO] [stdout] 29 | pub const invalid2: &'static str = r#"
[INFO] [stdout]    |           ^^^^^^^^ help: convert the identifier to upper case: `INVALID2`
[INFO] [stdout] 
[INFO] [stdout] 
[INFO] [stdout] warning: constant `invalid3` should have an upper case name
[INFO] [stdout]   --> src/data.rs:34:11
[INFO] [stdout]    |
[INFO] [stdout] 34 | pub const invalid3: &'static str = r#"
[INFO] [stdout]    |           ^^^^^^^^ help: convert the identifier to upper case: `INVALID3`
[INFO] [stdout] 
[INFO] [stdout] 
[INFO] [stdout] warning: constant `self_closed` should have an upper case name
[INFO] [stdout]   --> src/data.rs:40:11
[INFO] [stdout]    |
[INFO] [stdout] 40 | pub const self_closed: &'static str = r#"
[INFO] [stdout]    |           ^^^^^^^^^^^ help: convert the identifier to upper case: `SELF_CLOSED`
[INFO] [stdout] 
[INFO] [stdout] 
[INFO] [stdout] warning: constant `html` should have an upper case name
[INFO] [stdout]   --> src/data.rs:48:11
[INFO] [stdout]    |
[INFO] [stdout] 48 | pub const html: &'static str = r#"
[INFO] [stdout]    |           ^^^^ help: convert the identifier to upper case: `HTML`
[INFO] [stdout] 
[INFO] [stdout] 
[INFO] [stdout] warning: 3 warnings emitted
[INFO] [stdout] 
[INFO] [stdout] 
[INFO] [stdout] warning: 2 warnings emitted
[INFO] [stdout] 
[INFO] [stdout] 
[INFO] [stdout] warning: 1 warning emitted
[INFO] [stdout] 
[INFO] [stdout] 
[INFO] [stdout] warning: 1 warning emitted
[INFO] [stdout] 
[INFO] [stdout] 
[INFO] [stdout] warning: 1 warning emitted
[INFO] [stdout] 
[INFO] [stdout] 
[INFO] [stdout] warning: 9 warnings emitted
[INFO] [stdout] 
[INFO] [stdout] 
[INFO] [stderr]     Finished test [unoptimized + debuginfo] target(s) in 4.70s
[INFO] running `Command { std: "docker" "inspect" "aa5791490387051ae8d26d47ddc0a4d85aca6be8ec29853f541f3023574bd671", kill_on_drop: false }`
[INFO] running `Command { std: "docker" "rm" "-f" "aa5791490387051ae8d26d47ddc0a4d85aca6be8ec29853f541f3023574bd671", kill_on_drop: false }`
[INFO] [stdout] aa5791490387051ae8d26d47ddc0a4d85aca6be8ec29853f541f3023574bd671
[INFO] running `Command { std: "docker" "create" "-v" "/var/lib/crater-agent-workspace/builds/worker-110/target:/opt/rustwide/target:rw,Z" "-v" "/var/lib/crater-agent-workspace/builds/worker-110/source:/opt/rustwide/workdir:ro,Z" "-v" "/var/lib/crater-agent-workspace/cargo-home:/opt/rustwide/cargo-home:ro,Z" "-v" "/var/lib/crater-agent-workspace/rustup-home:/opt/rustwide/rustup-home:ro,Z" "-e" "SOURCE_DIR=/opt/rustwide/workdir" "-e" "CARGO_TARGET_DIR=/opt/rustwide/target" "-e" "CARGO_INCREMENTAL=0" "-e" "RUST_BACKTRACE=full" "-e" "RUSTFLAGS=--cap-lints=warn" "-e" "CARGO_HOME=/opt/rustwide/cargo-home" "-e" "RUSTUP_HOME=/opt/rustwide/rustup-home" "-w" "/opt/rustwide/workdir" "-m" "1610612736" "--user" "0:0" "--network" "none" "ghcr.io/rust-lang/crates-build-env/linux@sha256:34b6a614d2c27851fe6cbf88fbd1137609cefab8b10d0615aaeb6fd47975d74e" "/opt/rustwide/cargo-home/bin/cargo" "+1.54.0" "test" "--frozen", kill_on_drop: false }`
[INFO] [stdout] bf288a5990fc0422ec60b488bebb71c4d174d1b8242e20cc83e986ac7e9277ca
[INFO] running `Command { std: "docker" "start" "-a" "bf288a5990fc0422ec60b488bebb71c4d174d1b8242e20cc83e986ac7e9277ca", kill_on_drop: false }`
[INFO] [stderr]     Blocking waiting for file lock on package cache
[INFO] [stderr] warning: unused variable: `r`
[INFO] [stderr]   --> src/matrix.rs:14:23
[INFO] [stderr]    |
[INFO] [stderr] 14 |         Input::Reader(r) => Err(anyhow!("unsupported for now, ownership issues")), //tkz.parse_tokens_reader(r.deref()),
[INFO] [stderr]    |                       ^ help: if this is intentional, prefix it with an underscore: `_r`
[INFO] [stderr]    |
[INFO] [stderr]    = note: `#[warn(unused_variables)]` on by default
[INFO] [stderr] 
[INFO] [stderr] warning: constant `basic` should have an upper case name
[INFO] [stderr]  --> src/data.rs:2:11
[INFO] [stderr]   |
[INFO] [stderr] 2 | pub const basic: &'static str = r#"<tag1 att1 = "test">
[INFO] [stderr]   |           ^^^^^ help: convert the identifier to upper case: `BASIC`
[INFO] [stderr]   |
[INFO] [stderr]   = note: `#[warn(non_upper_case_globals)]` on by default
[INFO] [stderr] 
[INFO] [stderr] warning: constant `basic2` should have an upper case name
[INFO] [stderr]  --> src/data.rs:9:11
[INFO] [stderr]   |
[INFO] [stderr] 9 | pub const basic2: &'static str = r##"
[INFO] [stderr]   |           ^^^^^^ help: convert the identifier to upper case: `BASIC2`
[INFO] [stderr] 
[INFO] [stderr] warning: constant `invalid` should have an upper case name
[INFO] [stderr]   --> src/data.rs:18:11
[INFO] [stderr]    |
[INFO] [stderr] 18 | pub const invalid: &'static str = r#"
[INFO] [stderr]    |           ^^^^^^^ help: convert the identifier to upper case: `INVALID`
[INFO] [stderr] 
[INFO] [stderr] warning: constant `invalid2` should have an upper case name
[INFO] [stderr]   --> src/data.rs:29:11
[INFO] [stderr]    |
[INFO] [stderr] 29 | pub const invalid2: &'static str = r#"
[INFO] [stderr]    |           ^^^^^^^^ help: convert the identifier to upper case: `INVALID2`
[INFO] [stderr] 
[INFO] [stderr] warning: constant `invalid3` should have an upper case name
[INFO] [stderr]   --> src/data.rs:34:11
[INFO] [stderr]    |
[INFO] [stderr] 34 | pub const invalid3: &'static str = r#"
[INFO] [stderr]    |           ^^^^^^^^ help: convert the identifier to upper case: `INVALID3`
[INFO] [stderr] 
[INFO] [stderr] warning: constant `self_closed` should have an upper case name
[INFO] [stderr]   --> src/data.rs:40:11
[INFO] [stderr]    |
[INFO] [stderr] 40 | pub const self_closed: &'static str = r#"
[INFO] [stderr]    |           ^^^^^^^^^^^ help: convert the identifier to upper case: `SELF_CLOSED`
[INFO] [stderr] 
[INFO] [stderr] warning: constant `html` should have an upper case name
[INFO] [stderr]   --> src/data.rs:48:11
[INFO] [stderr]    |
[INFO] [stderr] 48 | pub const html: &'static str = r#"
[INFO] [stderr]    |           ^^^^ help: convert the identifier to upper case: `HTML`
[INFO] [stderr] 
[INFO] [stderr] warning: 8 warnings emitted
[INFO] [stderr] 
[INFO] [stderr] warning: unused imports: `Context`, `anyhow`
[INFO] [stderr]  --> src/parser_test.rs:1:14
[INFO] [stderr]   |
[INFO] [stderr] 1 | use anyhow::{anyhow, Context, Error, Result};
[INFO] [stderr]   |              ^^^^^^  ^^^^^^^
[INFO] [stderr]   |
[INFO] [stderr]   = note: `#[warn(unused_imports)]` on by default
[INFO] [stderr] 
[INFO] [stderr] warning: unused variable: `r`
[INFO] [stderr]   --> src/matrix.rs:14:23
[INFO] [stderr]    |
[INFO] [stderr] 14 |         Input::Reader(r) => Err(anyhow!("unsupported for now, ownership issues")), //tkz.parse_tokens_reader(r.deref()),
[INFO] [stderr]    |                       ^ help: if this is intentional, prefix it with an underscore: `_r`
[INFO] [stderr]    |
[INFO] [stderr]    = note: `#[warn(unused_variables)]` on by default
[INFO] [stderr] 
[INFO] [stderr] warning: constant `basic` should have an upper case name
[INFO] [stderr]  --> src/data.rs:2:11
[INFO] [stderr]   |
[INFO] [stderr] 2 | pub const basic: &'static str = r#"<tag1 att1 = "test">
[INFO] [stderr]   |           ^^^^^ help: convert the identifier to upper case: `BASIC`
[INFO] [stderr]   |
[INFO] [stderr]   = note: `#[warn(non_upper_case_globals)]` on by default
[INFO] [stderr] 
[INFO] [stderr] warning: constant `basic2` should have an upper case name
[INFO] [stderr]  --> src/data.rs:9:11
[INFO] [stderr]   |
[INFO] [stderr] 9 | pub const basic2: &'static str = r##"
[INFO] [stderr]   |           ^^^^^^ help: convert the identifier to upper case: `BASIC2`
[INFO] [stderr] 
[INFO] [stderr] warning: constant `invalid` should have an upper case name
[INFO] [stderr]   --> src/data.rs:18:11
[INFO] [stderr]    |
[INFO] [stderr] 18 | pub const invalid: &'static str = r#"
[INFO] [stderr]    |           ^^^^^^^ help: convert the identifier to upper case: `INVALID`
[INFO] [stderr] 
[INFO] [stderr] warning: constant `invalid2` should have an upper case name
[INFO] [stderr]   --> src/data.rs:29:11
[INFO] [stderr]    |
[INFO] [stderr] 29 | pub const invalid2: &'static str = r#"
[INFO] [stderr]    |           ^^^^^^^^ help: convert the identifier to upper case: `INVALID2`
[INFO] [stderr] 
[INFO] [stderr] warning: constant `invalid3` should have an upper case name
[INFO] [stderr]   --> src/data.rs:34:11
[INFO] [stderr]    |
[INFO] [stderr] 34 | pub const invalid3: &'static str = r#"
[INFO] [stderr]    |           ^^^^^^^^ help: convert the identifier to upper case: `INVALID3`
[INFO] [stderr] 
[INFO] [stderr] warning: constant `self_closed` should have an upper case name
[INFO] [stderr]   --> src/data.rs:40:11
[INFO] [stderr]    |
[INFO] [stderr] 40 | pub const self_closed: &'static str = r#"
[INFO] [stderr]    |           ^^^^^^^^^^^ help: convert the identifier to upper case: `SELF_CLOSED`
[INFO] [stderr] 
[INFO] [stderr] warning: constant `html` should have an upper case name
[INFO] [stderr]   --> src/data.rs:48:11
[INFO] [stderr]    |
[INFO] [stderr] 48 | pub const html: &'static str = r#"
[INFO] [stderr]    |           ^^^^ help: convert the identifier to upper case: `HTML`
[INFO] [stderr] 
[INFO] [stderr] warning: 9 warnings emitted
[INFO] [stderr] 
[INFO] [stderr] warning: unused variable: `invalid`
[INFO] [stderr]   --> examples/low-level/quick-xml.rs:12:9
[INFO] [stderr]    |
[INFO] [stderr] 12 |     let invalid = r#"
[INFO] [stderr]    |         ^^^^^^^ help: if this is intentional, prefix it with an underscore: `_invalid`
[INFO] [stderr]    |
[INFO] [stderr]    = note: `#[warn(unused_variables)]` on by default
[INFO] [stderr] 
[INFO] [stderr] warning: variable `count` is assigned to, but never used
[INFO] [stderr]   --> examples/low-level/quick-xml.rs:22:13
[INFO] [stderr]    |
[INFO] [stderr] 22 |     let mut count = 0;
[INFO] [stderr]    |             ^^^^^
[INFO] [stderr]    |
[INFO] [stderr]    = note: consider using `_count` instead
[INFO] [stderr] 
[INFO] [stderr] warning: 2 warnings emitted
[INFO] [stderr] 
[INFO] [stderr] warning: unused import: `std::fs::File`
[INFO] [stderr]  --> examples/high-level/xmltree.rs:1:5
[INFO] [stderr]   |
[INFO] [stderr] 1 | use std::fs::File;
[INFO] [stderr]   |     ^^^^^^^^^^^^^
[INFO] [stderr]   |
[INFO] [stderr]   = note: `#[warn(unused_imports)]` on by default
[INFO] [stderr] 
[INFO] [stderr] warning: 1 warning emitted
[INFO] [stderr] 
[INFO] [stderr] warning: unused variable: `sub_m`
[INFO] [stderr]   --> src/main.rs:44:26
[INFO] [stderr]    |
[INFO] [stderr] 44 |         ("builtin", Some(sub_m)) => matrix::run_matrix(std::io::stdout(), tests::get_tests())?,
[INFO] [stderr]    |                          ^^^^^ help: if this is intentional, prefix it with an underscore: `_sub_m`
[INFO] [stderr]    |
[INFO] [stderr]    = note: `#[warn(unused_variables)]` on by default
[INFO] [stderr] 
[INFO] [stderr] warning: 1 warning emitted
[INFO] [stderr] 
[INFO] [stderr] warning: unused import: `std::fs::File`
[INFO] [stderr]  --> examples/low-level/xml-rs.rs:3:5
[INFO] [stderr]   |
[INFO] [stderr] 3 | use std::fs::File;
[INFO] [stderr]   |     ^^^^^^^^^^^^^
[INFO] [stderr]   |
[INFO] [stderr]   = note: `#[warn(unused_imports)]` on by default
[INFO] [stderr] 
[INFO] [stderr] warning: unused import: `std::io::BufReader`
[INFO] [stderr]  --> examples/low-level/xml-rs.rs:4:5
[INFO] [stderr]   |
[INFO] [stderr] 4 | use std::io::BufReader;
[INFO] [stderr]   |     ^^^^^^^^^^^^^^^^^^
[INFO] [stderr] 
[INFO] [stderr] warning: unused import: `std::io::Read`
[INFO] [stderr]  --> examples/low-level/xml-rs.rs:5:5
[INFO] [stderr]   |
[INFO] [stderr] 5 | use std::io::Read;
[INFO] [stderr]   |     ^^^^^^^^^^^^^
[INFO] [stderr] 
[INFO] [stderr] warning: 3 warnings emitted
[INFO] [stderr] 
[INFO] [stderr] warning: unused imports: `Write`, `self`
[INFO] [stderr]  --> examples/html/html5ever.rs:2:15
[INFO] [stderr]   |
[INFO] [stderr] 2 | use std::io::{self, Write};
[INFO] [stderr]   |               ^^^^  ^^^^^
[INFO] [stderr]   |
[INFO] [stderr]   = note: `#[warn(unused_imports)]` on by default
[INFO] [stderr] 
[INFO] [stderr] warning: 1 warning emitted
[INFO] [stderr] 
[INFO] [stderr]     Finished test [unoptimized + debuginfo] target(s) in 2.83s
[INFO] [stdout] 
[INFO] [stderr]      Running unittests (/opt/rustwide/target/debug/deps/hxcmp-be96f6fe5e11bdb5)
[INFO] [stdout] running 6 tests
[INFO] [stdout] test parser_test::all_tokenizers_self_closed ... ok
[INFO] [stdout] test parser_test::all_tokenizers_basic ... ok
[INFO] [stdout] test parser_test::all_tokenizers_invalid2 ... FAILED
[INFO] [stdout] test parser_test::all_tokenizers_invalid3 ... FAILED
[INFO] [stdout] test parser_test::all_tokenizers_basic2 ... FAILED
[INFO] [stdout] test parser_test::all_tokenizers_invalid ... FAILED
[INFO] [stdout] 
[INFO] [stdout] failures:
[INFO] [stdout] 
[INFO] [stdout] ---- parser_test::all_tokenizers_invalid2 stdout ----
[INFO] [stdout] [2021-08-07T23:26:08Z INFO  hxcmp::parser_test] Running test invalid2
[INFO] [stdout] [2021-08-07T23:26:08Z DEBUG hxcmp::parser_test] Using tokenizer xml-rs
[INFO] [stdout] [2021-08-07T23:26:08Z ERROR hxcmp::parser_test] FAILED to parse tokens from input string using tokenizer xml-rs
[INFO] [stdout] [2021-08-07T23:26:08Z DEBUG hxcmp::parser_test] Using tokenizer xml-parser
[INFO] [stdout] [2021-08-07T23:26:08Z DEBUG hxcmp::parser] total xmlparser events 9
[INFO] [stdout] [2021-08-07T23:26:08Z DEBUG hxcmp::parser_test] Using tokenizer quick-xml
[INFO] [stdout] [2021-08-07T23:26:08Z DEBUG hxcmp::parser] total quick-xml events 4
[INFO] [stdout] [2021-08-07T23:26:08Z DEBUG hxcmp::parser_test] Using tokenizer html5ever
[INFO] [stdout] [2021-08-07T23:26:08Z DEBUG html5ever::tokenizer] processing in state Data
[INFO] [stdout] [2021-08-07T23:26:08Z DEBUG html5ever::tokenizer] got characters Some(FromSet('\n'))
[INFO] [stdout] [2021-08-07T23:26:08Z DEBUG html5ever::tokenizer] got character 
[INFO] [stdout]     
[INFO] [stdout] [2021-08-07T23:26:08Z DEBUG html5ever::tree_builder] processing CharacterTokens(NotSplit, Tendril<UTF8>(inline: \"\\n\")) in insertion mode Initial
[INFO] [stdout] [2021-08-07T23:26:08Z DEBUG html5ever::tree_builder] processing CharacterTokens(Whitespace, Tendril<UTF8>(inline: \"\\n\")) in insertion mode Initial
[INFO] [stdout] [2021-08-07T23:26:08Z DEBUG html5ever::tokenizer] got characters Some(FromSet('<'))
[INFO] [stdout] [2021-08-07T23:26:08Z DEBUG html5ever::tokenizer] got character <
[INFO] [stdout] [2021-08-07T23:26:08Z DEBUG html5ever::tokenizer] processing in state TagOpen
[INFO] [stdout] [2021-08-07T23:26:08Z DEBUG html5ever::tokenizer] got character u
[INFO] [stdout] [2021-08-07T23:26:08Z DEBUG html5ever::tokenizer] processing in state TagName
[INFO] [stdout] [2021-08-07T23:26:08Z DEBUG html5ever::tokenizer] got character n
[INFO] [stdout] [2021-08-07T23:26:08Z DEBUG html5ever::tokenizer] got character c
[INFO] [stdout] [2021-08-07T23:26:08Z DEBUG html5ever::tokenizer] got character l
[INFO] [stdout] [2021-08-07T23:26:08Z DEBUG html5ever::tokenizer] got character o
[INFO] [stdout] [2021-08-07T23:26:08Z DEBUG html5ever::tokenizer] got character s
[INFO] [stdout] [2021-08-07T23:26:08Z DEBUG html5ever::tokenizer] got character e
[INFO] [stdout] [2021-08-07T23:26:08Z DEBUG html5ever::tokenizer] got character d
[INFO] [stdout] [2021-08-07T23:26:08Z DEBUG html5ever::tokenizer] got character >
[INFO] [stdout] [2021-08-07T23:26:08Z DEBUG html5ever::tree_builder] processing TagToken(Tag { kind: StartTag, name: Atom(\'unclosed\' type=dynamic), self_closing: false, attrs: [] }) in insertion mode Initial
[INFO] [stdout] [2021-08-07T23:26:08Z DEBUG html5ever::tree_builder] processing TagToken(Tag { kind: StartTag, name: Atom(\'unclosed\' type=dynamic), self_closing: false, attrs: [] }) in insertion mode BeforeHtml
[INFO] [stdout] [2021-08-07T23:26:08Z DEBUG html5ever::tree_builder] processing TagToken(Tag { kind: StartTag, name: Atom(\'unclosed\' type=dynamic), self_closing: false, attrs: [] }) in insertion mode BeforeHead
[INFO] [stdout] [2021-08-07T23:26:08Z DEBUG html5ever::tree_builder] processing TagToken(Tag { kind: StartTag, name: Atom(\'unclosed\' type=dynamic), self_closing: false, attrs: [] }) in insertion mode InHead
[INFO] [stdout] [2021-08-07T23:26:08Z DEBUG html5ever::tree_builder] processing TagToken(Tag { kind: StartTag, name: Atom(\'unclosed\' type=dynamic), self_closing: false, attrs: [] }) in insertion mode AfterHead
[INFO] [stdout] [2021-08-07T23:26:08Z DEBUG html5ever::tree_builder] processing TagToken(Tag { kind: StartTag, name: Atom(\'unclosed\' type=dynamic), self_closing: false, attrs: [] }) in insertion mode InBody
[INFO] [stdout] [2021-08-07T23:26:08Z DEBUG html5ever::tokenizer] processing in state Data
[INFO] [stdout] [2021-08-07T23:26:08Z DEBUG html5ever::tokenizer] got characters Some(FromSet('\n'))
[INFO] [stdout] [2021-08-07T23:26:08Z DEBUG html5ever::tokenizer] got character 
[INFO] [stdout]     
[INFO] [stdout] [2021-08-07T23:26:08Z DEBUG html5ever::tree_builder] processing CharacterTokens(NotSplit, Tendril<UTF8>(inline: \"\\n\")) in insertion mode InBody
[INFO] [stdout] [2021-08-07T23:26:08Z DEBUG html5ever::tokenizer] got characters Some(FromSet('<'))
[INFO] [stdout] [2021-08-07T23:26:08Z DEBUG html5ever::tokenizer] got character <
[INFO] [stdout] [2021-08-07T23:26:08Z DEBUG html5ever::tokenizer] processing in state TagOpen
[INFO] [stdout] [2021-08-07T23:26:08Z DEBUG html5ever::tokenizer] got character h
[INFO] [stdout] [2021-08-07T23:26:08Z DEBUG html5ever::tokenizer] processing in state TagName
[INFO] [stdout] [2021-08-07T23:26:08Z DEBUG html5ever::tokenizer] got character 1
[INFO] [stdout] [2021-08-07T23:26:08Z DEBUG html5ever::tokenizer] got character >
[INFO] [stdout] [2021-08-07T23:26:08Z DEBUG html5ever::tree_builder] processing TagToken(Tag { kind: StartTag, name: Atom(\'h1\' type=static), self_closing: false, attrs: [] }) in insertion mode InBody
[INFO] [stdout] [2021-08-07T23:26:08Z DEBUG html5ever::tokenizer] processing in state Data
[INFO] [stdout] [2021-08-07T23:26:08Z DEBUG html5ever::tokenizer] got characters Some(NotFromSet(Tendril<UTF8>(inline: "Test")))
[INFO] [stdout] [2021-08-07T23:26:08Z DEBUG html5ever::tree_builder] processing CharacterTokens(NotSplit, Tendril<UTF8>(inline: \"Test\")) in insertion mode InBody
[INFO] [stdout] [2021-08-07T23:26:08Z DEBUG html5ever::tokenizer] got characters Some(FromSet('<'))
[INFO] [stdout] [2021-08-07T23:26:08Z DEBUG html5ever::tokenizer] got character <
[INFO] [stdout] [2021-08-07T23:26:08Z DEBUG html5ever::tokenizer] processing in state TagOpen
[INFO] [stdout] [2021-08-07T23:26:08Z DEBUG html5ever::tokenizer] got character /
[INFO] [stdout] [2021-08-07T23:26:08Z DEBUG html5ever::tokenizer] processing in state EndTagOpen
[INFO] [stdout] [2021-08-07T23:26:08Z DEBUG html5ever::tokenizer] got character h
[INFO] [stdout] [2021-08-07T23:26:08Z DEBUG html5ever::tokenizer] processing in state TagName
[INFO] [stdout] [2021-08-07T23:26:08Z DEBUG html5ever::tokenizer] got character 1
[INFO] [stdout] [2021-08-07T23:26:08Z DEBUG html5ever::tokenizer] got character >
[INFO] [stdout] [2021-08-07T23:26:08Z DEBUG html5ever::tree_builder] processing TagToken(Tag { kind: EndTag, name: Atom(\'h1\' type=static), self_closing: false, attrs: [] }) in insertion mode InBody
[INFO] [stdout] [2021-08-07T23:26:08Z DEBUG html5ever::tokenizer] processing in state Data
[INFO] [stdout] [2021-08-07T23:26:08Z DEBUG html5ever::tokenizer] got characters Some(FromSet('\n'))
[INFO] [stdout] [2021-08-07T23:26:08Z DEBUG html5ever::tokenizer] got character 
[INFO] [stdout]     
[INFO] [stdout] [2021-08-07T23:26:08Z DEBUG html5ever::tree_builder] processing CharacterTokens(NotSplit, Tendril<UTF8>(inline: \"\\n\")) in insertion mode InBody
[INFO] [stdout] [2021-08-07T23:26:08Z DEBUG html5ever::tokenizer] got characters None
[INFO] [stdout] [2021-08-07T23:26:08Z DEBUG html5ever::tokenizer] processing in state Data
[INFO] [stdout] [2021-08-07T23:26:08Z DEBUG html5ever::tokenizer] got characters None
[INFO] [stdout] [2021-08-07T23:26:08Z DEBUG html5ever::tokenizer] processing EOF in state Data
[INFO] [stdout] [2021-08-07T23:26:08Z DEBUG html5ever::tree_builder] processing EOFToken in insertion mode InBody
[INFO] [stdout] [2021-08-07T23:26:08Z DEBUG hxcmp::parser_test] Using tokenizer html-parser
[INFO] [stdout] [2021-08-07T23:26:08Z ERROR hxcmp::parser_test] FAILED to parse tokens from input string using tokenizer html-parser
[INFO] [stdout] [2021-08-07T23:26:08Z INFO  hxcmp::parser_test] Completed test invalid2
[INFO] [stdout] Error:  --> 4:1
[INFO] [stdout]   |
[INFO] [stdout] 4 | 
[INFO] [stdout]   | ^---
[INFO] [stdout]   |
[INFO] [stdout]   = expected text node, element node, or el_normal_end 
[INFO] [stdout] thread 'parser_test::all_tokenizers_invalid2' panicked at 'assertion failed: `(left == right)`
[INFO] [stdout]   left: `1`,
[INFO] [stdout]  right: `0`: the test returned a termination value with a non-zero status code (1) which indicates a failure', /rustc/a178d0322ce20e33eac124758e837cbd80a6f633/library/test/src/lib.rs:193:5
[INFO] [stdout] stack backtrace:
[INFO] [stdout]    0:     0x563cfe5b8490 - std::backtrace_rs::backtrace::libunwind::trace::h34055254b57d8e79
[INFO] [stdout]                                at /rustc/a178d0322ce20e33eac124758e837cbd80a6f633/library/std/src/../../backtrace/src/backtrace/libunwind.rs:90:5
[INFO] [stdout]    1:     0x563cfe5b8490 - std::backtrace_rs::backtrace::trace_unsynchronized::h8f1e3fbd9afff6ec
[INFO] [stdout]                                at /rustc/a178d0322ce20e33eac124758e837cbd80a6f633/library/std/src/../../backtrace/src/backtrace/mod.rs:66:5
[INFO] [stdout]    2:     0x563cfe5b8490 - std::sys_common::backtrace::_print_fmt::h3a99a796b770c360
[INFO] [stdout]                                at /rustc/a178d0322ce20e33eac124758e837cbd80a6f633/library/std/src/sys_common/backtrace.rs:67:5
[INFO] [stdout]    3:     0x563cfe5b8490 - <std::sys_common::backtrace::_print::DisplayBacktrace as core::fmt::Display>::fmt::h32d1f94a80615d18
[INFO] [stdout]                                at /rustc/a178d0322ce20e33eac124758e837cbd80a6f633/library/std/src/sys_common/backtrace.rs:46:22
[INFO] [stdout]    4:     0x563cfe5db3dc - core::fmt::write::h306731c068f7162c
[INFO] [stdout]                                at /rustc/a178d0322ce20e33eac124758e837cbd80a6f633/library/core/src/fmt/mod.rs:1110:17
[INFO] [stdout]    5:     0x563cfe5b52e5 - std::io::Write::write_fmt::h87f19b0a2cd190bc
[INFO] [stdout]                                at /rustc/a178d0322ce20e33eac124758e837cbd80a6f633/library/std/src/io/mod.rs:1588:15
[INFO] [stdout]    6:     0x563cfe5ba5fb - std::sys_common::backtrace::_print::h5abaa2601a852287
[INFO] [stdout]                                at /rustc/a178d0322ce20e33eac124758e837cbd80a6f633/library/std/src/sys_common/backtrace.rs:49:5
[INFO] [stdout]    7:     0x563cfe5ba5fb - std::sys_common::backtrace::print::h8d81445442bb638f
[INFO] [stdout]                                at /rustc/a178d0322ce20e33eac124758e837cbd80a6f633/library/std/src/sys_common/backtrace.rs:36:9
[INFO] [stdout]    8:     0x563cfe5ba5fb - std::panicking::default_hook::{{closure}}::hcfe804496a9fa747
[INFO] [stdout]                                at /rustc/a178d0322ce20e33eac124758e837cbd80a6f633/library/std/src/panicking.rs:208:50
[INFO] [stdout]    9:     0x563cfe5ba10c - std::panicking::default_hook::hbea8e3ccf2ba8901
[INFO] [stdout]                                at /rustc/a178d0322ce20e33eac124758e837cbd80a6f633/library/std/src/panicking.rs:222:9
[INFO] [stdout]   10:     0x563cfe5bacc4 - std::panicking::rust_panic_with_hook::h7ee9e1a2d0f8975a
[INFO] [stdout]                                at /rustc/a178d0322ce20e33eac124758e837cbd80a6f633/library/std/src/panicking.rs:622:17
[INFO] [stdout]   11:     0x563cfe5ba7a7 - std::panicking::begin_panic_handler::{{closure}}::h8ab3b4491718b2c7
[INFO] [stdout]                                at /rustc/a178d0322ce20e33eac124758e837cbd80a6f633/library/std/src/panicking.rs:519:13
[INFO] [stdout]   12:     0x563cfe5b898c - std::sys_common::backtrace::__rust_end_short_backtrace::hd489062ffa586a9f
[INFO] [stdout]                                at /rustc/a178d0322ce20e33eac124758e837cbd80a6f633/library/std/src/sys_common/backtrace.rs:141:18
[INFO] [stdout]   13:     0x563cfe5ba709 - rust_begin_unwind
[INFO] [stdout]                                at /rustc/a178d0322ce20e33eac124758e837cbd80a6f633/library/std/src/panicking.rs:515:5
[INFO] [stdout]   14:     0x563cfe222bb1 - core::panicking::panic_fmt::hca6330e3e14086b4
[INFO] [stdout]                                at /rustc/a178d0322ce20e33eac124758e837cbd80a6f633/library/core/src/panicking.rs:92:14
[INFO] [stdout]   15:     0x563cfe5d9dde - core::panicking::assert_failed_inner::h33b45280069a80ed
[INFO] [stdout]   16:     0x563cfe28fcda - core::panicking::assert_failed::ha4e8ce788f89a0b0
[INFO] [stdout]                                at /rustc/a178d0322ce20e33eac124758e837cbd80a6f633/library/core/src/panicking.rs:117:5
[INFO] [stdout]   17:     0x563cfe27fe0c - test::assert_test_result::h5daeb6cdc188957e
[INFO] [stdout]                                at /rustc/a178d0322ce20e33eac124758e837cbd80a6f633/library/test/src/lib.rs:193:5
[INFO] [stdout]   18:     0x563cfe29218d - hxcmp::parser_test::all_tokenizers_invalid2::{{closure}}::h49b18ad1dffac082
[INFO] [stdout]                                at /opt/rustwide/workdir/src/parser_test.rs:64:1
[INFO] [stdout]   19:     0x563cfe26692e - core::ops::function::FnOnce::call_once::h65d06d132efe3bbe
[INFO] [stdout]                                at /rustc/a178d0322ce20e33eac124758e837cbd80a6f633/library/core/src/ops/function.rs:227:5
[INFO] [stdout]   20:     0x563cfe4938d3 - core::ops::function::FnOnce::call_once::h152e7e439ff59e19
[INFO] [stdout]                                at /rustc/a178d0322ce20e33eac124758e837cbd80a6f633/library/core/src/ops/function.rs:227:5
[INFO] [stdout]   21:     0x563cfe4938d3 - test::__rust_begin_short_backtrace::h0908f3b1fdbb72ab
[INFO] [stdout]                                at /rustc/a178d0322ce20e33eac124758e837cbd80a6f633/library/test/src/lib.rs:577:5
[INFO] [stdout]   22:     0x563cfe492390 - <alloc::boxed::Box<F,A> as core::ops::function::FnOnce<Args>>::call_once::hf6d2a51e5587546c
[INFO] [stdout]                                at /rustc/a178d0322ce20e33eac124758e837cbd80a6f633/library/alloc/src/boxed.rs:1575:9
[INFO] [stdout]   23:     0x563cfe492390 - <std::panic::AssertUnwindSafe<F> as core::ops::function::FnOnce<()>>::call_once::h8af660f3a89ef593
[INFO] [stdout]                                at /rustc/a178d0322ce20e33eac124758e837cbd80a6f633/library/std/src/panic.rs:347:9
[INFO] [stdout]   24:     0x563cfe492390 - std::panicking::try::do_call::hd36aef60f84b6d36
[INFO] [stdout]                                at /rustc/a178d0322ce20e33eac124758e837cbd80a6f633/library/std/src/panicking.rs:401:40
[INFO] [stdout]   25:     0x563cfe492390 - std::panicking::try::h9932b4480e69817c
[INFO] [stdout]                                at /rustc/a178d0322ce20e33eac124758e837cbd80a6f633/library/std/src/panicking.rs:365:19
[INFO] [stdout]   26:     0x563cfe492390 - std::panic::catch_unwind::h6aa177099cfff5f8
[INFO] [stdout]                                at /rustc/a178d0322ce20e33eac124758e837cbd80a6f633/library/std/src/panic.rs:434:14
[INFO] [stdout]   27:     0x563cfe492390 - test::run_test_in_process::h5884d6f2d99e20c3
[INFO] [stdout]                                at /rustc/a178d0322ce20e33eac124758e837cbd80a6f633/library/test/src/lib.rs:600:18
[INFO] [stdout]   28:     0x563cfe492390 - test::run_test::run_test_inner::{{closure}}::h6fdc58c6d5f5b6e3
[INFO] [stdout]                                at /rustc/a178d0322ce20e33eac124758e837cbd80a6f633/library/test/src/lib.rs:492:39
[INFO] [stdout]   29:     0x563cfe46ba42 - test::run_test::run_test_inner::{{closure}}::h408365d67a78ade8
[INFO] [stdout]                                at /rustc/a178d0322ce20e33eac124758e837cbd80a6f633/library/test/src/lib.rs:519:37
[INFO] [stdout]   30:     0x563cfe46ba42 - std::sys_common::backtrace::__rust_begin_short_backtrace::hb560b77c4f701523
[INFO] [stdout]                                at /rustc/a178d0322ce20e33eac124758e837cbd80a6f633/library/std/src/sys_common/backtrace.rs:125:18
[INFO] [stdout]   31:     0x563cfe46f5f8 - std::thread::Builder::spawn_unchecked::{{closure}}::{{closure}}::hf2e7831dad93c597
[INFO] [stdout]                                at /rustc/a178d0322ce20e33eac124758e837cbd80a6f633/library/std/src/thread/mod.rs:481:17
[INFO] [stdout]   32:     0x563cfe46f5f8 - <std::panic::AssertUnwindSafe<F> as core::ops::function::FnOnce<()>>::call_once::hd2e08783d8be4d02
[INFO] [stdout]                                at /rustc/a178d0322ce20e33eac124758e837cbd80a6f633/library/std/src/panic.rs:347:9
[INFO] [stdout]   33:     0x563cfe46f5f8 - std::panicking::try::do_call::h062597b7acfd6b82
[INFO] [stdout]                                at /rustc/a178d0322ce20e33eac124758e837cbd80a6f633/library/std/src/panicking.rs:401:40
[INFO] [stdout]   34:     0x563cfe46f5f8 - std::panicking::try::h0d7b79db04c14552
[INFO] [stdout]                                at /rustc/a178d0322ce20e33eac124758e837cbd80a6f633/library/std/src/panicking.rs:365:19
[INFO] [stdout]   35:     0x563cfe46f5f8 - std::panic::catch_unwind::hb01a0b5e7c8cd43b
[INFO] [stdout]                                at /rustc/a178d0322ce20e33eac124758e837cbd80a6f633/library/std/src/panic.rs:434:14
[INFO] [stdout]   36:     0x563cfe46f5f8 - std::thread::Builder::spawn_unchecked::{{closure}}::h5bde48cc887e0d1e
[INFO] [stdout]                                at /rustc/a178d0322ce20e33eac124758e837cbd80a6f633/library/std/src/thread/mod.rs:480:30
[INFO] [stdout]   37:     0x563cfe46f5f8 - core::ops::function::FnOnce::call_once{{vtable.shim}}::h745ea30807a29e55
[INFO] [stdout]                                at /rustc/a178d0322ce20e33eac124758e837cbd80a6f633/library/core/src/ops/function.rs:227:5
[INFO] [stdout]   38:     0x563cfe5bf7e7 - <alloc::boxed::Box<F,A> as core::ops::function::FnOnce<Args>>::call_once::h7ece6cfefaff1005
[INFO] [stdout]                                at /rustc/a178d0322ce20e33eac124758e837cbd80a6f633/library/alloc/src/boxed.rs:1575:9
[INFO] [stdout]   39:     0x563cfe5bf7e7 - <alloc::boxed::Box<F,A> as core::ops::function::FnOnce<Args>>::call_once::hb8b48e55c21f193e
[INFO] [stdout]                                at /rustc/a178d0322ce20e33eac124758e837cbd80a6f633/library/alloc/src/boxed.rs:1575:9
[INFO] [stdout]   40:     0x563cfe5bf7e7 - std::sys::unix::thread::Thread::new::thread_start::h8c7c4450dba62914
[INFO] [stdout]                                at /rustc/a178d0322ce20e33eac124758e837cbd80a6f633/library/std/src/sys/unix/thread.rs:71:17
[INFO] [stdout]   41:     0x7fa4264e2609 - start_thread
[INFO] [stdout]   42:     0x7fa4262ba293 - clone
[INFO] [stdout]   43:                0x0 - <unknown>
[INFO] [stdout] 
[INFO] [stdout] ---- parser_test::all_tokenizers_invalid3 stdout ----
[INFO] [stdout] [2021-08-07T23:26:08Z INFO  hxcmp::parser_test] Running test invalid3
[INFO] [stdout] [2021-08-07T23:26:08Z DEBUG hxcmp::parser_test] Using tokenizer xml-rs
[INFO] [stdout] [2021-08-07T23:26:08Z ERROR hxcmp::parser_test] FAILED to parse tokens from input string using tokenizer xml-rs
[INFO] [stdout] [2021-08-07T23:26:08Z DEBUG hxcmp::parser_test] Using tokenizer xml-parser
[INFO] [stdout] [2021-08-07T23:26:08Z DEBUG hxcmp::parser] total xmlparser events 9
[INFO] [stdout] [2021-08-07T23:26:08Z DEBUG hxcmp::parser_test] Using tokenizer quick-xml
[INFO] [stdout] [2021-08-07T23:26:08Z ERROR hxcmp::parser_test] FAILED to parse tokens from input string using tokenizer quick-xml
[INFO] [stdout] [2021-08-07T23:26:08Z DEBUG hxcmp::parser_test] Using tokenizer html5ever
[INFO] [stdout] [2021-08-07T23:26:08Z DEBUG html5ever::tokenizer] processing in state Data
[INFO] [stdout] [2021-08-07T23:26:08Z DEBUG html5ever::tokenizer] got characters Some(FromSet('\n'))
[INFO] [stdout] [2021-08-07T23:26:08Z DEBUG html5ever::tokenizer] got character 
[INFO] [stdout]     
[INFO] [stdout] [2021-08-07T23:26:08Z DEBUG html5ever::tree_builder] processing CharacterTokens(NotSplit, Tendril<UTF8>(inline: \"\\n\")) in insertion mode Initial
[INFO] [stdout] [2021-08-07T23:26:08Z DEBUG html5ever::tree_builder] processing CharacterTokens(Whitespace, Tendril<UTF8>(inline: \"\\n\")) in insertion mode Initial
[INFO] [stdout] [2021-08-07T23:26:08Z DEBUG html5ever::tokenizer] got characters Some(FromSet('<'))
[INFO] [stdout] [2021-08-07T23:26:08Z DEBUG html5ever::tokenizer] got character <
[INFO] [stdout] [2021-08-07T23:26:08Z DEBUG html5ever::tokenizer] processing in state TagOpen
[INFO] [stdout] [2021-08-07T23:26:08Z DEBUG html5ever::tokenizer] got character u
[INFO] [stdout] [2021-08-07T23:26:08Z DEBUG html5ever::tokenizer] processing in state TagName
[INFO] [stdout] [2021-08-07T23:26:08Z DEBUG html5ever::tokenizer] got character n
[INFO] [stdout] [2021-08-07T23:26:08Z DEBUG html5ever::tokenizer] got character c
[INFO] [stdout] [2021-08-07T23:26:08Z DEBUG html5ever::tokenizer] got character l
[INFO] [stdout] [2021-08-07T23:26:08Z DEBUG html5ever::tokenizer] got character o
[INFO] [stdout] [2021-08-07T23:26:08Z DEBUG html5ever::tokenizer] got character s
[INFO] [stdout] [2021-08-07T23:26:08Z DEBUG html5ever::tokenizer] got character e
[INFO] [stdout] [2021-08-07T23:26:08Z DEBUG html5ever::tokenizer] got character d
[INFO] [stdout] [2021-08-07T23:26:08Z DEBUG html5ever::tokenizer] got character >
[INFO] [stdout] [2021-08-07T23:26:08Z DEBUG html5ever::tree_builder] processing TagToken(Tag { kind: StartTag, name: Atom(\'unclosed\' type=dynamic), self_closing: false, attrs: [] }) in insertion mode Initial
[INFO] [stdout] [2021-08-07T23:26:08Z DEBUG html5ever::tree_builder] processing TagToken(Tag { kind: StartTag, name: Atom(\'unclosed\' type=dynamic), self_closing: false, attrs: [] }) in insertion mode BeforeHtml
[INFO] [stdout] [2021-08-07T23:26:08Z DEBUG html5ever::tree_builder] processing TagToken(Tag { kind: StartTag, name: Atom(\'unclosed\' type=dynamic), self_closing: false, attrs: [] }) in insertion mode BeforeHead
[INFO] [stdout] [2021-08-07T23:26:08Z DEBUG html5ever::tree_builder] processing TagToken(Tag { kind: StartTag, name: Atom(\'unclosed\' type=dynamic), self_closing: false, attrs: [] }) in insertion mode InHead
[INFO] [stdout] [2021-08-07T23:26:08Z DEBUG html5ever::tree_builder] processing TagToken(Tag { kind: StartTag, name: Atom(\'unclosed\' type=dynamic), self_closing: false, attrs: [] }) in insertion mode AfterHead
[INFO] [stdout] [2021-08-07T23:26:08Z DEBUG html5ever::tree_builder] processing TagToken(Tag { kind: StartTag, name: Atom(\'unclosed\' type=dynamic), self_closing: false, attrs: [] }) in insertion mode InBody
[INFO] [stdout] [2021-08-07T23:26:08Z DEBUG html5ever::tokenizer] processing in state Data
[INFO] [stdout] [2021-08-07T23:26:08Z DEBUG html5ever::tokenizer] got characters Some(FromSet('\n'))
[INFO] [stdout] [2021-08-07T23:26:08Z DEBUG html5ever::tokenizer] got character 
[INFO] [stdout]     
[INFO] [stdout] [2021-08-07T23:26:08Z DEBUG html5ever::tree_builder] processing CharacterTokens(NotSplit, Tendril<UTF8>(inline: \"\\n\")) in insertion mode InBody
[INFO] [stdout] [2021-08-07T23:26:08Z DEBUG html5ever::tokenizer] got characters Some(FromSet('<'))
[INFO] [stdout] [2021-08-07T23:26:08Z DEBUG html5ever::tokenizer] got character <
[INFO] [stdout] [2021-08-07T23:26:08Z DEBUG html5ever::tokenizer] processing in state TagOpen
[INFO] [stdout] [2021-08-07T23:26:08Z DEBUG html5ever::tokenizer] got character h
[INFO] [stdout] [2021-08-07T23:26:08Z DEBUG html5ever::tokenizer] processing in state TagName
[INFO] [stdout] [2021-08-07T23:26:08Z DEBUG html5ever::tokenizer] got character 1
[INFO] [stdout] [2021-08-07T23:26:08Z DEBUG html5ever::tokenizer] got character >
[INFO] [stdout] [2021-08-07T23:26:08Z DEBUG html5ever::tree_builder] processing TagToken(Tag { kind: StartTag, name: Atom(\'h1\' type=static), self_closing: false, attrs: [] }) in insertion mode InBody
[INFO] [stdout] [2021-08-07T23:26:08Z DEBUG html5ever::tokenizer] processing in state Data
[INFO] [stdout] [2021-08-07T23:26:08Z DEBUG html5ever::tokenizer] got characters Some(NotFromSet(Tendril<UTF8>(inline: "Test")))
[INFO] [stdout] [2021-08-07T23:26:08Z DEBUG html5ever::tree_builder] processing CharacterTokens(NotSplit, Tendril<UTF8>(inline: \"Test\")) in insertion mode InBody
[INFO] [stdout] [2021-08-07T23:26:08Z DEBUG html5ever::tokenizer] got characters Some(FromSet('<'))
[INFO] [stdout] [2021-08-07T23:26:08Z DEBUG html5ever::tokenizer] got character <
[INFO] [stdout] [2021-08-07T23:26:08Z DEBUG html5ever::tokenizer] processing in state TagOpen
[INFO] [stdout] [2021-08-07T23:26:08Z DEBUG html5ever::tokenizer] got character /
[INFO] [stdout] [2021-08-07T23:26:08Z DEBUG html5ever::tokenizer] processing in state EndTagOpen
[INFO] [stdout] [2021-08-07T23:26:08Z DEBUG html5ever::tokenizer] got character h
[INFO] [stdout] [2021-08-07T23:26:08Z DEBUG html5ever::tokenizer] processing in state TagName
[INFO] [stdout] [2021-08-07T23:26:08Z DEBUG html5ever::tokenizer] got character 2
[INFO] [stdout] [2021-08-07T23:26:08Z DEBUG html5ever::tokenizer] got character >
[INFO] [stdout] [2021-08-07T23:26:08Z DEBUG html5ever::tree_builder] processing TagToken(Tag { kind: EndTag, name: Atom(\'h2\' type=static), self_closing: false, attrs: [] }) in insertion mode InBody
[INFO] [stdout] [2021-08-07T23:26:08Z DEBUG html5ever::tokenizer] processing in state Data
[INFO] [stdout] [2021-08-07T23:26:08Z DEBUG html5ever::tokenizer] got characters Some(FromSet('\n'))
[INFO] [stdout] [2021-08-07T23:26:08Z DEBUG html5ever::tokenizer] got character 
[INFO] [stdout]     
[INFO] [stdout] [2021-08-07T23:26:08Z DEBUG html5ever::tree_builder] processing CharacterTokens(NotSplit, Tendril<UTF8>(inline: \"\\n\")) in insertion mode InBody
[INFO] [stdout] [2021-08-07T23:26:08Z DEBUG html5ever::tokenizer] got characters None
[INFO] [stdout] [2021-08-07T23:26:08Z DEBUG html5ever::tokenizer] processing in state Data
[INFO] [stdout] [2021-08-07T23:26:08Z DEBUG html5ever::tokenizer] got characters None
[INFO] [stdout] [2021-08-07T23:26:08Z DEBUG html5ever::tokenizer] processing EOF in state Data
[INFO] [stdout] [2021-08-07T23:26:08Z DEBUG html5ever::tree_builder] processing EOFToken in insertion mode InBody
[INFO] [stdout] [2021-08-07T23:26:08Z DEBUG hxcmp::parser_test] Using tokenizer html-parser
[INFO] [stdout] [2021-08-07T23:26:08Z ERROR hxcmp::parser_test] FAILED to parse tokens from input string using tokenizer html-parser
[INFO] [stdout] [2021-08-07T23:26:08Z INFO  hxcmp::parser_test] Completed test invalid3
[INFO] [stdout] Error:  --> 4:1
[INFO] [stdout]   |
[INFO] [stdout] 4 | 
[INFO] [stdout]   | ^---
[INFO] [stdout]   |
[INFO] [stdout]   = expected text node, element node, or el_normal_end 
[INFO] [stdout] thread 'parser_test::all_tokenizers_invalid3' panicked at 'assertion failed: `(left == right)`
[INFO] [stdout]   left: `1`,
[INFO] [stdout]  right: `0`: the test returned a termination value with a non-zero status code (1) which indicates a failure', /rustc/a178d0322ce20e33eac124758e837cbd80a6f633/library/test/src/lib.rs:193:5
[INFO] [stdout] stack backtrace:
[INFO] [stdout]    0:     0x563cfe5b8490 - std::backtrace_rs::backtrace::libunwind::trace::h34055254b57d8e79
[INFO] [stdout]                                at /rustc/a178d0322ce20e33eac124758e837cbd80a6f633/library/std/src/../../backtrace/src/backtrace/libunwind.rs:90:5
[INFO] [stdout]    1:     0x563cfe5b8490 - std::backtrace_rs::backtrace::trace_unsynchronized::h8f1e3fbd9afff6ec
[INFO] [stdout]                                at /rustc/a178d0322ce20e33eac124758e837cbd80a6f633/library/std/src/../../backtrace/src/backtrace/mod.rs:66:5
[INFO] [stdout]    2:     0x563cfe5b8490 - std::sys_common::backtrace::_print_fmt::h3a99a796b770c360
[INFO] [stdout]                                at /rustc/a178d0322ce20e33eac124758e837cbd80a6f633/library/std/src/sys_common/backtrace.rs:67:5
[INFO] [stdout]    3:     0x563cfe5b8490 - <std::sys_common::backtrace::_print::DisplayBacktrace as core::fmt::Display>::fmt::h32d1f94a80615d18
[INFO] [stdout]                                at /rustc/a178d0322ce20e33eac124758e837cbd80a6f633/library/std/src/sys_common/backtrace.rs:46:22
[INFO] [stdout]    4:     0x563cfe5db3dc - core::fmt::write::h306731c068f7162c
[INFO] [stdout]                                at /rustc/a178d0322ce20e33eac124758e837cbd80a6f633/library/core/src/fmt/mod.rs:1110:17
[INFO] [stdout]    5:     0x563cfe5b52e5 - std::io::Write::write_fmt::h87f19b0a2cd190bc
[INFO] [stdout]                                at /rustc/a178d0322ce20e33eac124758e837cbd80a6f633/library/std/src/io/mod.rs:1588:15
[INFO] [stdout]    6:     0x563cfe5ba5fb - std::sys_common::backtrace::_print::h5abaa2601a852287
[INFO] [stdout]                                at /rustc/a178d0322ce20e33eac124758e837cbd80a6f633/library/std/src/sys_common/backtrace.rs:49:5
[INFO] [stdout]    7:     0x563cfe5ba5fb - std::sys_common::backtrace::print::h8d81445442bb638f
[INFO] [stdout]                                at /rustc/a178d0322ce20e33eac124758e837cbd80a6f633/library/std/src/sys_common/backtrace.rs:36:9
[INFO] [stdout]    8:     0x563cfe5ba5fb - std::panicking::default_hook::{{closure}}::hcfe804496a9fa747
[INFO] [stdout]                                at /rustc/a178d0322ce20e33eac124758e837cbd80a6f633/library/std/src/panicking.rs:208:50
[INFO] [stdout]    9:     0x563cfe5ba10c - std::panicking::default_hook::hbea8e3ccf2ba8901
[INFO] [stdout]                                at /rustc/a178d0322ce20e33eac124758e837cbd80a6f633/library/std/src/panicking.rs:222:9
[INFO] [stdout]   10:     0x563cfe5bacc4 - std::panicking::rust_panic_with_hook::h7ee9e1a2d0f8975a
[INFO] [stdout]                                at /rustc/a178d0322ce20e33eac124758e837cbd80a6f633/library/std/src/panicking.rs:622:17
[INFO] [stdout]   11:     0x563cfe5ba7a7 - std::panicking::begin_panic_handler::{{closure}}::h8ab3b4491718b2c7
[INFO] [stdout]                                at /rustc/a178d0322ce20e33eac124758e837cbd80a6f633/library/std/src/panicking.rs:519:13
[INFO] [stdout]   12:     0x563cfe5b898c - std::sys_common::backtrace::__rust_end_short_backtrace::hd489062ffa586a9f
[INFO] [stdout]                                at /rustc/a178d0322ce20e33eac124758e837cbd80a6f633/library/std/src/sys_common/backtrace.rs:141:18
[INFO] [stdout]   13:     0x563cfe5ba709 - rust_begin_unwind
[INFO] [stdout]                                at /rustc/a178d0322ce20e33eac124758e837cbd80a6f633/library/std/src/panicking.rs:515:5
[INFO] [stdout]   14:     0x563cfe222bb1 - core::panicking::panic_fmt::hca6330e3e14086b4
[INFO] [stdout]                                at /rustc/a178d0322ce20e33eac124758e837cbd80a6f633/library/core/src/panicking.rs:92:14
[INFO] [stdout]   15:     0x563cfe5d9dde - core::panicking::assert_failed_inner::h33b45280069a80ed
[INFO] [stdout]   16:     0x563cfe28fcda - core::panicking::assert_failed::ha4e8ce788f89a0b0
[INFO] [stdout]                                at /rustc/a178d0322ce20e33eac124758e837cbd80a6f633/library/core/src/panicking.rs:117:5
[INFO] [stdout]   17:     0x563cfe27fe0c - test::assert_test_result::h5daeb6cdc188957e
[INFO] [stdout]                                at /rustc/a178d0322ce20e33eac124758e837cbd80a6f633/library/test/src/lib.rs:193:5
[INFO] [stdout]   18:     0x563cfe2921ed - hxcmp::parser_test::all_tokenizers_invalid3::{{closure}}::hca4dda2b9bdebc78
[INFO] [stdout]                                at /opt/rustwide/workdir/src/parser_test.rs:69:1
[INFO] [stdout]   19:     0x563cfe2668de - core::ops::function::FnOnce::call_once::h3ba297f93878f908
[INFO] [stdout]                                at /rustc/a178d0322ce20e33eac124758e837cbd80a6f633/library/core/src/ops/function.rs:227:5
[INFO] [stdout]   20:     0x563cfe4938d3 - core::ops::function::FnOnce::call_once::h152e7e439ff59e19
[INFO] [stdout]                                at /rustc/a178d0322ce20e33eac124758e837cbd80a6f633/library/core/src/ops/function.rs:227:5
[INFO] [stdout]   21:     0x563cfe4938d3 - test::__rust_begin_short_backtrace::h0908f3b1fdbb72ab
[INFO] [stdout]                                at /rustc/a178d0322ce20e33eac124758e837cbd80a6f633/library/test/src/lib.rs:577:5
[INFO] [stdout]   22:     0x563cfe492390 - <alloc::boxed::Box<F,A> as core::ops::function::FnOnce<Args>>::call_once::hf6d2a51e5587546c
[INFO] [stdout]                                at /rustc/a178d0322ce20e33eac124758e837cbd80a6f633/library/alloc/src/boxed.rs:1575:9
[INFO] [stdout]   23:     0x563cfe492390 - <std::panic::AssertUnwindSafe<F> as core::ops::function::FnOnce<()>>::call_once::h8af660f3a89ef593
[INFO] [stdout]                                at /rustc/a178d0322ce20e33eac124758e837cbd80a6f633/library/std/src/panic.rs:347:9
[INFO] [stdout]   24:     0x563cfe492390 - std::panicking::try::do_call::hd36aef60f84b6d36
[INFO] [stdout]                                at /rustc/a178d0322ce20e33eac124758e837cbd80a6f633/library/std/src/panicking.rs:401:40
[INFO] [stdout]   25:     0x563cfe492390 - std::panicking::try::h9932b4480e69817c
[INFO] [stdout]                                at /rustc/a178d0322ce20e33eac124758e837cbd80a6f633/library/std/src/panicking.rs:365:19
[INFO] [stdout]   26:     0x563cfe492390 - std::panic::catch_unwind::h6aa177099cfff5f8
[INFO] [stdout]                                at /rustc/a178d0322ce20e33eac124758e837cbd80a6f633/library/std/src/panic.rs:434:14
[INFO] [stdout]   27:     0x563cfe492390 - test::run_test_in_process::h5884d6f2d99e20c3
[INFO] [stdout]                                at /rustc/a178d0322ce20e33eac124758e837cbd80a6f633/library/test/src/lib.rs:600:18
[INFO] [stdout]   28:     0x563cfe492390 - test::run_test::run_test_inner::{{closure}}::h6fdc58c6d5f5b6e3
[INFO] [stdout]                                at /rustc/a178d0322ce20e33eac124758e837cbd80a6f633/library/test/src/lib.rs:492:39
[INFO] [stdout]   29:     0x563cfe46ba42 - test::run_test::run_test_inner::{{closure}}::h408365d67a78ade8
[INFO] [stdout]                                at /rustc/a178d0322ce20e33eac124758e837cbd80a6f633/library/test/src/lib.rs:519:37
[INFO] [stdout]   30:     0x563cfe46ba42 - std::sys_common::backtrace::__rust_begin_short_backtrace::hb560b77c4f701523
[INFO] [stdout]                                at /rustc/a178d0322ce20e33eac124758e837cbd80a6f633/library/std/src/sys_common/backtrace.rs:125:18
[INFO] [stdout]   31:     0x563cfe46f5f8 - std::thread::Builder::spawn_unchecked::{{closure}}::{{closure}}::hf2e7831dad93c597
[INFO] [stdout]                                at /rustc/a178d0322ce20e33eac124758e837cbd80a6f633/library/std/src/thread/mod.rs:481:17
[INFO] [stdout]   32:     0x563cfe46f5f8 - <std::panic::AssertUnwindSafe<F> as core::ops::function::FnOnce<()>>::call_once::hd2e08783d8be4d02
[INFO] [stdout]                                at /rustc/a178d0322ce20e33eac124758e837cbd80a6f633/library/std/src/panic.rs:347:9
[INFO] [stdout]   33:     0x563cfe46f5f8 - std::panicking::try::do_call::h062597b7acfd6b82
[INFO] [stdout]                                at /rustc/a178d0322ce20e33eac124758e837cbd80a6f633/library/std/src/panicking.rs:401:40
[INFO] [stdout]   34:     0x563cfe46f5f8 - std::panicking::try::h0d7b79db04c14552
[INFO] [stdout]                                at /rustc/a178d0322ce20e33eac124758e837cbd80a6f633/library/std/src/panicking.rs:365:19
[INFO] [stdout]   35:     0x563cfe46f5f8 - std::panic::catch_unwind::hb01a0b5e7c8cd43b
[INFO] [stdout]                                at /rustc/a178d0322ce20e33eac124758e837cbd80a6f633/library/std/src/panic.rs:434:14
[INFO] [stdout]   36:     0x563cfe46f5f8 - std::thread::Builder::spawn_unchecked::{{closure}}::h5bde48cc887e0d1e
[INFO] [stdout]                                at /rustc/a178d0322ce20e33eac124758e837cbd80a6f633/library/std/src/thread/mod.rs:480:30
[INFO] [stdout]   37:     0x563cfe46f5f8 - core::ops::function::FnOnce::call_once{{vtable.shim}}::h745ea30807a29e55
[INFO] [stdout]                                at /rustc/a178d0322ce20e33eac124758e837cbd80a6f633/library/core/src/ops/function.rs:227:5
[INFO] [stdout]   38:     0x563cfe5bf7e7 - <alloc::boxed::Box<F,A> as core::ops::function::FnOnce<Args>>::call_once::h7ece6cfefaff1005
[INFO] [stdout]                                at /rustc/a178d0322ce20e33eac124758e837cbd80a6f633/library/alloc/src/boxed.rs:1575:9
[INFO] [stdout]   39:     0x563cfe5bf7e7 - <alloc::boxed::Box<F,A> as core::ops::function::FnOnce<Args>>::call_once::hb8b48e55c21f193e
[INFO] [stdout]                                at /rustc/a178d0322ce20e33eac124758e837cbd80a6f633/library/alloc/src/boxed.rs:1575:9
[INFO] [stdout]   40:     0x563cfe5bf7e7 - std::sys::unix::thread::Thread::new::thread_start::h8c7c4450dba62914
[INFO] [stdout]                                at /rustc/a178d0322ce20e33eac124758e837cbd80a6f633/library/std/src/sys/unix/thread.rs:71:17
[INFO] [stdout]   41:     0x7fa4264e2609 - start_thread
[INFO] [stdout]   42:     0x7fa4262ba293 - clone
[INFO] [stdout]   43:                0x0 - <unknown>
[INFO] [stdout] 
[INFO] [stdout] ---- parser_test::all_tokenizers_basic2 stdout ----
[INFO] [stdout] [2021-08-07T23:26:08Z INFO  hxcmp::parser_test] Running test basic2
[INFO] [stdout] [2021-08-07T23:26:08Z DEBUG hxcmp::parser_test] Using tokenizer xml-rs
[INFO] [stdout] [2021-08-07T23:26:08Z DEBUG hxcmp::parser] total xml-rs events 11
[INFO] [stdout] [2021-08-07T23:26:08Z DEBUG hxcmp::parser_test] Using tokenizer xml-parser
[INFO] [stdout] [2021-08-07T23:26:08Z ERROR hxcmp::parser_test] FAILED to parse tokens from input string using tokenizer xml-parser
[INFO] [stdout] [2021-08-07T23:26:08Z DEBUG hxcmp::parser_test] Using tokenizer quick-xml
[INFO] [stdout] [2021-08-07T23:26:08Z DEBUG hxcmp::parser] total quick-xml events 5
[INFO] [stdout] [2021-08-07T23:26:08Z DEBUG hxcmp::parser_test] Using tokenizer html5ever
[INFO] [stdout] [2021-08-07T23:26:08Z DEBUG html5ever::tokenizer] processing in state Data
[INFO] [stdout] [2021-08-07T23:26:08Z DEBUG html5ever::tokenizer] got characters Some(FromSet('\n'))
[INFO] [stdout] [2021-08-07T23:26:08Z DEBUG html5ever::tokenizer] got character 
[INFO] [stdout]     
[INFO] [stdout] [2021-08-07T23:26:08Z DEBUG html5ever::tree_builder] processing CharacterTokens(NotSplit, Tendril<UTF8>(inline: \"\\n\")) in insertion mode Initial
[INFO] [stdout] [2021-08-07T23:26:08Z DEBUG html5ever::tree_builder] processing CharacterTokens(Whitespace, Tendril<UTF8>(inline: \"\\n\")) in insertion mode Initial
[INFO] [stdout] [2021-08-07T23:26:08Z DEBUG html5ever::tokenizer] got characters Some(FromSet('<'))
[INFO] [stdout] [2021-08-07T23:26:08Z DEBUG html5ever::tokenizer] got character <
[INFO] [stdout] [2021-08-07T23:26:08Z DEBUG html5ever::tokenizer] processing in state TagOpen
[INFO] [stdout] [2021-08-07T23:26:08Z DEBUG html5ever::tokenizer] got character ?
[INFO] [stdout] [2021-08-07T23:26:08Z DEBUG html5ever::tokenizer] processing in state BogusComment
[INFO] [stdout] [2021-08-07T23:26:08Z DEBUG html5ever::tokenizer] got character x
[INFO] [stdout] [2021-08-07T23:26:08Z DEBUG html5ever::tokenizer] got character m
[INFO] [stdout] [2021-08-07T23:26:08Z DEBUG html5ever::tokenizer] got character l
[INFO] [stdout] [2021-08-07T23:26:08Z DEBUG html5ever::tokenizer] got character  
[INFO] [stdout] [2021-08-07T23:26:08Z DEBUG html5ever::tokenizer] got character v
[INFO] [stdout] [2021-08-07T23:26:08Z DEBUG html5ever::tokenizer] got character e
[INFO] [stdout] [2021-08-07T23:26:08Z DEBUG html5ever::tokenizer] got character r
[INFO] [stdout] [2021-08-07T23:26:08Z DEBUG html5ever::tokenizer] got character s
[INFO] [stdout] [2021-08-07T23:26:08Z DEBUG html5ever::tokenizer] got character i
[INFO] [stdout] [2021-08-07T23:26:08Z DEBUG html5ever::tokenizer] got character o
[INFO] [stdout] [2021-08-07T23:26:08Z DEBUG html5ever::tokenizer] got character n
[INFO] [stdout] [2021-08-07T23:26:08Z DEBUG html5ever::tokenizer] got character =
[INFO] [stdout] [2021-08-07T23:26:08Z DEBUG html5ever::tokenizer] got character "
[INFO] [stdout] [2021-08-07T23:26:08Z DEBUG html5ever::tokenizer] got character 1
[INFO] [stdout] [2021-08-07T23:26:08Z DEBUG html5ever::tokenizer] got character .
[INFO] [stdout] [2021-08-07T23:26:08Z DEBUG html5ever::tokenizer] got character 0
[INFO] [stdout] [2021-08-07T23:26:08Z DEBUG html5ever::tokenizer] got character "
[INFO] [stdout] [2021-08-07T23:26:08Z DEBUG html5ever::tokenizer] got character  
[INFO] [stdout] [2021-08-07T23:26:08Z DEBUG html5ever::tokenizer] got character e
[INFO] [stdout] [2021-08-07T23:26:08Z DEBUG html5ever::tokenizer] got character n
[INFO] [stdout] [2021-08-07T23:26:08Z DEBUG html5ever::tokenizer] got character c
[INFO] [stdout] [2021-08-07T23:26:08Z DEBUG html5ever::tokenizer] got character o
[INFO] [stdout] [2021-08-07T23:26:08Z DEBUG html5ever::tokenizer] got character d
[INFO] [stdout] [2021-08-07T23:26:08Z DEBUG html5ever::tokenizer] got character i
[INFO] [stdout] [2021-08-07T23:26:08Z DEBUG html5ever::tokenizer] got character n
[INFO] [stdout] [2021-08-07T23:26:08Z DEBUG html5ever::tokenizer] got character g
[INFO] [stdout] [2021-08-07T23:26:08Z DEBUG html5ever::tokenizer] got character =
[INFO] [stdout] [2021-08-07T23:26:08Z DEBUG html5ever::tokenizer] got character "
[INFO] [stdout] [2021-08-07T23:26:08Z DEBUG html5ever::tokenizer] got character u
[INFO] [stdout] [2021-08-07T23:26:08Z DEBUG html5ever::tokenizer] got character t
[INFO] [stdout] [2021-08-07T23:26:08Z DEBUG html5ever::tokenizer] got character f
[INFO] [stdout] [2021-08-07T23:26:08Z DEBUG html5ever::tokenizer] got character -
[INFO] [stdout] [2021-08-07T23:26:08Z DEBUG html5ever::tokenizer] got character 8
[INFO] [stdout] [2021-08-07T23:26:08Z DEBUG html5ever::tokenizer] got character "
[INFO] [stdout] [2021-08-07T23:26:08Z DEBUG html5ever::tokenizer] got character  
[INFO] [stdout] [2021-08-07T23:26:08Z DEBUG html5ever::tokenizer] got character ?
[INFO] [stdout] [2021-08-07T23:26:08Z DEBUG html5ever::tokenizer] got character >
[INFO] [stdout] [2021-08-07T23:26:08Z DEBUG html5ever::tree_builder] processing CommentToken(Tendril<UTF8>(owned: \"?xml version=\\\"1.0\\\" encoding=\\\"utf-8\\\" ?\")) in insertion mode Initial
[INFO] [stdout] [2021-08-07T23:26:08Z DEBUG html5ever::tokenizer] processing in state Data
[INFO] [stdout] [2021-08-07T23:26:08Z DEBUG html5ever::tokenizer] got characters Some(FromSet('\n'))
[INFO] [stdout] [2021-08-07T23:26:08Z DEBUG html5ever::tokenizer] got character 
[INFO] [stdout]     
[INFO] [stdout] [2021-08-07T23:26:08Z DEBUG html5ever::tree_builder] processing CharacterTokens(NotSplit, Tendril<UTF8>(inline: \"\\n\")) in insertion mode Initial
[INFO] [stdout] [2021-08-07T23:26:08Z DEBUG html5ever::tree_builder] processing CharacterTokens(Whitespace, Tendril<UTF8>(inline: \"\\n\")) in insertion mode Initial
[INFO] [stdout] [2021-08-07T23:26:08Z DEBUG html5ever::tokenizer] got characters Some(FromSet('<'))
[INFO] [stdout] [2021-08-07T23:26:08Z DEBUG html5ever::tokenizer] got character <
[INFO] [stdout] [2021-08-07T23:26:08Z DEBUG html5ever::tokenizer] processing in state TagOpen
[INFO] [stdout] [2021-08-07T23:26:08Z DEBUG html5ever::tokenizer] got character n
[INFO] [stdout] [2021-08-07T23:26:08Z DEBUG html5ever::tokenizer] processing in state TagName
[INFO] [stdout] [2021-08-07T23:26:08Z DEBUG html5ever::tokenizer] got character a
[INFO] [stdout] [2021-08-07T23:26:08Z DEBUG html5ever::tokenizer] got character m
[INFO] [stdout] [2021-08-07T23:26:08Z DEBUG html5ever::tokenizer] got character e
[INFO] [stdout] [2021-08-07T23:26:08Z DEBUG html5ever::tokenizer] got character s
[INFO] [stdout] [2021-08-07T23:26:08Z DEBUG html5ever::tokenizer] got character >
[INFO] [stdout] [2021-08-07T23:26:08Z DEBUG html5ever::tree_builder] processing TagToken(Tag { kind: StartTag, name: Atom(\'names\' type=inline), self_closing: false, attrs: [] }) in insertion mode Initial
[INFO] [stdout] [2021-08-07T23:26:08Z DEBUG html5ever::tree_builder] processing TagToken(Tag { kind: StartTag, name: Atom(\'names\' type=inline), self_closing: false, attrs: [] }) in insertion mode BeforeHtml
[INFO] [stdout] [2021-08-07T23:26:08Z DEBUG html5ever::tree_builder] processing TagToken(Tag { kind: StartTag, name: Atom(\'names\' type=inline), self_closing: false, attrs: [] }) in insertion mode BeforeHead
[INFO] [stdout] [2021-08-07T23:26:08Z DEBUG html5ever::tree_builder] processing TagToken(Tag { kind: StartTag, name: Atom(\'names\' type=inline), self_closing: false, attrs: [] }) in insertion mode InHead
[INFO] [stdout] [2021-08-07T23:26:08Z DEBUG html5ever::tree_builder] processing TagToken(Tag { kind: StartTag, name: Atom(\'names\' type=inline), self_closing: false, attrs: [] }) in insertion mode AfterHead
[INFO] [stdout] [2021-08-07T23:26:08Z DEBUG html5ever::tree_builder] processing TagToken(Tag { kind: StartTag, name: Atom(\'names\' type=inline), self_closing: false, attrs: [] }) in insertion mode InBody
[INFO] [stdout] [2021-08-07T23:26:08Z DEBUG html5ever::tokenizer] processing in state Data
[INFO] [stdout] [2021-08-07T23:26:08Z DEBUG html5ever::tokenizer] got characters Some(FromSet('\n'))
[INFO] [stdout] [2021-08-07T23:26:08Z DEBUG html5ever::tokenizer] got character 
[INFO] [stdout]     
[INFO] [stdout] [2021-08-07T23:26:08Z DEBUG html5ever::tree_builder] processing CharacterTokens(NotSplit, Tendril<UTF8>(inline: \"\\n\")) in insertion mode InBody
[INFO] [stdout] [2021-08-07T23:26:08Z DEBUG html5ever::tokenizer] got characters Some(NotFromSet(Tendril<UTF8>(inline: "    ")))
[INFO] [stdout] [2021-08-07T23:26:08Z DEBUG html5ever::tree_builder] processing CharacterTokens(NotSplit, Tendril<UTF8>(inline: \"    \")) in insertion mode InBody
[INFO] [stdout] [2021-08-07T23:26:08Z DEBUG html5ever::tokenizer] got characters Some(FromSet('<'))
[INFO] [stdout] [2021-08-07T23:26:08Z DEBUG html5ever::tokenizer] got character <
[INFO] [stdout] [2021-08-07T23:26:08Z DEBUG html5ever::tokenizer] processing in state TagOpen
[INFO] [stdout] [2021-08-07T23:26:08Z DEBUG html5ever::tokenizer] got character n
[INFO] [stdout] [2021-08-07T23:26:08Z DEBUG html5ever::tokenizer] processing in state TagName
[INFO] [stdout] [2021-08-07T23:26:08Z DEBUG html5ever::tokenizer] got character a
[INFO] [stdout] [2021-08-07T23:26:08Z DEBUG html5ever::tokenizer] got character m
[INFO] [stdout] [2021-08-07T23:26:08Z DEBUG html5ever::tokenizer] got character e
[INFO] [stdout] [2021-08-07T23:26:08Z DEBUG html5ever::tokenizer] got character  
[INFO] [stdout] [2021-08-07T23:26:08Z DEBUG html5ever::tokenizer] processing in state BeforeAttributeName
[INFO] [stdout] [2021-08-07T23:26:08Z DEBUG html5ever::tokenizer] got character f
[INFO] [stdout] [2021-08-07T23:26:08Z DEBUG html5ever::tokenizer] processing in state AttributeName
[INFO] [stdout] [2021-08-07T23:26:08Z DEBUG html5ever::tokenizer] got character i
[INFO] [stdout] [2021-08-07T23:26:08Z DEBUG html5ever::tokenizer] got character r
[INFO] [stdout] [2021-08-07T23:26:08Z DEBUG html5ever::tokenizer] got character s
[INFO] [stdout] [2021-08-07T23:26:08Z DEBUG html5ever::tokenizer] got character t
[INFO] [stdout] [2021-08-07T23:26:08Z DEBUG html5ever::tokenizer] got character =
[INFO] [stdout] [2021-08-07T23:26:08Z DEBUG html5ever::tokenizer] processing in state BeforeAttributeValue
[INFO] [stdout] [2021-08-07T23:26:08Z DEBUG html5ever::tokenizer] got character "
[INFO] [stdout] [2021-08-07T23:26:08Z DEBUG html5ever::tokenizer] processing in state AttributeValue(DoubleQuoted)
[INFO] [stdout] [2021-08-07T23:26:08Z DEBUG html5ever::tokenizer] got characters Some(NotFromSet(Tendril<UTF8>(inline: "bob")))
[INFO] [stdout] [2021-08-07T23:26:08Z DEBUG html5ever::tokenizer] got characters Some(FromSet('"'))
[INFO] [stdout] [2021-08-07T23:26:08Z DEBUG html5ever::tokenizer] got character "
[INFO] [stdout] [2021-08-07T23:26:08Z DEBUG html5ever::tokenizer] processing in state AfterAttributeValueQuoted
[INFO] [stdout] [2021-08-07T23:26:08Z DEBUG html5ever::tokenizer] got character  
[INFO] [stdout] [2021-08-07T23:26:08Z DEBUG html5ever::tokenizer] processing in state BeforeAttributeName
[INFO] [stdout] [2021-08-07T23:26:08Z DEBUG html5ever::tokenizer] got character l
[INFO] [stdout] [2021-08-07T23:26:08Z DEBUG html5ever::tokenizer] processing in state AttributeName
[INFO] [stdout] [2021-08-07T23:26:08Z DEBUG html5ever::tokenizer] got character a
[INFO] [stdout] [2021-08-07T23:26:08Z DEBUG html5ever::tokenizer] got character s
[INFO] [stdout] [2021-08-07T23:26:08Z DEBUG html5ever::tokenizer] got character t
[INFO] [stdout] [2021-08-07T23:26:08Z DEBUG html5ever::tokenizer] got character =
[INFO] [stdout] [2021-08-07T23:26:08Z DEBUG html5ever::tokenizer] processing in state BeforeAttributeValue
[INFO] [stdout] [2021-08-07T23:26:08Z DEBUG html5ever::tokenizer] got character "
[INFO] [stdout] [2021-08-07T23:26:08Z DEBUG html5ever::tokenizer] processing in state AttributeValue(DoubleQuoted)
[INFO] [stdout] [2021-08-07T23:26:08Z DEBUG html5ever::tokenizer] got characters Some(NotFromSet(Tendril<UTF8>(inline: "jones")))
[INFO] [stdout] [2021-08-07T23:26:08Z DEBUG html5ever::tokenizer] got characters Some(FromSet('"'))
[INFO] [stdout] [2021-08-07T23:26:08Z DEBUG html5ever::tokenizer] got character "
[INFO] [stdout] [2021-08-07T23:26:08Z DEBUG html5ever::tokenizer] processing in state AfterAttributeValueQuoted
[INFO] [stdout] [2021-08-07T23:26:08Z DEBUG html5ever::tokenizer] got character  
[INFO] [stdout] [2021-08-07T23:26:08Z DEBUG html5ever::tokenizer] processing in state BeforeAttributeName
[INFO] [stdout] [2021-08-07T23:26:08Z DEBUG html5ever::tokenizer] got character /
[INFO] [stdout] [2021-08-07T23:26:08Z DEBUG html5ever::tokenizer] processing in state SelfClosingStartTag
[INFO] [stdout] [2021-08-07T23:26:08Z DEBUG html5ever::tokenizer] got character >
[INFO] [stdout] [2021-08-07T23:26:08Z DEBUG html5ever::tree_builder] processing TagToken(Tag { kind: StartTag, name: Atom(\'name\' type=static), self_closing: true, attrs: [Attribute { name: QualName { prefix: None, ns: Atom(\'\' type=static), local: Atom(\'first\' type=inline) }, value: Tendril<UTF8>(inline: \"bob\") }, Attribute { name: QualName { prefix: None, ns: Atom(\'\' type=static), local: Atom(\'last\' type=inline) }, value: Tendril<UTF8>(inline: \"jones\") }] }) in insertion mode InBody
[INFO] [stdout] [2021-08-07T23:26:08Z DEBUG html5ever::tokenizer] processing in state Data
[INFO] [stdout] [2021-08-07T23:26:08Z DEBUG html5ever::tokenizer] got characters Some(FromSet('\n'))
[INFO] [stdout] [2021-08-07T23:26:08Z DEBUG html5ever::tokenizer] got character 
[INFO] [stdout]     
[INFO] [stdout] [2021-08-07T23:26:08Z DEBUG html5ever::tree_builder] processing CharacterTokens(NotSplit, Tendril<UTF8>(inline: \"\\n\")) in insertion mode InBody
[INFO] [stdout] [2021-08-07T23:26:08Z DEBUG html5ever::tokenizer] got characters Some(NotFromSet(Tendril<UTF8>(inline: "    ")))
[INFO] [stdout] [2021-08-07T23:26:08Z DEBUG html5ever::tree_builder] processing CharacterTokens(NotSplit, Tendril<UTF8>(inline: \"    \")) in insertion mode InBody
[INFO] [stdout] [2021-08-07T23:26:08Z DEBUG html5ever::tokenizer] got characters Some(FromSet('<'))
[INFO] [stdout] [2021-08-07T23:26:08Z DEBUG html5ever::tokenizer] got character <
[INFO] [stdout] [2021-08-07T23:26:08Z DEBUG html5ever::tokenizer] processing in state TagOpen
[INFO] [stdout] [2021-08-07T23:26:08Z DEBUG html5ever::tokenizer] got character n
[INFO] [stdout] [2021-08-07T23:26:08Z DEBUG html5ever::tokenizer] processing in state TagName
[INFO] [stdout] [2021-08-07T23:26:08Z DEBUG html5ever::tokenizer] got character a
[INFO] [stdout] [2021-08-07T23:26:08Z DEBUG html5ever::tokenizer] got character m
[INFO] [stdout] [2021-08-07T23:26:08Z DEBUG html5ever::tokenizer] got character e
[INFO] [stdout] [2021-08-07T23:26:08Z DEBUG html5ever::tokenizer] got character  
[INFO] [stdout] [2021-08-07T23:26:08Z DEBUG html5ever::tokenizer] processing in state BeforeAttributeName
[INFO] [stdout] [2021-08-07T23:26:08Z DEBUG html5ever::tokenizer] got character f
[INFO] [stdout] [2021-08-07T23:26:08Z DEBUG html5ever::tokenizer] processing in state AttributeName
[INFO] [stdout] [2021-08-07T23:26:08Z DEBUG html5ever::tokenizer] got character i
[INFO] [stdout] [2021-08-07T23:26:08Z DEBUG html5ever::tokenizer] got character r
[INFO] [stdout] [2021-08-07T23:26:08Z DEBUG html5ever::tokenizer] got character s
[INFO] [stdout] [2021-08-07T23:26:08Z DEBUG html5ever::tokenizer] got character t
[INFO] [stdout] [2021-08-07T23:26:08Z DEBUG html5ever::tokenizer] got character =
[INFO] [stdout] [2021-08-07T23:26:08Z DEBUG html5ever::tokenizer] processing in state BeforeAttributeValue
[INFO] [stdout] [2021-08-07T23:26:08Z DEBUG html5ever::tokenizer] got character "
[INFO] [stdout] [2021-08-07T23:26:08Z DEBUG html5ever::tokenizer] processing in state AttributeValue(DoubleQuoted)
[INFO] [stdout] [2021-08-07T23:26:08Z DEBUG html5ever::tokenizer] got characters Some(NotFromSet(Tendril<UTF8>(shared: "elizabeth")))
[INFO] [stdout] [2021-08-07T23:26:08Z DEBUG html5ever::tokenizer] got characters Some(FromSet('"'))
[INFO] [stdout] [2021-08-07T23:26:08Z DEBUG html5ever::tokenizer] got character "
[INFO] [stdout] [2021-08-07T23:26:08Z DEBUG html5ever::tokenizer] processing in state AfterAttributeValueQuoted
[INFO] [stdout] [2021-08-07T23:26:08Z DEBUG html5ever::tokenizer] got character  
[INFO] [stdout] [2021-08-07T23:26:08Z DEBUG html5ever::tokenizer] processing in state BeforeAttributeName
[INFO] [stdout] [2021-08-07T23:26:08Z DEBUG html5ever::tokenizer] got character l
[INFO] [stdout] [2021-08-07T23:26:08Z DEBUG html5ever::tokenizer] processing in state AttributeName
[INFO] [stdout] [2021-08-07T23:26:08Z DEBUG html5ever::tokenizer] got character a
[INFO] [stdout] [2021-08-07T23:26:08Z DEBUG html5ever::tokenizer] got character s
[INFO] [stdout] [2021-08-07T23:26:08Z DEBUG html5ever::tokenizer] got character t
[INFO] [stdout] [2021-08-07T23:26:08Z DEBUG html5ever::tokenizer] got character =
[INFO] [stdout] [2021-08-07T23:26:08Z DEBUG html5ever::tokenizer] processing in state BeforeAttributeValue
[INFO] [stdout] [2021-08-07T23:26:08Z DEBUG html5ever::tokenizer] got character "
[INFO] [stdout] [2021-08-07T23:26:08Z DEBUG html5ever::tokenizer] processing in state AttributeValue(DoubleQuoted)
[INFO] [stdout] [2021-08-07T23:26:08Z DEBUG html5ever::tokenizer] got characters Some(NotFromSet(Tendril<UTF8>(inline: "smith")))
[INFO] [stdout] [2021-08-07T23:26:08Z DEBUG html5ever::tokenizer] got characters Some(FromSet('"'))
[INFO] [stdout] [2021-08-07T23:26:08Z DEBUG html5ever::tokenizer] got character "
[INFO] [stdout] [2021-08-07T23:26:08Z DEBUG html5ever::tokenizer] processing in state AfterAttributeValueQuoted
[INFO] [stdout] [2021-08-07T23:26:08Z DEBUG html5ever::tokenizer] got character  
[INFO] [stdout] [2021-08-07T23:26:08Z DEBUG html5ever::tokenizer] processing in state BeforeAttributeName
[INFO] [stdout] [2021-08-07T23:26:08Z DEBUG html5ever::tokenizer] got character /
[INFO] [stdout] [2021-08-07T23:26:08Z DEBUG html5ever::tokenizer] processing in state SelfClosingStartTag
[INFO] [stdout] [2021-08-07T23:26:08Z DEBUG html5ever::tokenizer] got character >
[INFO] [stdout] [2021-08-07T23:26:08Z DEBUG html5ever::tree_builder] processing TagToken(Tag { kind: StartTag, name: Atom(\'name\' type=static), self_closing: true, attrs: [Attribute { name: QualName { prefix: None, ns: Atom(\'\' type=static), local: Atom(\'first\' type=inline) }, value: Tendril<UTF8>(owned: \"elizabeth\") }, Attribute { name: QualName { prefix: None, ns: Atom(\'\' type=static), local: Atom(\'last\' type=inline) }, value: Tendril<UTF8>(inline: \"smith\") }] }) in insertion mode InBody
[INFO] [stdout] [2021-08-07T23:26:08Z DEBUG html5ever::tokenizer] processing in state Data
[INFO] [stdout] [2021-08-07T23:26:08Z DEBUG html5ever::tokenizer] got characters Some(FromSet('\n'))
[INFO] [stdout] [2021-08-07T23:26:08Z DEBUG html5ever::tokenizer] got character 
[INFO] [stdout]     
[INFO] [stdout] [2021-08-07T23:26:08Z DEBUG html5ever::tree_builder] processing CharacterTokens(NotSplit, Tendril<UTF8>(inline: \"\\n\")) in insertion mode InBody
[INFO] [stdout] [2021-08-07T23:26:08Z DEBUG html5ever::tokenizer] got characters Some(FromSet('<'))
[INFO] [stdout] [2021-08-07T23:26:08Z DEBUG html5ever::tokenizer] got character <
[INFO] [stdout] [2021-08-07T23:26:08Z DEBUG html5ever::tokenizer] processing in state TagOpen
[INFO] [stdout] [2021-08-07T23:26:08Z DEBUG html5ever::tokenizer] got character /
[INFO] [stdout] [2021-08-07T23:26:08Z DEBUG html5ever::tokenizer] processing in state EndTagOpen
[INFO] [stdout] [2021-08-07T23:26:08Z DEBUG html5ever::tokenizer] got character n
[INFO] [stdout] [2021-08-07T23:26:08Z DEBUG html5ever::tokenizer] processing in state TagName
[INFO] [stdout] [2021-08-07T23:26:08Z DEBUG html5ever::tokenizer] got character a
[INFO] [stdout] [2021-08-07T23:26:08Z DEBUG html5ever::tokenizer] got character m
[INFO] [stdout] [2021-08-07T23:26:08Z DEBUG html5ever::tokenizer] got character e
[INFO] [stdout] [2021-08-07T23:26:08Z DEBUG html5ever::tokenizer] got character s
[INFO] [stdout] [2021-08-07T23:26:08Z DEBUG html5ever::tokenizer] got character >
[INFO] [stdout] [2021-08-07T23:26:08Z DEBUG html5ever::tree_builder] processing TagToken(Tag { kind: EndTag, name: Atom(\'names\' type=inline), self_closing: false, attrs: [] }) in insertion mode InBody
[INFO] [stdout] [2021-08-07T23:26:08Z DEBUG html5ever::tokenizer] processing in state Data
[INFO] [stdout] [2021-08-07T23:26:08Z DEBUG html5ever::tokenizer] got characters Some(FromSet('\n'))
[INFO] [stdout] [2021-08-07T23:26:08Z DEBUG html5ever::tokenizer] got character 
[INFO] [stdout]     
[INFO] [stdout] [2021-08-07T23:26:08Z DEBUG html5ever::tree_builder] processing CharacterTokens(NotSplit, Tendril<UTF8>(inline: \"\\n\")) in insertion mode InBody
[INFO] [stdout] [2021-08-07T23:26:08Z DEBUG html5ever::tokenizer] got characters None
[INFO] [stdout] [2021-08-07T23:26:08Z DEBUG html5ever::tokenizer] processing in state Data
[INFO] [stdout] [2021-08-07T23:26:08Z DEBUG html5ever::tokenizer] got characters None
[INFO] [stdout] [2021-08-07T23:26:08Z DEBUG html5ever::tokenizer] processing EOF in state Data
[INFO] [stdout] [2021-08-07T23:26:08Z DEBUG html5ever::tree_builder] processing EOFToken in insertion mode InBody
[INFO] [stdout] [2021-08-07T23:26:08Z DEBUG hxcmp::parser_test] Using tokenizer html-parser
[INFO] [stdout] thread 'parser_test::all_tokenizers_basic2' panicked at 'internal error: entered unreachable code: unknown tpl rule: el_process_instruct', /opt/rustwide/cargo-home/registry/src/github.com-1ecc6299db9ec823/html_parser-0.4.2/src/dom/mod.rs:191:22
[INFO] [stdout] stack backtrace:
[INFO] [stdout]    0:     0x563cfe5b8490 - std::backtrace_rs::backtrace::libunwind::trace::h34055254b57d8e79
[INFO] [stdout]                                at /rustc/a178d0322ce20e33eac124758e837cbd80a6f633/library/std/src/../../backtrace/src/backtrace/libunwind.rs:90:5
[INFO] [stdout]    1:     0x563cfe5b8490 - std::backtrace_rs::backtrace::trace_unsynchronized::h8f1e3fbd9afff6ec
[INFO] [stdout]                                at /rustc/a178d0322ce20e33eac124758e837cbd80a6f633/library/std/src/../../backtrace/src/backtrace/mod.rs:66:5
[INFO] [stdout]    2:     0x563cfe5b8490 - std::sys_common::backtrace::_print_fmt::h3a99a796b770c360
[INFO] [stdout]                                at /rustc/a178d0322ce20e33eac124758e837cbd80a6f633/library/std/src/sys_common/backtrace.rs:67:5
[INFO] [stdout]    3:     0x563cfe5b8490 - <std::sys_common::backtrace::_print::DisplayBacktrace as core::fmt::Display>::fmt::h32d1f94a80615d18
[INFO] [stdout]                                at /rustc/a178d0322ce20e33eac124758e837cbd80a6f633/library/std/src/sys_common/backtrace.rs:46:22
[INFO] [stdout]    4:     0x563cfe5db3dc - core::fmt::write::h306731c068f7162c
[INFO] [stdout]                                at /rustc/a178d0322ce20e33eac124758e837cbd80a6f633/library/core/src/fmt/mod.rs:1110:17
[INFO] [stdout]    5:     0x563cfe5b52e5 - std::io::Write::write_fmt::h87f19b0a2cd190bc
[INFO] [stdout]                                at /rustc/a178d0322ce20e33eac124758e837cbd80a6f633/library/std/src/io/mod.rs:1588:15
[INFO] [stdout]    6:     0x563cfe5ba5fb - std::sys_common::backtrace::_print::h5abaa2601a852287
[INFO] [stdout]                                at /rustc/a178d0322ce20e33eac124758e837cbd80a6f633/library/std/src/sys_common/backtrace.rs:49:5
[INFO] [stdout]    7:     0x563cfe5ba5fb - std::sys_common::backtrace::print::h8d81445442bb638f
[INFO] [stdout]                                at /rustc/a178d0322ce20e33eac124758e837cbd80a6f633/library/std/src/sys_common/backtrace.rs:36:9
[INFO] [stdout]    8:     0x563cfe5ba5fb - std::panicking::default_hook::{{closure}}::hcfe804496a9fa747
[INFO] [stdout]                                at /rustc/a178d0322ce20e33eac124758e837cbd80a6f633/library/std/src/panicking.rs:208:50
[INFO] [stdout]    9:     0x563cfe5ba10c - std::panicking::default_hook::hbea8e3ccf2ba8901
[INFO] [stdout]                                at /rustc/a178d0322ce20e33eac124758e837cbd80a6f633/library/std/src/panicking.rs:222:9
[INFO] [stdout]   10:     0x563cfe5bacc4 - std::panicking::rust_panic_with_hook::h7ee9e1a2d0f8975a
[INFO] [stdout]                                at /rustc/a178d0322ce20e33eac124758e837cbd80a6f633/library/std/src/panicking.rs:622:17
[INFO] [stdout]   11:     0x563cfe5ba7a7 - std::panicking::begin_panic_handler::{{closure}}::h8ab3b4491718b2c7
[INFO] [stdout]                                at /rustc/a178d0322ce20e33eac124758e837cbd80a6f633/library/std/src/panicking.rs:519:13
[INFO] [stdout]   12:     0x563cfe5b898c - std::sys_common::backtrace::__rust_end_short_backtrace::hd489062ffa586a9f
[INFO] [stdout]                                at /rustc/a178d0322ce20e33eac124758e837cbd80a6f633/library/std/src/sys_common/backtrace.rs:141:18
[INFO] [stdout]   13:     0x563cfe5ba709 - rust_begin_unwind
[INFO] [stdout]                                at /rustc/a178d0322ce20e33eac124758e837cbd80a6f633/library/std/src/panicking.rs:515:5
[INFO] [stdout]   14:     0x563cfe222bb1 - core::panicking::panic_fmt::hca6330e3e14086b4
[INFO] [stdout]                                at /rustc/a178d0322ce20e33eac124758e837cbd80a6f633/library/core/src/panicking.rs:92:14
[INFO] [stdout]   15:     0x563cfe4bf77d - html_parser::dom::Dom::build_node_element::h483aa7e1bbf13fcb
[INFO] [stdout]                                at /opt/rustwide/cargo-home/registry/src/github.com-1ecc6299db9ec823/html_parser-0.4.2/src/dom/mod.rs:191:22
[INFO] [stdout]   16:     0x563cfe4be65e - html_parser::dom::Dom::build_dom::h94a336079da2d691
[INFO] [stdout]                                at /opt/rustwide/cargo-home/registry/src/github.com-1ecc6299db9ec823/html_parser-0.4.2/src/dom/mod.rs:89:41
[INFO] [stdout]   17:     0x563cfe4be172 - html_parser::dom::Dom::parse::h5209997a4d6c8669
[INFO] [stdout]                                at /opt/rustwide/cargo-home/registry/src/github.com-1ecc6299db9ec823/html_parser-0.4.2/src/dom/mod.rs:70:9
[INFO] [stdout]   18:     0x563cfe2858d1 - <hxcmp::parser::HtmlParser as hxcmp::Parser>::parse_tokens_str::{{closure}}::h0f73472818a9813e
[INFO] [stdout]                                at /opt/rustwide/workdir/src/parser.rs:263:50
[INFO] [stdout]   19:     0x563cfe286758 - std::panicking::try::do_call::hddb4fb837395a318
[INFO] [stdout]                                at /rustc/a178d0322ce20e33eac124758e837cbd80a6f633/library/std/src/panicking.rs:401:40
[INFO] [stdout]   20:     0x563cfe28a0dd - __rust_try
[INFO] [stdout]   21:     0x563cfe286540 - std::panicking::try::hd6337c9f518f0320
[INFO] [stdout]                                at /rustc/a178d0322ce20e33eac124758e837cbd80a6f633/library/std/src/panicking.rs:365:19
[INFO] [stdout]   22:     0x563cfe28e9e6 - std::panic::catch_unwind::h37efb2bef30638ea
[INFO] [stdout]                                at /rustc/a178d0322ce20e33eac124758e837cbd80a6f633/library/std/src/panic.rs:434:14
[INFO] [stdout]   23:     0x563cfe2856d2 - <hxcmp::parser::HtmlParser as hxcmp::Parser>::parse_tokens_str::h352787b0716d356e
[INFO] [stdout]                                at /opt/rustwide/workdir/src/parser.rs:263:22
[INFO] [stdout]   24:     0x563cfe291ab2 - hxcmp::parser_test::do_test::he4c4bfe5ca00d5c8
[INFO] [stdout]                                at /opt/rustwide/workdir/src/parser_test.rs:25:19
[INFO] [stdout]   25:     0x563cfe2920fe - hxcmp::parser_test::all_tokenizers_basic2::h720bd8463020b81c
[INFO] [stdout]                                at /opt/rustwide/workdir/src/parser_test.rs:55:5
[INFO] [stdout]   26:     0x563cfe2920be - hxcmp::parser_test::all_tokenizers_basic2::{{closure}}::hf159e283c8f0966f
[INFO] [stdout]                                at /opt/rustwide/workdir/src/parser_test.rs:54:1
[INFO] [stdout]   27:     0x563cfe26685e - core::ops::function::FnOnce::call_once::h191ef54d5701ef28
[INFO] [stdout]                                at /rustc/a178d0322ce20e33eac124758e837cbd80a6f633/library/core/src/ops/function.rs:227:5
[INFO] [stdout]   28:     0x563cfe4938d3 - core::ops::function::FnOnce::call_once::h152e7e439ff59e19
[INFO] [stdout]                                at /rustc/a178d0322ce20e33eac124758e837cbd80a6f633/library/core/src/ops/function.rs:227:5
[INFO] [stdout]   29:     0x563cfe4938d3 - test::__rust_begin_short_backtrace::h0908f3b1fdbb72ab
[INFO] [stdout]                                at /rustc/a178d0322ce20e33eac124758e837cbd80a6f633/library/test/src/lib.rs:577:5
[INFO] [stdout]   30:     0x563cfe492390 - <alloc::boxed::Box<F,A> as core::ops::function::FnOnce<Args>>::call_once::hf6d2a51e5587546c
[INFO] [stdout]                                at /rustc/a178d0322ce20e33eac124758e837cbd80a6f633/library/alloc/src/boxed.rs:1575:9
[INFO] [stdout]   31:     0x563cfe492390 - <std::panic::AssertUnwindSafe<F> as core::ops::function::FnOnce<()>>::call_once::h8af660f3a89ef593
[INFO] [stdout]                                at /rustc/a178d0322ce20e33eac124758e837cbd80a6f633/library/std/src/panic.rs:347:9
[INFO] [stdout]   32:     0x563cfe492390 - std::panicking::try::do_call::hd36aef60f84b6d36
[INFO] [stdout]                                at /rustc/a178d0322ce20e33eac124758e837cbd80a6f633/library/std/src/panicking.rs:401:40
[INFO] [stdout]   33:     0x563cfe492390 - std::panicking::try::h9932b4480e69817c
[INFO] [stdout]                                at /rustc/a178d0322ce20e33eac124758e837cbd80a6f633/library/std/src/panicking.rs:365:19
[INFO] [stdout]   34:     0x563cfe492390 - std::panic::catch_unwind::h6aa177099cfff5f8
[INFO] [stdout]                                at /rustc/a178d0322ce20e33eac124758e837cbd80a6f633/library/std/src/panic.rs:434:14
[INFO] [stdout]   35:     0x563cfe492390 - test::run_test_in_process::h5884d6f2d99e20c3
[INFO] [stdout]                                at /rustc/a178d0322ce20e33eac124758e837cbd80a6f633/library/test/src/lib.rs:600:18
[INFO] [stdout]   36:     0x563cfe492390 - test::run_test::run_test_inner::{{closure}}::h6fdc58c6d5f5b6e3
[INFO] [stdout]                                at /rustc/a178d0322ce20e33eac124758e837cbd80a6f633/library/test/src/lib.rs:492:39
[INFO] [stdout]   37:     0x563cfe46ba42 - test::run_test::run_test_inner::{{closure}}::h408365d67a78ade8
[INFO] [stdout]                                at /rustc/a178d0322ce20e33eac124758e837cbd80a6f633/library/test/src/lib.rs:519:37
[INFO] [stdout]   38:     0x563cfe46ba42 - std::sys_common::backtrace::__rust_begin_short_backtrace::hb560b77c4f701523
[INFO] [stdout]                                at /rustc/a178d0322ce20e33eac124758e837cbd80a6f633/library/std/src/sys_common/backtrace.rs:125:18
[INFO] [stdout]   39:     0x563cfe46f5f8 - std::thread::Builder::spawn_unchecked::{{closure}}::{{closure}}::hf2e7831dad93c597
[INFO] [stdout]                                at /rustc/a178d0322ce20e33eac124758e837cbd80a6f633/library/std/src/thread/mod.rs:481:17
[INFO] [stdout]   40:     0x563cfe46f5f8 - <std::panic::AssertUnwindSafe<F> as core::ops::function::FnOnce<()>>::call_once::hd2e08783d8be4d02
[INFO] [stdout]                                at /rustc/a178d0322ce20e33eac124758e837cbd80a6f633/library/std/src/panic.rs:347:9
[INFO] [stdout]   41:     0x563cfe46f5f8 - std::panicking::try::do_call::h062597b7acfd6b82
[INFO] [stdout]                                at /rustc/a178d0322ce20e33eac124758e837cbd80a6f633/library/std/src/panicking.rs:401:40
[INFO] [stdout]   42:     0x563cfe46f5f8 - std::panicking::try::h0d7b79db04c14552
[INFO] [stdout]                                at /rustc/a178d0322ce20e33eac124758e837cbd80a6f633/library/std/src/panicking.rs:365:19
[INFO] [stdout]   43:     0x563cfe46f5f8 - std::panic::catch_unwind::hb01a0b5e7c8cd43b
[INFO] [stdout]                                at /rustc/a178d0322ce20e33eac124758e837cbd80a6f633/library/std/src/panic.rs:434:14
[INFO] [stdout]   44:     0x563cfe46f5f8 - std::thread::Builder::spawn_unchecked::{{closure}}::h5bde48cc887e0d1e
[INFO] [stdout]                                at /rustc/a178d0322ce20e33eac124758e837cbd80a6f633/library/std/src/thread/mod.rs:480:30
[INFO] [stdout]   45:     0x563cfe46f5f8 - core::ops::function::FnOnce::call_once{{vtable.shim}}::h745ea30807a29e55
[INFO] [stdout]                                at /rustc/a178d0322ce20e33eac124758e837cbd80a6f633/library/core/src/ops/function.rs:227:5
[INFO] [stdout]   46:     0x563cfe5bf7e7 - <alloc::boxed::Box<F,A> as core::ops::function::FnOnce<Args>>::call_once::h7ece6cfefaff1005
[INFO] [stdout]                                at /rustc/a178d0322ce20e33eac124758e837cbd80a6f633/library/alloc/src/boxed.rs:1575:9
[INFO] [stdout]   47:     0x563cfe5bf7e7 - <alloc::boxed::Box<F,A> as core::ops::function::FnOnce<Args>>::call_once::hb8b48e55c21f193e
[INFO] [stdout]                                at /rustc/a178d0322ce20e33eac124758e837cbd80a6f633/library/alloc/src/boxed.rs:1575:9
[INFO] [stdout]   48:     0x563cfe5bf7e7 - std::sys::unix::thread::Thread::new::thread_start::h8c7c4450dba62914
[INFO] [stdout]                                at /rustc/a178d0322ce20e33eac124758e837cbd80a6f633/library/std/src/sys/unix/thread.rs:71:17
[INFO] [stdout]   49:     0x7fa4264e2609 - start_thread
[INFO] [stdout]   50:     0x7fa4262ba293 - clone
[INFO] [stdout]   51:                0x0 - <unknown>
[INFO] [stdout] [2021-08-07T23:26:08Z ERROR hxcmp::parser_test] FAILED to parse tokens from input string using tokenizer html-parser
[INFO] [stdout] [2021-08-07T23:26:08Z INFO  hxcmp::parser_test] Completed test basic2
[INFO] [stdout] Error: unexpected panic from parser
[INFO] [stdout] thread 'parser_test::all_tokenizers_basic2' panicked at 'assertion failed: `(left == right)`
[INFO] [stdout]   left: `1`,
[INFO] [stdout]  right: `0`: the test returned a termination value with a non-zero status code (1) which indicates a failure', /rustc/a178d0322ce20e33eac124758e837cbd80a6f633/library/test/src/lib.rs:193:5
[INFO] [stdout] stack backtrace:
[INFO] [stdout]    0:     0x563cfe5b8490 - std::backtrace_rs::backtrace::libunwind::trace::h34055254b57d8e79
[INFO] [stdout]                                at /rustc/a178d0322ce20e33eac124758e837cbd80a6f633/library/std/src/../../backtrace/src/backtrace/libunwind.rs:90:5
[INFO] [stdout]    1:     0x563cfe5b8490 - std::backtrace_rs::backtrace::trace_unsynchronized::h8f1e3fbd9afff6ec
[INFO] [stdout]                                at /rustc/a178d0322ce20e33eac124758e837cbd80a6f633/library/std/src/../../backtrace/src/backtrace/mod.rs:66:5
[INFO] [stdout]    2:     0x563cfe5b8490 - std::sys_common::backtrace::_print_fmt::h3a99a796b770c360
[INFO] [stdout]                                at /rustc/a178d0322ce20e33eac124758e837cbd80a6f633/library/std/src/sys_common/backtrace.rs:67:5
[INFO] [stdout]    3:     0x563cfe5b8490 - <std::sys_common::backtrace::_print::DisplayBacktrace as core::fmt::Display>::fmt::h32d1f94a80615d18
[INFO] [stdout]                                at /rustc/a178d0322ce20e33eac124758e837cbd80a6f633/library/std/src/sys_common/backtrace.rs:46:22
[INFO] [stdout]    4:     0x563cfe5db3dc - core::fmt::write::h306731c068f7162c
[INFO] [stdout]                                at /rustc/a178d0322ce20e33eac124758e837cbd80a6f633/library/core/src/fmt/mod.rs:1110:17
[INFO] [stdout]    5:     0x563cfe5b52e5 - std::io::Write::write_fmt::h87f19b0a2cd190bc
[INFO] [stdout]                                at /rustc/a178d0322ce20e33eac124758e837cbd80a6f633/library/std/src/io/mod.rs:1588:15
[INFO] [stdout]    6:     0x563cfe5ba5fb - std::sys_common::backtrace::_print::h5abaa2601a852287
[INFO] [stdout]                                at /rustc/a178d0322ce20e33eac124758e837cbd80a6f633/library/std/src/sys_common/backtrace.rs:49:5
[INFO] [stdout]    7:     0x563cfe5ba5fb - std::sys_common::backtrace::print::h8d81445442bb638f
[INFO] [stdout]                                at /rustc/a178d0322ce20e33eac124758e837cbd80a6f633/library/std/src/sys_common/backtrace.rs:36:9
[INFO] [stdout]    8:     0x563cfe5ba5fb - std::panicking::default_hook::{{closure}}::hcfe804496a9fa747
[INFO] [stdout]                                at /rustc/a178d0322ce20e33eac124758e837cbd80a6f633/library/std/src/panicking.rs:208:50
[INFO] [stdout]    9:     0x563cfe5ba10c - std::panicking::default_hook::hbea8e3ccf2ba8901
[INFO] [stdout]                                at /rustc/a178d0322ce20e33eac124758e837cbd80a6f633/library/std/src/panicking.rs:222:9
[INFO] [stdout]   10:     0x563cfe5bacc4 - std::panicking::rust_panic_with_hook::h7ee9e1a2d0f8975a
[INFO] [stdout]                                at /rustc/a178d0322ce20e33eac124758e837cbd80a6f633/library/std/src/panicking.rs:622:17
[INFO] [stdout]   11:     0x563cfe5ba7a7 - std::panicking::begin_panic_handler::{{closure}}::h8ab3b4491718b2c7
[INFO] [stdout]                                at /rustc/a178d0322ce20e33eac124758e837cbd80a6f633/library/std/src/panicking.rs:519:13
[INFO] [stdout]   12:     0x563cfe5b898c - std::sys_common::backtrace::__rust_end_short_backtrace::hd489062ffa586a9f
[INFO] [stdout]                                at /rustc/a178d0322ce20e33eac124758e837cbd80a6f633/library/std/src/sys_common/backtrace.rs:141:18
[INFO] [stdout]   13:     0x563cfe5ba709 - rust_begin_unwind
[INFO] [stdout]                                at /rustc/a178d0322ce20e33eac124758e837cbd80a6f633/library/std/src/panicking.rs:515:5
[INFO] [stdout]   14:     0x563cfe222bb1 - core::panicking::panic_fmt::hca6330e3e14086b4
[INFO] [stdout]                                at /rustc/a178d0322ce20e33eac124758e837cbd80a6f633/library/core/src/panicking.rs:92:14
[INFO] [stdout]   15:     0x563cfe5d9dde - core::panicking::assert_failed_inner::h33b45280069a80ed
[INFO] [stdout]   16:     0x563cfe28fcda - core::panicking::assert_failed::ha4e8ce788f89a0b0
[INFO] [stdout]                                at /rustc/a178d0322ce20e33eac124758e837cbd80a6f633/library/core/src/panicking.rs:117:5
[INFO] [stdout]   17:     0x563cfe27fe0c - test::assert_test_result::h5daeb6cdc188957e
[INFO] [stdout]                                at /rustc/a178d0322ce20e33eac124758e837cbd80a6f633/library/test/src/lib.rs:193:5
[INFO] [stdout]   18:     0x563cfe2920cd - hxcmp::parser_test::all_tokenizers_basic2::{{closure}}::hf159e283c8f0966f
[INFO] [stdout]                                at /opt/rustwide/workdir/src/parser_test.rs:54:1
[INFO] [stdout]   19:     0x563cfe26685e - core::ops::function::FnOnce::call_once::h191ef54d5701ef28
[INFO] [stdout]                                at /rustc/a178d0322ce20e33eac124758e837cbd80a6f633/library/core/src/ops/function.rs:227:5
[INFO] [stdout]   20:     0x563cfe4938d3 - core::ops::function::FnOnce::call_once::h152e7e439ff59e19
[INFO] [stdout]                                at /rustc/a178d0322ce20e33eac124758e837cbd80a6f633/library/core/src/ops/function.rs:227:5
[INFO] [stdout]   21:     0x563cfe4938d3 - test::__rust_begin_short_backtrace::h0908f3b1fdbb72ab
[INFO] [stdout]                                at /rustc/a178d0322ce20e33eac124758e837cbd80a6f633/library/test/src/lib.rs:577:5
[INFO] [stdout]   22:     0x563cfe492390 - <alloc::boxed::Box<F,A> as core::ops::function::FnOnce<Args>>::call_once::hf6d2a51e5587546c
[INFO] [stdout]                                at /rustc/a178d0322ce20e33eac124758e837cbd80a6f633/library/alloc/src/boxed.rs:1575:9
[INFO] [stdout]   23:     0x563cfe492390 - <std::panic::AssertUnwindSafe<F> as core::ops::function::FnOnce<()>>::call_once::h8af660f3a89ef593
[INFO] [stdout]                                at /rustc/a178d0322ce20e33eac124758e837cbd80a6f633/library/std/src/panic.rs:347:9
[INFO] [stdout]   24:     0x563cfe492390 - std::panicking::try::do_call::hd36aef60f84b6d36
[INFO] [stdout]                                at /rustc/a178d0322ce20e33eac124758e837cbd80a6f633/library/std/src/panicking.rs:401:40
[INFO] [stdout]   25:     0x563cfe492390 - std::panicking::try::h9932b4480e69817c
[INFO] [stdout]                                at /rustc/a178d0322ce20e33eac124758e837cbd80a6f633/library/std/src/panicking.rs:365:19
[INFO] [stdout]   26:     0x563cfe492390 - std::panic::catch_unwind::h6aa177099cfff5f8
[INFO] [stdout]                                at /rustc/a178d0322ce20e33eac124758e837cbd80a6f633/library/std/src/panic.rs:434:14
[INFO] [stdout]   27:     0x563cfe492390 - test::run_test_in_process::h5884d6f2d99e20c3
[INFO] [stdout]                                at /rustc/a178d0322ce20e33eac124758e837cbd80a6f633/library/test/src/lib.rs:600:18
[INFO] [stdout]   28:     0x563cfe492390 - test::run_test::run_test_inner::{{closure}}::h6fdc58c6d5f5b6e3
[INFO] [stdout]                                at /rustc/a178d0322ce20e33eac124758e837cbd80a6f633/library/test/src/lib.rs:492:39
[INFO] [stdout]   29:     0x563cfe46ba42 - test::run_test::run_test_inner::{{closure}}::h408365d67a78ade8
[INFO] [stdout]                                at /rustc/a178d0322ce20e33eac124758e837cbd80a6f633/library/test/src/lib.rs:519:37
[INFO] [stdout]   30:     0x563cfe46ba42 - std::sys_common::backtrace::__rust_begin_short_backtrace::hb560b77c4f701523
[INFO] [stdout]                                at /rustc/a178d0322ce20e33eac124758e837cbd80a6f633/library/std/src/sys_common/backtrace.rs:125:18
[INFO] [stdout]   31:     0x563cfe46f5f8 - std::thread::Builder::spawn_unchecked::{{closure}}::{{closure}}::hf2e7831dad93c597
[INFO] [stdout]                                at /rustc/a178d0322ce20e33eac124758e837cbd80a6f633/library/std/src/thread/mod.rs:481:17
[INFO] [stdout]   32:     0x563cfe46f5f8 - <std::panic::AssertUnwindSafe<F> as core::ops::function::FnOnce<()>>::call_once::hd2e08783d8be4d02
[INFO] [stdout]                                at /rustc/a178d0322ce20e33eac124758e837cbd80a6f633/library/std/src/panic.rs:347:9
[INFO] [stdout]   33:     0x563cfe46f5f8 - std::panicking::try::do_call::h062597b7acfd6b82
[INFO] [stdout]                                at /rustc/a178d0322ce20e33eac124758e837cbd80a6f633/library/std/src/panicking.rs:401:40
[INFO] [stdout]   34:     0x563cfe46f5f8 - std::panicking::try::h0d7b79db04c14552
[INFO] [stdout]                                at /rustc/a178d0322ce20e33eac124758e837cbd80a6f633/library/std/src/panicking.rs:365:19
[INFO] [stdout]   35:     0x563cfe46f5f8 - std::panic::catch_unwind::hb01a0b5e7c8cd43b
[INFO] [stdout]                                at /rustc/a178d0322ce20e33eac124758e837cbd80a6f633/library/std/src/panic.rs:434:14
[INFO] [stdout]   36:     0x563cfe46f5f8 - std::thread::Builder::spawn_unchecked::{{closure}}::h5bde48cc887e0d1e
[INFO] [stdout]                                at /rustc/a178d0322ce20e33eac124758e837cbd80a6f633/library/std/src/thread/mod.rs:480:30
[INFO] [stdout]   37:     0x563cfe46f5f8 - core::ops::function::FnOnce::call_once{{vtable.shim}}::h745ea30807a29e55
[INFO] [stdout]                                at /rustc/a178d0322ce20e33eac124758e837cbd80a6f633/library/core/src/ops/function.rs:227:5
[INFO] [stdout]   38:     0x563cfe5bf7e7 - <alloc::boxed::Box<F,A> as core::ops::function::FnOnce<Args>>::call_once::h7ece6cfefaff1005
[INFO] [stdout]                                at /rustc/a178d0322ce20e33eac124758e837cbd80a6f633/library/alloc/src/boxed.rs:1575:9
[INFO] [stdout]   39:     0x563cfe5bf7e7 - <alloc::boxed::Box<F,A> as core::ops::function::FnOnce<Args>>::call_once::hb8b48e55c21f193e
[INFO] [stdout]                                at /rustc/a178d0322ce20e33eac124758e837cbd80a6f633/library/alloc/src/boxed.rs:1575:9
[INFO] [stdout]   40:     0x563cfe5bf7e7 - std::sys::unix::thread::Thread::new::thread_start::h8c7c4450dba62914
[INFO] [stdout]                                at /rustc/a178d0322ce20e33eac124758e837cbd80a6f633/library/std/src/sys/unix/thread.rs:71:17
[INFO] [stdout]   41:     0x7fa4264e2609 - start_thread
[INFO] [stdout]   42:     0x7fa4262ba293 - clone
[INFO] [stdout]   43:                0x0 - <unknown>
[INFO] [stdout] 
[INFO] [stdout] ---- parser_test::all_tokenizers_invalid stdout ----
[INFO] [stdout] [2021-08-07T23:26:08Z INFO  hxcmp::parser_test] Running test invalid
[INFO] [stdout] [2021-08-07T23:26:08Z DEBUG hxcmp::parser_test] Using tokenizer xml-rs
[INFO] [stdout] [2021-08-07T23:26:08Z ERROR hxcmp::parser_test] FAILED to parse tokens from input string using tokenizer xml-rs
[INFO] [stdout] [2021-08-07T23:26:08Z DEBUG hxcmp::parser_test] Using tokenizer xml-parser
[INFO] [stdout] [2021-08-07T23:26:08Z ERROR hxcmp::parser_test] FAILED to parse tokens from input string using tokenizer xml-parser
[INFO] [stdout] [2021-08-07T23:26:08Z DEBUG hxcmp::parser_test] Using tokenizer quick-xml
[INFO] [stdout] [2021-08-07T23:26:08Z ERROR hxcmp::parser_test] FAILED to parse tokens from input string using tokenizer quick-xml
[INFO] [stdout] [2021-08-07T23:26:08Z DEBUG hxcmp::parser_test] Using tokenizer html5ever
[INFO] [stdout] [2021-08-07T23:26:08Z DEBUG html5ever::tokenizer] processing in state Data
[INFO] [stdout] [2021-08-07T23:26:08Z DEBUG html5ever::tokenizer] got characters Some(FromSet('\n'))
[INFO] [stdout] [2021-08-07T23:26:08Z DEBUG html5ever::tokenizer] got character 
[INFO] [stdout]     
[INFO] [stdout] [2021-08-07T23:26:08Z DEBUG html5ever::tree_builder] processing CharacterTokens(NotSplit, Tendril<UTF8>(inline: \"\\n\")) in insertion mode Initial
[INFO] [stdout] [2021-08-07T23:26:08Z DEBUG html5ever::tree_builder] processing CharacterTokens(Whitespace, Tendril<UTF8>(inline: \"\\n\")) in insertion mode Initial
[INFO] [stdout] [2021-08-07T23:26:08Z DEBUG html5ever::tokenizer] got characters Some(FromSet('<'))
[INFO] [stdout] [2021-08-07T23:26:08Z DEBUG html5ever::tokenizer] got character <
[INFO] [stdout] [2021-08-07T23:26:08Z DEBUG html5ever::tokenizer] processing in state TagOpen
[INFO] [stdout] [2021-08-07T23:26:08Z DEBUG html5ever::tokenizer] got character o
[INFO] [stdout] [2021-08-07T23:26:08Z DEBUG html5ever::tokenizer] processing in state TagName
[INFO] [stdout] [2021-08-07T23:26:08Z DEBUG html5ever::tokenizer] got character u
[INFO] [stdout] [2021-08-07T23:26:08Z DEBUG html5ever::tokenizer] got character t
[INFO] [stdout] [2021-08-07T23:26:08Z DEBUG html5ever::tokenizer] got character e
[INFO] [stdout] [2021-08-07T23:26:08Z DEBUG html5ever::tokenizer] got character r
[INFO] [stdout] [2021-08-07T23:26:08Z DEBUG html5ever::tokenizer] got character >
[INFO] [stdout] [2021-08-07T23:26:08Z DEBUG html5ever::tree_builder] processing TagToken(Tag { kind: StartTag, name: Atom(\'outer\' type=inline), self_closing: false, attrs: [] }) in insertion mode Initial
[INFO] [stdout] [2021-08-07T23:26:08Z DEBUG html5ever::tree_builder] processing TagToken(Tag { kind: StartTag, name: Atom(\'outer\' type=inline), self_closing: false, attrs: [] }) in insertion mode BeforeHtml
[INFO] [stdout] [2021-08-07T23:26:08Z DEBUG html5ever::tree_builder] processing TagToken(Tag { kind: StartTag, name: Atom(\'outer\' type=inline), self_closing: false, attrs: [] }) in insertion mode BeforeHead
[INFO] [stdout] [2021-08-07T23:26:08Z DEBUG html5ever::tree_builder] processing TagToken(Tag { kind: StartTag, name: Atom(\'outer\' type=inline), self_closing: false, attrs: [] }) in insertion mode InHead
[INFO] [stdout] [2021-08-07T23:26:08Z DEBUG html5ever::tree_builder] processing TagToken(Tag { kind: StartTag, name: Atom(\'outer\' type=inline), self_closing: false, attrs: [] }) in insertion mode AfterHead
[INFO] [stdout] [2021-08-07T23:26:08Z DEBUG html5ever::tree_builder] processing TagToken(Tag { kind: StartTag, name: Atom(\'outer\' type=inline), self_closing: false, attrs: [] }) in insertion mode InBody
[INFO] [stdout] [2021-08-07T23:26:08Z DEBUG html5ever::tokenizer] processing in state Data
[INFO] [stdout] [2021-08-07T23:26:08Z DEBUG html5ever::tokenizer] got characters Some(FromSet('\n'))
[INFO] [stdout] [2021-08-07T23:26:08Z DEBUG html5ever::tokenizer] got character 
[INFO] [stdout]     
[INFO] [stdout] [2021-08-07T23:26:08Z DEBUG html5ever::tree_builder] processing CharacterTokens(NotSplit, Tendril<UTF8>(inline: \"\\n\")) in insertion mode InBody
[INFO] [stdout] [2021-08-07T23:26:08Z DEBUG html5ever::tokenizer] got characters Some(NotFromSet(Tendril<UTF8>(inline: "    ")))
[INFO] [stdout] [2021-08-07T23:26:08Z DEBUG html5ever::tree_builder] processing CharacterTokens(NotSplit, Tendril<UTF8>(inline: \"    \")) in insertion mode InBody
[INFO] [stdout] [2021-08-07T23:26:08Z DEBUG html5ever::tokenizer] got characters Some(FromSet('<'))
[INFO] [stdout] [2021-08-07T23:26:08Z DEBUG html5ever::tokenizer] got character <
[INFO] [stdout] [2021-08-07T23:26:08Z DEBUG html5ever::tokenizer] processing in state TagOpen
[INFO] [stdout] [2021-08-07T23:26:08Z DEBUG html5ever::tokenizer] got character i
[INFO] [stdout] [2021-08-07T23:26:08Z DEBUG html5ever::tokenizer] processing in state TagName
[INFO] [stdout] [2021-08-07T23:26:08Z DEBUG html5ever::tokenizer] got character n
[INFO] [stdout] [2021-08-07T23:26:08Z DEBUG html5ever::tokenizer] got character v
[INFO] [stdout] [2021-08-07T23:26:08Z DEBUG html5ever::tokenizer] got character a
[INFO] [stdout] [2021-08-07T23:26:08Z DEBUG html5ever::tokenizer] got character l
[INFO] [stdout] [2021-08-07T23:26:08Z DEBUG html5ever::tokenizer] got character i
[INFO] [stdout] [2021-08-07T23:26:08Z DEBUG html5ever::tokenizer] got character d
[INFO] [stdout] [2021-08-07T23:26:08Z DEBUG html5ever::tokenizer] got character >
[INFO] [stdout] [2021-08-07T23:26:08Z DEBUG html5ever::tree_builder] processing TagToken(Tag { kind: StartTag, name: Atom(\'invalid\' type=inline), self_closing: false, attrs: [] }) in insertion mode InBody
[INFO] [stdout] [2021-08-07T23:26:08Z DEBUG html5ever::tokenizer] processing in state Data
[INFO] [stdout] [2021-08-07T23:26:08Z DEBUG html5ever::tokenizer] got characters Some(FromSet('\n'))
[INFO] [stdout] [2021-08-07T23:26:08Z DEBUG html5ever::tokenizer] got character 
[INFO] [stdout]     
[INFO] [stdout] [2021-08-07T23:26:08Z DEBUG html5ever::tree_builder] processing CharacterTokens(NotSplit, Tendril<UTF8>(inline: \"\\n\")) in insertion mode InBody
[INFO] [stdout] [2021-08-07T23:26:08Z DEBUG html5ever::tokenizer] got characters Some(NotFromSet(Tendril<UTF8>(inline: "    ")))
[INFO] [stdout] [2021-08-07T23:26:08Z DEBUG html5ever::tree_builder] processing CharacterTokens(NotSplit, Tendril<UTF8>(inline: \"    \")) in insertion mode InBody
[INFO] [stdout] [2021-08-07T23:26:08Z DEBUG html5ever::tokenizer] got characters Some(FromSet('<'))
[INFO] [stdout] [2021-08-07T23:26:08Z DEBUG html5ever::tokenizer] got character <
[INFO] [stdout] [2021-08-07T23:26:08Z DEBUG html5ever::tokenizer] processing in state TagOpen
[INFO] [stdout] [2021-08-07T23:26:08Z DEBUG html5ever::tokenizer] got character n
[INFO] [stdout] [2021-08-07T23:26:08Z DEBUG html5ever::tokenizer] processing in state TagName
[INFO] [stdout] [2021-08-07T23:26:08Z DEBUG html5ever::tokenizer] got character e
[INFO] [stdout] [2021-08-07T23:26:08Z DEBUG html5ever::tokenizer] got character s
[INFO] [stdout] [2021-08-07T23:26:08Z DEBUG html5ever::tokenizer] got character t
[INFO] [stdout] [2021-08-07T23:26:08Z DEBUG html5ever::tokenizer] got character  
[INFO] [stdout] [2021-08-07T23:26:08Z DEBUG html5ever::tokenizer] processing in state BeforeAttributeName
[INFO] [stdout] [2021-08-07T23:26:08Z DEBUG html5ever::tokenizer] got character a
[INFO] [stdout] [2021-08-07T23:26:08Z DEBUG html5ever::tokenizer] processing in state AttributeName
[INFO] [stdout] [2021-08-07T23:26:08Z DEBUG html5ever::tokenizer] got character t
[INFO] [stdout] [2021-08-07T23:26:08Z DEBUG html5ever::tokenizer] got character t
[INFO] [stdout] [2021-08-07T23:26:08Z DEBUG html5ever::tokenizer] got character r
[INFO] [stdout] [2021-08-07T23:26:08Z DEBUG html5ever::tokenizer] got character =
[INFO] [stdout] [2021-08-07T23:26:08Z DEBUG html5ever::tokenizer] processing in state BeforeAttributeValue
[INFO] [stdout] [2021-08-07T23:26:08Z DEBUG html5ever::tokenizer] got character "
[INFO] [stdout] [2021-08-07T23:26:08Z DEBUG html5ever::tokenizer] processing in state AttributeValue(DoubleQuoted)
[INFO] [stdout] [2021-08-07T23:26:08Z DEBUG html5ever::tokenizer] got characters Some(NotFromSet(Tendril<UTF8>(inline: "hi")))
[INFO] [stdout] [2021-08-07T23:26:08Z DEBUG html5ever::tokenizer] got characters Some(FromSet('"'))
[INFO] [stdout] [2021-08-07T23:26:08Z DEBUG html5ever::tokenizer] got character "
[INFO] [stdout] [2021-08-07T23:26:08Z DEBUG html5ever::tokenizer] processing in state AfterAttributeValueQuoted
[INFO] [stdout] [2021-08-07T23:26:08Z DEBUG html5ever::tokenizer] got character >
[INFO] [stdout] [2021-08-07T23:26:08Z DEBUG html5ever::tree_builder] processing TagToken(Tag { kind: StartTag, name: Atom(\'nest\' type=static), self_closing: false, attrs: [Attribute { name: QualName { prefix: None, ns: Atom(\'\' type=static), local: Atom(\'attr\' type=inline) }, value: Tendril<UTF8>(inline: \"hi\") }] }) in insertion mode InBody
[INFO] [stdout] [2021-08-07T23:26:08Z DEBUG html5ever::tokenizer] processing in state Data
[INFO] [stdout] [2021-08-07T23:26:08Z DEBUG html5ever::tokenizer] got characters Some(FromSet('\n'))
[INFO] [stdout] [2021-08-07T23:26:08Z DEBUG html5ever::tokenizer] got character 
[INFO] [stdout]     
[INFO] [stdout] [2021-08-07T23:26:08Z DEBUG html5ever::tree_builder] processing CharacterTokens(NotSplit, Tendril<UTF8>(inline: \"\\n\")) in insertion mode InBody
[INFO] [stdout] [2021-08-07T23:26:08Z DEBUG html5ever::tokenizer] got characters Some(NotFromSet(Tendril<UTF8>(inline: "    ")))
[INFO] [stdout] [2021-08-07T23:26:08Z DEBUG html5ever::tree_builder] processing CharacterTokens(NotSplit, Tendril<UTF8>(inline: \"    \")) in insertion mode InBody
[INFO] [stdout] [2021-08-07T23:26:08Z DEBUG html5ever::tokenizer] got characters Some(FromSet('<'))
[INFO] [stdout] [2021-08-07T23:26:08Z DEBUG html5ever::tokenizer] got character <
[INFO] [stdout] [2021-08-07T23:26:08Z DEBUG html5ever::tokenizer] processing in state TagOpen
[INFO] [stdout] [2021-08-07T23:26:08Z DEBUG html5ever::tokenizer] got character b
[INFO] [stdout] [2021-08-07T23:26:08Z DEBUG html5ever::tokenizer] processing in state TagName
[INFO] [stdout] [2021-08-07T23:26:08Z DEBUG html5ever::tokenizer] got character r
[INFO] [stdout] [2021-08-07T23:26:08Z DEBUG html5ever::tokenizer] got character  
[INFO] [stdout] [2021-08-07T23:26:08Z DEBUG html5ever::tokenizer] processing in state BeforeAttributeName
[INFO] [stdout] [2021-08-07T23:26:08Z DEBUG html5ever::tokenizer] got character /
[INFO] [stdout] [2021-08-07T23:26:08Z DEBUG html5ever::tokenizer] processing in state SelfClosingStartTag
[INFO] [stdout] [2021-08-07T23:26:08Z DEBUG html5ever::tokenizer] got character >
[INFO] [stdout] [2021-08-07T23:26:08Z DEBUG html5ever::tree_builder] processing TagToken(Tag { kind: StartTag, name: Atom(\'br\' type=static), self_closing: true, attrs: [] }) in insertion mode InBody
[INFO] [stdout] [2021-08-07T23:26:08Z DEBUG html5ever::tokenizer] processing in state Data
[INFO] [stdout] [2021-08-07T23:26:08Z DEBUG html5ever::tokenizer] got characters Some(FromSet('\n'))
[INFO] [stdout] [2021-08-07T23:26:08Z DEBUG html5ever::tokenizer] got character 
[INFO] [stdout]     
[INFO] [stdout] [2021-08-07T23:26:08Z DEBUG html5ever::tree_builder] processing CharacterTokens(NotSplit, Tendril<UTF8>(inline: \"\\n\")) in insertion mode InBody
[INFO] [stdout] [2021-08-07T23:26:08Z DEBUG html5ever::tokenizer] got characters Some(NotFromSet(Tendril<UTF8>(inline: "    ")))
[INFO] [stdout] [2021-08-07T23:26:08Z DEBUG html5ever::tree_builder] processing CharacterTokens(NotSplit, Tendril<UTF8>(inline: \"    \")) in insertion mode InBody
[INFO] [stdout] [2021-08-07T23:26:08Z DEBUG html5ever::tokenizer] got characters Some(FromSet('<'))
[INFO] [stdout] [2021-08-07T23:26:08Z DEBUG html5ever::tokenizer] got character <
[INFO] [stdout] [2021-08-07T23:26:08Z DEBUG html5ever::tokenizer] processing in state TagOpen
[INFO] [stdout] [2021-08-07T23:26:08Z DEBUG html5ever::tokenizer] got character /
[INFO] [stdout] [2021-08-07T23:26:08Z DEBUG html5ever::tokenizer] processing in state EndTagOpen
[INFO] [stdout] [2021-08-07T23:26:08Z DEBUG html5ever::tokenizer] got character i
[INFO] [stdout] [2021-08-07T23:26:08Z DEBUG html5ever::tokenizer] processing in state TagName
[INFO] [stdout] [2021-08-07T23:26:08Z DEBUG html5ever::tokenizer] got character n
[INFO] [stdout] [2021-08-07T23:26:08Z DEBUG html5ever::tokenizer] got character v
[INFO] [stdout] [2021-08-07T23:26:08Z DEBUG html5ever::tokenizer] got character a
[INFO] [stdout] [2021-08-07T23:26:08Z DEBUG html5ever::tokenizer] got character l
[INFO] [stdout] [2021-08-07T23:26:08Z DEBUG html5ever::tokenizer] got character i
[INFO] [stdout] [2021-08-07T23:26:08Z DEBUG html5ever::tokenizer] got character d
[INFO] [stdout] [2021-08-07T23:26:08Z DEBUG html5ever::tokenizer] got character >
[INFO] [stdout] [2021-08-07T23:26:08Z DEBUG html5ever::tree_builder] processing TagToken(Tag { kind: EndTag, name: Atom(\'invalid\' type=inline), self_closing: false, attrs: [] }) in insertion mode InBody
[INFO] [stdout] [2021-08-07T23:26:08Z DEBUG html5ever::tokenizer] processing in state Data
[INFO] [stdout] [2021-08-07T23:26:08Z DEBUG html5ever::tokenizer] got characters Some(FromSet('\n'))
[INFO] [stdout] [2021-08-07T23:26:08Z DEBUG html5ever::tokenizer] got character 
[INFO] [stdout]     
[INFO] [stdout] [2021-08-07T23:26:08Z DEBUG html5ever::tree_builder] processing CharacterTokens(NotSplit, Tendril<UTF8>(inline: \"\\n\")) in insertion mode InBody
[INFO] [stdout] [2021-08-07T23:26:08Z DEBUG html5ever::tokenizer] got characters Some(NotFromSet(Tendril<UTF8>(inline: "    ")))
[INFO] [stdout] [2021-08-07T23:26:08Z DEBUG html5ever::tree_builder] processing CharacterTokens(NotSplit, Tendril<UTF8>(inline: \"    \")) in insertion mode InBody
[INFO] [stdout] [2021-08-07T23:26:08Z DEBUG html5ever::tokenizer] got characters Some(FromSet('<'))
[INFO] [stdout] [2021-08-07T23:26:08Z DEBUG html5ever::tokenizer] got character <
[INFO] [stdout] [2021-08-07T23:26:08Z DEBUG html5ever::tokenizer] processing in state TagOpen
[INFO] [stdout] [2021-08-07T23:26:08Z DEBUG html5ever::tokenizer] got character /
[INFO] [stdout] [2021-08-07T23:26:08Z DEBUG html5ever::tokenizer] processing in state EndTagOpen
[INFO] [stdout] [2021-08-07T23:26:08Z DEBUG html5ever::tokenizer] got character n
[INFO] [stdout] [2021-08-07T23:26:08Z DEBUG html5ever::tokenizer] processing in state TagName
[INFO] [stdout] [2021-08-07T23:26:08Z DEBUG html5ever::tokenizer] got character e
[INFO] [stdout] [2021-08-07T23:26:08Z DEBUG html5ever::tokenizer] got character s
[INFO] [stdout] [2021-08-07T23:26:08Z DEBUG html5ever::tokenizer] got character t
[INFO] [stdout] [2021-08-07T23:26:08Z DEBUG html5ever::tokenizer] got character  
[INFO] [stdout] [2021-08-07T23:26:08Z DEBUG html5ever::tokenizer] processing in state BeforeAttributeName
[INFO] [stdout] [2021-08-07T23:26:08Z DEBUG html5ever::tokenizer] got character o
[INFO] [stdout] [2021-08-07T23:26:08Z DEBUG html5ever::tokenizer] processing in state AttributeName
[INFO] [stdout] [2021-08-07T23:26:08Z DEBUG html5ever::tokenizer] got character r
[INFO] [stdout] [2021-08-07T23:26:08Z DEBUG html5ever::tokenizer] got character d
[INFO] [stdout] [2021-08-07T23:26:08Z DEBUG html5ever::tokenizer] got character e
[INFO] [stdout] [2021-08-07T23:26:08Z DEBUG html5ever::tokenizer] got character r
[INFO] [stdout] [2021-08-07T23:26:08Z DEBUG html5ever::tokenizer] got character =
[INFO] [stdout] [2021-08-07T23:26:08Z DEBUG html5ever::tokenizer] processing in state BeforeAttributeValue
[INFO] [stdout] [2021-08-07T23:26:08Z DEBUG html5ever::tokenizer] got character "
[INFO] [stdout] [2021-08-07T23:26:08Z DEBUG html5ever::tokenizer] processing in state AttributeValue(DoubleQuoted)
[INFO] [stdout] [2021-08-07T23:26:08Z DEBUG html5ever::tokenizer] got characters Some(NotFromSet(Tendril<UTF8>(inline: "example")))
[INFO] [stdout] [2021-08-07T23:26:08Z DEBUG html5ever::tokenizer] got characters Some(FromSet('"'))
[INFO] [stdout] [2021-08-07T23:26:08Z DEBUG html5ever::tokenizer] got character "
[INFO] [stdout] [2021-08-07T23:26:08Z DEBUG html5ever::tokenizer] processing in state AfterAttributeValueQuoted
[INFO] [stdout] [2021-08-07T23:26:08Z DEBUG html5ever::tokenizer] got character >
[INFO] [stdout] [2021-08-07T23:26:08Z DEBUG html5ever::tree_builder] processing TagToken(Tag { kind: EndTag, name: Atom(\'nest\' type=static), self_closing: false, attrs: [Attribute { name: QualName { prefix: None, ns: Atom(\'\' type=static), local: Atom(\'order\' type=static) }, value: Tendril<UTF8>(inline: \"example\") }] }) in insertion mode InBody
[INFO] [stdout] [2021-08-07T23:26:08Z DEBUG html5ever::tokenizer] processing in state Data
[INFO] [stdout] [2021-08-07T23:26:08Z DEBUG html5ever::tokenizer] got characters Some(FromSet('\n'))
[INFO] [stdout] [2021-08-07T23:26:08Z DEBUG html5ever::tokenizer] got character 
[INFO] [stdout]     
[INFO] [stdout] [2021-08-07T23:26:08Z DEBUG html5ever::tree_builder] processing CharacterTokens(NotSplit, Tendril<UTF8>(inline: \"\\n\")) in insertion mode InBody
[INFO] [stdout] [2021-08-07T23:26:08Z DEBUG html5ever::tokenizer] got characters Some(FromSet('<'))
[INFO] [stdout] [2021-08-07T23:26:08Z DEBUG html5ever::tokenizer] got character <
[INFO] [stdout] [2021-08-07T23:26:08Z DEBUG html5ever::tokenizer] processing in state TagOpen
[INFO] [stdout] [2021-08-07T23:26:08Z DEBUG html5ever::tokenizer] got character /
[INFO] [stdout] [2021-08-07T23:26:08Z DEBUG html5ever::tokenizer] processing in state EndTagOpen
[INFO] [stdout] [2021-08-07T23:26:08Z DEBUG html5ever::tokenizer] got character o
[INFO] [stdout] [2021-08-07T23:26:08Z DEBUG html5ever::tokenizer] processing in state TagName
[INFO] [stdout] [2021-08-07T23:26:08Z DEBUG html5ever::tokenizer] got character u
[INFO] [stdout] [2021-08-07T23:26:08Z DEBUG html5ever::tokenizer] got character t
[INFO] [stdout] [2021-08-07T23:26:08Z DEBUG html5ever::tokenizer] got character e
[INFO] [stdout] [2021-08-07T23:26:08Z DEBUG html5ever::tokenizer] got character r
[INFO] [stdout] [2021-08-07T23:26:08Z DEBUG html5ever::tokenizer] got character >
[INFO] [stdout] [2021-08-07T23:26:08Z DEBUG html5ever::tree_builder] processing TagToken(Tag { kind: EndTag, name: Atom(\'outer\' type=inline), self_closing: false, attrs: [] }) in insertion mode InBody
[INFO] [stdout] [2021-08-07T23:26:08Z DEBUG html5ever::tokenizer] processing in state Data
[INFO] [stdout] [2021-08-07T23:26:08Z DEBUG html5ever::tokenizer] got characters Some(FromSet('\n'))
[INFO] [stdout] [2021-08-07T23:26:08Z DEBUG html5ever::tokenizer] got character 
[INFO] [stdout]     
[INFO] [stdout] [2021-08-07T23:26:08Z DEBUG html5ever::tree_builder] processing CharacterTokens(NotSplit, Tendril<UTF8>(inline: \"\\n\")) in insertion mode InBody
[INFO] [stdout] [2021-08-07T23:26:08Z DEBUG html5ever::tokenizer] got characters None
[INFO] [stdout] [2021-08-07T23:26:08Z DEBUG html5ever::tokenizer] processing in state Data
[INFO] [stdout] [2021-08-07T23:26:08Z DEBUG html5ever::tokenizer] got characters None
[INFO] [stdout] [2021-08-07T23:26:08Z DEBUG html5ever::tokenizer] processing EOF in state Data
[INFO] [stdout] [2021-08-07T23:26:08Z DEBUG html5ever::tree_builder] processing EOFToken in insertion mode InBody
[INFO] [stdout] [2021-08-07T23:26:08Z DEBUG hxcmp::parser_test] Using tokenizer html-parser
[INFO] [stdout] [2021-08-07T23:26:08Z ERROR hxcmp::parser_test] FAILED to parse tokens from input string using tokenizer html-parser
[INFO] [stdout] [2021-08-07T23:26:08Z INFO  hxcmp::parser_test] Completed test invalid
[INFO] [stdout] Error:  --> 7:6
[INFO] [stdout]   |
[INFO] [stdout] 7 |     </nest order="example">␊
[INFO] [stdout]   |      ^---
[INFO] [stdout]   |
[INFO] [stdout]   = expected element name, el_void_name , or el_raw_text_name 
[INFO] [stdout] thread 'parser_test::all_tokenizers_invalid' panicked at 'assertion failed: `(left == right)`
[INFO] [stdout]   left: `1`,
[INFO] [stdout]  right: `0`: the test returned a termination value with a non-zero status code (1) which indicates a failure', /rustc/a178d0322ce20e33eac124758e837cbd80a6f633/library/test/src/lib.rs:193:5
[INFO] [stdout] stack backtrace:
[INFO] [stdout]    0:     0x563cfe5b8490 - std::backtrace_rs::backtrace::libunwind::trace::h34055254b57d8e79
[INFO] [stdout]                                at /rustc/a178d0322ce20e33eac124758e837cbd80a6f633/library/std/src/../../backtrace/src/backtrace/libunwind.rs:90:5
[INFO] [stdout]    1:     0x563cfe5b8490 - std::backtrace_rs::backtrace::trace_unsynchronized::h8f1e3fbd9afff6ec
[INFO] [stdout]                                at /rustc/a178d0322ce20e33eac124758e837cbd80a6f633/library/std/src/../../backtrace/src/backtrace/mod.rs:66:5
[INFO] [stdout]    2:     0x563cfe5b8490 - std::sys_common::backtrace::_print_fmt::h3a99a796b770c360
[INFO] [stdout]                                at /rustc/a178d0322ce20e33eac124758e837cbd80a6f633/library/std/src/sys_common/backtrace.rs:67:5
[INFO] [stdout]    3:     0x563cfe5b8490 - <std::sys_common::backtrace::_print::DisplayBacktrace as core::fmt::Display>::fmt::h32d1f94a80615d18
[INFO] [stdout]                                at /rustc/a178d0322ce20e33eac124758e837cbd80a6f633/library/std/src/sys_common/backtrace.rs:46:22
[INFO] [stdout]    4:     0x563cfe5db3dc - core::fmt::write::h306731c068f7162c
[INFO] [stdout]                                at /rustc/a178d0322ce20e33eac124758e837cbd80a6f633/library/core/src/fmt/mod.rs:1110:17
[INFO] [stdout]    5:     0x563cfe5b52e5 - std::io::Write::write_fmt::h87f19b0a2cd190bc
[INFO] [stdout]                                at /rustc/a178d0322ce20e33eac124758e837cbd80a6f633/library/std/src/io/mod.rs:1588:15
[INFO] [stdout]    6:     0x563cfe5ba5fb - std::sys_common::backtrace::_print::h5abaa2601a852287
[INFO] [stdout]                                at /rustc/a178d0322ce20e33eac124758e837cbd80a6f633/library/std/src/sys_common/backtrace.rs:49:5
[INFO] [stdout]    7:     0x563cfe5ba5fb - std::sys_common::backtrace::print::h8d81445442bb638f
[INFO] [stdout]                                at /rustc/a178d0322ce20e33eac124758e837cbd80a6f633/library/std/src/sys_common/backtrace.rs:36:9
[INFO] [stdout]    8:     0x563cfe5ba5fb - std::panicking::default_hook::{{closure}}::hcfe804496a9fa747
[INFO] [stdout]                                at /rustc/a178d0322ce20e33eac124758e837cbd80a6f633/library/std/src/panicking.rs:208:50
[INFO] [stdout]    9:     0x563cfe5ba10c - std::panicking::default_hook::hbea8e3ccf2ba8901
[INFO] [stdout]                                at /rustc/a178d0322ce20e33eac124758e837cbd80a6f633/library/std/src/panicking.rs:222:9
[INFO] [stdout]   10:     0x563cfe5bacc4 - std::panicking::rust_panic_with_hook::h7ee9e1a2d0f8975a
[INFO] [stdout]                                at /rustc/a178d0322ce20e33eac124758e837cbd80a6f633/library/std/src/panicking.rs:622:17
[INFO] [stdout]   11:     0x563cfe5ba7a7 - std::panicking::begin_panic_handler::{{closure}}::h8ab3b4491718b2c7
[INFO] [stdout]                                at /rustc/a178d0322ce20e33eac124758e837cbd80a6f633/library/std/src/panicking.rs:519:13
[INFO] [stdout]   12:     0x563cfe5b898c - std::sys_common::backtrace::__rust_end_short_backtrace::hd489062ffa586a9f
[INFO] [stdout]                                at /rustc/a178d0322ce20e33eac124758e837cbd80a6f633/library/std/src/sys_common/backtrace.rs:141:18
[INFO] [stdout]   13:     0x563cfe5ba709 - rust_begin_unwind
[INFO] [stdout]                                at /rustc/a178d0322ce20e33eac124758e837cbd80a6f633/library/std/src/panicking.rs:515:5
[INFO] [stdout]   14:     0x563cfe222bb1 - core::panicking::panic_fmt::hca6330e3e14086b4
[INFO] [stdout]                                at /rustc/a178d0322ce20e33eac124758e837cbd80a6f633/library/core/src/panicking.rs:92:14
[INFO] [stdout]   15:     0x563cfe5d9dde - core::panicking::assert_failed_inner::h33b45280069a80ed
[INFO] [stdout]   16:     0x563cfe28fcda - core::panicking::assert_failed::ha4e8ce788f89a0b0
[INFO] [stdout]                                at /rustc/a178d0322ce20e33eac124758e837cbd80a6f633/library/core/src/panicking.rs:117:5
[INFO] [stdout]   17:     0x563cfe27fe0c - test::assert_test_result::h5daeb6cdc188957e
[INFO] [stdout]                                at /rustc/a178d0322ce20e33eac124758e837cbd80a6f633/library/test/src/lib.rs:193:5
[INFO] [stdout]   18:     0x563cfe29212d - hxcmp::parser_test::all_tokenizers_invalid::{{closure}}::heafa52800ac6f81c
[INFO] [stdout]                                at /opt/rustwide/workdir/src/parser_test.rs:59:1
[INFO] [stdout]   19:     0x563cfe26699e - core::ops::function::FnOnce::call_once::had7531124158b18e
[INFO] [stdout]                                at /rustc/a178d0322ce20e33eac124758e837cbd80a6f633/library/core/src/ops/function.rs:227:5
[INFO] [stdout]   20:     0x563cfe4938d3 - core::ops::function::FnOnce::call_once::h152e7e439ff59e19
[INFO] [stdout]                                at /rustc/a178d0322ce20e33eac124758e837cbd80a6f633/library/core/src/ops/function.rs:227:5
[INFO] [stdout]   21:     0x563cfe4938d3 - test::__rust_begin_short_backtrace::h0908f3b1fdbb72ab
[INFO] [stdout]                                at /rustc/a178d0322ce20e33eac124758e837cbd80a6f633/library/test/src/lib.rs:577:5
[INFO] [stdout]   22:     0x563cfe492390 - <alloc::boxed::Box<F,A> as core::ops::function::FnOnce<Args>>::call_once::hf6d2a51e5587546c
[INFO] [stdout]                                at /rustc/a178d0322ce20e33eac124758e837cbd80a6f633/library/alloc/src/boxed.rs:1575:9
[INFO] [stdout]   23:     0x563cfe492390 - <std::panic::AssertUnwindSafe<F> as core::ops::function::FnOnce<()>>::call_once::h8af660f3a89ef593
[INFO] [stdout]                                at /rustc/a178d0322ce20e33eac124758e837cbd80a6f633/library/std/src/panic.rs:347:9
[INFO] [stdout]   24:     0x563cfe492390 - std::panicking::try::do_call::hd36aef60f84b6d36
[INFO] [stdout]                                at /rustc/a178d0322ce20e33eac124758e837cbd80a6f633/library/std/src/panicking.rs:401:40
[INFO] [stdout]   25:     0x563cfe492390 - std::panicking::try::h9932b4480e69817c
[INFO] [stdout]                                at /rustc/a178d0322ce20e33eac124758e837cbd80a6f633/library/std/src/panicking.rs:365:19
[INFO] [stdout]   26:     0x563cfe492390 - std::panic::catch_unwind::h6aa177099cfff5f8
[INFO] [stdout]                                at /rustc/a178d0322ce20e33eac124758e837cbd80a6f633/library/std/src/panic.rs:434:14
[INFO] [stdout]   27:     0x563cfe492390 - test::run_test_in_process::h5884d6f2d99e20c3
[INFO] [stdout]                                at /rustc/a178d0322ce20e33eac124758e837cbd80a6f633/library/test/src/lib.rs:600:18
[INFO] [stdout]   28:     0x563cfe492390 - test::run_test::run_test_inner::{{closure}}::h6fdc58c6d5f5b6e3
[INFO] [stdout]                                at /rustc/a178d0322ce20e33eac124758e837cbd80a6f633/library/test/src/lib.rs:492:39
[INFO] [stdout]   29:     0x563cfe46ba42 - test::run_test::run_test_inner::{{closure}}::h408365d67a78ade8
[INFO] [stdout]                                at /rustc/a178d0322ce20e33eac124758e837cbd80a6f633/library/test/src/lib.rs:519:37
[INFO] [stdout]   30:     0x563cfe46ba42 - std::sys_common::backtrace::__rust_begin_short_backtrace::hb560b77c4f701523
[INFO] [stdout]                                at /rustc/a178d0322ce20e33eac124758e837cbd80a6f633/library/std/src/sys_common/backtrace.rs:125:18
[INFO] [stdout]   31:     0x563cfe46f5f8 - std::thread::Builder::spawn_unchecked::{{closure}}::{{closure}}::hf2e7831dad93c597
[INFO] [stdout]                                at /rustc/a178d0322ce20e33eac124758e837cbd80a6f633/library/std/src/thread/mod.rs:481:17
[INFO] [stdout]   32:     0x563cfe46f5f8 - <std::panic::AssertUnwindSafe<F> as core::ops::function::FnOnce<()>>::call_once::hd2e08783d8be4d02
[INFO] [stdout]                                at /rustc/a178d0322ce20e33eac124758e837cbd80a6f633/library/std/src/panic.rs:347:9
[INFO] [stdout]   33:     0x563cfe46f5f8 - std::panicking::try::do_call::h062597b7acfd6b82
[INFO] [stdout]                                at /rustc/a178d0322ce20e33eac124758e837cbd80a6f633/library/std/src/panicking.rs:401:40
[INFO] [stdout]   34:     0x563cfe46f5f8 - std::panicking::try::h0d7b79db04c14552
[INFO] [stdout]                                at /rustc/a178d0322ce20e33eac124758e837cbd80a6f633/library/std/src/panicking.rs:365:19
[INFO] [stdout]   35:     0x563cfe46f5f8 - std::panic::catch_unwind::hb01a0b5e7c8cd43b
[INFO] [stdout]                                at /rustc/a178d0322ce20e33eac124758e837cbd80a6f633/library/std/src/panic.rs:434:14
[INFO] [stdout]   36:     0x563cfe46f5f8 - std::thread::Builder::spawn_unchecked::{{closure}}::h5bde48cc887e0d1e
[INFO] [stdout]                                at /rustc/a178d0322ce20e33eac124758e837cbd80a6f633/library/std/src/thread/mod.rs:480:30
[INFO] [stdout]   37:     0x563cfe46f5f8 - core::ops::function::FnOnce::call_once{{vtable.shim}}::h745ea30807a29e55
[INFO] [stdout]                                at /rustc/a178d0322ce20e33eac124758e837cbd80a6f633/library/core/src/ops/function.rs:227:5
[INFO] [stdout]   38:     0x563cfe5bf7e7 - <alloc::boxed::Box<F,A> as core::ops::function::FnOnce<Args>>::call_once::h7ece6cfefaff1005
[INFO] [stdout]                                at /rustc/a178d0322ce20e33eac124758e837cbd80a6f633/library/alloc/src/boxed.rs:1575:9
[INFO] [stdout]   39:     0x563cfe5bf7e7 - <alloc::boxed::Box<F,A> as core::ops::function::FnOnce<Args>>::call_once::hb8b48e55c21f193e
[INFO] [stdout]                                at /rustc/a178d0322ce20e33eac124758e837cbd80a6f633/library/alloc/src/boxed.rs:1575:9
[INFO] [stdout]   40:     0x563cfe5bf7e7 - std::sys::unix::thread::Thread::new::thread_start::h8c7c4450dba62914
[INFO] [stdout]                                at /rustc/a178d0322ce20e33eac124758e837cbd80a6f633/library/std/src/sys/unix/thread.rs:71:17
[INFO] [stdout]   41:     0x7fa4264e2609 - start_thread
[INFO] [stdout]   42:     0x7fa4262ba293 - clone
[INFO] [stdout]   43:                0x0 - <unknown>
[INFO] [stdout] 
[INFO] [stdout] 
[INFO] [stdout] failures:
[INFO] [stdout]     parser_test::all_tokenizers_basic2
[INFO] [stdout]     parser_test::all_tokenizers_invalid
[INFO] [stdout]     parser_test::all_tokenizers_invalid2
[INFO] [stdout]     parser_test::all_tokenizers_invalid3
[INFO] [stdout] 
[INFO] [stdout] test result: FAILED. 2 passed; 4 failed; 0 ignored; 0 measured; 0 filtered out; finished in 0.06s
[INFO] [stdout] 
[INFO] [stderr] error: test failed, to rerun pass '--lib'
[INFO] running `Command { std: "docker" "inspect" "bf288a5990fc0422ec60b488bebb71c4d174d1b8242e20cc83e986ac7e9277ca", kill_on_drop: false }`
[INFO] running `Command { std: "docker" "rm" "-f" "bf288a5990fc0422ec60b488bebb71c4d174d1b8242e20cc83e986ac7e9277ca", kill_on_drop: false }`
[INFO] [stdout] bf288a5990fc0422ec60b488bebb71c4d174d1b8242e20cc83e986ac7e9277ca
