[INFO] cloning repository https://github.com/alecsavvy/twitch.rs
[INFO] running `Command { std: "git" "-c" "credential.helper=" "-c" "credential.helper=/workspace/cargo-home/bin/git-credential-null" "clone" "--bare" "https://github.com/alecsavvy/twitch.rs" "/workspace/cache/git-repos/https%3A%2F%2Fgithub.com%2Falecsavvy%2Ftwitch.rs", kill_on_drop: false }`
[INFO] [stderr] Cloning into bare repository '/workspace/cache/git-repos/https%3A%2F%2Fgithub.com%2Falecsavvy%2Ftwitch.rs'...
[INFO] running `Command { std: "git" "rev-parse" "HEAD", kill_on_drop: false }`
[INFO] [stdout] dd47d85c2da1bb0599ee42db7032f5b22a83d13c
[INFO] testing alecsavvy/twitch.rs against beta-2021-08-01 for beta-1.55-1
[INFO] running `Command { std: "git" "clone" "/workspace/cache/git-repos/https%3A%2F%2Fgithub.com%2Falecsavvy%2Ftwitch.rs" "/workspace/builds/worker-112/source", kill_on_drop: false }`
[INFO] [stderr] Cloning into '/workspace/builds/worker-112/source'...
[INFO] [stderr] done.
[INFO] validating manifest of git repo https://github.com/alecsavvy/twitch.rs on toolchain beta-2021-08-01
[INFO] running `Command { std: "/workspace/cargo-home/bin/cargo" "+beta-2021-08-01" "metadata" "--manifest-path" "Cargo.toml" "--no-deps", kill_on_drop: false }`
[INFO] started tweaking git repo https://github.com/alecsavvy/twitch.rs
[INFO] finished tweaking git repo https://github.com/alecsavvy/twitch.rs
[INFO] tweaked toml for git repo https://github.com/alecsavvy/twitch.rs written to /workspace/builds/worker-112/source/Cargo.toml
[INFO] crate git repo https://github.com/alecsavvy/twitch.rs already has a lockfile, it will not be regenerated
[INFO] running `Command { std: "/workspace/cargo-home/bin/cargo" "+beta-2021-08-01" "fetch" "--manifest-path" "Cargo.toml", kill_on_drop: false }`
[INFO] [stderr]  Downloading crates ...
[INFO] [stderr]   Downloaded core-foundation-sys v0.7.1
[INFO] [stderr]   Downloaded core-foundation v0.7.1
[INFO] running `Command { std: "docker" "create" "-v" "/var/lib/crater-agent-workspace/builds/worker-112/target:/opt/rustwide/target:rw,Z" "-v" "/var/lib/crater-agent-workspace/builds/worker-112/source:/opt/rustwide/workdir:ro,Z" "-v" "/var/lib/crater-agent-workspace/cargo-home:/opt/rustwide/cargo-home:ro,Z" "-v" "/var/lib/crater-agent-workspace/rustup-home:/opt/rustwide/rustup-home:ro,Z" "-e" "SOURCE_DIR=/opt/rustwide/workdir" "-e" "CARGO_TARGET_DIR=/opt/rustwide/target" "-e" "CARGO_HOME=/opt/rustwide/cargo-home" "-e" "RUSTUP_HOME=/opt/rustwide/rustup-home" "-w" "/opt/rustwide/workdir" "-m" "1610612736" "--user" "0:0" "--network" "none" "ghcr.io/rust-lang/crates-build-env/linux@sha256:34b6a614d2c27851fe6cbf88fbd1137609cefab8b10d0615aaeb6fd47975d74e" "/opt/rustwide/cargo-home/bin/cargo" "+beta-2021-08-01" "metadata" "--no-deps" "--format-version=1", kill_on_drop: false }`
[INFO] [stdout] 2b66969286ae26da1857d874d52463848bb089a1d138c228a8c1d201312cb682
[INFO] running `Command { std: "docker" "start" "-a" "2b66969286ae26da1857d874d52463848bb089a1d138c228a8c1d201312cb682", kill_on_drop: false }`
[INFO] running `Command { std: "docker" "inspect" "2b66969286ae26da1857d874d52463848bb089a1d138c228a8c1d201312cb682", kill_on_drop: false }`
[INFO] running `Command { std: "docker" "rm" "-f" "2b66969286ae26da1857d874d52463848bb089a1d138c228a8c1d201312cb682", kill_on_drop: false }`
[INFO] [stdout] 2b66969286ae26da1857d874d52463848bb089a1d138c228a8c1d201312cb682
[INFO] running `Command { std: "docker" "create" "-v" "/var/lib/crater-agent-workspace/builds/worker-112/target:/opt/rustwide/target:rw,Z" "-v" "/var/lib/crater-agent-workspace/builds/worker-112/source:/opt/rustwide/workdir:ro,Z" "-v" "/var/lib/crater-agent-workspace/cargo-home:/opt/rustwide/cargo-home:ro,Z" "-v" "/var/lib/crater-agent-workspace/rustup-home:/opt/rustwide/rustup-home:ro,Z" "-e" "SOURCE_DIR=/opt/rustwide/workdir" "-e" "CARGO_TARGET_DIR=/opt/rustwide/target" "-e" "CARGO_INCREMENTAL=0" "-e" "RUST_BACKTRACE=full" "-e" "RUSTFLAGS=--cap-lints=warn" "-e" "CARGO_HOME=/opt/rustwide/cargo-home" "-e" "RUSTUP_HOME=/opt/rustwide/rustup-home" "-w" "/opt/rustwide/workdir" "-m" "1610612736" "--user" "0:0" "--network" "none" "ghcr.io/rust-lang/crates-build-env/linux@sha256:34b6a614d2c27851fe6cbf88fbd1137609cefab8b10d0615aaeb6fd47975d74e" "/opt/rustwide/cargo-home/bin/cargo" "+beta-2021-08-01" "build" "--frozen" "--message-format=json", kill_on_drop: false }`
[INFO] [stdout] 685921c34da6227e61150def0a78391a7436e9cc53d81a3a07f8926795aa60bc
[INFO] running `Command { std: "docker" "start" "-a" "685921c34da6227e61150def0a78391a7436e9cc53d81a3a07f8926795aa60bc", kill_on_drop: false }`
[INFO] [stderr]     Blocking waiting for file lock on package cache
[INFO] [stderr]     Blocking waiting for file lock on package cache
[INFO] [stderr]    Compiling libc v0.2.71
[INFO] [stderr]    Compiling syn v1.0.33
[INFO] [stderr]    Compiling log v0.4.8
[INFO] [stderr]    Compiling cc v1.0.55
[INFO] [stderr]    Compiling pkg-config v0.3.17
[INFO] [stderr]    Compiling fnv v1.0.7
[INFO] [stderr]    Compiling memchr v2.3.3
[INFO] [stderr]    Compiling bytes v0.5.5
[INFO] [stderr]    Compiling serde v1.0.114
[INFO] [stderr]    Compiling futures-sink v0.3.5
[INFO] [stderr]    Compiling httparse v1.3.4
[INFO] [stderr]    Compiling futures-task v0.3.5
[INFO] [stderr]    Compiling try-lock v0.2.2
[INFO] [stderr]    Compiling serde_json v1.0.55
[INFO] [stderr]    Compiling tower-service v0.3.0
[INFO] [stderr]    Compiling encoding_rs v0.8.23
[INFO] [stderr]    Compiling dtoa v0.4.6
[INFO] [stderr]    Compiling mime v0.3.16
[INFO] [stderr]    Compiling base64 v0.12.3
[INFO] [stderr]    Compiling api_kraken v0.1.0 (/opt/rustwide/workdir/api_kraken)
[INFO] [stderr]    Compiling extensions v0.1.0 (/opt/rustwide/workdir/extensions)
[INFO] [stderr]    Compiling irc v0.1.0 (/opt/rustwide/workdir/irc)
[INFO] [stderr]    Compiling insights v0.1.0 (/opt/rustwide/workdir/insights)
[INFO] [stderr]    Compiling drops v0.1.0 (/opt/rustwide/workdir/drops)
[INFO] [stderr]    Compiling pubsub v0.1.0 (/opt/rustwide/workdir/pubsub)
[INFO] [stderr]    Compiling unicase v2.6.0
[INFO] [stderr]    Compiling futures-channel v0.3.5
[INFO] [stderr]    Compiling http v0.2.1
[INFO] [stderr]    Compiling want v0.3.0
[INFO] [stderr]    Compiling openssl-sys v0.9.58
[INFO] [stderr]    Compiling mime_guess v2.0.3
[INFO] [stderr]    Compiling net2 v0.2.34
[INFO] [stderr]    Compiling iovec v0.1.4
[INFO] [stderr]    Compiling socket2 v0.3.12
[INFO] [stderr]    Compiling time v0.1.43
[INFO] [stderr]    Compiling mio v0.6.22
[INFO] [stderr]    Compiling openssl v0.10.30
[INFO] [stderr]    Compiling native-tls v0.2.4
[INFO] [stderr]    Compiling tokio v0.2.21
[INFO] [stderr]    Compiling http-body v0.3.1
[INFO] [stderr]    Compiling tokio-util v0.3.1
[INFO] [stderr]    Compiling tokio-tls v0.3.1
[INFO] [stderr]    Compiling pin-project-internal v0.4.22
[INFO] [stderr]    Compiling serde_derive v1.0.114
[INFO] [stderr]    Compiling pin-project v0.4.22
[INFO] [stderr]    Compiling futures-util v0.3.5
[INFO] [stderr]    Compiling h2 v0.2.5
[INFO] [stderr]    Compiling hyper v0.13.6
[INFO] [stderr]    Compiling serde_urlencoded v0.6.1
[INFO] [stderr]    Compiling hyper-tls v0.4.1
[INFO] [stderr]    Compiling reqwest v0.10.6
[INFO] [stderr]    Compiling auth v0.1.0 (/opt/rustwide/workdir/auth)
[INFO] [stderr]    Compiling twitch_core v0.1.0 (/opt/rustwide/workdir/twitch_core)
[INFO] [stderr]    Compiling api_helix v0.1.0 (/opt/rustwide/workdir/api_helix)
[INFO] [stderr]     Finished dev [unoptimized + debuginfo] target(s) in 45.44s
[INFO] running `Command { std: "docker" "inspect" "685921c34da6227e61150def0a78391a7436e9cc53d81a3a07f8926795aa60bc", kill_on_drop: false }`
[INFO] running `Command { std: "docker" "rm" "-f" "685921c34da6227e61150def0a78391a7436e9cc53d81a3a07f8926795aa60bc", kill_on_drop: false }`
[INFO] [stdout] 685921c34da6227e61150def0a78391a7436e9cc53d81a3a07f8926795aa60bc
[INFO] running `Command { std: "docker" "create" "-v" "/var/lib/crater-agent-workspace/builds/worker-112/target:/opt/rustwide/target:rw,Z" "-v" "/var/lib/crater-agent-workspace/builds/worker-112/source:/opt/rustwide/workdir:ro,Z" "-v" "/var/lib/crater-agent-workspace/cargo-home:/opt/rustwide/cargo-home:ro,Z" "-v" "/var/lib/crater-agent-workspace/rustup-home:/opt/rustwide/rustup-home:ro,Z" "-e" "SOURCE_DIR=/opt/rustwide/workdir" "-e" "CARGO_TARGET_DIR=/opt/rustwide/target" "-e" "CARGO_INCREMENTAL=0" "-e" "RUST_BACKTRACE=full" "-e" "RUSTFLAGS=--cap-lints=warn" "-e" "CARGO_HOME=/opt/rustwide/cargo-home" "-e" "RUSTUP_HOME=/opt/rustwide/rustup-home" "-w" "/opt/rustwide/workdir" "-m" "1610612736" "--user" "0:0" "--network" "none" "ghcr.io/rust-lang/crates-build-env/linux@sha256:34b6a614d2c27851fe6cbf88fbd1137609cefab8b10d0615aaeb6fd47975d74e" "/opt/rustwide/cargo-home/bin/cargo" "+beta-2021-08-01" "test" "--frozen" "--no-run" "--message-format=json", kill_on_drop: false }`
[INFO] [stdout] b0b48e90657ba6a705df9a9502d84c59628e4e015b5ea73dfe83527f526c7366
[INFO] running `Command { std: "docker" "start" "-a" "b0b48e90657ba6a705df9a9502d84c59628e4e015b5ea73dfe83527f526c7366", kill_on_drop: false }`
[INFO] [stderr]     Blocking waiting for file lock on package cache
[INFO] [stderr]    Compiling irc v0.1.0 (/opt/rustwide/workdir/irc)
[INFO] [stderr]    Compiling extensions v0.1.0 (/opt/rustwide/workdir/extensions)
[INFO] [stderr]    Compiling insights v0.1.0 (/opt/rustwide/workdir/insights)
[INFO] [stderr]    Compiling api_kraken v0.1.0 (/opt/rustwide/workdir/api_kraken)
[INFO] [stderr]    Compiling drops v0.1.0 (/opt/rustwide/workdir/drops)
[INFO] [stderr]    Compiling pubsub v0.1.0 (/opt/rustwide/workdir/pubsub)
[INFO] [stderr]    Compiling auth v0.1.0 (/opt/rustwide/workdir/auth)
[INFO] [stderr]    Compiling twitch_core v0.1.0 (/opt/rustwide/workdir/twitch_core)
[INFO] [stderr]    Compiling api_helix v0.1.0 (/opt/rustwide/workdir/api_helix)
[INFO] [stderr]     Finished test [unoptimized + debuginfo] target(s) in 18.35s
[INFO] running `Command { std: "docker" "inspect" "b0b48e90657ba6a705df9a9502d84c59628e4e015b5ea73dfe83527f526c7366", kill_on_drop: false }`
[INFO] running `Command { std: "docker" "rm" "-f" "b0b48e90657ba6a705df9a9502d84c59628e4e015b5ea73dfe83527f526c7366", kill_on_drop: false }`
[INFO] [stdout] b0b48e90657ba6a705df9a9502d84c59628e4e015b5ea73dfe83527f526c7366
[INFO] running `Command { std: "docker" "create" "-v" "/var/lib/crater-agent-workspace/builds/worker-112/target:/opt/rustwide/target:rw,Z" "-v" "/var/lib/crater-agent-workspace/builds/worker-112/source:/opt/rustwide/workdir:ro,Z" "-v" "/var/lib/crater-agent-workspace/cargo-home:/opt/rustwide/cargo-home:ro,Z" "-v" "/var/lib/crater-agent-workspace/rustup-home:/opt/rustwide/rustup-home:ro,Z" "-e" "SOURCE_DIR=/opt/rustwide/workdir" "-e" "CARGO_TARGET_DIR=/opt/rustwide/target" "-e" "CARGO_INCREMENTAL=0" "-e" "RUST_BACKTRACE=full" "-e" "RUSTFLAGS=--cap-lints=warn" "-e" "CARGO_HOME=/opt/rustwide/cargo-home" "-e" "RUSTUP_HOME=/opt/rustwide/rustup-home" "-w" "/opt/rustwide/workdir" "-m" "1610612736" "--user" "0:0" "--network" "none" "ghcr.io/rust-lang/crates-build-env/linux@sha256:34b6a614d2c27851fe6cbf88fbd1137609cefab8b10d0615aaeb6fd47975d74e" "/opt/rustwide/cargo-home/bin/cargo" "+beta-2021-08-01" "test" "--frozen", kill_on_drop: false }`
[INFO] [stdout] 0c9661ee73ecab0eb76ec0ff1eac0e0f20f8f8ac41acf5bc63dbf78c67fc1b6e
[INFO] running `Command { std: "docker" "start" "-a" "0c9661ee73ecab0eb76ec0ff1eac0e0f20f8f8ac41acf5bc63dbf78c67fc1b6e", kill_on_drop: false }`
[INFO] [stderr]     Blocking waiting for file lock on package cache
[INFO] [stderr]     Finished test [unoptimized + debuginfo] target(s) in 20.18s
[INFO] [stderr]      Running unittests (/opt/rustwide/target/debug/deps/api_helix-dd6184c8e0c81949)
[INFO] [stdout] 
[INFO] [stdout] running 1 test
[INFO] [stdout] test get_streams::it_gets_streams ... FAILED
[INFO] [stdout] 
[INFO] [stdout] failures:
[INFO] [stdout] 
[INFO] [stdout] ---- get_streams::it_gets_streams stdout ----
[INFO] [stdout] thread 'get_streams::it_gets_streams' panicked at 'could not get access_token: reqwest::Error { kind: Request, url: "https://id.twitch.tv/oauth2/token?client_id=&client_secret=&grant_type=client_credentials", source: hyper::Error(Connect, ConnectError("dns error", Custom { kind: Uncategorized, error: "failed to lookup address information: Temporary failure in name resolution" })) }', /opt/rustwide/workdir/twitch_core/src/session.rs:17:14
[INFO] [stdout] stack backtrace:
[INFO] [stdout]    0:     0x560a92c4b840 - std::backtrace_rs::backtrace::libunwind::trace::hff4d1766e93f64f1
[INFO] [stdout]                                at /rustc/53fd98ca776cb875bc9e5514f56b52eb74f9e7a9/library/std/src/../../backtrace/src/backtrace/libunwind.rs:90:5
[INFO] [stdout]    1:     0x560a92c4b840 - std::backtrace_rs::backtrace::trace_unsynchronized::h56bbc8eb78770bcb
[INFO] [stdout]                                at /rustc/53fd98ca776cb875bc9e5514f56b52eb74f9e7a9/library/std/src/../../backtrace/src/backtrace/mod.rs:66:5
[INFO] [stdout]    2:     0x560a92c4b840 - std::sys_common::backtrace::_print_fmt::h5c8e75464faca780
[INFO] [stdout]                                at /rustc/53fd98ca776cb875bc9e5514f56b52eb74f9e7a9/library/std/src/sys_common/backtrace.rs:67:5
[INFO] [stdout]    3:     0x560a92c4b840 - <std::sys_common::backtrace::_print::DisplayBacktrace as core::fmt::Display>::fmt::h48b88277def8b362
[INFO] [stdout]                                at /rustc/53fd98ca776cb875bc9e5514f56b52eb74f9e7a9/library/std/src/sys_common/backtrace.rs:46:22
[INFO] [stdout]    4:     0x560a92c6eb5c - core::fmt::write::h3381b3176fe2b3d3
[INFO] [stdout]                                at /rustc/53fd98ca776cb875bc9e5514f56b52eb74f9e7a9/library/core/src/fmt/mod.rs:1115:17
[INFO] [stdout]    5:     0x560a92c453b5 - std::io::Write::write_fmt::h5f34a676f60246b5
[INFO] [stdout]                                at /rustc/53fd98ca776cb875bc9e5514f56b52eb74f9e7a9/library/std/src/io/mod.rs:1665:15
[INFO] [stdout]    6:     0x560a92c4da0b - std::sys_common::backtrace::_print::ha537687d6c17dd0d
[INFO] [stdout]                                at /rustc/53fd98ca776cb875bc9e5514f56b52eb74f9e7a9/library/std/src/sys_common/backtrace.rs:49:5
[INFO] [stdout]    7:     0x560a92c4da0b - std::sys_common::backtrace::print::h61376ae57d131d72
[INFO] [stdout]                                at /rustc/53fd98ca776cb875bc9e5514f56b52eb74f9e7a9/library/std/src/sys_common/backtrace.rs:36:9
[INFO] [stdout]    8:     0x560a92c4da0b - std::panicking::default_hook::{{closure}}::h0f7208c0b9644a54
[INFO] [stdout]                                at /rustc/53fd98ca776cb875bc9e5514f56b52eb74f9e7a9/library/std/src/panicking.rs:208:50
[INFO] [stdout]    9:     0x560a92c4d51c - std::panicking::default_hook::hdac7fc06578c14ce
[INFO] [stdout]                                at /rustc/53fd98ca776cb875bc9e5514f56b52eb74f9e7a9/library/std/src/panicking.rs:222:9
[INFO] [stdout]   10:     0x560a92c4e0d4 - std::panicking::rust_panic_with_hook::h72b21c283da3d1ef
[INFO] [stdout]                                at /rustc/53fd98ca776cb875bc9e5514f56b52eb74f9e7a9/library/std/src/panicking.rs:622:17
[INFO] [stdout]   11:     0x560a92c4dbb7 - std::panicking::begin_panic_handler::{{closure}}::he5778f1729cff84a
[INFO] [stdout]                                at /rustc/53fd98ca776cb875bc9e5514f56b52eb74f9e7a9/library/std/src/panicking.rs:519:13
[INFO] [stdout]   12:     0x560a92c4bd1c - std::sys_common::backtrace::__rust_end_short_backtrace::h2d11ca8b453b4b1d
[INFO] [stdout]                                at /rustc/53fd98ca776cb875bc9e5514f56b52eb74f9e7a9/library/std/src/sys_common/backtrace.rs:141:18
[INFO] [stdout]   13:     0x560a92c4db19 - rust_begin_unwind
[INFO] [stdout]                                at /rustc/53fd98ca776cb875bc9e5514f56b52eb74f9e7a9/library/std/src/panicking.rs:515:5
[INFO] [stdout]   14:     0x560a928aba91 - core::panicking::panic_fmt::hf9de31d4acbce4db
[INFO] [stdout]                                at /rustc/53fd98ca776cb875bc9e5514f56b52eb74f9e7a9/library/core/src/panicking.rs:92:14
[INFO] [stdout]   15:     0x560a928abb83 - core::result::unwrap_failed::ha0c84e81219e5878
[INFO] [stdout]                                at /rustc/53fd98ca776cb875bc9e5514f56b52eb74f9e7a9/library/core/src/result.rs:1599:5
[INFO] [stdout]   16:     0x560a928cc37d - core::result::Result<T,E>::expect::h8c0ba329feb4ec3f
[INFO] [stdout]                                at /rustc/53fd98ca776cb875bc9e5514f56b52eb74f9e7a9/library/core/src/result.rs:1241:23
[INFO] [stdout]   17:     0x560a928c6605 - twitch_core::session::Session::new::{{closure}}::h38c7f66256dc65f1
[INFO] [stdout]                                at /opt/rustwide/workdir/twitch_core/src/session.rs:15:28
[INFO] [stdout]   18:     0x560a928d0189 - <core::future::from_generator::GenFuture<T> as core::future::future::Future>::poll::hbce5d5873cacf12b
[INFO] [stdout]                                at /rustc/53fd98ca776cb875bc9e5514f56b52eb74f9e7a9/library/core/src/future/mod.rs:80:19
[INFO] [stdout]   19:     0x560a928d329c - tokio::runtime::basic_scheduler::BasicScheduler<P>::block_on::{{closure}}::{{closure}}::hdb2dc782d2fd4a5d
[INFO] [stdout]                                at /opt/rustwide/cargo-home/registry/src/github.com-1ecc6299db9ec823/tokio-0.2.21/src/runtime/basic_scheduler.rs:131:58
[INFO] [stdout]   20:     0x560a928c71e9 - tokio::coop::with_budget::{{closure}}::hb5379281ecd36eee
[INFO] [stdout]                                at /opt/rustwide/cargo-home/registry/src/github.com-1ecc6299db9ec823/tokio-0.2.21/src/coop.rs:127:9
[INFO] [stdout]   21:     0x560a928d1152 - std::thread::local::LocalKey<T>::try_with::h5c2e9b84797b669b
[INFO] [stdout]                                at /rustc/53fd98ca776cb875bc9e5514f56b52eb74f9e7a9/library/std/src/thread/local.rs:399:16
[INFO] [stdout]   22:     0x560a928d0827 - std::thread::local::LocalKey<T>::with::he22eda1da5e21f02
[INFO] [stdout]                                at /rustc/53fd98ca776cb875bc9e5514f56b52eb74f9e7a9/library/std/src/thread/local.rs:375:9
[INFO] [stdout]   23:     0x560a928d2175 - tokio::coop::with_budget::h97245df405cb1ff0
[INFO] [stdout]                                at /opt/rustwide/cargo-home/registry/src/github.com-1ecc6299db9ec823/tokio-0.2.21/src/coop.rs:120:5
[INFO] [stdout]   24:     0x560a928d2175 - tokio::coop::budget::h12ff5c2614f995b0
[INFO] [stdout]                                at /opt/rustwide/cargo-home/registry/src/github.com-1ecc6299db9ec823/tokio-0.2.21/src/coop.rs:96:5
[INFO] [stdout]   25:     0x560a928d2175 - tokio::runtime::basic_scheduler::BasicScheduler<P>::block_on::{{closure}}::h9adba3d55df91181
[INFO] [stdout]                                at /opt/rustwide/cargo-home/registry/src/github.com-1ecc6299db9ec823/tokio-0.2.21/src/runtime/basic_scheduler.rs:131:35
[INFO] [stdout]   26:     0x560a928d3adc - tokio::runtime::basic_scheduler::enter::{{closure}}::hc864f80efbac322b
[INFO] [stdout]                                at /opt/rustwide/cargo-home/registry/src/github.com-1ecc6299db9ec823/tokio-0.2.21/src/runtime/basic_scheduler.rs:213:29
[INFO] [stdout]   27:     0x560a928c991d - tokio::macros::scoped_tls::ScopedKey<T>::set::hd2eafaff8d3f3d09
[INFO] [stdout]                                at /opt/rustwide/cargo-home/registry/src/github.com-1ecc6299db9ec823/tokio-0.2.21/src/macros/scoped_tls.rs:63:9
[INFO] [stdout]   28:     0x560a928d35f0 - tokio::runtime::basic_scheduler::enter::h8bc0a0c8a8b3e89b
[INFO] [stdout]                                at /opt/rustwide/cargo-home/registry/src/github.com-1ecc6299db9ec823/tokio-0.2.21/src/runtime/basic_scheduler.rs:213:5
[INFO] [stdout]   29:     0x560a928d1e6c - tokio::runtime::basic_scheduler::BasicScheduler<P>::block_on::hb7825fe17244af44
[INFO] [stdout]                                at /opt/rustwide/cargo-home/registry/src/github.com-1ecc6299db9ec823/tokio-0.2.21/src/runtime/basic_scheduler.rs:123:9
[INFO] [stdout]   30:     0x560a928c23a6 - tokio::runtime::Runtime::block_on::{{closure}}::h806eed2be49fecf1
[INFO] [stdout]                                at /opt/rustwide/cargo-home/registry/src/github.com-1ecc6299db9ec823/tokio-0.2.21/src/runtime/mod.rs:444:34
[INFO] [stdout]   31:     0x560a928c2611 - tokio::runtime::context::enter::h83358a72a68c8741
[INFO] [stdout]                                at /opt/rustwide/cargo-home/registry/src/github.com-1ecc6299db9ec823/tokio-0.2.21/src/runtime/context.rs:72:5
[INFO] [stdout]   32:     0x560a928cb704 - tokio::runtime::handle::Handle::enter::h8d231da1a3bf3238
[INFO] [stdout]                                at /opt/rustwide/cargo-home/registry/src/github.com-1ecc6299db9ec823/tokio-0.2.21/src/runtime/handle.rs:76:9
[INFO] [stdout]   33:     0x560a928c22d8 - tokio::runtime::Runtime::block_on::hfb9fb3ee96c75663
[INFO] [stdout]                                at /opt/rustwide/cargo-home/registry/src/github.com-1ecc6299db9ec823/tokio-0.2.21/src/runtime/mod.rs:441:9
[INFO] [stdout]   34:     0x560a928c0891 - api_helix::get_streams::it_gets_streams::h7d26e013859b3e2a
[INFO] [stdout]                                at /opt/rustwide/workdir/api_helix/src/get_streams.rs:50:19
[INFO] [stdout]   35:     0x560a928c073a - api_helix::get_streams::it_gets_streams::{{closure}}::h636c025b9e4e134d
[INFO] [stdout]                                at /opt/rustwide/workdir/api_helix/src/get_streams.rs:45:1
[INFO] [stdout]   36:     0x560a928d681e - core::ops::function::FnOnce::call_once::h2dccda59d4266247
[INFO] [stdout]                                at /rustc/53fd98ca776cb875bc9e5514f56b52eb74f9e7a9/library/core/src/ops/function.rs:227:5
[INFO] [stdout]   37:     0x560a9290b663 - core::ops::function::FnOnce::call_once::hbb52c4519d3137b0
[INFO] [stdout]                                at /rustc/53fd98ca776cb875bc9e5514f56b52eb74f9e7a9/library/core/src/ops/function.rs:227:5
[INFO] [stdout]   38:     0x560a9290b663 - test::__rust_begin_short_backtrace::h86fe3a2a5a5121af
[INFO] [stdout]                                at /rustc/53fd98ca776cb875bc9e5514f56b52eb74f9e7a9/library/test/src/lib.rs:578:5
[INFO] [stdout]   39:     0x560a9290a118 - <alloc::boxed::Box<F,A> as core::ops::function::FnOnce<Args>>::call_once::hfd956bc3d57399be
[INFO] [stdout]                                at /rustc/53fd98ca776cb875bc9e5514f56b52eb74f9e7a9/library/alloc/src/boxed.rs:1572:9
[INFO] [stdout]   40:     0x560a9290a118 - <std::panic::AssertUnwindSafe<F> as core::ops::function::FnOnce<()>>::call_once::h40dc93e0ddb5938a
[INFO] [stdout]                                at /rustc/53fd98ca776cb875bc9e5514f56b52eb74f9e7a9/library/std/src/panic.rs:347:9
[INFO] [stdout]   41:     0x560a9290a118 - std::panicking::try::do_call::h90d07750cb47c562
[INFO] [stdout]                                at /rustc/53fd98ca776cb875bc9e5514f56b52eb74f9e7a9/library/std/src/panicking.rs:401:40
[INFO] [stdout]   42:     0x560a9290a118 - std::panicking::try::h063c84733ad2a629
[INFO] [stdout]                                at /rustc/53fd98ca776cb875bc9e5514f56b52eb74f9e7a9/library/std/src/panicking.rs:365:19
[INFO] [stdout]   43:     0x560a9290a118 - std::panic::catch_unwind::h0c464836a84e7c08
[INFO] [stdout]                                at /rustc/53fd98ca776cb875bc9e5514f56b52eb74f9e7a9/library/std/src/panic.rs:434:14
[INFO] [stdout]   44:     0x560a9290a118 - test::run_test_in_process::h5cb06ef620b157fc
[INFO] [stdout]                                at /rustc/53fd98ca776cb875bc9e5514f56b52eb74f9e7a9/library/test/src/lib.rs:601:18
[INFO] [stdout]   45:     0x560a9290a118 - test::run_test::run_test_inner::{{closure}}::h76f677f4b93f9828
[INFO] [stdout]                                at /rustc/53fd98ca776cb875bc9e5514f56b52eb74f9e7a9/library/test/src/lib.rs:493:39
[INFO] [stdout]   46:     0x560a928d88ad - test::run_test::run_test_inner::{{closure}}::h366d01fe04f4d67a
[INFO] [stdout]                                at /rustc/53fd98ca776cb875bc9e5514f56b52eb74f9e7a9/library/test/src/lib.rs:520:37
[INFO] [stdout]   47:     0x560a928d88ad - std::sys_common::backtrace::__rust_begin_short_backtrace::h7dfa0de4eb395af2
[INFO] [stdout]                                at /rustc/53fd98ca776cb875bc9e5514f56b52eb74f9e7a9/library/std/src/sys_common/backtrace.rs:125:18
[INFO] [stdout]   48:     0x560a928dd078 - std::thread::Builder::spawn_unchecked::{{closure}}::{{closure}}::hf0a74bb58798037f
[INFO] [stdout]                                at /rustc/53fd98ca776cb875bc9e5514f56b52eb74f9e7a9/library/std/src/thread/mod.rs:476:17
[INFO] [stdout]   49:     0x560a928dd078 - <std::panic::AssertUnwindSafe<F> as core::ops::function::FnOnce<()>>::call_once::hb024e854818586ac
[INFO] [stdout]                                at /rustc/53fd98ca776cb875bc9e5514f56b52eb74f9e7a9/library/std/src/panic.rs:347:9
[INFO] [stdout]   50:     0x560a928dd078 - std::panicking::try::do_call::hb2dd9f1d0d48e41d
[INFO] [stdout]                                at /rustc/53fd98ca776cb875bc9e5514f56b52eb74f9e7a9/library/std/src/panicking.rs:401:40
[INFO] [stdout]   51:     0x560a928dd078 - std::panicking::try::h4717ae7bac8b2bf3
[INFO] [stdout]                                at /rustc/53fd98ca776cb875bc9e5514f56b52eb74f9e7a9/library/std/src/panicking.rs:365:19
[INFO] [stdout]   52:     0x560a928dd078 - std::panic::catch_unwind::h0dc8a061326ce8d8
[INFO] [stdout]                                at /rustc/53fd98ca776cb875bc9e5514f56b52eb74f9e7a9/library/std/src/panic.rs:434:14
[INFO] [stdout]   53:     0x560a928dd078 - std::thread::Builder::spawn_unchecked::{{closure}}::haa369e2d6fd00aa1
[INFO] [stdout]                                at /rustc/53fd98ca776cb875bc9e5514f56b52eb74f9e7a9/library/std/src/thread/mod.rs:475:30
[INFO] [stdout]   54:     0x560a928dd078 - core::ops::function::FnOnce::call_once{{vtable.shim}}::h36dcf3de8b056f17
[INFO] [stdout]                                at /rustc/53fd98ca776cb875bc9e5514f56b52eb74f9e7a9/library/core/src/ops/function.rs:227:5
[INFO] [stdout]   55:     0x560a92c534a7 - <alloc::boxed::Box<F,A> as core::ops::function::FnOnce<Args>>::call_once::h65c29e4642be2358
[INFO] [stdout]                                at /rustc/53fd98ca776cb875bc9e5514f56b52eb74f9e7a9/library/alloc/src/boxed.rs:1572:9
[INFO] [stdout]   56:     0x560a92c534a7 - <alloc::boxed::Box<F,A> as core::ops::function::FnOnce<Args>>::call_once::hd0f8f7fbbd9fffbf
[INFO] [stdout]                                at /rustc/53fd98ca776cb875bc9e5514f56b52eb74f9e7a9/library/alloc/src/boxed.rs:1572:9
[INFO] [stdout]   57:     0x560a92c534a7 - std::sys::unix::thread::Thread::new::thread_start::h2fd22fee3ca77b65
[INFO] [stdout]                                at /rustc/53fd98ca776cb875bc9e5514f56b52eb74f9e7a9/library/std/src/sys/unix/thread.rs:74:17
[INFO] [stdout]   58:     0x7f2e4b1c4609 - start_thread
[INFO] [stdout]   59:     0x7f2e4af9a293 - clone
[INFO] [stdout]   60:                0x0 - <unknown>
[INFO] [stdout] 
[INFO] [stdout] 
[INFO] [stdout] failures:
[INFO] [stdout]     get_streams::it_gets_streams
[INFO] [stdout] 
[INFO] [stdout] test result: FAILED. 0 passed; 1 failed; 0 ignored; 0 measured; 0 filtered out; finished in 0.11s
[INFO] [stdout] 
[INFO] [stderr] error: test failed, to rerun pass '-p api_helix --lib'
[INFO] running `Command { std: "docker" "inspect" "0c9661ee73ecab0eb76ec0ff1eac0e0f20f8f8ac41acf5bc63dbf78c67fc1b6e", kill_on_drop: false }`
[INFO] running `Command { std: "docker" "rm" "-f" "0c9661ee73ecab0eb76ec0ff1eac0e0f20f8f8ac41acf5bc63dbf78c67fc1b6e", kill_on_drop: false }`
[INFO] [stdout] 0c9661ee73ecab0eb76ec0ff1eac0e0f20f8f8ac41acf5bc63dbf78c67fc1b6e
