[INFO] cloning repository https://github.com/alecg54/RayTracer
[INFO] running `Command { std: "git" "-c" "credential.helper=" "-c" "credential.helper=/workspace/cargo-home/bin/git-credential-null" "clone" "--bare" "https://github.com/alecg54/RayTracer" "/workspace/cache/git-repos/https%3A%2F%2Fgithub.com%2Falecg54%2FRayTracer", kill_on_drop: false }`
[INFO] [stderr] Cloning into bare repository '/workspace/cache/git-repos/https%3A%2F%2Fgithub.com%2Falecg54%2FRayTracer'...
[INFO] running `Command { std: "git" "rev-parse" "HEAD", kill_on_drop: false }`
[INFO] [stdout] e19caa4f87521586137d98b96549ed795d7626fc
[INFO] testing alecg54/RayTracer against 1.54.0 for beta-1.55-1
[INFO] running `Command { std: "git" "clone" "/workspace/cache/git-repos/https%3A%2F%2Fgithub.com%2Falecg54%2FRayTracer" "/workspace/builds/worker-7/source", kill_on_drop: false }`
[INFO] [stderr] Cloning into '/workspace/builds/worker-7/source'...
[INFO] [stderr] done.
[INFO] validating manifest of git repo https://github.com/alecg54/RayTracer on toolchain 1.54.0
[INFO] running `Command { std: "/workspace/cargo-home/bin/cargo" "+1.54.0" "metadata" "--manifest-path" "Cargo.toml" "--no-deps", kill_on_drop: false }`
[INFO] started tweaking git repo https://github.com/alecg54/RayTracer
[INFO] finished tweaking git repo https://github.com/alecg54/RayTracer
[INFO] tweaked toml for git repo https://github.com/alecg54/RayTracer written to /workspace/builds/worker-7/source/Cargo.toml
[INFO] crate git repo https://github.com/alecg54/RayTracer already has a lockfile, it will not be regenerated
[INFO] running `Command { std: "/workspace/cargo-home/bin/cargo" "+1.54.0" "fetch" "--manifest-path" "Cargo.toml", kill_on_drop: false }`
[INFO] [stderr]     Blocking waiting for file lock on package cache
[INFO] [stderr]     Blocking waiting for file lock on package cache
[INFO] running `Command { std: "docker" "create" "-v" "/var/lib/crater-agent-workspace/builds/worker-7/target:/opt/rustwide/target:rw,Z" "-v" "/var/lib/crater-agent-workspace/builds/worker-7/source:/opt/rustwide/workdir:ro,Z" "-v" "/var/lib/crater-agent-workspace/cargo-home:/opt/rustwide/cargo-home:ro,Z" "-v" "/var/lib/crater-agent-workspace/rustup-home:/opt/rustwide/rustup-home:ro,Z" "-e" "SOURCE_DIR=/opt/rustwide/workdir" "-e" "CARGO_TARGET_DIR=/opt/rustwide/target" "-e" "CARGO_HOME=/opt/rustwide/cargo-home" "-e" "RUSTUP_HOME=/opt/rustwide/rustup-home" "-w" "/opt/rustwide/workdir" "-m" "1610612736" "--user" "0:0" "--network" "none" "ghcr.io/rust-lang/crates-build-env/linux@sha256:34b6a614d2c27851fe6cbf88fbd1137609cefab8b10d0615aaeb6fd47975d74e" "/opt/rustwide/cargo-home/bin/cargo" "+1.54.0" "metadata" "--no-deps" "--format-version=1", kill_on_drop: false }`
[INFO] [stdout] fe8ba34daaeaa5a78536a73885b04208ecbd17f6f21729caa322a015b1e6dabd
[INFO] running `Command { std: "docker" "start" "-a" "fe8ba34daaeaa5a78536a73885b04208ecbd17f6f21729caa322a015b1e6dabd", kill_on_drop: false }`
[INFO] running `Command { std: "docker" "inspect" "fe8ba34daaeaa5a78536a73885b04208ecbd17f6f21729caa322a015b1e6dabd", kill_on_drop: false }`
[INFO] running `Command { std: "docker" "rm" "-f" "fe8ba34daaeaa5a78536a73885b04208ecbd17f6f21729caa322a015b1e6dabd", kill_on_drop: false }`
[INFO] [stdout] fe8ba34daaeaa5a78536a73885b04208ecbd17f6f21729caa322a015b1e6dabd
[INFO] running `Command { std: "docker" "create" "-v" "/var/lib/crater-agent-workspace/builds/worker-7/target:/opt/rustwide/target:rw,Z" "-v" "/var/lib/crater-agent-workspace/builds/worker-7/source:/opt/rustwide/workdir:ro,Z" "-v" "/var/lib/crater-agent-workspace/cargo-home:/opt/rustwide/cargo-home:ro,Z" "-v" "/var/lib/crater-agent-workspace/rustup-home:/opt/rustwide/rustup-home:ro,Z" "-e" "SOURCE_DIR=/opt/rustwide/workdir" "-e" "CARGO_TARGET_DIR=/opt/rustwide/target" "-e" "CARGO_INCREMENTAL=0" "-e" "RUST_BACKTRACE=full" "-e" "RUSTFLAGS=--cap-lints=warn" "-e" "CARGO_HOME=/opt/rustwide/cargo-home" "-e" "RUSTUP_HOME=/opt/rustwide/rustup-home" "-w" "/opt/rustwide/workdir" "-m" "1610612736" "--user" "0:0" "--network" "none" "ghcr.io/rust-lang/crates-build-env/linux@sha256:34b6a614d2c27851fe6cbf88fbd1137609cefab8b10d0615aaeb6fd47975d74e" "/opt/rustwide/cargo-home/bin/cargo" "+1.54.0" "build" "--frozen" "--message-format=json", kill_on_drop: false }`
[INFO] [stdout] ff5cf219b115a5e21ee143e8b722df329e2d0a14da716dbe04e6e811042251fe
[INFO] running `Command { std: "docker" "start" "-a" "ff5cf219b115a5e21ee143e8b722df329e2d0a14da716dbe04e6e811042251fe", kill_on_drop: false }`
[INFO] [stderr]     Blocking waiting for file lock on package cache
[INFO] [stderr]    Compiling libc v0.2.95
[INFO] [stderr]    Compiling getrandom v0.2.3
[INFO] [stderr]    Compiling rand_core v0.6.2
[INFO] [stderr]    Compiling rand_chacha v0.3.0
[INFO] [stderr]    Compiling rand v0.8.3
[INFO] [stderr]    Compiling ray-tracing v0.1.0 (/opt/rustwide/workdir)
[INFO] [stdout] warning: field is never read: `vwprt_height`
[INFO] [stdout]  --> src/camera.rs:5:5
[INFO] [stdout]   |
[INFO] [stdout] 5 |     vwprt_height: f32,
[INFO] [stdout]   |     ^^^^^^^^^^^^^^^^^
[INFO] [stdout]   |
[INFO] [stdout]   = note: `#[warn(dead_code)]` on by default
[INFO] [stdout] 
[INFO] [stdout] 
[INFO] [stdout] warning: field is never read: `vwprt_width`
[INFO] [stdout]  --> src/camera.rs:6:5
[INFO] [stdout]   |
[INFO] [stdout] 6 |     vwprt_width: f32,
[INFO] [stdout]   |     ^^^^^^^^^^^^^^^^
[INFO] [stdout] 
[INFO] [stdout] 
[INFO] [stdout] warning: field is never read: `focal_length`
[INFO] [stdout]  --> src/camera.rs:7:5
[INFO] [stdout]   |
[INFO] [stdout] 7 |     focal_length: f32,
[INFO] [stdout]   |     ^^^^^^^^^^^^^^^^^
[INFO] [stdout] 
[INFO] [stdout] 
[INFO] [stdout] warning: field is never read: `fov`
[INFO] [stdout]   --> src/camera.rs:12:5
[INFO] [stdout]    |
[INFO] [stdout] 12 |     fov: f32,
[INFO] [stdout]    |     ^^^^^^^^
[INFO] [stdout] 
[INFO] [stdout] 
[INFO] [stdout] warning: associated function is never used: `read`
[INFO] [stdout]   --> src/ppm.rs:21:12
[INFO] [stdout]    |
[INFO] [stdout] 21 |     pub fn read(filename: String) -> Result<Ppm, std::io::Error> {
[INFO] [stdout]    |            ^^^^
[INFO] [stdout] 
[INFO] [stdout] 
[INFO] [stdout] warning: associated function is never used: `get_pixel`
[INFO] [stdout]    --> src/ppm.rs:110:12
[INFO] [stdout]     |
[INFO] [stdout] 110 |     pub fn get_pixel(&self, x: usize, y: usize) -> (u8, u8, u8) {
[INFO] [stdout]     |            ^^^^^^^^^
[INFO] [stdout] 
[INFO] [stdout] 
[INFO] [stdout] warning: function is never used: `random_int`
[INFO] [stdout]   --> src/utils.rs:20:8
[INFO] [stdout]    |
[INFO] [stdout] 20 | pub fn random_int(min: i32, max: i32) -> i32 {
[INFO] [stdout]    |        ^^^^^^^^^^
[INFO] [stdout] 
[INFO] [stdout] 
[INFO] [stdout] warning: associated function is never used: `random_in_hemisphere`
[INFO] [stdout]   --> src/vec3.rs:38:12
[INFO] [stdout]    |
[INFO] [stdout] 38 |     pub fn random_in_hemisphere(normal: Vec3) -> Vec3 {
[INFO] [stdout]    |            ^^^^^^^^^^^^^^^^^^^^
[INFO] [stdout] 
[INFO] [stdout] 
[INFO] [stdout] warning: associated function is never used: `random_unit_vector`
[INFO] [stdout]   --> src/vec3.rs:47:12
[INFO] [stdout]    |
[INFO] [stdout] 47 |     pub fn random_unit_vector() -> Vec3 {
[INFO] [stdout]    |            ^^^^^^^^^^^^^^^^^^
[INFO] [stdout] 
[INFO] [stdout] 
[INFO] [stdout] warning: associated function is never used: `z`
[INFO] [stdout]   --> src/vec3.rs:81:12
[INFO] [stdout]    |
[INFO] [stdout] 81 |     pub fn z(&self) -> f32 {
[INFO] [stdout]    |            ^
[INFO] [stdout] 
[INFO] [stdout] 
[INFO] [stdout] warning: associated function is never used: `near_zero`
[INFO] [stdout]   --> src/vec3.rs:93:12
[INFO] [stdout]    |
[INFO] [stdout] 93 |     pub fn near_zero(&self) -> bool {
[INFO] [stdout]    |            ^^^^^^^^^
[INFO] [stdout] 
[INFO] [stdout] 
[INFO] [stdout] warning: function is never used: `refract`
[INFO] [stdout]    --> src/vec3.rs:119:8
[INFO] [stdout]     |
[INFO] [stdout] 119 | pub fn refract(uv: Vec3, n: Vec3, etai: f32) -> Vec3 {
[INFO] [stdout]     |        ^^^^^^^
[INFO] [stdout] 
[INFO] [stdout] 
[INFO] [stdout] warning: 12 warnings emitted
[INFO] [stdout] 
[INFO] [stdout] 
[INFO] [stderr]     Finished dev [unoptimized + debuginfo] target(s) in 16.01s
[INFO] running `Command { std: "docker" "inspect" "ff5cf219b115a5e21ee143e8b722df329e2d0a14da716dbe04e6e811042251fe", kill_on_drop: false }`
[INFO] running `Command { std: "docker" "rm" "-f" "ff5cf219b115a5e21ee143e8b722df329e2d0a14da716dbe04e6e811042251fe", kill_on_drop: false }`
[INFO] [stdout] ff5cf219b115a5e21ee143e8b722df329e2d0a14da716dbe04e6e811042251fe
[INFO] running `Command { std: "docker" "create" "-v" "/var/lib/crater-agent-workspace/builds/worker-7/target:/opt/rustwide/target:rw,Z" "-v" "/var/lib/crater-agent-workspace/builds/worker-7/source:/opt/rustwide/workdir:ro,Z" "-v" "/var/lib/crater-agent-workspace/cargo-home:/opt/rustwide/cargo-home:ro,Z" "-v" "/var/lib/crater-agent-workspace/rustup-home:/opt/rustwide/rustup-home:ro,Z" "-e" "SOURCE_DIR=/opt/rustwide/workdir" "-e" "CARGO_TARGET_DIR=/opt/rustwide/target" "-e" "CARGO_INCREMENTAL=0" "-e" "RUST_BACKTRACE=full" "-e" "RUSTFLAGS=--cap-lints=warn" "-e" "CARGO_HOME=/opt/rustwide/cargo-home" "-e" "RUSTUP_HOME=/opt/rustwide/rustup-home" "-w" "/opt/rustwide/workdir" "-m" "1610612736" "--user" "0:0" "--network" "none" "ghcr.io/rust-lang/crates-build-env/linux@sha256:34b6a614d2c27851fe6cbf88fbd1137609cefab8b10d0615aaeb6fd47975d74e" "/opt/rustwide/cargo-home/bin/cargo" "+1.54.0" "test" "--frozen" "--no-run" "--message-format=json", kill_on_drop: false }`
[INFO] [stdout] 82ff2371c80fdae801c7792f956a79257c1941642678f1e9dbb56346d5f04154
[INFO] running `Command { std: "docker" "start" "-a" "82ff2371c80fdae801c7792f956a79257c1941642678f1e9dbb56346d5f04154", kill_on_drop: false }`
[INFO] [stderr]     Blocking waiting for file lock on package cache
[INFO] [stderr]    Compiling ray-tracing v0.1.0 (/opt/rustwide/workdir)
[INFO] [stdout] warning: field is never read: `vwprt_height`
[INFO] [stdout]  --> src/camera.rs:5:5
[INFO] [stdout]   |
[INFO] [stdout] 5 |     vwprt_height: f32,
[INFO] [stdout]   |     ^^^^^^^^^^^^^^^^^
[INFO] [stdout]   |
[INFO] [stdout]   = note: `#[warn(dead_code)]` on by default
[INFO] [stdout] 
[INFO] [stdout] 
[INFO] [stdout] warning: field is never read: `vwprt_width`
[INFO] [stdout]  --> src/camera.rs:6:5
[INFO] [stdout]   |
[INFO] [stdout] 6 |     vwprt_width: f32,
[INFO] [stdout]   |     ^^^^^^^^^^^^^^^^
[INFO] [stdout] 
[INFO] [stdout] 
[INFO] [stdout] warning: field is never read: `focal_length`
[INFO] [stdout]  --> src/camera.rs:7:5
[INFO] [stdout]   |
[INFO] [stdout] 7 |     focal_length: f32,
[INFO] [stdout]   |     ^^^^^^^^^^^^^^^^^
[INFO] [stdout] 
[INFO] [stdout] 
[INFO] [stdout] warning: field is never read: `fov`
[INFO] [stdout]   --> src/camera.rs:12:5
[INFO] [stdout]    |
[INFO] [stdout] 12 |     fov: f32,
[INFO] [stdout]    |     ^^^^^^^^
[INFO] [stdout] 
[INFO] [stdout] 
[INFO] [stdout] warning: function is never used: `random_int`
[INFO] [stdout]   --> src/utils.rs:20:8
[INFO] [stdout]    |
[INFO] [stdout] 20 | pub fn random_int(min: i32, max: i32) -> i32 {
[INFO] [stdout]    |        ^^^^^^^^^^
[INFO] [stdout] 
[INFO] [stdout] 
[INFO] [stdout] warning: associated function is never used: `random_in_hemisphere`
[INFO] [stdout]   --> src/vec3.rs:38:12
[INFO] [stdout]    |
[INFO] [stdout] 38 |     pub fn random_in_hemisphere(normal: Vec3) -> Vec3 {
[INFO] [stdout]    |            ^^^^^^^^^^^^^^^^^^^^
[INFO] [stdout] 
[INFO] [stdout] 
[INFO] [stdout] warning: associated function is never used: `random_unit_vector`
[INFO] [stdout]   --> src/vec3.rs:47:12
[INFO] [stdout]    |
[INFO] [stdout] 47 |     pub fn random_unit_vector() -> Vec3 {
[INFO] [stdout]    |            ^^^^^^^^^^^^^^^^^^
[INFO] [stdout] 
[INFO] [stdout] 
[INFO] [stdout] warning: associated function is never used: `z`
[INFO] [stdout]   --> src/vec3.rs:81:12
[INFO] [stdout]    |
[INFO] [stdout] 81 |     pub fn z(&self) -> f32 {
[INFO] [stdout]    |            ^
[INFO] [stdout] 
[INFO] [stdout] 
[INFO] [stdout] warning: function is never used: `refract`
[INFO] [stdout]    --> src/vec3.rs:119:8
[INFO] [stdout]     |
[INFO] [stdout] 119 | pub fn refract(uv: Vec3, n: Vec3, etai: f32) -> Vec3 {
[INFO] [stdout]     |        ^^^^^^^
[INFO] [stdout] 
[INFO] [stdout] 
[INFO] [stdout] warning: 9 warnings emitted
[INFO] [stdout] 
[INFO] [stdout] 
[INFO] [stderr]     Finished test [unoptimized + debuginfo] target(s) in 2.13s
[INFO] running `Command { std: "docker" "inspect" "82ff2371c80fdae801c7792f956a79257c1941642678f1e9dbb56346d5f04154", kill_on_drop: false }`
[INFO] running `Command { std: "docker" "rm" "-f" "82ff2371c80fdae801c7792f956a79257c1941642678f1e9dbb56346d5f04154", kill_on_drop: false }`
[INFO] [stdout] 82ff2371c80fdae801c7792f956a79257c1941642678f1e9dbb56346d5f04154
[INFO] running `Command { std: "docker" "create" "-v" "/var/lib/crater-agent-workspace/builds/worker-7/target:/opt/rustwide/target:rw,Z" "-v" "/var/lib/crater-agent-workspace/builds/worker-7/source:/opt/rustwide/workdir:ro,Z" "-v" "/var/lib/crater-agent-workspace/cargo-home:/opt/rustwide/cargo-home:ro,Z" "-v" "/var/lib/crater-agent-workspace/rustup-home:/opt/rustwide/rustup-home:ro,Z" "-e" "SOURCE_DIR=/opt/rustwide/workdir" "-e" "CARGO_TARGET_DIR=/opt/rustwide/target" "-e" "CARGO_INCREMENTAL=0" "-e" "RUST_BACKTRACE=full" "-e" "RUSTFLAGS=--cap-lints=warn" "-e" "CARGO_HOME=/opt/rustwide/cargo-home" "-e" "RUSTUP_HOME=/opt/rustwide/rustup-home" "-w" "/opt/rustwide/workdir" "-m" "1610612736" "--user" "0:0" "--network" "none" "ghcr.io/rust-lang/crates-build-env/linux@sha256:34b6a614d2c27851fe6cbf88fbd1137609cefab8b10d0615aaeb6fd47975d74e" "/opt/rustwide/cargo-home/bin/cargo" "+1.54.0" "test" "--frozen", kill_on_drop: false }`
[INFO] [stdout] aec25f52b7bf88f8e6799103731b5e748deef4ac632aace0e09dc613092af46d
[INFO] running `Command { std: "docker" "start" "-a" "aec25f52b7bf88f8e6799103731b5e748deef4ac632aace0e09dc613092af46d", kill_on_drop: false }`
[INFO] [stderr]     Blocking waiting for file lock on package cache
[INFO] [stderr] warning: field is never read: `vwprt_height`
[INFO] [stderr]  --> src/camera.rs:5:5
[INFO] [stderr]   |
[INFO] [stderr] 5 |     vwprt_height: f32,
[INFO] [stderr]   |     ^^^^^^^^^^^^^^^^^
[INFO] [stderr]   |
[INFO] [stderr]   = note: `#[warn(dead_code)]` on by default
[INFO] [stderr] 
[INFO] [stderr] warning: field is never read: `vwprt_width`
[INFO] [stderr]  --> src/camera.rs:6:5
[INFO] [stderr]   |
[INFO] [stderr] 6 |     vwprt_width: f32,
[INFO] [stderr]   |     ^^^^^^^^^^^^^^^^
[INFO] [stderr] 
[INFO] [stderr] warning: field is never read: `focal_length`
[INFO] [stderr]  --> src/camera.rs:7:5
[INFO] [stderr]   |
[INFO] [stderr] 7 |     focal_length: f32,
[INFO] [stderr]   |     ^^^^^^^^^^^^^^^^^
[INFO] [stderr] 
[INFO] [stderr] warning: field is never read: `fov`
[INFO] [stderr]   --> src/camera.rs:12:5
[INFO] [stderr]    |
[INFO] [stderr] 12 |     fov: f32,
[INFO] [stderr]    |     ^^^^^^^^
[INFO] [stderr] 
[INFO] [stderr] warning: function is never used: `random_int`
[INFO] [stderr]   --> src/utils.rs:20:8
[INFO] [stderr]    |
[INFO] [stderr] 20 | pub fn random_int(min: i32, max: i32) -> i32 {
[INFO] [stderr]    |        ^^^^^^^^^^
[INFO] [stderr] 
[INFO] [stderr] warning: associated function is never used: `random_in_hemisphere`
[INFO] [stderr]   --> src/vec3.rs:38:12
[INFO] [stderr]    |
[INFO] [stderr] 38 |     pub fn random_in_hemisphere(normal: Vec3) -> Vec3 {
[INFO] [stderr]    |            ^^^^^^^^^^^^^^^^^^^^
[INFO] [stderr] 
[INFO] [stderr] warning: associated function is never used: `random_unit_vector`
[INFO] [stderr]   --> src/vec3.rs:47:12
[INFO] [stderr]    |
[INFO] [stderr] 47 |     pub fn random_unit_vector() -> Vec3 {
[INFO] [stderr]    |            ^^^^^^^^^^^^^^^^^^
[INFO] [stderr] 
[INFO] [stderr] warning: associated function is never used: `z`
[INFO] [stderr]   --> src/vec3.rs:81:12
[INFO] [stderr]    |
[INFO] [stderr] 81 |     pub fn z(&self) -> f32 {
[INFO] [stderr]    |            ^
[INFO] [stderr] 
[INFO] [stderr] warning: function is never used: `refract`
[INFO] [stderr]    --> src/vec3.rs:119:8
[INFO] [stderr]     |
[INFO] [stderr] 119 | pub fn refract(uv: Vec3, n: Vec3, etai: f32) -> Vec3 {
[INFO] [stderr]     |        ^^^^^^^
[INFO] [stderr] 
[INFO] [stderr] warning: 9 warnings emitted
[INFO] [stderr] 
[INFO] [stderr]     Finished test [unoptimized + debuginfo] target(s) in 5.45s
[INFO] [stderr]      Running unittests (/opt/rustwide/target/debug/deps/ray_tracing-bcd854fa4e0cd5db)
[INFO] [stdout] 
[INFO] [stdout] running 9 tests
[INFO] [stdout] test vec3::tests::add ... ok
[INFO] [stdout] test vec3::tests::cross_test ... ok
[INFO] [stdout] test vec3::tests::is_near_zero ... ok
[INFO] [stdout] test vec3::tests::normalize ... ok
[INFO] [stdout] test vec3::tests::mul ... ok
[INFO] [stdout] test vec3::tests::negate ... ok
[INFO] [stdout] test vec3::tests::dot_test ... ok
[INFO] [stdout] test vec3::tests::div ... ok
[INFO] [stderr] error: test failed, to rerun pass '--bin ray-tracing'
[INFO] [stdout] test ppm::tests::round_trip ... FAILED
[INFO] [stdout] 
[INFO] [stdout] failures:
[INFO] [stdout] 
[INFO] [stdout] ---- ppm::tests::round_trip stdout ----
[INFO] [stdout] thread 'ppm::tests::round_trip' panicked at 'assertion failed: `(left == right)`
[INFO] [stdout]   left: `[0, 4, 34, 1, 4, 34, 2, 4, 34, 3, 4, 34, 4, 4, 34, 5, 4, 34, 6, 4, 34, 7, 4, 34, 8, 4, 34, 9, 4, 34, 0, 3, 34, 1, 3, 34, 2, 3, 34, 3, 3, 34, 4, 3, 34, 5, 3, 34, 6, 3, 34, 7, 3, 34, 8, 3, 34, 9, 3, 34, 0, 2, 34, 1, 2, 34, 2, 2, 34, 3, 2, 34, 4, 2, 34, 5, 2, 34, 6, 2, 34, 7, 2, 34, 8, 2, 34, 9, 2, 34, 0, 1, 34, 1, 1, 34, 2, 1, 34, 3, 1, 34, 4, 1, 34, 5, 1, 34, 6, 1, 34, 7, 1, 34, 8, 1, 34, 9, 1, 34, 0, 0, 34, 1, 0, 34, 2, 0, 34, 3, 0, 34, 4, 0, 34, 5, 0, 34, 6, 0, 34, 7, 0, 34, 8, 0, 34, 9, 0, 34]`,
[INFO] [stdout]  right: `[0, 0, 34, 1, 0, 34, 2, 0, 34, 3, 0, 34, 4, 0, 34, 5, 0, 34, 6, 0, 34, 7, 0, 34, 8, 0, 34, 9, 0, 34, 0, 1, 34, 1, 1, 34, 2, 1, 34, 3, 1, 34, 4, 1, 34, 5, 1, 34, 6, 1, 34, 7, 1, 34, 8, 1, 34, 9, 1, 34, 0, 2, 34, 1, 2, 34, 2, 2, 34, 3, 2, 34, 4, 2, 34, 5, 2, 34, 6, 2, 34, 7, 2, 34, 8, 2, 34, 9, 2, 34, 0, 3, 34, 1, 3, 34, 2, 3, 34, 3, 3, 34, 4, 3, 34, 5, 3, 34, 6, 3, 34, 7, 3, 34, 8, 3, 34, 9, 3, 34, 0, 4, 34, 1, 4, 34, 2, 4, 34, 3, 4, 34, 4, 4, 34, 5, 4, 34, 6, 4, 34, 7, 4, 34, 8, 4, 34, 9, 4, 34]`', src/ppm.rs:146:9
[INFO] [stdout] stack backtrace:
[INFO] [stdout]    0:     0x556e2fb7c240 - std::backtrace_rs::backtrace::libunwind::trace::h34055254b57d8e79
[INFO] [stdout]                                at /rustc/a178d0322ce20e33eac124758e837cbd80a6f633/library/std/src/../../backtrace/src/backtrace/libunwind.rs:90:5
[INFO] [stdout]    1:     0x556e2fb7c240 - std::backtrace_rs::backtrace::trace_unsynchronized::h8f1e3fbd9afff6ec
[INFO] [stdout]                                at /rustc/a178d0322ce20e33eac124758e837cbd80a6f633/library/std/src/../../backtrace/src/backtrace/mod.rs:66:5
[INFO] [stdout]    2:     0x556e2fb7c240 - std::sys_common::backtrace::_print_fmt::h3a99a796b770c360
[INFO] [stdout]                                at /rustc/a178d0322ce20e33eac124758e837cbd80a6f633/library/std/src/sys_common/backtrace.rs:67:5
[INFO] [stdout]    3:     0x556e2fb7c240 - <std::sys_common::backtrace::_print::DisplayBacktrace as core::fmt::Display>::fmt::h32d1f94a80615d18
[INFO] [stdout]                                at /rustc/a178d0322ce20e33eac124758e837cbd80a6f633/library/std/src/sys_common/backtrace.rs:46:22
[INFO] [stdout]    4:     0x556e2fb9f2dc - core::fmt::write::h306731c068f7162c
[INFO] [stdout]                                at /rustc/a178d0322ce20e33eac124758e837cbd80a6f633/library/core/src/fmt/mod.rs:1110:17
[INFO] [stdout]    5:     0x556e2fb79165 - std::io::Write::write_fmt::h87f19b0a2cd190bc
[INFO] [stdout]                                at /rustc/a178d0322ce20e33eac124758e837cbd80a6f633/library/std/src/io/mod.rs:1588:15
[INFO] [stdout]    6:     0x556e2fb7e3ab - std::sys_common::backtrace::_print::h5abaa2601a852287
[INFO] [stdout]                                at /rustc/a178d0322ce20e33eac124758e837cbd80a6f633/library/std/src/sys_common/backtrace.rs:49:5
[INFO] [stdout]    7:     0x556e2fb7e3ab - std::sys_common::backtrace::print::h8d81445442bb638f
[INFO] [stdout]                                at /rustc/a178d0322ce20e33eac124758e837cbd80a6f633/library/std/src/sys_common/backtrace.rs:36:9
[INFO] [stdout]    8:     0x556e2fb7e3ab - std::panicking::default_hook::{{closure}}::hcfe804496a9fa747
[INFO] [stdout]                                at /rustc/a178d0322ce20e33eac124758e837cbd80a6f633/library/std/src/panicking.rs:208:50
[INFO] [stdout]    9:     0x556e2fb7debc - std::panicking::default_hook::hbea8e3ccf2ba8901
[INFO] [stdout]                                at /rustc/a178d0322ce20e33eac124758e837cbd80a6f633/library/std/src/panicking.rs:222:9
[INFO] [stdout]   10:     0x556e2fb7ea74 - std::panicking::rust_panic_with_hook::h7ee9e1a2d0f8975a
[INFO] [stdout]                                at /rustc/a178d0322ce20e33eac124758e837cbd80a6f633/library/std/src/panicking.rs:622:17
[INFO] [stdout]   11:     0x556e2fb7e557 - std::panicking::begin_panic_handler::{{closure}}::h8ab3b4491718b2c7
[INFO] [stdout]                                at /rustc/a178d0322ce20e33eac124758e837cbd80a6f633/library/std/src/panicking.rs:519:13
[INFO] [stdout]   12:     0x556e2fb7c73c - std::sys_common::backtrace::__rust_end_short_backtrace::hd489062ffa586a9f
[INFO] [stdout]                                at /rustc/a178d0322ce20e33eac124758e837cbd80a6f633/library/std/src/sys_common/backtrace.rs:141:18
[INFO] [stdout]   13:     0x556e2fb7e4b9 - rust_begin_unwind
[INFO] [stdout]                                at /rustc/a178d0322ce20e33eac124758e837cbd80a6f633/library/std/src/panicking.rs:515:5
[INFO] [stdout]   14:     0x556e2fb18651 - core::panicking::panic_fmt::hca6330e3e14086b4
[INFO] [stdout]                                at /rustc/a178d0322ce20e33eac124758e837cbd80a6f633/library/core/src/panicking.rs:92:14
[INFO] [stdout]   15:     0x556e2fb9d388 - core::panicking::assert_failed_inner::h33b45280069a80ed
[INFO] [stdout]   16:     0x556e2fb1c02a - core::panicking::assert_failed::h2be8025104502fde
[INFO] [stdout]                                at /rustc/a178d0322ce20e33eac124758e837cbd80a6f633/library/core/src/panicking.rs:117:5
[INFO] [stdout]   17:     0x556e2fb1d25d - ray_tracing::ppm::tests::round_trip::h35357c8d40140a42
[INFO] [stdout]                                at /opt/rustwide/workdir/src/ppm.rs:146:9
[INFO] [stdout]   18:     0x556e2fb1cc8a - ray_tracing::ppm::tests::round_trip::{{closure}}::hb28b2aae9ce28e49
[INFO] [stdout]                                at /opt/rustwide/workdir/src/ppm.rs:125:5
[INFO] [stdout]   19:     0x556e2fb28a4e - core::ops::function::FnOnce::call_once::hfb97288a8c009060
[INFO] [stdout]                                at /rustc/a178d0322ce20e33eac124758e837cbd80a6f633/library/core/src/ops/function.rs:227:5
[INFO] [stdout]   20:     0x556e2fb51833 - core::ops::function::FnOnce::call_once::h152e7e439ff59e19
[INFO] [stdout]                                at /rustc/a178d0322ce20e33eac124758e837cbd80a6f633/library/core/src/ops/function.rs:227:5
[INFO] [stdout]   21:     0x556e2fb51833 - test::__rust_begin_short_backtrace::h0908f3b1fdbb72ab
[INFO] [stdout]                                at /rustc/a178d0322ce20e33eac124758e837cbd80a6f633/library/test/src/lib.rs:577:5
[INFO] [stdout]   22:     0x556e2fb502f0 - <alloc::boxed::Box<F,A> as core::ops::function::FnOnce<Args>>::call_once::hf6d2a51e5587546c
[INFO] [stdout]                                at /rustc/a178d0322ce20e33eac124758e837cbd80a6f633/library/alloc/src/boxed.rs:1575:9
[INFO] [stdout]   23:     0x556e2fb502f0 - <std::panic::AssertUnwindSafe<F> as core::ops::function::FnOnce<()>>::call_once::h8af660f3a89ef593
[INFO] [stdout]                                at /rustc/a178d0322ce20e33eac124758e837cbd80a6f633/library/std/src/panic.rs:347:9
[INFO] [stdout]   24:     0x556e2fb502f0 - std::panicking::try::do_call::hd36aef60f84b6d36
[INFO] [stdout]                                at /rustc/a178d0322ce20e33eac124758e837cbd80a6f633/library/std/src/panicking.rs:401:40
[INFO] [stdout]   25:     0x556e2fb502f0 - std::panicking::try::h9932b4480e69817c
[INFO] [stdout]                                at /rustc/a178d0322ce20e33eac124758e837cbd80a6f633/library/std/src/panicking.rs:365:19
[INFO] [stdout]   26:     0x556e2fb502f0 - std::panic::catch_unwind::h6aa177099cfff5f8
[INFO] [stdout]                                at /rustc/a178d0322ce20e33eac124758e837cbd80a6f633/library/std/src/panic.rs:434:14
[INFO] [stdout]   27:     0x556e2fb502f0 - test::run_test_in_process::h5884d6f2d99e20c3
[INFO] [stdout]                                at /rustc/a178d0322ce20e33eac124758e837cbd80a6f633/library/test/src/lib.rs:600:18
[INFO] [stdout]   28:     0x556e2fb502f0 - test::run_test::run_test_inner::{{closure}}::h6fdc58c6d5f5b6e3
[INFO] [stdout]                                at /rustc/a178d0322ce20e33eac124758e837cbd80a6f633/library/test/src/lib.rs:492:39
[INFO] [stdout]   29:     0x556e2fb299a2 - test::run_test::run_test_inner::{{closure}}::h408365d67a78ade8
[INFO] [stdout]                                at /rustc/a178d0322ce20e33eac124758e837cbd80a6f633/library/test/src/lib.rs:519:37
[INFO] [stdout]   30:     0x556e2fb299a2 - std::sys_common::backtrace::__rust_begin_short_backtrace::hb560b77c4f701523
[INFO] [stdout]                                at /rustc/a178d0322ce20e33eac124758e837cbd80a6f633/library/std/src/sys_common/backtrace.rs:125:18
[INFO] [stdout]   31:     0x556e2fb2d558 - std::thread::Builder::spawn_unchecked::{{closure}}::{{closure}}::hf2e7831dad93c597
[INFO] [stdout]                                at /rustc/a178d0322ce20e33eac124758e837cbd80a6f633/library/std/src/thread/mod.rs:481:17
[INFO] [stdout]   32:     0x556e2fb2d558 - <std::panic::AssertUnwindSafe<F> as core::ops::function::FnOnce<()>>::call_once::hd2e08783d8be4d02
[INFO] [stdout]                                at /rustc/a178d0322ce20e33eac124758e837cbd80a6f633/library/std/src/panic.rs:347:9
[INFO] [stdout]   33:     0x556e2fb2d558 - std::panicking::try::do_call::h062597b7acfd6b82
[INFO] [stdout]                                at /rustc/a178d0322ce20e33eac124758e837cbd80a6f633/library/std/src/panicking.rs:401:40
[INFO] [stdout]   34:     0x556e2fb2d558 - std::panicking::try::h0d7b79db04c14552
[INFO] [stdout]                                at /rustc/a178d0322ce20e33eac124758e837cbd80a6f633/library/std/src/panicking.rs:365:19
[INFO] [stdout]   35:     0x556e2fb2d558 - std::panic::catch_unwind::hb01a0b5e7c8cd43b
[INFO] [stdout]                                at /rustc/a178d0322ce20e33eac124758e837cbd80a6f633/library/std/src/panic.rs:434:14
[INFO] [stdout]   36:     0x556e2fb2d558 - std::thread::Builder::spawn_unchecked::{{closure}}::h5bde48cc887e0d1e
[INFO] [stdout]                                at /rustc/a178d0322ce20e33eac124758e837cbd80a6f633/library/std/src/thread/mod.rs:480:30
[INFO] [stdout]   37:     0x556e2fb2d558 - core::ops::function::FnOnce::call_once{{vtable.shim}}::h745ea30807a29e55
[INFO] [stdout]                                at /rustc/a178d0322ce20e33eac124758e837cbd80a6f633/library/core/src/ops/function.rs:227:5
[INFO] [stdout]   38:     0x556e2fb83567 - <alloc::boxed::Box<F,A> as core::ops::function::FnOnce<Args>>::call_once::h7ece6cfefaff1005
[INFO] [stdout]                                at /rustc/a178d0322ce20e33eac124758e837cbd80a6f633/library/alloc/src/boxed.rs:1575:9
[INFO] [stdout]   39:     0x556e2fb83567 - <alloc::boxed::Box<F,A> as core::ops::function::FnOnce<Args>>::call_once::hb8b48e55c21f193e
[INFO] [stdout]                                at /rustc/a178d0322ce20e33eac124758e837cbd80a6f633/library/alloc/src/boxed.rs:1575:9
[INFO] [stdout]   40:     0x556e2fb83567 - std::sys::unix::thread::Thread::new::thread_start::h8c7c4450dba62914
[INFO] [stdout]                                at /rustc/a178d0322ce20e33eac124758e837cbd80a6f633/library/std/src/sys/unix/thread.rs:71:17
[INFO] [stdout]   41:     0x7f399c8f6609 - start_thread
[INFO] [stdout]   42:     0x7f399cb81293 - clone
[INFO] [stdout]   43:                0x0 - <unknown>
[INFO] [stdout] 
[INFO] [stdout] 
[INFO] [stdout] failures:
[INFO] [stdout]     ppm::tests::round_trip
[INFO] [stdout] 
[INFO] [stdout] test result: FAILED. 8 passed; 1 failed; 0 ignored; 0 measured; 0 filtered out; finished in 0.04s
[INFO] [stdout] 
[INFO] running `Command { std: "docker" "inspect" "aec25f52b7bf88f8e6799103731b5e748deef4ac632aace0e09dc613092af46d", kill_on_drop: false }`
[INFO] running `Command { std: "docker" "rm" "-f" "aec25f52b7bf88f8e6799103731b5e748deef4ac632aace0e09dc613092af46d", kill_on_drop: false }`
[INFO] [stdout] aec25f52b7bf88f8e6799103731b5e748deef4ac632aace0e09dc613092af46d
