[INFO] cloning repository https://github.com/aitrs/bach
[INFO] running `Command { std: "git" "-c" "credential.helper=" "-c" "credential.helper=/workspace/cargo-home/bin/git-credential-null" "clone" "--bare" "https://github.com/aitrs/bach" "/workspace/cache/git-repos/https%3A%2F%2Fgithub.com%2Faitrs%2Fbach", kill_on_drop: false }`
[INFO] [stderr] Cloning into bare repository '/workspace/cache/git-repos/https%3A%2F%2Fgithub.com%2Faitrs%2Fbach'...
[INFO] running `Command { std: "git" "rev-parse" "HEAD", kill_on_drop: false }`
[INFO] [stdout] cf70fae82fe339b2250f3a6af941d430facb1d58
[INFO] testing aitrs/bach against 1.54.0 for beta-1.55-1
[INFO] running `Command { std: "git" "clone" "/workspace/cache/git-repos/https%3A%2F%2Fgithub.com%2Faitrs%2Fbach" "/workspace/builds/worker-5/source", kill_on_drop: false }`
[INFO] [stderr] Cloning into '/workspace/builds/worker-5/source'...
[INFO] [stderr] done.
[INFO] validating manifest of git repo https://github.com/aitrs/bach on toolchain 1.54.0
[INFO] running `Command { std: "/workspace/cargo-home/bin/cargo" "+1.54.0" "metadata" "--manifest-path" "Cargo.toml" "--no-deps", kill_on_drop: false }`
[INFO] started tweaking git repo https://github.com/aitrs/bach
[INFO] finished tweaking git repo https://github.com/aitrs/bach
[INFO] tweaked toml for git repo https://github.com/aitrs/bach written to /workspace/builds/worker-5/source/Cargo.toml
[INFO] crate git repo https://github.com/aitrs/bach already has a lockfile, it will not be regenerated
[INFO] running `Command { std: "/workspace/cargo-home/bin/cargo" "+1.54.0" "fetch" "--manifest-path" "Cargo.toml", kill_on_drop: false }`
[INFO] [stderr]     Blocking waiting for file lock on package cache
[INFO] running `Command { std: "docker" "create" "-v" "/var/lib/crater-agent-workspace/builds/worker-5/target:/opt/rustwide/target:rw,Z" "-v" "/var/lib/crater-agent-workspace/builds/worker-5/source:/opt/rustwide/workdir:ro,Z" "-v" "/var/lib/crater-agent-workspace/cargo-home:/opt/rustwide/cargo-home:ro,Z" "-v" "/var/lib/crater-agent-workspace/rustup-home:/opt/rustwide/rustup-home:ro,Z" "-e" "SOURCE_DIR=/opt/rustwide/workdir" "-e" "CARGO_TARGET_DIR=/opt/rustwide/target" "-e" "CARGO_HOME=/opt/rustwide/cargo-home" "-e" "RUSTUP_HOME=/opt/rustwide/rustup-home" "-w" "/opt/rustwide/workdir" "-m" "1610612736" "--user" "0:0" "--network" "none" "ghcr.io/rust-lang/crates-build-env/linux@sha256:34b6a614d2c27851fe6cbf88fbd1137609cefab8b10d0615aaeb6fd47975d74e" "/opt/rustwide/cargo-home/bin/cargo" "+1.54.0" "metadata" "--no-deps" "--format-version=1", kill_on_drop: false }`
[INFO] [stdout] f5b3ac58c6eba093cc33735fd2efdf581f657f4409bdd58e5345c61e7dc9a1cb
[INFO] running `Command { std: "docker" "start" "-a" "f5b3ac58c6eba093cc33735fd2efdf581f657f4409bdd58e5345c61e7dc9a1cb", kill_on_drop: false }`
[INFO] running `Command { std: "docker" "inspect" "f5b3ac58c6eba093cc33735fd2efdf581f657f4409bdd58e5345c61e7dc9a1cb", kill_on_drop: false }`
[INFO] running `Command { std: "docker" "rm" "-f" "f5b3ac58c6eba093cc33735fd2efdf581f657f4409bdd58e5345c61e7dc9a1cb", kill_on_drop: false }`
[INFO] [stdout] f5b3ac58c6eba093cc33735fd2efdf581f657f4409bdd58e5345c61e7dc9a1cb
[INFO] running `Command { std: "docker" "create" "-v" "/var/lib/crater-agent-workspace/builds/worker-5/target:/opt/rustwide/target:rw,Z" "-v" "/var/lib/crater-agent-workspace/builds/worker-5/source:/opt/rustwide/workdir:ro,Z" "-v" "/var/lib/crater-agent-workspace/cargo-home:/opt/rustwide/cargo-home:ro,Z" "-v" "/var/lib/crater-agent-workspace/rustup-home:/opt/rustwide/rustup-home:ro,Z" "-e" "SOURCE_DIR=/opt/rustwide/workdir" "-e" "CARGO_TARGET_DIR=/opt/rustwide/target" "-e" "CARGO_INCREMENTAL=0" "-e" "RUST_BACKTRACE=full" "-e" "RUSTFLAGS=--cap-lints=warn" "-e" "CARGO_HOME=/opt/rustwide/cargo-home" "-e" "RUSTUP_HOME=/opt/rustwide/rustup-home" "-w" "/opt/rustwide/workdir" "-m" "1610612736" "--user" "0:0" "--network" "none" "ghcr.io/rust-lang/crates-build-env/linux@sha256:34b6a614d2c27851fe6cbf88fbd1137609cefab8b10d0615aaeb6fd47975d74e" "/opt/rustwide/cargo-home/bin/cargo" "+1.54.0" "build" "--frozen" "--message-format=json", kill_on_drop: false }`
[INFO] [stdout] 21219c056acfb6c0b35a1eae5ff313780249f98acaa8d2253a097d493364087a
[INFO] running `Command { std: "docker" "start" "-a" "21219c056acfb6c0b35a1eae5ff313780249f98acaa8d2253a097d493364087a", kill_on_drop: false }`
[INFO] [stderr]    Compiling syn v1.0.73
[INFO] [stderr]    Compiling serde_derive v1.0.126
[INFO] [stderr]    Compiling serde v1.0.126
[INFO] [stderr]    Compiling bach-bus v0.1.1 (/opt/rustwide/workdir/bach-bus)
[INFO] [stderr]    Compiling pnet_base v0.28.0
[INFO] [stderr]    Compiling pnet v0.28.0
[INFO] [stderr]    Compiling find_mountpoint v1.0.3
[INFO] [stderr]    Compiling time v0.1.44
[INFO] [stderr]    Compiling getrandom v0.2.3
[INFO] [stderr]    Compiling pnet_sys v0.28.0
[INFO] [stderr]    Compiling crossbeam-deque v0.8.0
[INFO] [stderr]    Compiling pnet_macros_support v0.28.0
[INFO] [stderr]    Compiling rand_core v0.6.3
[INFO] [stderr]    Compiling rayon-core v1.9.1
[INFO] [stderr]    Compiling chrono v0.4.19
[INFO] [stderr]    Compiling rand_chacha v0.3.1
[INFO] [stderr]    Compiling rand v0.8.4
[INFO] [stderr]    Compiling rayon v1.5.1
[INFO] [stderr]    Compiling thiserror-impl v1.0.26
[INFO] [stderr]    Compiling pnet_macros v0.28.0
[INFO] [stderr]    Compiling thiserror v1.0.26
[INFO] [stderr]    Compiling pnet_packet v0.28.0
[INFO] [stderr]    Compiling quick-xml v0.22.0
[INFO] [stderr]    Compiling serde-xml-rs v0.4.1
[INFO] [stderr]    Compiling ipnetwork v0.18.0
[INFO] [stderr]    Compiling pnet_datalink v0.28.0
[INFO] [stderr]    Compiling pnet_transport v0.28.0
[INFO] [stderr]    Compiling bach-module v0.1.1 (/opt/rustwide/workdir/bach-module)
[INFO] [stderr]    Compiling bachd v0.1.1 (/opt/rustwide/workdir/bachd)
[INFO] [stderr]    Compiling bach-module-tests v0.1.0 (/opt/rustwide/workdir/bach-module-tests)
[INFO] [stdout] warning: field is never read: `modules_index`
[INFO] [stdout]   --> bachd/src/modulemanager.rs:49:5
[INFO] [stdout]    |
[INFO] [stdout] 49 |     pub modules_index: usize,
[INFO] [stdout]    |     ^^^^^^^^^^^^^^^^^^^^^^^^
[INFO] [stdout]    |
[INFO] [stdout]    = note: `#[warn(dead_code)]` on by default
[INFO] [stdout] 
[INFO] [stdout] 
[INFO] [stdout] warning: 1 warning emitted
[INFO] [stdout] 
[INFO] [stdout] 
[INFO] [stderr]    Compiling noreply-select v0.1.0 (/opt/rustwide/workdir/modules/noreply-select)
[INFO] [stderr]    Compiling dummy v0.1.0 (/opt/rustwide/workdir/modules/dummy)
[INFO] [stderr]    Compiling rsync v0.1.0 (/opt/rustwide/workdir/modules/rsync)
[INFO] [stderr]    Compiling stdlogger v0.1.0 (/opt/rustwide/workdir/modules/stdlogger)
[INFO] [stderr]     Finished dev [unoptimized + debuginfo] target(s) in 27.04s
[INFO] running `Command { std: "docker" "inspect" "21219c056acfb6c0b35a1eae5ff313780249f98acaa8d2253a097d493364087a", kill_on_drop: false }`
[INFO] running `Command { std: "docker" "rm" "-f" "21219c056acfb6c0b35a1eae5ff313780249f98acaa8d2253a097d493364087a", kill_on_drop: false }`
[INFO] [stdout] 21219c056acfb6c0b35a1eae5ff313780249f98acaa8d2253a097d493364087a
[INFO] running `Command { std: "docker" "create" "-v" "/var/lib/crater-agent-workspace/builds/worker-5/target:/opt/rustwide/target:rw,Z" "-v" "/var/lib/crater-agent-workspace/builds/worker-5/source:/opt/rustwide/workdir:ro,Z" "-v" "/var/lib/crater-agent-workspace/cargo-home:/opt/rustwide/cargo-home:ro,Z" "-v" "/var/lib/crater-agent-workspace/rustup-home:/opt/rustwide/rustup-home:ro,Z" "-e" "SOURCE_DIR=/opt/rustwide/workdir" "-e" "CARGO_TARGET_DIR=/opt/rustwide/target" "-e" "CARGO_INCREMENTAL=0" "-e" "RUST_BACKTRACE=full" "-e" "RUSTFLAGS=--cap-lints=warn" "-e" "CARGO_HOME=/opt/rustwide/cargo-home" "-e" "RUSTUP_HOME=/opt/rustwide/rustup-home" "-w" "/opt/rustwide/workdir" "-m" "1610612736" "--user" "0:0" "--network" "none" "ghcr.io/rust-lang/crates-build-env/linux@sha256:34b6a614d2c27851fe6cbf88fbd1137609cefab8b10d0615aaeb6fd47975d74e" "/opt/rustwide/cargo-home/bin/cargo" "+1.54.0" "test" "--frozen" "--no-run" "--message-format=json", kill_on_drop: false }`
[INFO] [stdout] 6873bc3072a846b23836c425def96f3e29c5a66729ccde77b1831ce00a4b28e7
[INFO] running `Command { std: "docker" "start" "-a" "6873bc3072a846b23836c425def96f3e29c5a66729ccde77b1831ce00a4b28e7", kill_on_drop: false }`
[INFO] [stderr] warning: output filename collision.
[INFO] [stderr] The example target `config` in package `rsync v0.1.0 (/opt/rustwide/workdir/modules/rsync)` has the same output filename as the example target `config` in package `noreply-select v0.1.0 (/opt/rustwide/workdir/modules/noreply-select)`.
[INFO] [stderr] Colliding filename is: /opt/rustwide/target/debug/examples/config
[INFO] [stderr] The targets should have unique names.
[INFO] [stderr] Consider changing their names to be unique or compiling them separately.
[INFO] [stderr] This may become a hard error in the future; see <https://github.com/rust-lang/cargo/issues/6313>.
[INFO] [stderr]    Compiling bach-bus v0.1.1 (/opt/rustwide/workdir/bach-bus)
[INFO] [stderr]    Compiling bach-module v0.1.1 (/opt/rustwide/workdir/bach-module)
[INFO] [stderr]    Compiling bachd v0.1.1 (/opt/rustwide/workdir/bachd)
[INFO] [stderr]    Compiling bach-module-tests v0.1.0 (/opt/rustwide/workdir/bach-module-tests)
[INFO] [stderr]    Compiling dummy v0.1.0 (/opt/rustwide/workdir/modules/dummy)
[INFO] [stderr]    Compiling stdlogger v0.1.0 (/opt/rustwide/workdir/modules/stdlogger)
[INFO] [stderr]    Compiling noreply-select v0.1.0 (/opt/rustwide/workdir/modules/noreply-select)
[INFO] [stderr]    Compiling rsync v0.1.0 (/opt/rustwide/workdir/modules/rsync)
[INFO] [stdout] warning: field is never read: `modules_index`
[INFO] [stdout]   --> bachd/src/modulemanager.rs:49:5
[INFO] [stdout]    |
[INFO] [stdout] 49 |     pub modules_index: usize,
[INFO] [stdout]    |     ^^^^^^^^^^^^^^^^^^^^^^^^
[INFO] [stdout]    |
[INFO] [stdout]    = note: `#[warn(dead_code)]` on by default
[INFO] [stdout] 
[INFO] [stdout] 
[INFO] [stdout] warning: 1 warning emitted
[INFO] [stdout] 
[INFO] [stdout] 
[INFO] [stdout] warning: field is never read: `modules_index`
[INFO] [stdout]   --> bachd/src/modulemanager.rs:49:5
[INFO] [stdout]    |
[INFO] [stdout] 49 |     pub modules_index: usize,
[INFO] [stdout]    |     ^^^^^^^^^^^^^^^^^^^^^^^^
[INFO] [stdout]    |
[INFO] [stdout]    = note: `#[warn(dead_code)]` on by default
[INFO] [stdout] 
[INFO] [stdout] 
[INFO] [stdout] warning: 1 warning emitted
[INFO] [stdout] 
[INFO] [stdout] 
[INFO] [stderr]     Finished test [unoptimized + debuginfo] target(s) in 4.32s
[INFO] running `Command { std: "docker" "inspect" "6873bc3072a846b23836c425def96f3e29c5a66729ccde77b1831ce00a4b28e7", kill_on_drop: false }`
[INFO] running `Command { std: "docker" "rm" "-f" "6873bc3072a846b23836c425def96f3e29c5a66729ccde77b1831ce00a4b28e7", kill_on_drop: false }`
[INFO] [stdout] 6873bc3072a846b23836c425def96f3e29c5a66729ccde77b1831ce00a4b28e7
[INFO] running `Command { std: "docker" "create" "-v" "/var/lib/crater-agent-workspace/builds/worker-5/target:/opt/rustwide/target:rw,Z" "-v" "/var/lib/crater-agent-workspace/builds/worker-5/source:/opt/rustwide/workdir:ro,Z" "-v" "/var/lib/crater-agent-workspace/cargo-home:/opt/rustwide/cargo-home:ro,Z" "-v" "/var/lib/crater-agent-workspace/rustup-home:/opt/rustwide/rustup-home:ro,Z" "-e" "SOURCE_DIR=/opt/rustwide/workdir" "-e" "CARGO_TARGET_DIR=/opt/rustwide/target" "-e" "CARGO_INCREMENTAL=0" "-e" "RUST_BACKTRACE=full" "-e" "RUSTFLAGS=--cap-lints=warn" "-e" "CARGO_HOME=/opt/rustwide/cargo-home" "-e" "RUSTUP_HOME=/opt/rustwide/rustup-home" "-w" "/opt/rustwide/workdir" "-m" "1610612736" "--user" "0:0" "--network" "none" "ghcr.io/rust-lang/crates-build-env/linux@sha256:34b6a614d2c27851fe6cbf88fbd1137609cefab8b10d0615aaeb6fd47975d74e" "/opt/rustwide/cargo-home/bin/cargo" "+1.54.0" "test" "--frozen", kill_on_drop: false }`
[INFO] [stdout] 8cabefbab93e7ea7700e2ac7b4f7f8869925ae156ed735ab52d346a536ea3672
[INFO] running `Command { std: "docker" "start" "-a" "8cabefbab93e7ea7700e2ac7b4f7f8869925ae156ed735ab52d346a536ea3672", kill_on_drop: false }`
[INFO] [stderr] warning: output filename collision.
[INFO] [stderr] The example target `config` in package `rsync v0.1.0 (/opt/rustwide/workdir/modules/rsync)` has the same output filename as the example target `config` in package `noreply-select v0.1.0 (/opt/rustwide/workdir/modules/noreply-select)`.
[INFO] [stderr] Colliding filename is: /opt/rustwide/target/debug/examples/config
[INFO] [stderr] The targets should have unique names.
[INFO] [stderr] Consider changing their names to be unique or compiling them separately.
[INFO] [stderr] This may become a hard error in the future; see <https://github.com/rust-lang/cargo/issues/6313>.
[INFO] [stderr] warning: field is never read: `modules_index`
[INFO] [stderr]   --> bachd/src/modulemanager.rs:49:5
[INFO] [stderr]    |
[INFO] [stderr] 49 |     pub modules_index: usize,
[INFO] [stderr]    |     ^^^^^^^^^^^^^^^^^^^^^^^^
[INFO] [stderr]    |
[INFO] [stderr]    = note: `#[warn(dead_code)]` on by default
[INFO] [stderr] 
[INFO] [stderr] warning: 1 warning emitted
[INFO] [stderr] 
[INFO] [stderr] warning: field is never read: `modules_index`
[INFO] [stderr]   --> bachd/src/modulemanager.rs:49:5
[INFO] [stderr]    |
[INFO] [stderr] 49 |     pub modules_index: usize,
[INFO] [stderr]    |     ^^^^^^^^^^^^^^^^^^^^^^^^
[INFO] [stderr]    |
[INFO] [stderr]    = note: `#[warn(dead_code)]` on by default
[INFO] [stderr] 
[INFO] [stderr] warning: 1 warning emitted
[INFO] [stderr] 
[INFO] [stderr]     Finished test [unoptimized + debuginfo] target(s) in 0.07s
[INFO] [stderr]      Running unittests (/opt/rustwide/target/debug/deps/bach_bus-9df1a5a6c19616da)
[INFO] [stdout] 
[INFO] [stdout] running 20 tests
[INFO] [stdout] test packet::tests::alive ... ok
[INFO] [stdout] test bus::test::bus ... ok
[INFO] [stdout] test bus::test::bus_connection ... ok
[INFO] [stdout] test packet::tests::notify_command_to_packet_core ... ok
[INFO] [stdout] test packet::tests::packet_core_to_watch_command ... ok
[INFO] [stderr]      Running unittests (/opt/rustwide/target/debug/deps/bach_module-9e8f107e7f440ec1)
[INFO] [stdout] test packet::tests::logger_command_to_packet_core ... ok
[INFO] [stderr]      Running unittests (/opt/rustwide/target/debug/deps/bach_module_tests-bc5766dc668ecbc3)
[INFO] [stdout] test packet::tests::notification ... ok
[INFO] [stdout] test queue::tests::queue_push ... ok
[INFO] [stdout] test queue::tests::queue_watch ... ok
[INFO] [stdout] test queue::tests::queue_find ... ok
[INFO] [stdout] test packet::tests::backup_command_to_packet_core ... ok
[INFO] [stdout] test packet::tests::packet_core_to_backup_command ... ok
[INFO] [stdout] test packet::tests::packet_core_to_logger_command ... ok
[INFO] [stdout] test queue::tests::queue_clear ... ok
[INFO] [stdout] test queue::tests::queue_consume ... ok
[INFO] [stdout] test packet::tests::watch_command_to_packet_core ... ok
[INFO] [stdout] test packet::tests::packet_core_to_nofify_command ... ok
[INFO] [stdout] test queue::tests::queue_from_item ... ok
[INFO] [stdout] test queue::tests::queue_is_null ... ok
[INFO] [stdout] test queue::tests::queue_new ... ok
[INFO] [stdout] 
[INFO] [stdout] test result: ok. 20 passed; 0 failed; 0 ignored; 0 measured; 0 filtered out; finished in 0.01s
[INFO] [stdout] 
[INFO] [stdout] 
[INFO] [stdout] running 0 tests
[INFO] [stdout] 
[INFO] [stdout] test result: ok. 0 passed; 0 failed; 0 ignored; 0 measured; 0 filtered out; finished in 0.00s
[INFO] [stdout] 
[INFO] [stderr]      Running unittests (/opt/rustwide/target/debug/deps/bachd-7cd9ff7545f88db2)
[INFO] [stdout] 
[INFO] [stdout] running 0 tests
[INFO] [stdout] 
[INFO] [stdout] test result: ok. 0 passed; 0 failed; 0 ignored; 0 measured; 0 filtered out; finished in 0.00s
[INFO] [stdout] 
[INFO] [stderr]      Running unittests (/opt/rustwide/target/debug/deps/bachd-f4a6bdbd3780e95b)
[INFO] [stdout] 
[INFO] [stderr]      Running unittests (/opt/rustwide/target/debug/deps/dummy-0062549a6265c71c)
[INFO] [stdout] running 0 tests
[INFO] [stdout] 
[INFO] [stdout] test result: ok. 0 passed; 0 failed; 0 ignored; 0 measured; 0 filtered out; finished in 0.00s
[INFO] [stdout] 
[INFO] [stdout] 
[INFO] [stdout] running 0 tests
[INFO] [stdout] 
[INFO] [stdout] test result: ok. 0 passed; 0 failed; 0 ignored; 0 measured; 0 filtered out; finished in 0.00s
[INFO] [stdout] 
[INFO] [stdout] 
[INFO] [stdout] running 8 tests
[INFO] [stdout] test dummystdtests::bach_module_std_name_test_for_dummy ... ok
[INFO] [stdout] test dummystdtests::bach_module_std_init_test_for_dummy ... ok
[INFO] [stdout] test dummystdtests::bach_module_std_destroy_test_for_dummy ... ok
[INFO] [stdout] test dummystdtests::bach_module_std_input_test_for_dummy ... ok
[INFO] [stdout] test dummystdtests::bach_module_std_output_test_for_dummy ... ok
[INFO] [stdout] test dummystdtests::bach_module_std_outlet_test_for_dummy ... ok
[INFO] [stdout] test dummystdtests::bach_module_std_fire_test_for_dummy ... FAILED
[INFO] [stdout] test dummystdtests::bach_module_std_spawn_test_for_dummy ... ok
[INFO] [stdout] 
[INFO] [stdout] failures:
[INFO] [stdout] 
[INFO] [stdout] ---- dummystdtests::bach_module_std_fire_test_for_dummy stdout ----
[INFO] [stdout] thread 'dummystdtests::bach_module_std_fire_test_for_dummy' panicked at 'assertion failed: controlafter == bach_module::RUN_IDLE ||\n    controlafter == bach_module::RUN_EARLY_TERM', modules/dummy/src/lib.rs:14:10
[INFO] [stdout] stack backtrace:
[INFO] [stdout]    0:     0x563d39c81e90 - std::backtrace_rs::backtrace::libunwind::trace::h34055254b57d8e79
[INFO] [stdout]                                at /rustc/a178d0322ce20e33eac124758e837cbd80a6f633/library/std/src/../../backtrace/src/backtrace/libunwind.rs:90:5
[INFO] [stdout]    1:     0x563d39c81e90 - std::backtrace_rs::backtrace::trace_unsynchronized::h8f1e3fbd9afff6ec
[INFO] [stdout]                                at /rustc/a178d0322ce20e33eac124758e837cbd80a6f633/library/std/src/../../backtrace/src/backtrace/mod.rs:66:5
[INFO] [stdout]    2:     0x563d39c81e90 - std::sys_common::backtrace::_print_fmt::h3a99a796b770c360
[INFO] [stdout]                                at /rustc/a178d0322ce20e33eac124758e837cbd80a6f633/library/std/src/sys_common/backtrace.rs:67:5
[INFO] [stdout]    3:     0x563d39c81e90 - <std::sys_common::backtrace::_print::DisplayBacktrace as core::fmt::Display>::fmt::h32d1f94a80615d18
[INFO] [stdout]                                at /rustc/a178d0322ce20e33eac124758e837cbd80a6f633/library/std/src/sys_common/backtrace.rs:46:22
[INFO] [stdout]    4:     0x563d39ca4c1c - core::fmt::write::h306731c068f7162c
[INFO] [stdout]                                at /rustc/a178d0322ce20e33eac124758e837cbd80a6f633/library/core/src/fmt/mod.rs:1110:17
[INFO] [stdout]    5:     0x563d39c7ea45 - std::io::Write::write_fmt::h87f19b0a2cd190bc
[INFO] [stdout]                                at /rustc/a178d0322ce20e33eac124758e837cbd80a6f633/library/std/src/io/mod.rs:1588:15
[INFO] [stdout]    6:     0x563d39c8401b - std::sys_common::backtrace::_print::h5abaa2601a852287
[INFO] [stdout]                                at /rustc/a178d0322ce20e33eac124758e837cbd80a6f633/library/std/src/sys_common/backtrace.rs:49:5
[INFO] [stdout]    7:     0x563d39c8401b - std::sys_common::backtrace::print::h8d81445442bb638f
[INFO] [stdout]                                at /rustc/a178d0322ce20e33eac124758e837cbd80a6f633/library/std/src/sys_common/backtrace.rs:36:9
[INFO] [stdout]    8:     0x563d39c8401b - std::panicking::default_hook::{{closure}}::hcfe804496a9fa747
[INFO] [stdout]                                at /rustc/a178d0322ce20e33eac124758e837cbd80a6f633/library/std/src/panicking.rs:208:50
[INFO] [stdout]    9:     0x563d39c83b2c - std::panicking::default_hook::hbea8e3ccf2ba8901
[INFO] [stdout]                                at /rustc/a178d0322ce20e33eac124758e837cbd80a6f633/library/std/src/panicking.rs:222:9
[INFO] [stdout]   10:     0x563d39c846e4 - std::panicking::rust_panic_with_hook::h7ee9e1a2d0f8975a
[INFO] [stdout]                                at /rustc/a178d0322ce20e33eac124758e837cbd80a6f633/library/std/src/panicking.rs:622:17
[INFO] [stdout]   11:     0x563d39c84197 - std::panicking::begin_panic_handler::{{closure}}::h8ab3b4491718b2c7
[INFO] [stdout]                                at /rustc/a178d0322ce20e33eac124758e837cbd80a6f633/library/std/src/panicking.rs:517:13
[INFO] [stdout]   12:     0x563d39c8238c - std::sys_common::backtrace::__rust_end_short_backtrace::hd489062ffa586a9f
[INFO] [stdout]                                at /rustc/a178d0322ce20e33eac124758e837cbd80a6f633/library/std/src/sys_common/backtrace.rs:141:18
[INFO] [stdout]   13:     0x563d39c84129 - rust_begin_unwind
[INFO] [stdout]                                at /rustc/a178d0322ce20e33eac124758e837cbd80a6f633/library/std/src/panicking.rs:515:5
[INFO] [stdout]   14:     0x563d39c006d1 - core::panicking::panic_fmt::hca6330e3e14086b4
[INFO] [stdout]                                at /rustc/a178d0322ce20e33eac124758e837cbd80a6f633/library/core/src/panicking.rs:92:14
[INFO] [stdout]   15:     0x563d39c0061d - core::panicking::panic::h1a48d878ff3dcd40
[INFO] [stdout]                                at /rustc/a178d0322ce20e33eac124758e837cbd80a6f633/library/core/src/panicking.rs:50:5
[INFO] [stdout]   16:     0x563d39c127c4 - dummy::dummystdtests::bach_module_std_fire_test_for_dummy::{{closure}}::h3a3e608a53eddf88
[INFO] [stdout]                                at /opt/rustwide/workdir/modules/dummy/src/lib.rs:14:10
[INFO] [stdout]   17:     0x563d39c11783 - dummy::dummystdtests::bach_module_std_fire_test_for_dummy::hb166418dbf0be71f
[INFO] [stdout]                                at /opt/rustwide/workdir/modules/dummy/src/lib.rs:14:10
[INFO] [stdout]   18:     0x563d39c116fa - dummy::dummystdtests::bach_module_std_fire_test_for_dummy::{{closure}}::h2f5f71a9a8dfba4c
[INFO] [stdout]                                at /opt/rustwide/workdir/modules/dummy/src/lib.rs:14:10
[INFO] [stdout]   19:     0x563d39c1534e - core::ops::function::FnOnce::call_once::h9d49c1f25afe6dc9
[INFO] [stdout]                                at /rustc/a178d0322ce20e33eac124758e837cbd80a6f633/library/core/src/ops/function.rs:227:5
[INFO] [stdout]   20:     0x563d39c49ca3 - core::ops::function::FnOnce::call_once::h152e7e439ff59e19
[INFO] [stdout]                                at /rustc/a178d0322ce20e33eac124758e837cbd80a6f633/library/core/src/ops/function.rs:227:5
[INFO] [stdout]   21:     0x563d39c49ca3 - test::__rust_begin_short_backtrace::h0908f3b1fdbb72ab
[INFO] [stdout]                                at /rustc/a178d0322ce20e33eac124758e837cbd80a6f633/library/test/src/lib.rs:577:5
[INFO] [stdout]   22:     0x563d39c48760 - <alloc::boxed::Box<F,A> as core::ops::function::FnOnce<Args>>::call_once::hf6d2a51e5587546c
[INFO] [stdout]                                at /rustc/a178d0322ce20e33eac124758e837cbd80a6f633/library/alloc/src/boxed.rs:1575:9
[INFO] [stdout]   23:     0x563d39c48760 - <std::panic::AssertUnwindSafe<F> as core::ops::function::FnOnce<()>>::call_once::h8af660f3a89ef593
[INFO] [stdout]                                at /rustc/a178d0322ce20e33eac124758e837cbd80a6f633/library/std/src/panic.rs:347:9
[INFO] [stdout]   24:     0x563d39c48760 - std::panicking::try::do_call::hd36aef60f84b6d36
[INFO] [stdout]                                at /rustc/a178d0322ce20e33eac124758e837cbd80a6f633/library/std/src/panicking.rs:401:40
[INFO] [stdout]   25:     0x563d39c48760 - std::panicking::try::h9932b4480e69817c
[INFO] [stdout]                                at /rustc/a178d0322ce20e33eac124758e837cbd80a6f633/library/std/src/panicking.rs:365:19
[INFO] [stdout]   26:     0x563d39c48760 - std::panic::catch_unwind::h6aa177099cfff5f8
[INFO] [stdout]                                at /rustc/a178d0322ce20e33eac124758e837cbd80a6f633/library/std/src/panic.rs:434:14
[INFO] [stdout]   27:     0x563d39c48760 - test::run_test_in_process::h5884d6f2d99e20c3
[INFO] [stdout]                                at /rustc/a178d0322ce20e33eac124758e837cbd80a6f633/library/test/src/lib.rs:600:18
[INFO] [stdout]   28:     0x563d39c48760 - test::run_test::run_test_inner::{{closure}}::h6fdc58c6d5f5b6e3
[INFO] [stdout]                                at /rustc/a178d0322ce20e33eac124758e837cbd80a6f633/library/test/src/lib.rs:492:39
[INFO] [stdout]   29:     0x563d39c21e12 - test::run_test::run_test_inner::{{closure}}::h408365d67a78ade8
[INFO] [stdout]                                at /rustc/a178d0322ce20e33eac124758e837cbd80a6f633/library/test/src/lib.rs:519:37
[INFO] [stdout]   30:     0x563d39c21e12 - std::sys_common::backtrace::__rust_begin_short_backtrace::hb560b77c4f701523
[INFO] [stdout]                                at /rustc/a178d0322ce20e33eac124758e837cbd80a6f633/library/std/src/sys_common/backtrace.rs:125:18
[INFO] [stdout]   31:     0x563d39c259c8 - std::thread::Builder::spawn_unchecked::{{closure}}::{{closure}}::hf2e7831dad93c597
[INFO] [stdout]                                at /rustc/a178d0322ce20e33eac124758e837cbd80a6f633/library/std/src/thread/mod.rs:481:17
[INFO] [stdout]   32:     0x563d39c259c8 - <std::panic::AssertUnwindSafe<F> as core::ops::function::FnOnce<()>>::call_once::hd2e08783d8be4d02
[INFO] [stdout]                                at /rustc/a178d0322ce20e33eac124758e837cbd80a6f633/library/std/src/panic.rs:347:9
[INFO] [stdout]   33:     0x563d39c259c8 - std::panicking::try::do_call::h062597b7acfd6b82
[INFO] [stdout]                                at /rustc/a178d0322ce20e33eac124758e837cbd80a6f633/library/std/src/panicking.rs:401:40
[INFO] [stdout]   34:     0x563d39c259c8 - std::panicking::try::h0d7b79db04c14552
[INFO] [stdout]                                at /rustc/a178d0322ce20e33eac124758e837cbd80a6f633/library/std/src/panicking.rs:365:19
[INFO] [stdout]   35:     0x563d39c259c8 - std::panic::catch_unwind::hb01a0b5e7c8cd43b
[INFO] [stdout]                                at /rustc/a178d0322ce20e33eac124758e837cbd80a6f633/library/std/src/panic.rs:434:14
[INFO] [stdout]   36:     0x563d39c259c8 - std::thread::Builder::spawn_unchecked::{{closure}}::h5bde48cc887e0d1e
[INFO] [stdout]                                at /rustc/a178d0322ce20e33eac124758e837cbd80a6f633/library/std/src/thread/mod.rs:480:30
[INFO] [stdout]   37:     0x563d39c259c8 - core::ops::function::FnOnce::call_once{{vtable.shim}}::h745ea30807a29e55
[INFO] [stdout]                                at /rustc/a178d0322ce20e33eac124758e837cbd80a6f633/library/core/src/ops/function.rs:227:5
[INFO] [stdout]   38:     0x563d39c896b7 - <alloc::boxed::Box<F,A> as core::ops::function::FnOnce<Args>>::call_once::h7ece6cfefaff1005
[INFO] [stdout]                                at /rustc/a178d0322ce20e33eac124758e837cbd80a6f633/library/alloc/src/boxed.rs:1575:9
[INFO] [stdout]   39:     0x563d39c896b7 - <alloc::boxed::Box<F,A> as core::ops::function::FnOnce<Args>>::call_once::hb8b48e55c21f193e
[INFO] [stdout]                                at /rustc/a178d0322ce20e33eac124758e837cbd80a6f633/library/alloc/src/boxed.rs:1575:9
[INFO] [stdout]   40:     0x563d39c896b7 - std::sys::unix::thread::Thread::new::thread_start::h8c7c4450dba62914
[INFO] [stdout]                                at /rustc/a178d0322ce20e33eac124758e837cbd80a6f633/library/std/src/sys/unix/thread.rs:71:17
[INFO] [stdout]   41:     0x7f900990f609 - start_thread
[INFO] [stdout]   42:     0x7f90096e1293 - clone
[INFO] [stdout]   43:                0x0 - <unknown>
[INFO] [stdout] 
[INFO] [stdout] 
[INFO] [stdout] failures:
[INFO] [stdout]     dummystdtests::bach_module_std_fire_test_for_dummy
[INFO] [stdout] 
[INFO] [stdout] test result: FAILED. 7 passed; 1 failed; 0 ignored; 0 measured; 0 filtered out; finished in 3.00s
[INFO] [stdout] 
[INFO] [stderr] error: test failed, to rerun pass '-p dummy --lib'
[INFO] running `Command { std: "docker" "inspect" "8cabefbab93e7ea7700e2ac7b4f7f8869925ae156ed735ab52d346a536ea3672", kill_on_drop: false }`
[INFO] running `Command { std: "docker" "rm" "-f" "8cabefbab93e7ea7700e2ac7b4f7f8869925ae156ed735ab52d346a536ea3672", kill_on_drop: false }`
[INFO] [stdout] 8cabefbab93e7ea7700e2ac7b4f7f8869925ae156ed735ab52d346a536ea3672
