[INFO] cloning repository https://github.com/airof98/ch
[INFO] running `Command { std: "git" "-c" "credential.helper=" "-c" "credential.helper=/workspace/cargo-home/bin/git-credential-null" "clone" "--bare" "https://github.com/airof98/ch" "/workspace/cache/git-repos/https%3A%2F%2Fgithub.com%2Fairof98%2Fch", kill_on_drop: false }`
[INFO] [stderr] Cloning into bare repository '/workspace/cache/git-repos/https%3A%2F%2Fgithub.com%2Fairof98%2Fch'...
[INFO] running `Command { std: "git" "rev-parse" "HEAD", kill_on_drop: false }`
[INFO] [stdout] 2e264243a9daa2042927ebac3cc9d4c682698747
[INFO] testing airof98/ch against 1.54.0 for beta-1.55-1
[INFO] running `Command { std: "git" "clone" "/workspace/cache/git-repos/https%3A%2F%2Fgithub.com%2Fairof98%2Fch" "/workspace/builds/worker-15/source", kill_on_drop: false }`
[INFO] [stderr] Cloning into '/workspace/builds/worker-15/source'...
[INFO] [stderr] done.
[INFO] validating manifest of git repo https://github.com/airof98/ch on toolchain 1.54.0
[INFO] running `Command { std: "/workspace/cargo-home/bin/cargo" "+1.54.0" "metadata" "--manifest-path" "Cargo.toml" "--no-deps", kill_on_drop: false }`
[INFO] started tweaking git repo https://github.com/airof98/ch
[INFO] finished tweaking git repo https://github.com/airof98/ch
[INFO] tweaked toml for git repo https://github.com/airof98/ch written to /workspace/builds/worker-15/source/Cargo.toml
[INFO] crate git repo https://github.com/airof98/ch already has a lockfile, it will not be regenerated
[INFO] running `Command { std: "/workspace/cargo-home/bin/cargo" "+1.54.0" "fetch" "--manifest-path" "Cargo.toml", kill_on_drop: false }`
[INFO] [stderr]     Blocking waiting for file lock on package cache
[INFO] running `Command { std: "docker" "create" "-v" "/var/lib/crater-agent-workspace/builds/worker-15/target:/opt/rustwide/target:rw,Z" "-v" "/var/lib/crater-agent-workspace/builds/worker-15/source:/opt/rustwide/workdir:ro,Z" "-v" "/var/lib/crater-agent-workspace/cargo-home:/opt/rustwide/cargo-home:ro,Z" "-v" "/var/lib/crater-agent-workspace/rustup-home:/opt/rustwide/rustup-home:ro,Z" "-e" "SOURCE_DIR=/opt/rustwide/workdir" "-e" "CARGO_TARGET_DIR=/opt/rustwide/target" "-e" "CARGO_HOME=/opt/rustwide/cargo-home" "-e" "RUSTUP_HOME=/opt/rustwide/rustup-home" "-w" "/opt/rustwide/workdir" "-m" "1610612736" "--user" "0:0" "--network" "none" "ghcr.io/rust-lang/crates-build-env/linux@sha256:34b6a614d2c27851fe6cbf88fbd1137609cefab8b10d0615aaeb6fd47975d74e" "/opt/rustwide/cargo-home/bin/cargo" "+1.54.0" "metadata" "--no-deps" "--format-version=1", kill_on_drop: false }`
[INFO] [stdout] 80485f8c528316b6b6a6779fe459cbfe130dab5e281e96a2675b122558d83662
[INFO] running `Command { std: "docker" "start" "-a" "80485f8c528316b6b6a6779fe459cbfe130dab5e281e96a2675b122558d83662", kill_on_drop: false }`
[INFO] running `Command { std: "docker" "inspect" "80485f8c528316b6b6a6779fe459cbfe130dab5e281e96a2675b122558d83662", kill_on_drop: false }`
[INFO] running `Command { std: "docker" "rm" "-f" "80485f8c528316b6b6a6779fe459cbfe130dab5e281e96a2675b122558d83662", kill_on_drop: false }`
[INFO] [stdout] 80485f8c528316b6b6a6779fe459cbfe130dab5e281e96a2675b122558d83662
[INFO] running `Command { std: "docker" "create" "-v" "/var/lib/crater-agent-workspace/builds/worker-15/target:/opt/rustwide/target:rw,Z" "-v" "/var/lib/crater-agent-workspace/builds/worker-15/source:/opt/rustwide/workdir:ro,Z" "-v" "/var/lib/crater-agent-workspace/cargo-home:/opt/rustwide/cargo-home:ro,Z" "-v" "/var/lib/crater-agent-workspace/rustup-home:/opt/rustwide/rustup-home:ro,Z" "-e" "SOURCE_DIR=/opt/rustwide/workdir" "-e" "CARGO_TARGET_DIR=/opt/rustwide/target" "-e" "CARGO_INCREMENTAL=0" "-e" "RUST_BACKTRACE=full" "-e" "RUSTFLAGS=--cap-lints=warn" "-e" "CARGO_HOME=/opt/rustwide/cargo-home" "-e" "RUSTUP_HOME=/opt/rustwide/rustup-home" "-w" "/opt/rustwide/workdir" "-m" "1610612736" "--user" "0:0" "--network" "none" "ghcr.io/rust-lang/crates-build-env/linux@sha256:34b6a614d2c27851fe6cbf88fbd1137609cefab8b10d0615aaeb6fd47975d74e" "/opt/rustwide/cargo-home/bin/cargo" "+1.54.0" "build" "--frozen" "--message-format=json", kill_on_drop: false }`
[INFO] [stdout] 3e7e2e6f92e38c2db5a777267d3cf0df612c97f792079a455296335b8142ac3b
[INFO] running `Command { std: "docker" "start" "-a" "3e7e2e6f92e38c2db5a777267d3cf0df612c97f792079a455296335b8142ac3b", kill_on_drop: false }`
[INFO] [stderr]    Compiling num-traits v0.1.41
[INFO] [stderr]    Compiling rayon-core v1.3.0
[INFO] [stderr]    Compiling either v1.4.0
[INFO] [stderr]    Compiling scopeguard v0.3.3
[INFO] [stderr]    Compiling unicode-width v0.1.4
[INFO] [stderr]    Compiling memchr v1.0.2
[INFO] [stderr]    Compiling ansi_term v0.10.2
[INFO] [stderr]    Compiling vec_map v0.8.0
[INFO] [stderr]    Compiling strsim v0.6.0
[INFO] [stderr]    Compiling bitflags v1.0.1
[INFO] [stderr]    Compiling serde v1.0.26
[INFO] [stderr]    Compiling ordslice v0.2.0
[INFO] [stderr]    Compiling take_mut v0.2.0
[INFO] [stderr]    Compiling rand v0.3.19
[INFO] [stderr]    Compiling num_cpus v1.8.0
[INFO] [stderr]    Compiling atty v0.2.6
[INFO] [stderr]    Compiling backtrace-sys v0.1.16
[INFO] [stderr]    Compiling serde_derive_internals v0.18.1
[INFO] [stderr]    Compiling backtrace v0.3.4
[INFO] [stderr]    Compiling csv-core v0.1.3
[INFO] [stderr]    Compiling textwrap v0.9.0
[INFO] [stderr]    Compiling coco v0.1.1
[INFO] [stderr]    Compiling error-chain v0.11.0
[INFO] [stderr]    Compiling clap v2.29.0
[INFO] [stderr]    Compiling num-integer v0.1.35
[INFO] [stderr]    Compiling num-complex v0.1.41
[INFO] [stderr]    Compiling num-iter v0.1.34
[INFO] [stderr]    Compiling num-bigint v0.1.41
[INFO] [stderr]    Compiling serde_derive v1.0.26
[INFO] [stderr]    Compiling rayon v0.9.0
[INFO] [stderr]    Compiling num-rational v0.1.40
[INFO] [stderr]    Compiling num v0.1.41
[INFO] [stderr]    Compiling stopwatch v0.0.7
[INFO] [stderr]    Compiling csv v1.0.0-beta.5
[INFO] [stderr]    Compiling ch v0.1.0 (/opt/rustwide/workdir)
[INFO] [stdout] warning: unnecessary trailing semicolon
[INFO] [stdout]    --> src/ch.rs:677:14
[INFO] [stdout]     |
[INFO] [stdout] 677 |             };
[INFO] [stdout]     |              ^ help: remove this semicolon
[INFO] [stdout]     |
[INFO] [stdout]     = note: `#[warn(redundant_semicolons)]` on by default
[INFO] [stdout] 
[INFO] [stdout] 
[INFO] [stdout] warning: use of deprecated function `std::mem::uninitialized`: use `mem::MaybeUninit` instead
[INFO] [stdout]    --> src/lib.rs:265:49
[INFO] [stdout]     |
[INFO] [stdout] 265 |         forget(transmute::<IdxNodeKey, [u8; 4]>(uninitialized()));
[INFO] [stdout]     |                                                 ^^^^^^^^^^^^^
[INFO] [stdout]     |
[INFO] [stdout]     = note: `#[warn(deprecated)]` on by default
[INFO] [stdout] 
[INFO] [stdout] 
[INFO] [stdout] warning: use of deprecated function `std::mem::uninitialized`: use `mem::MaybeUninit` instead
[INFO] [stdout]    --> src/lib.rs:266:46
[INFO] [stdout]     |
[INFO] [stdout] 266 |         forget(transmute::<IdxLink, [u8; 8]>(uninitialized()));
[INFO] [stdout]     |                                              ^^^^^^^^^^^^^
[INFO] [stdout] 
[INFO] [stdout] 
[INFO] [stdout] warning: use of deprecated function `std::mem::uninitialized`: use `mem::MaybeUninit` instead
[INFO] [stdout]    --> src/lib.rs:269:13
[INFO] [stdout]     |
[INFO] [stdout] 269 |             uninitialized(),
[INFO] [stdout]     |             ^^^^^^^^^^^^^
[INFO] [stdout] 
[INFO] [stdout] 
[INFO] [stdout] warning: use of deprecated function `std::mem::uninitialized`: use `mem::MaybeUninit` instead
[INFO] [stdout]    --> src/ch.rs:742:46
[INFO] [stdout]     |
[INFO] [stdout] 742 |         forget(transmute::<CHEntry, [u8; 8]>(uninitialized()));
[INFO] [stdout]     |                                              ^^^^^^^^^^^^^
[INFO] [stdout] 
[INFO] [stdout] 
[INFO] [stdout] warning: use of deprecated function `std::mem::uninitialized`: use `mem::MaybeUninit` instead
[INFO] [stdout]    --> src/ch.rs:743:53
[INFO] [stdout]     |
[INFO] [stdout] 743 |         forget(transmute::<CHContraction, [u8; 16]>(uninitialized()));
[INFO] [stdout]     |                                                     ^^^^^^^^^^^^^
[INFO] [stdout] 
[INFO] [stdout] 
[INFO] [stdout] warning: use of deprecated associated function `std::error::Error::description`: use the Display impl or to_string()
[INFO] [stdout]   --> src/lib.rs:29:5
[INFO] [stdout]    |
[INFO] [stdout] 29 | /     error_chain! {
[INFO] [stdout] 30 | |         foreign_links {
[INFO] [stdout] 31 | |             De(::serde::de::value::Error);
[INFO] [stdout] 32 | |             Csv(::csv::Error);
[INFO] [stdout] 33 | |         }
[INFO] [stdout] 34 | |     }
[INFO] [stdout]    | |_____^
[INFO] [stdout]    |
[INFO] [stdout]    = note: this warning originates in the macro `impl_error_chain_processed` (in Nightly builds, run with -Z macro-backtrace for more info)
[INFO] [stdout] 
[INFO] [stdout] 
[INFO] [stdout] warning: use of deprecated associated function `std::error::Error::cause`: replaced by Error::source, which can support downcasting
[INFO] [stdout]   --> src/lib.rs:29:5
[INFO] [stdout]    |
[INFO] [stdout] 29 | /     error_chain! {
[INFO] [stdout] 30 | |         foreign_links {
[INFO] [stdout] 31 | |             De(::serde::de::value::Error);
[INFO] [stdout] 32 | |             Csv(::csv::Error);
[INFO] [stdout] 33 | |         }
[INFO] [stdout] 34 | |     }
[INFO] [stdout]    | |_____^
[INFO] [stdout]    |
[INFO] [stdout]    = note: this warning originates in the macro `impl_error_chain_processed` (in Nightly builds, run with -Z macro-backtrace for more info)
[INFO] [stdout] 
[INFO] [stdout] 
[INFO] [stdout] warning: 8 warnings emitted
[INFO] [stdout] 
[INFO] [stdout] 
[INFO] [stderr]     Finished dev [unoptimized + debuginfo] target(s) in 13.68s
[INFO] running `Command { std: "docker" "inspect" "3e7e2e6f92e38c2db5a777267d3cf0df612c97f792079a455296335b8142ac3b", kill_on_drop: false }`
[INFO] running `Command { std: "docker" "rm" "-f" "3e7e2e6f92e38c2db5a777267d3cf0df612c97f792079a455296335b8142ac3b", kill_on_drop: false }`
[INFO] [stdout] 3e7e2e6f92e38c2db5a777267d3cf0df612c97f792079a455296335b8142ac3b
[INFO] running `Command { std: "docker" "create" "-v" "/var/lib/crater-agent-workspace/builds/worker-15/target:/opt/rustwide/target:rw,Z" "-v" "/var/lib/crater-agent-workspace/builds/worker-15/source:/opt/rustwide/workdir:ro,Z" "-v" "/var/lib/crater-agent-workspace/cargo-home:/opt/rustwide/cargo-home:ro,Z" "-v" "/var/lib/crater-agent-workspace/rustup-home:/opt/rustwide/rustup-home:ro,Z" "-e" "SOURCE_DIR=/opt/rustwide/workdir" "-e" "CARGO_TARGET_DIR=/opt/rustwide/target" "-e" "CARGO_INCREMENTAL=0" "-e" "RUST_BACKTRACE=full" "-e" "RUSTFLAGS=--cap-lints=warn" "-e" "CARGO_HOME=/opt/rustwide/cargo-home" "-e" "RUSTUP_HOME=/opt/rustwide/rustup-home" "-w" "/opt/rustwide/workdir" "-m" "1610612736" "--user" "0:0" "--network" "none" "ghcr.io/rust-lang/crates-build-env/linux@sha256:34b6a614d2c27851fe6cbf88fbd1137609cefab8b10d0615aaeb6fd47975d74e" "/opt/rustwide/cargo-home/bin/cargo" "+1.54.0" "test" "--frozen" "--no-run" "--message-format=json", kill_on_drop: false }`
[INFO] [stdout] abe6dc368f88fe6e1340fbe7598953f77a6b2906d477f627e7af9b6e7196b504
[INFO] running `Command { std: "docker" "start" "-a" "abe6dc368f88fe6e1340fbe7598953f77a6b2906d477f627e7af9b6e7196b504", kill_on_drop: false }`
[INFO] [stderr]     Blocking waiting for file lock on package cache
[INFO] [stdout] warning: unnecessary trailing semicolon
[INFO] [stdout]    --> src/ch.rs:677:14
[INFO] [stdout]     |
[INFO] [stdout] 677 |             };
[INFO] [stdout]     |              ^ help: remove this semicolon
[INFO] [stdout]     |
[INFO] [stdout]     = note: `#[warn(redundant_semicolons)]` on by default
[INFO] [stdout] 
[INFO] [stdout] 
[INFO] [stdout] warning: use of deprecated function `std::mem::uninitialized`: use `mem::MaybeUninit` instead
[INFO] [stdout]    --> src/lib.rs:265:49
[INFO] [stdout]     |
[INFO] [stdout] 265 |         forget(transmute::<IdxNodeKey, [u8; 4]>(uninitialized()));
[INFO] [stdout]     |                                                 ^^^^^^^^^^^^^
[INFO] [stdout]     |
[INFO] [stdout]     = note: `#[warn(deprecated)]` on by default
[INFO] [stdout] 
[INFO] [stdout] 
[INFO] [stdout] warning: use of deprecated function `std::mem::uninitialized`: use `mem::MaybeUninit` instead
[INFO] [stdout]    --> src/lib.rs:266:46
[INFO] [stdout]     |
[INFO] [stdout] 266 |         forget(transmute::<IdxLink, [u8; 8]>(uninitialized()));
[INFO] [stdout]     |                                              ^^^^^^^^^^^^^
[INFO] [stdout] 
[INFO] [stdout] 
[INFO] [stdout] warning: use of deprecated function `std::mem::uninitialized`: use `mem::MaybeUninit` instead
[INFO] [stdout]    --> src/lib.rs:269:13
[INFO] [stdout]     |
[INFO] [stdout] 269 |             uninitialized(),
[INFO] [stdout]     |             ^^^^^^^^^^^^^
[INFO] [stdout] 
[INFO] [stdout] 
[INFO] [stdout] warning: use of deprecated function `std::mem::uninitialized`: use `mem::MaybeUninit` instead
[INFO] [stdout]    --> src/ch.rs:742:46
[INFO] [stdout]     |
[INFO] [stdout] 742 |         forget(transmute::<CHEntry, [u8; 8]>(uninitialized()));
[INFO] [stdout]     |                                              ^^^^^^^^^^^^^
[INFO] [stdout] 
[INFO] [stdout] 
[INFO] [stdout] warning: use of deprecated function `std::mem::uninitialized`: use `mem::MaybeUninit` instead
[INFO] [stdout]    --> src/ch.rs:743:53
[INFO] [stdout]     |
[INFO] [stdout] 743 |         forget(transmute::<CHContraction, [u8; 16]>(uninitialized()));
[INFO] [stdout]     |                                                     ^^^^^^^^^^^^^
[INFO] [stdout] 
[INFO] [stdout] 
[INFO] [stdout] warning: use of deprecated associated function `std::error::Error::description`: use the Display impl or to_string()
[INFO] [stdout]   --> src/lib.rs:29:5
[INFO] [stdout]    |
[INFO] [stdout] 29 | /     error_chain! {
[INFO] [stdout] 30 | |         foreign_links {
[INFO] [stdout] 31 | |             De(::serde::de::value::Error);
[INFO] [stdout] 32 | |             Csv(::csv::Error);
[INFO] [stdout] 33 | |         }
[INFO] [stdout] 34 | |     }
[INFO] [stdout]    | |_____^
[INFO] [stdout]    |
[INFO] [stdout]    = note: this warning originates in the macro `impl_error_chain_processed` (in Nightly builds, run with -Z macro-backtrace for more info)
[INFO] [stdout] 
[INFO] [stdout] 
[INFO] [stderr]    Compiling ch v0.1.0 (/opt/rustwide/workdir)
[INFO] [stdout] warning: use of deprecated associated function `std::error::Error::cause`: replaced by Error::source, which can support downcasting
[INFO] [stdout]   --> src/lib.rs:29:5
[INFO] [stdout]    |
[INFO] [stdout] 29 | /     error_chain! {
[INFO] [stdout] 30 | |         foreign_links {
[INFO] [stdout] 31 | |             De(::serde::de::value::Error);
[INFO] [stdout] 32 | |             Csv(::csv::Error);
[INFO] [stdout] 33 | |         }
[INFO] [stdout] 34 | |     }
[INFO] [stdout]    | |_____^
[INFO] [stdout]    |
[INFO] [stdout]    = note: this warning originates in the macro `impl_error_chain_processed` (in Nightly builds, run with -Z macro-backtrace for more info)
[INFO] [stdout] 
[INFO] [stdout] 
[INFO] [stdout] warning: 8 warnings emitted
[INFO] [stdout] 
[INFO] [stdout] 
[INFO] [stdout] warning: unnecessary trailing semicolon
[INFO] [stdout]    --> src/ch.rs:677:14
[INFO] [stdout]     |
[INFO] [stdout] 677 |             };
[INFO] [stdout]     |              ^ help: remove this semicolon
[INFO] [stdout]     |
[INFO] [stdout]     = note: `#[warn(redundant_semicolons)]` on by default
[INFO] [stdout] 
[INFO] [stdout] 
[INFO] [stdout] warning: use of deprecated function `std::mem::uninitialized`: use `mem::MaybeUninit` instead
[INFO] [stdout]    --> src/lib.rs:265:49
[INFO] [stdout]     |
[INFO] [stdout] 265 |         forget(transmute::<IdxNodeKey, [u8; 4]>(uninitialized()));
[INFO] [stdout]     |                                                 ^^^^^^^^^^^^^
[INFO] [stdout]     |
[INFO] [stdout]     = note: `#[warn(deprecated)]` on by default
[INFO] [stdout] 
[INFO] [stdout] 
[INFO] [stdout] warning: use of deprecated function `std::mem::uninitialized`: use `mem::MaybeUninit` instead
[INFO] [stdout]    --> src/lib.rs:266:46
[INFO] [stdout]     |
[INFO] [stdout] 266 |         forget(transmute::<IdxLink, [u8; 8]>(uninitialized()));
[INFO] [stdout]     |                                              ^^^^^^^^^^^^^
[INFO] [stdout] 
[INFO] [stdout] 
[INFO] [stdout] warning: use of deprecated function `std::mem::uninitialized`: use `mem::MaybeUninit` instead
[INFO] [stdout]    --> src/lib.rs:269:13
[INFO] [stdout]     |
[INFO] [stdout] 269 |             uninitialized(),
[INFO] [stdout]     |             ^^^^^^^^^^^^^
[INFO] [stdout] 
[INFO] [stdout] 
[INFO] [stdout] warning: use of deprecated function `std::mem::uninitialized`: use `mem::MaybeUninit` instead
[INFO] [stdout]    --> src/ch.rs:742:46
[INFO] [stdout]     |
[INFO] [stdout] 742 |         forget(transmute::<CHEntry, [u8; 8]>(uninitialized()));
[INFO] [stdout]     |                                              ^^^^^^^^^^^^^
[INFO] [stdout] 
[INFO] [stdout] 
[INFO] [stdout] warning: use of deprecated function `std::mem::uninitialized`: use `mem::MaybeUninit` instead
[INFO] [stdout]    --> src/ch.rs:743:53
[INFO] [stdout]     |
[INFO] [stdout] 743 |         forget(transmute::<CHContraction, [u8; 16]>(uninitialized()));
[INFO] [stdout]     |                                                     ^^^^^^^^^^^^^
[INFO] [stdout] 
[INFO] [stdout] 
[INFO] [stdout] warning: use of deprecated associated function `std::error::Error::description`: use the Display impl or to_string()
[INFO] [stdout]   --> src/lib.rs:29:5
[INFO] [stdout]    |
[INFO] [stdout] 29 | /     error_chain! {
[INFO] [stdout] 30 | |         foreign_links {
[INFO] [stdout] 31 | |             De(::serde::de::value::Error);
[INFO] [stdout] 32 | |             Csv(::csv::Error);
[INFO] [stdout] 33 | |         }
[INFO] [stdout] 34 | |     }
[INFO] [stdout]    | |_____^
[INFO] [stdout]    |
[INFO] [stdout]    = note: this warning originates in the macro `impl_error_chain_processed` (in Nightly builds, run with -Z macro-backtrace for more info)
[INFO] [stdout] 
[INFO] [stdout] 
[INFO] [stdout] warning: use of deprecated associated function `std::error::Error::cause`: replaced by Error::source, which can support downcasting
[INFO] [stdout]   --> src/lib.rs:29:5
[INFO] [stdout]    |
[INFO] [stdout] 29 | /     error_chain! {
[INFO] [stdout] 30 | |         foreign_links {
[INFO] [stdout] 31 | |             De(::serde::de::value::Error);
[INFO] [stdout] 32 | |             Csv(::csv::Error);
[INFO] [stdout] 33 | |         }
[INFO] [stdout] 34 | |     }
[INFO] [stdout]    | |_____^
[INFO] [stdout]    |
[INFO] [stdout]    = note: this warning originates in the macro `impl_error_chain_processed` (in Nightly builds, run with -Z macro-backtrace for more info)
[INFO] [stdout] 
[INFO] [stdout] 
[INFO] [stdout] warning: 8 warnings emitted
[INFO] [stdout] 
[INFO] [stdout] 
[INFO] [stderr]     Finished test [unoptimized + debuginfo] target(s) in 11.24s
[INFO] running `Command { std: "docker" "inspect" "abe6dc368f88fe6e1340fbe7598953f77a6b2906d477f627e7af9b6e7196b504", kill_on_drop: false }`
[INFO] running `Command { std: "docker" "rm" "-f" "abe6dc368f88fe6e1340fbe7598953f77a6b2906d477f627e7af9b6e7196b504", kill_on_drop: false }`
[INFO] [stdout] abe6dc368f88fe6e1340fbe7598953f77a6b2906d477f627e7af9b6e7196b504
[INFO] running `Command { std: "docker" "create" "-v" "/var/lib/crater-agent-workspace/builds/worker-15/target:/opt/rustwide/target:rw,Z" "-v" "/var/lib/crater-agent-workspace/builds/worker-15/source:/opt/rustwide/workdir:ro,Z" "-v" "/var/lib/crater-agent-workspace/cargo-home:/opt/rustwide/cargo-home:ro,Z" "-v" "/var/lib/crater-agent-workspace/rustup-home:/opt/rustwide/rustup-home:ro,Z" "-e" "SOURCE_DIR=/opt/rustwide/workdir" "-e" "CARGO_TARGET_DIR=/opt/rustwide/target" "-e" "CARGO_INCREMENTAL=0" "-e" "RUST_BACKTRACE=full" "-e" "RUSTFLAGS=--cap-lints=warn" "-e" "CARGO_HOME=/opt/rustwide/cargo-home" "-e" "RUSTUP_HOME=/opt/rustwide/rustup-home" "-w" "/opt/rustwide/workdir" "-m" "1610612736" "--user" "0:0" "--network" "none" "ghcr.io/rust-lang/crates-build-env/linux@sha256:34b6a614d2c27851fe6cbf88fbd1137609cefab8b10d0615aaeb6fd47975d74e" "/opt/rustwide/cargo-home/bin/cargo" "+1.54.0" "test" "--frozen", kill_on_drop: false }`
[INFO] [stdout] e2ee5c009ff38b5e088ea879e78a4e23ab80997ce16172c8b86d376c3d44282b
[INFO] running `Command { std: "docker" "start" "-a" "e2ee5c009ff38b5e088ea879e78a4e23ab80997ce16172c8b86d376c3d44282b", kill_on_drop: false }`
[INFO] [stdout] 
[INFO] [stderr] warning: unnecessary trailing semicolon
[INFO] [stdout] running 2 tests
[INFO] [stderr]    --> src/ch.rs:677:14
[INFO] [stderr]     |
[INFO] [stderr] 677 |             };
[INFO] [stderr]     |              ^ help: remove this semicolon
[INFO] [stderr]     |
[INFO] [stderr]     = note: `#[warn(redundant_semicolons)]` on by default
[INFO] [stderr] 
[INFO] [stderr] warning: use of deprecated function `std::mem::uninitialized`: use `mem::MaybeUninit` instead
[INFO] [stderr]    --> src/lib.rs:265:49
[INFO] [stderr]     |
[INFO] [stderr] 265 |         forget(transmute::<IdxNodeKey, [u8; 4]>(uninitialized()));
[INFO] [stderr]     |                                                 ^^^^^^^^^^^^^
[INFO] [stderr]     |
[INFO] [stderr]     = note: `#[warn(deprecated)]` on by default
[INFO] [stderr] 
[INFO] [stderr] warning: use of deprecated function `std::mem::uninitialized`: use `mem::MaybeUninit` instead
[INFO] [stderr]    --> src/lib.rs:266:46
[INFO] [stderr]     |
[INFO] [stderr] 266 |         forget(transmute::<IdxLink, [u8; 8]>(uninitialized()));
[INFO] [stderr]     |                                              ^^^^^^^^^^^^^
[INFO] [stderr] 
[INFO] [stderr] warning: use of deprecated function `std::mem::uninitialized`: use `mem::MaybeUninit` instead
[INFO] [stderr]    --> src/lib.rs:269:13
[INFO] [stderr]     |
[INFO] [stderr] 269 |             uninitialized(),
[INFO] [stderr]     |             ^^^^^^^^^^^^^
[INFO] [stderr] 
[INFO] [stderr] warning: use of deprecated function `std::mem::uninitialized`: use `mem::MaybeUninit` instead
[INFO] [stderr]    --> src/ch.rs:742:46
[INFO] [stderr]     |
[INFO] [stderr] 742 |         forget(transmute::<CHEntry, [u8; 8]>(uninitialized()));
[INFO] [stderr]     |                                              ^^^^^^^^^^^^^
[INFO] [stderr] 
[INFO] [stderr] warning: use of deprecated function `std::mem::uninitialized`: use `mem::MaybeUninit` instead
[INFO] [stderr]    --> src/ch.rs:743:53
[INFO] [stderr]     |
[INFO] [stderr] 743 |         forget(transmute::<CHContraction, [u8; 16]>(uninitialized()));
[INFO] [stderr]     |                                                     ^^^^^^^^^^^^^
[INFO] [stderr] 
[INFO] [stderr] warning: use of deprecated associated function `std::error::Error::description`: use the Display impl or to_string()
[INFO] [stderr]   --> src/lib.rs:29:5
[INFO] [stderr]    |
[INFO] [stderr] 29 | /     error_chain! {
[INFO] [stderr] 30 | |         foreign_links {
[INFO] [stderr] 31 | |             De(::serde::de::value::Error);
[INFO] [stderr] 32 | |             Csv(::csv::Error);
[INFO] [stderr] 33 | |         }
[INFO] [stderr] 34 | |     }
[INFO] [stderr]    | |_____^
[INFO] [stderr]    |
[INFO] [stderr]    = note: this warning originates in the macro `impl_error_chain_processed` (in Nightly builds, run with -Z macro-backtrace for more info)
[INFO] [stderr] 
[INFO] [stderr] warning: use of deprecated associated function `std::error::Error::cause`: replaced by Error::source, which can support downcasting
[INFO] [stderr]   --> src/lib.rs:29:5
[INFO] [stderr]    |
[INFO] [stderr] 29 | /     error_chain! {
[INFO] [stderr] 30 | |         foreign_links {
[INFO] [stderr] 31 | |             De(::serde::de::value::Error);
[INFO] [stderr] 32 | |             Csv(::csv::Error);
[INFO] [stderr] 33 | |         }
[INFO] [stderr] 34 | |     }
[INFO] [stderr]    | |_____^
[INFO] [stderr]    |
[INFO] [stderr]    = note: this warning originates in the macro `impl_error_chain_processed` (in Nightly builds, run with -Z macro-backtrace for more info)
[INFO] [stderr] 
[INFO] [stderr] warning: 8 warnings emitted
[INFO] [stderr] 
[INFO] [stderr] warning: unnecessary trailing semicolon
[INFO] [stderr]    --> src/ch.rs:677:14
[INFO] [stderr]     |
[INFO] [stderr] 677 |             };
[INFO] [stderr]     |              ^ help: remove this semicolon
[INFO] [stderr]     |
[INFO] [stderr]     = note: `#[warn(redundant_semicolons)]` on by default
[INFO] [stderr] 
[INFO] [stderr] warning: use of deprecated function `std::mem::uninitialized`: use `mem::MaybeUninit` instead
[INFO] [stderr]    --> src/lib.rs:265:49
[INFO] [stderr]     |
[INFO] [stderr] 265 |         forget(transmute::<IdxNodeKey, [u8; 4]>(uninitialized()));
[INFO] [stderr]     |                                                 ^^^^^^^^^^^^^
[INFO] [stderr]     |
[INFO] [stderr]     = note: `#[warn(deprecated)]` on by default
[INFO] [stderr] 
[INFO] [stderr] warning: use of deprecated function `std::mem::uninitialized`: use `mem::MaybeUninit` instead
[INFO] [stderr]    --> src/lib.rs:266:46
[INFO] [stderr]     |
[INFO] [stderr] 266 |         forget(transmute::<IdxLink, [u8; 8]>(uninitialized()));
[INFO] [stderr]     |                                              ^^^^^^^^^^^^^
[INFO] [stderr] 
[INFO] [stderr] warning: use of deprecated function `std::mem::uninitialized`: use `mem::MaybeUninit` instead
[INFO] [stderr]    --> src/lib.rs:269:13
[INFO] [stderr]     |
[INFO] [stderr] 269 |             uninitialized(),
[INFO] [stderr]     |             ^^^^^^^^^^^^^
[INFO] [stderr] 
[INFO] [stderr] warning: use of deprecated function `std::mem::uninitialized`: use `mem::MaybeUninit` instead
[INFO] [stderr]    --> src/ch.rs:742:46
[INFO] [stderr]     |
[INFO] [stderr] 742 |         forget(transmute::<CHEntry, [u8; 8]>(uninitialized()));
[INFO] [stderr]     |                                              ^^^^^^^^^^^^^
[INFO] [stderr] 
[INFO] [stderr] warning: use of deprecated function `std::mem::uninitialized`: use `mem::MaybeUninit` instead
[INFO] [stderr]    --> src/ch.rs:743:53
[INFO] [stderr]     |
[INFO] [stderr] 743 |         forget(transmute::<CHContraction, [u8; 16]>(uninitialized()));
[INFO] [stderr]     |                                                     ^^^^^^^^^^^^^
[INFO] [stderr] 
[INFO] [stderr] warning: use of deprecated associated function `std::error::Error::description`: use the Display impl or to_string()
[INFO] [stderr]   --> src/lib.rs:29:5
[INFO] [stderr]    |
[INFO] [stderr] 29 | /     error_chain! {
[INFO] [stderr] 30 | |         foreign_links {
[INFO] [stderr] 31 | |             De(::serde::de::value::Error);
[INFO] [stderr] 32 | |             Csv(::csv::Error);
[INFO] [stderr] 33 | |         }
[INFO] [stderr] 34 | |     }
[INFO] [stderr]    | |_____^
[INFO] [stderr]    |
[INFO] [stderr]    = note: this warning originates in the macro `impl_error_chain_processed` (in Nightly builds, run with -Z macro-backtrace for more info)
[INFO] [stderr] 
[INFO] [stderr] warning: use of deprecated associated function `std::error::Error::cause`: replaced by Error::source, which can support downcasting
[INFO] [stderr]   --> src/lib.rs:29:5
[INFO] [stderr]    |
[INFO] [stderr] 29 | /     error_chain! {
[INFO] [stderr] 30 | |         foreign_links {
[INFO] [stderr] 31 | |             De(::serde::de::value::Error);
[INFO] [stderr] 32 | |             Csv(::csv::Error);
[INFO] [stderr] 33 | |         }
[INFO] [stderr] 34 | |     }
[INFO] [stderr]    | |_____^
[INFO] [stderr]    |
[INFO] [stderr]    = note: this warning originates in the macro `impl_error_chain_processed` (in Nightly builds, run with -Z macro-backtrace for more info)
[INFO] [stderr] 
[INFO] [stderr] warning: 8 warnings emitted
[INFO] [stderr] 
[INFO] [stderr]     Finished test [unoptimized + debuginfo] target(s) in 0.04s
[INFO] [stderr]      Running unittests (/opt/rustwide/target/debug/deps/ch-a4eebe78b1beeac3)
[INFO] [stdout] test tests::test_run_walk ... FAILED
[INFO] [stdout] test tests::test_run_car ... FAILED
[INFO] [stdout] 
[INFO] [stdout] failures:
[INFO] [stdout] 
[INFO] [stdout] ---- tests::test_run_walk stdout ----
[INFO] [stdout] thread 'tests::test_run_walk' panicked at 'called `Result::unwrap()` on an `Err` value: Error(Csv(Error(Io(Os { code: 2, kind: NotFound, message: "No such file or directory" }))), State { next_error: None, backtrace: Some(stack backtrace:
[INFO] [stdout]    0:     0x559bfab839fd - backtrace::backtrace::libunwind::trace::h2bfa053721e3461a
[INFO] [stdout]                         at /opt/rustwide/cargo-home/registry/src/github.com-1ecc6299db9ec823/backtrace-0.3.4/src/backtrace/libunwind.rs:53
[INFO] [stdout]                          - backtrace::backtrace::trace::h2d2ea7d725a7f80b
[INFO] [stdout]                         at /opt/rustwide/cargo-home/registry/src/github.com-1ecc6299db9ec823/backtrace-0.3.4/src/backtrace/mod.rs:42
[INFO] [stdout]    1:     0x559bfab812df - backtrace::capture::Backtrace::new_unresolved::h46a4de7d7b9e22e7
[INFO] [stdout]                         at /opt/rustwide/cargo-home/registry/src/github.com-1ecc6299db9ec823/backtrace-0.3.4/src/capture.rs:88
[INFO] [stdout]    2:     0x559bfab81266 - backtrace::capture::Backtrace::new::hc0bd4688aa1a39eb
[INFO] [stdout]                         at /opt/rustwide/cargo-home/registry/src/github.com-1ecc6299db9ec823/backtrace-0.3.4/src/capture.rs:63
[INFO] [stdout]    3:     0x559bfab79944 - error_chain::make_backtrace::hf27af3751604e063
[INFO] [stdout]                         at /opt/rustwide/cargo-home/registry/src/github.com-1ecc6299db9ec823/error-chain-0.11.0/src/lib.rs:616
[INFO] [stdout]    4:     0x559bfab7998e - <error_chain::State as core::default::Default>::default::hed876a86b348d6e6
[INFO] [stdout]                         at /opt/rustwide/cargo-home/registry/src/github.com-1ecc6299db9ec823/error-chain-0.11.0/src/lib.rs:710
[INFO] [stdout]    5:     0x559bfaabb5ab - ch::errors::Error::from_kind::hf01ea7594bb77be6
[INFO] [stdout]                         at /opt/rustwide/cargo-home/registry/src/github.com-1ecc6299db9ec823/error-chain-0.11.0/src/error_chain.rs:125
[INFO] [stdout]    6:     0x559bfaabb658 - <ch::errors::Error as core::convert::From<csv::error::Error>>::from::hd54118f74859fb11
[INFO] [stdout]                         at /opt/rustwide/cargo-home/registry/src/github.com-1ecc6299db9ec823/error-chain-0.11.0/src/error_chain.rs:217
[INFO] [stdout]    7:     0x559bfaa8b499 - core::ops::function::FnOnce::call_once::hf290a51168239310
[INFO] [stdout]                         at /rustc/a178d0322ce20e33eac124758e837cbd80a6f633/library/core/src/ops/function.rs:227
[INFO] [stdout]    8:     0x559bfaa6c2e1 - core::result::Result<T,E>::map_err::hfc5b4aa1458e18d0
[INFO] [stdout]                         at /rustc/a178d0322ce20e33eac124758e837cbd80a6f633/library/core/src/result.rs:591
[INFO] [stdout]    9:     0x559bfaa9d619 - ch::decode_csv::hd3d7d6544528b10c
[INFO] [stdout]                         at src/lib.rs:61
[INFO] [stdout]   10:     0x559bfaab5c61 - ch::network::walk::Network::from_path::hd7c45ad31f8ba60d
[INFO] [stdout]                         at src/network/walk.rs:87
[INFO] [stdout]   11:     0x559bfaa9dd86 - ch::run::h45132d7c5fbf04e9
[INFO] [stdout]                         at src/lib.rs:96
[INFO] [stdout]   12:     0x559bfaad5f95 - ch::tests::test_run_walk::h28c36a239e2b3e4c
[INFO] [stdout]                         at src/lib.rs:251
[INFO] [stdout]   13:     0x559bfaad5f79 - ch::tests::test_run_walk::{{closure}}::h087dbef36254484b
[INFO] [stdout]                         at src/lib.rs:250
[INFO] [stdout]   14:     0x559bfaa8b3fd - core::ops::function::FnOnce::call_once::hcd320da669aa1780
[INFO] [stdout]                         at /rustc/a178d0322ce20e33eac124758e837cbd80a6f633/library/core/src/ops/function.rs:227
[INFO] [stdout]   15:     0x559bfab1f3b2 - core::ops::function::FnOnce::call_once::h152e7e439ff59e19
[INFO] [stdout]                         at /rustc/a178d0322ce20e33eac124758e837cbd80a6f633/library/core/src/ops/function.rs:227
[INFO] [stdout]                          - test::__rust_begin_short_backtrace::h0908f3b1fdbb72ab
[INFO] [stdout]                         at library/test/src/lib.rs:577
[INFO] [stdout]   16:     0x559bfab1de6f - <alloc::boxed::Box<F,A> as core::ops::function::FnOnce<Args>>::call_once::hf6d2a51e5587546c
[INFO] [stdout]                         at /rustc/a178d0322ce20e33eac124758e837cbd80a6f633/library/alloc/src/boxed.rs:1575
[INFO] [stdout]                          - <std::panic::AssertUnwindSafe<F> as core::ops::function::FnOnce<()>>::call_once::h8af660f3a89ef593
[INFO] [stdout]                         at /rustc/a178d0322ce20e33eac124758e837cbd80a6f633/library/std/src/panic.rs:347
[INFO] [stdout]                          - std::panicking::try::do_call::hd36aef60f84b6d36
[INFO] [stdout]                         at /rustc/a178d0322ce20e33eac124758e837cbd80a6f633/library/std/src/panicking.rs:401
[INFO] [stdout]                          - std::panicking::try::h9932b4480e69817c
[INFO] [stdout]                         at /rustc/a178d0322ce20e33eac124758e837cbd80a6f633/library/std/src/panicking.rs:365
[INFO] [stdout]                          - std::panic::catch_unwind::h6aa177099cfff5f8
[INFO] [stdout]                         at /rustc/a178d0322ce20e33eac124758e837cbd80a6f633/library/std/src/panic.rs:434
[INFO] [stdout]                          - test::run_test_in_process::h5884d6f2d99e20c3
[INFO] [stdout]                         at library/test/src/lib.rs:600
[INFO] [stdout]                          - test::run_test::run_test_inner::{{closure}}::h6fdc58c6d5f5b6e3
[INFO] [stdout]                         at library/test/src/lib.rs:492
[INFO] [stdout]   17:     0x559bfaaf7521 - test::run_test::run_test_inner::{{closure}}::h408365d67a78ade8
[INFO] [stdout]                         at library/test/src/lib.rs:519
[INFO] [stdout]                          - std::sys_common::backtrace::__rust_begin_short_backtrace::hb560b77c4f701523
[INFO] [stdout]                         at /rustc/a178d0322ce20e33eac124758e837cbd80a6f633/library/std/src/sys_common/backtrace.rs:125
[INFO] [stdout]   18:     0x559bfaafb0d7 - std::thread::Builder::spawn_unchecked::{{closure}}::{{closure}}::hf2e7831dad93c597
[INFO] [stdout]                         at /rustc/a178d0322ce20e33eac124758e837cbd80a6f633/library/std/src/thread/mod.rs:481
[INFO] [stdout]                          - <std::panic::AssertUnwindSafe<F> as core::ops::function::FnOnce<()>>::call_once::hd2e08783d8be4d02
[INFO] [stdout]                         at /rustc/a178d0322ce20e33eac124758e837cbd80a6f633/library/std/src/panic.rs:347
[INFO] [stdout]                          - std::panicking::try::do_call::h062597b7acfd6b82
[INFO] [stdout]                         at /rustc/a178d0322ce20e33eac124758e837cbd80a6f633/library/std/src/panicking.rs:401
[INFO] [stdout]                          - std::panicking::try::h0d7b79db04c14552
[INFO] [stdout]                         at /rustc/a178d0322ce20e33eac124758e837cbd80a6f633/library/std/src/panicking.rs:365
[INFO] [stdout]                          - std::panic::catch_unwind::hb01a0b5e7c8cd43b
[INFO] [stdout]                         at /rustc/a178d0322ce20e33eac124758e837cbd80a6f633/library/std/src/panic.rs:434
[INFO] [stdout]                          - std::thread::Builder::spawn_unchecked::{{closure}}::h5bde48cc887e0d1e
[INFO] [stdout]                         at /rustc/a178d0322ce20e33eac124758e837cbd80a6f633/library/std/src/thread/mod.rs:480
[INFO] [stdout]                          - core::ops::function::FnOnce::call_once{{vtable.shim}}::h745ea30807a29e55
[INFO] [stdout]                         at /rustc/a178d0322ce20e33eac124758e837cbd80a6f633/library/core/src/ops/function.rs:227
[INFO] [stdout]   19:     0x559bfabbe076 - <alloc::boxed::Box<F,A> as core::ops::function::FnOnce<Args>>::call_once::h7ece6cfefaff1005
[INFO] [stdout]                         at /rustc/a178d0322ce20e33eac124758e837cbd80a6f633/library/alloc/src/boxed.rs:1575
[INFO] [stdout]                          - <alloc::boxed::Box<F,A> as core::ops::function::FnOnce<Args>>::call_once::hb8b48e55c21f193e
[INFO] [stdout]                         at /rustc/a178d0322ce20e33eac124758e837cbd80a6f633/library/alloc/src/boxed.rs:1575
[INFO] [stdout]                          - std::sys::unix::thread::Thread::new::thread_start::h8c7c4450dba62914
[INFO] [stdout]                         at library/std/src/sys/unix/thread.rs:71
[INFO] [stdout]   20:     0x7f05e23c8608 - start_thread
[INFO] [stdout]   21:     0x7f05e219a292 - __clone
[INFO] [stdout]   22:                0x0 - <unknown>) })', src/lib.rs:96:53
[INFO] [stdout] stack backtrace:
[INFO] [stdout]    0:     0x559bfabb6bd0 - std::backtrace_rs::backtrace::libunwind::trace::h34055254b57d8e79
[INFO] [stdout]                                at /rustc/a178d0322ce20e33eac124758e837cbd80a6f633/library/std/src/../../backtrace/src/backtrace/libunwind.rs:90:5
[INFO] [stdout]    1:     0x559bfabb6bd0 - std::backtrace_rs::backtrace::trace_unsynchronized::h8f1e3fbd9afff6ec
[INFO] [stdout]                                at /rustc/a178d0322ce20e33eac124758e837cbd80a6f633/library/std/src/../../backtrace/src/backtrace/mod.rs:66:5
[INFO] [stdout]    2:     0x559bfabb6bd0 - std::sys_common::backtrace::_print_fmt::h3a99a796b770c360
[INFO] [stdout]                                at /rustc/a178d0322ce20e33eac124758e837cbd80a6f633/library/std/src/sys_common/backtrace.rs:67:5
[INFO] [stdout]    3:     0x559bfabb6bd0 - <std::sys_common::backtrace::_print::DisplayBacktrace as core::fmt::Display>::fmt::h32d1f94a80615d18
[INFO] [stdout]                                at /rustc/a178d0322ce20e33eac124758e837cbd80a6f633/library/std/src/sys_common/backtrace.rs:46:22
[INFO] [stdout]    4:     0x559bfabd957c - core::fmt::write::h306731c068f7162c
[INFO] [stdout]                                at /rustc/a178d0322ce20e33eac124758e837cbd80a6f633/library/core/src/fmt/mod.rs:1110:17
[INFO] [stdout]    5:     0x559bfabb36b5 - std::io::Write::write_fmt::h87f19b0a2cd190bc
[INFO] [stdout]                                at /rustc/a178d0322ce20e33eac124758e837cbd80a6f633/library/std/src/io/mod.rs:1588:15
[INFO] [stdout]    6:     0x559bfabb8d8b - std::sys_common::backtrace::_print::h5abaa2601a852287
[INFO] [stdout]                                at /rustc/a178d0322ce20e33eac124758e837cbd80a6f633/library/std/src/sys_common/backtrace.rs:49:5
[INFO] [stdout]    7:     0x559bfabb8d8b - std::sys_common::backtrace::print::h8d81445442bb638f
[INFO] [stdout]                                at /rustc/a178d0322ce20e33eac124758e837cbd80a6f633/library/std/src/sys_common/backtrace.rs:36:9
[INFO] [stdout]    8:     0x559bfabb8d8b - std::panicking::default_hook::{{closure}}::hcfe804496a9fa747
[INFO] [stdout]                                at /rustc/a178d0322ce20e33eac124758e837cbd80a6f633/library/std/src/panicking.rs:208:50
[INFO] [stdout]    9:     0x559bfabb889c - std::panicking::default_hook::hbea8e3ccf2ba8901
[INFO] [stdout]                                at /rustc/a178d0322ce20e33eac124758e837cbd80a6f633/library/std/src/panicking.rs:222:9
[INFO] [stdout]   10:     0x559bfabb9454 - std::panicking::rust_panic_with_hook::h7ee9e1a2d0f8975a
[INFO] [stdout]                                at /rustc/a178d0322ce20e33eac124758e837cbd80a6f633/library/std/src/panicking.rs:622:17
[INFO] [stdout]   11:     0x559bfabb8f37 - std::panicking::begin_panic_handler::{{closure}}::h8ab3b4491718b2c7
[INFO] [stdout]                                at /rustc/a178d0322ce20e33eac124758e837cbd80a6f633/library/std/src/panicking.rs:519:13
[INFO] [stdout]   12:     0x559bfabb70cc - std::sys_common::backtrace::__rust_end_short_backtrace::hd489062ffa586a9f
[INFO] [stdout]                                at /rustc/a178d0322ce20e33eac124758e837cbd80a6f633/library/std/src/sys_common/backtrace.rs:141:18
[INFO] [stdout]   13:     0x559bfabb8e99 - rust_begin_unwind
[INFO] [stdout]                                at /rustc/a178d0322ce20e33eac124758e837cbd80a6f633/library/std/src/panicking.rs:515:5
[INFO] [stdout]   14:     0x559bfaa3d711 - core::panicking::panic_fmt::hca6330e3e14086b4
[INFO] [stdout]                                at /rustc/a178d0322ce20e33eac124758e837cbd80a6f633/library/core/src/panicking.rs:92:14
[INFO] [stdout]   15:     0x559bfaa3d803 - core::result::unwrap_failed::h6160d2b4bfbb0e87
[INFO] [stdout]                                at /rustc/a178d0322ce20e33eac124758e837cbd80a6f633/library/core/src/result.rs:1355:5
[INFO] [stdout]   16:     0x559bfaa6b1d6 - core::result::Result<T,E>::unwrap::h12e92b14881063dc
[INFO] [stdout]                                at /rustc/a178d0322ce20e33eac124758e837cbd80a6f633/library/core/src/result.rs:1037:23
[INFO] [stdout]   17:     0x559bfaa9dda3 - ch::run::h45132d7c5fbf04e9
[INFO] [stdout]                                at /opt/rustwide/workdir/src/lib.rs:96:19
[INFO] [stdout]   18:     0x559bfaad5f96 - ch::tests::test_run_walk::h28c36a239e2b3e4c
[INFO] [stdout]                                at /opt/rustwide/workdir/src/lib.rs:251:9
[INFO] [stdout]   19:     0x559bfaad5f7a - ch::tests::test_run_walk::{{closure}}::h087dbef36254484b
[INFO] [stdout]                                at /opt/rustwide/workdir/src/lib.rs:250:5
[INFO] [stdout]   20:     0x559bfaa8b3fe - core::ops::function::FnOnce::call_once::hcd320da669aa1780
[INFO] [stdout]                                at /rustc/a178d0322ce20e33eac124758e837cbd80a6f633/library/core/src/ops/function.rs:227:5
[INFO] [stdout]   21:     0x559bfab1f3b3 - core::ops::function::FnOnce::call_once::h152e7e439ff59e19
[INFO] [stdout]                                at /rustc/a178d0322ce20e33eac124758e837cbd80a6f633/library/core/src/ops/function.rs:227:5
[INFO] [stdout]   22:     0x559bfab1f3b3 - test::__rust_begin_short_backtrace::h0908f3b1fdbb72ab
[INFO] [stdout]                                at /rustc/a178d0322ce20e33eac124758e837cbd80a6f633/library/test/src/lib.rs:577:5
[INFO] [stdout]   23:     0x559bfab1de70 - <alloc::boxed::Box<F,A> as core::ops::function::FnOnce<Args>>::call_once::hf6d2a51e5587546c
[INFO] [stdout]                                at /rustc/a178d0322ce20e33eac124758e837cbd80a6f633/library/alloc/src/boxed.rs:1575:9
[INFO] [stdout]   24:     0x559bfab1de70 - <std::panic::AssertUnwindSafe<F> as core::ops::function::FnOnce<()>>::call_once::h8af660f3a89ef593
[INFO] [stdout]                                at /rustc/a178d0322ce20e33eac124758e837cbd80a6f633/library/std/src/panic.rs:347:9
[INFO] [stdout]   25:     0x559bfab1de70 - std::panicking::try::do_call::hd36aef60f84b6d36
[INFO] [stdout]                                at /rustc/a178d0322ce20e33eac124758e837cbd80a6f633/library/std/src/panicking.rs:401:40
[INFO] [stdout]   26:     0x559bfab1de70 - std::panicking::try::h9932b4480e69817c
[INFO] [stdout]                                at /rustc/a178d0322ce20e33eac124758e837cbd80a6f633/library/std/src/panicking.rs:365:19
[INFO] [stdout]   27:     0x559bfab1de70 - std::panic::catch_unwind::h6aa177099cfff5f8
[INFO] [stdout]                                at /rustc/a178d0322ce20e33eac124758e837cbd80a6f633/library/std/src/panic.rs:434:14
[INFO] [stdout]   28:     0x559bfab1de70 - test::run_test_in_process::h5884d6f2d99e20c3
[INFO] [stdout]                                at /rustc/a178d0322ce20e33eac124758e837cbd80a6f633/library/test/src/lib.rs:600:18
[INFO] [stdout]   29:     0x559bfab1de70 - test::run_test::run_test_inner::{{closure}}::h6fdc58c6d5f5b6e3
[INFO] [stdout]                                at /rustc/a178d0322ce20e33eac124758e837cbd80a6f633/library/test/src/lib.rs:492:39
[INFO] [stdout]   30:     0x559bfaaf7522 - test::run_test::run_test_inner::{{closure}}::h408365d67a78ade8
[INFO] [stdout]                                at /rustc/a178d0322ce20e33eac124758e837cbd80a6f633/library/test/src/lib.rs:519:37
[INFO] [stdout]   31:     0x559bfaaf7522 - std::sys_common::backtrace::__rust_begin_short_backtrace::hb560b77c4f701523
[INFO] [stdout]                                at /rustc/a178d0322ce20e33eac124758e837cbd80a6f633/library/std/src/sys_common/backtrace.rs:125:18
[INFO] [stdout]   32:     0x559bfaafb0d8 - std::thread::Builder::spawn_unchecked::{{closure}}::{{closure}}::hf2e7831dad93c597
[INFO] [stdout]                                at /rustc/a178d0322ce20e33eac124758e837cbd80a6f633/library/std/src/thread/mod.rs:481:17
[INFO] [stdout]   33:     0x559bfaafb0d8 - <std::panic::AssertUnwindSafe<F> as core::ops::function::FnOnce<()>>::call_once::hd2e08783d8be4d02
[INFO] [stdout]                                at /rustc/a178d0322ce20e33eac124758e837cbd80a6f633/library/std/src/panic.rs:347:9
[INFO] [stdout]   34:     0x559bfaafb0d8 - std::panicking::try::do_call::h062597b7acfd6b82
[INFO] [stdout]                                at /rustc/a178d0322ce20e33eac124758e837cbd80a6f633/library/std/src/panicking.rs:401:40
[INFO] [stdout]   35:     0x559bfaafb0d8 - std::panicking::try::h0d7b79db04c14552
[INFO] [stdout]                                at /rustc/a178d0322ce20e33eac124758e837cbd80a6f633/library/std/src/panicking.rs:365:19
[INFO] [stdout]   36:     0x559bfaafb0d8 - std::panic::catch_unwind::hb01a0b5e7c8cd43b
[INFO] [stdout]                                at /rustc/a178d0322ce20e33eac124758e837cbd80a6f633/library/std/src/panic.rs:434:14
[INFO] [stdout]   37:     0x559bfaafb0d8 - std::thread::Builder::spawn_unchecked::{{closure}}::h5bde48cc887e0d1e
[INFO] [stdout]                                at /rustc/a178d0322ce20e33eac124758e837cbd80a6f633/library/std/src/thread/mod.rs:480:30
[INFO] [stdout]   38:     0x559bfaafb0d8 - core::ops::function::FnOnce::call_once{{vtable.shim}}::h745ea30807a29e55
[INFO] [stdout]                                at /rustc/a178d0322ce20e33eac124758e837cbd80a6f633/library/core/src/ops/function.rs:227:5
[INFO] [stdout]   39:     0x559bfabbe077 - <alloc::boxed::Box<F,A> as core::ops::function::FnOnce<Args>>::call_once::h7ece6cfefaff1005
[INFO] [stdout]                                at /rustc/a178d0322ce20e33eac124758e837cbd80a6f633/library/alloc/src/boxed.rs:1575:9
[INFO] [stdout]   40:     0x559bfabbe077 - <alloc::boxed::Box<F,A> as core::ops::function::FnOnce<Args>>::call_once::hb8b48e55c21f193e
[INFO] [stdout]                                at /rustc/a178d0322ce20e33eac124758e837cbd80a6f633/library/alloc/src/boxed.rs:1575:9
[INFO] [stdout]   41:     0x559bfabbe077 - std::sys::unix::thread::Thread::new::thread_start::h8c7c4450dba62914
[INFO] [stdout]                                at /rustc/a178d0322ce20e33eac124758e837cbd80a6f633/library/std/src/sys/unix/thread.rs:71:17
[INFO] [stdout]   42:     0x7f05e23c8609 - start_thread
[INFO] [stdout]   43:     0x7f05e219a293 - clone
[INFO] [stdout]   44:                0x0 - <unknown>
[INFO] [stdout] 
[INFO] [stdout] ---- tests::test_run_car stdout ----
[INFO] [stdout] thread 'tests::test_run_car' panicked at 'called `Result::unwrap()` on an `Err` value: Error(Csv(Error(Io(Os { code: 2, kind: NotFound, message: "No such file or directory" }))), State { next_error: None, backtrace: Some(stack backtrace:
[INFO] [stdout]    0:     0x559bfab839fd - backtrace::backtrace::libunwind::trace::h2bfa053721e3461a
[INFO] [stdout]                         at /opt/rustwide/cargo-home/registry/src/github.com-1ecc6299db9ec823/backtrace-0.3.4/src/backtrace/libunwind.rs:53
[INFO] [stdout]                          - backtrace::backtrace::trace::h2d2ea7d725a7f80b
[INFO] [stdout]                         at /opt/rustwide/cargo-home/registry/src/github.com-1ecc6299db9ec823/backtrace-0.3.4/src/backtrace/mod.rs:42
[INFO] [stdout]    1:     0x559bfab812df - backtrace::capture::Backtrace::new_unresolved::h46a4de7d7b9e22e7
[INFO] [stdout]                         at /opt/rustwide/cargo-home/registry/src/github.com-1ecc6299db9ec823/backtrace-0.3.4/src/capture.rs:88
[INFO] [stdout]    2:     0x559bfab81266 - backtrace::capture::Backtrace::new::hc0bd4688aa1a39eb
[INFO] [stdout]                         at /opt/rustwide/cargo-home/registry/src/github.com-1ecc6299db9ec823/backtrace-0.3.4/src/capture.rs:63
[INFO] [stdout]    3:     0x559bfab79944 - error_chain::make_backtrace::hf27af3751604e063
[INFO] [stdout]                         at /opt/rustwide/cargo-home/registry/src/github.com-1ecc6299db9ec823/error-chain-0.11.0/src/lib.rs:616
[INFO] [stdout]    4:     0x559bfab7998e - <error_chain::State as core::default::Default>::default::hed876a86b348d6e6
[INFO] [stdout]                         at /opt/rustwide/cargo-home/registry/src/github.com-1ecc6299db9ec823/error-chain-0.11.0/src/lib.rs:710
[INFO] [stdout]    5:     0x559bfaabb5ab - ch::errors::Error::from_kind::hf01ea7594bb77be6
[INFO] [stdout]                         at /opt/rustwide/cargo-home/registry/src/github.com-1ecc6299db9ec823/error-chain-0.11.0/src/error_chain.rs:125
[INFO] [stdout]    6:     0x559bfaabb658 - <ch::errors::Error as core::convert::From<csv::error::Error>>::from::hd54118f74859fb11
[INFO] [stdout]                         at /opt/rustwide/cargo-home/registry/src/github.com-1ecc6299db9ec823/error-chain-0.11.0/src/error_chain.rs:217
[INFO] [stdout]    7:     0x559bfaa8b499 - core::ops::function::FnOnce::call_once::hf290a51168239310
[INFO] [stdout]                         at /rustc/a178d0322ce20e33eac124758e837cbd80a6f633/library/core/src/ops/function.rs:227
[INFO] [stdout]    8:     0x559bfaa6c2e1 - core::result::Result<T,E>::map_err::hfc5b4aa1458e18d0
[INFO] [stdout]                         at /rustc/a178d0322ce20e33eac124758e837cbd80a6f633/library/core/src/result.rs:591
[INFO] [stdout]    9:     0x559bfaa9bef9 - ch::decode_csv::h9526f15995d46c89
[INFO] [stdout]                         at src/lib.rs:61
[INFO] [stdout]   10:     0x559bfaa7fa71 - ch::network::road::Network::from_path::h8589f5144db69f08
[INFO] [stdout]                         at src/network/road.rs:154
[INFO] [stdout]   11:     0x559bfaa9ee7c - ch::run_car::hf478dacfb857d29f
[INFO] [stdout]                         at src/lib.rs:171
[INFO] [stdout]   12:     0x559bfaad5fc5 - ch::tests::test_run_car::h55812f0e4f587fcf
[INFO] [stdout]                         at src/lib.rs:256
[INFO] [stdout]   13:     0x559bfaad5fa9 - ch::tests::test_run_car::{{closure}}::hed5b77c2bd695cb0
[INFO] [stdout]                         at src/lib.rs:255
[INFO] [stdout]   14:     0x559bfaa8b2fd - core::ops::function::FnOnce::call_once::h949176c0d875e165
[INFO] [stdout]                         at /rustc/a178d0322ce20e33eac124758e837cbd80a6f633/library/core/src/ops/function.rs:227
[INFO] [stdout]   15:     0x559bfab1f3b2 - core::ops::function::FnOnce::call_once::h152e7e439ff59e19
[INFO] [stdout]                         at /rustc/a178d0322ce20e33eac124758e837cbd80a6f633/library/core/src/ops/function.rs:227
[INFO] [stdout]                          - test::__rust_begin_short_backtrace::h0908f3b1fdbb72ab
[INFO] [stdout]                         at library/test/src/lib.rs:577
[INFO] [stdout]   16:     0x559bfab1de6f - <alloc::boxed::Box<F,A> as core::ops::function::FnOnce<Args>>::call_once::hf6d2a51e5587546c
[INFO] [stdout]                         at /rustc/a178d0322ce20e33eac124758e837cbd80a6f633/library/alloc/src/boxed.rs:1575
[INFO] [stdout]                          - <std::panic::AssertUnwindSafe<F> as core::ops::function::FnOnce<()>>::call_once::h8af660f3a89ef593
[INFO] [stdout]                         at /rustc/a178d0322ce20e33eac124758e837cbd80a6f633/library/std/src/panic.rs:347
[INFO] [stdout]                          - std::panicking::try::do_call::hd36aef60f84b6d36
[INFO] [stdout]                         at /rustc/a178d0322ce20e33eac124758e837cbd80a6f633/library/std/src/panicking.rs:401
[INFO] [stdout]                          - std::panicking::try::h9932b4480e69817c
[INFO] [stdout]                         at /rustc/a178d0322ce20e33eac124758e837cbd80a6f633/library/std/src/panicking.rs:365
[INFO] [stdout]                          - std::panic::catch_unwind::h6aa177099cfff5f8
[INFO] [stdout]                         at /rustc/a178d0322ce20e33eac124758e837cbd80a6f633/library/std/src/panic.rs:434
[INFO] [stdout]                          - test::run_test_in_process::h5884d6f2d99e20c3
[INFO] [stdout]                         at library/test/src/lib.rs:600
[INFO] [stdout]                          - test::run_test::run_test_inner::{{closure}}::h6fdc58c6d5f5b6e3
[INFO] [stdout]                         at library/test/src/lib.rs:492
[INFO] [stdout]   17:     0x559bfaaf7521 - test::run_test::run_test_inner::{{closure}}::h408365d67a78ade8
[INFO] [stdout]                         at library/test/src/lib.rs:519
[INFO] [stdout]                          - std::sys_common::backtrace::__rust_begin_short_backtrace::hb560b77c4f701523
[INFO] [stdout]                         at /rustc/a178d0322ce20e33eac124758e837cbd80a6f633/library/std/src/sys_common/backtrace.rs:125
[INFO] [stdout]   18:     0x559bfaafb0d7 - std::thread::Builder::spawn_unchecked::{{closure}}::{{closure}}::hf2e7831dad93c597
[INFO] [stdout]                         at /rustc/a178d0322ce20e33eac124758e837cbd80a6f633/library/std/src/thread/mod.rs:481
[INFO] [stdout]                          - <std::panic::AssertUnwindSafe<F> as core::ops::function::FnOnce<()>>::call_once::hd2e08783d8be4d02
[INFO] [stdout]                         at /rustc/a178d0322ce20e33eac124758e837cbd80a6f633/library/std/src/panic.rs:347
[INFO] [stdout]                          - std::panicking::try::do_call::h062597b7acfd6b82
[INFO] [stdout]                         at /rustc/a178d0322ce20e33eac124758e837cbd80a6f633/library/std/src/panicking.rs:401
[INFO] [stdout]                          - std::panicking::try::h0d7b79db04c14552
[INFO] [stdout]                         at /rustc/a178d0322ce20e33eac124758e837cbd80a6f633/library/std/src/panicking.rs:365
[INFO] [stdout]                          - std::panic::catch_unwind::hb01a0b5e7c8cd43b
[INFO] [stdout]                         at /rustc/a178d0322ce20e33eac124758e837cbd80a6f633/library/std/src/panic.rs:434
[INFO] [stdout]                          - std::thread::Builder::spawn_unchecked::{{closure}}::h5bde48cc887e0d1e
[INFO] [stdout]                         at /rustc/a178d0322ce20e33eac124758e837cbd80a6f633/library/std/src/thread/mod.rs:480
[INFO] [stdout]                          - core::ops::function::FnOnce::call_once{{vtable.shim}}::h745ea30807a29e55
[INFO] [stdout]                         at /rustc/a178d0322ce20e33eac124758e837cbd80a6f633/library/core/src/ops/function.rs:227
[INFO] [stdout]   19:     0x559bfabbe076 - <alloc::boxed::Box<F,A> as core::ops::function::FnOnce<Args>>::call_once::h7ece6cfefaff1005
[INFO] [stdout]                         at /rustc/a178d0322ce20e33eac124758e837cbd80a6f633/library/alloc/src/boxed.rs:1575
[INFO] [stdout]                          - <alloc::boxed::Box<F,A> as core::ops::function::FnOnce<Args>>::call_once::hb8b48e55c21f193e
[INFO] [stdout]                         at /rustc/a178d0322ce20e33eac124758e837cbd80a6f633/library/alloc/src/boxed.rs:1575
[INFO] [stdout]                          - std::sys::unix::thread::Thread::new::thread_start::h8c7c4450dba62914
[INFO] [stdout]                         at library/std/src/sys/unix/thread.rs:71
[INFO] [stdout]   20:     0x7f05e23c8608 - start_thread
[INFO] [stdout]   21:     0x7f05e219a292 - __clone
[INFO] [stdout]   22:                0x0 - <unknown>) })', src/lib.rs:171:52
[INFO] [stdout] stack backtrace:
[INFO] [stdout]    0:     0x559bfabb6bd0 - std::backtrace_rs::backtrace::libunwind::trace::h34055254b57d8e79
[INFO] [stdout]                                at /rustc/a178d0322ce20e33eac124758e837cbd80a6f633/library/std/src/../../backtrace/src/backtrace/libunwind.rs:90:5
[INFO] [stdout]    1:     0x559bfabb6bd0 - std::backtrace_rs::backtrace::trace_unsynchronized::h8f1e3fbd9afff6ec
[INFO] [stdout]                                at /rustc/a178d0322ce20e33eac124758e837cbd80a6f633/library/std/src/../../backtrace/src/backtrace/mod.rs:66:5
[INFO] [stdout]    2:     0x559bfabb6bd0 - std::sys_common::backtrace::_print_fmt::h3a99a796b770c360
[INFO] [stdout]                                at /rustc/a178d0322ce20e33eac124758e837cbd80a6f633/library/std/src/sys_common/backtrace.rs:67:5
[INFO] [stdout]    3:     0x559bfabb6bd0 - <std::sys_common::backtrace::_print::DisplayBacktrace as core::fmt::Display>::fmt::h32d1f94a80615d18
[INFO] [stdout]                                at /rustc/a178d0322ce20e33eac124758e837cbd80a6f633/library/std/src/sys_common/backtrace.rs:46:22
[INFO] [stdout]    4:     0x559bfabd957c - core::fmt::write::h306731c068f7162c
[INFO] [stdout]                                at /rustc/a178d0322ce20e33eac124758e837cbd80a6f633/library/core/src/fmt/mod.rs:1110:17
[INFO] [stdout]    5:     0x559bfabb36b5 - std::io::Write::write_fmt::h87f19b0a2cd190bc
[INFO] [stdout]                                at /rustc/a178d0322ce20e33eac124758e837cbd80a6f633/library/std/src/io/mod.rs:1588:15
[INFO] [stdout]    6:     0x559bfabb8d8b - std::sys_common::backtrace::_print::h5abaa2601a852287
[INFO] [stdout]                                at /rustc/a178d0322ce20e33eac124758e837cbd80a6f633/library/std/src/sys_common/backtrace.rs:49:5
[INFO] [stdout]    7:     0x559bfabb8d8b - std::sys_common::backtrace::print::h8d81445442bb638f
[INFO] [stdout]                                at /rustc/a178d0322ce20e33eac124758e837cbd80a6f633/library/std/src/sys_common/backtrace.rs:36:9
[INFO] [stdout]    8:     0x559bfabb8d8b - std::panicking::default_hook::{{closure}}::hcfe804496a9fa747
[INFO] [stdout]                                at /rustc/a178d0322ce20e33eac124758e837cbd80a6f633/library/std/src/panicking.rs:208:50
[INFO] [stdout]    9:     0x559bfabb889c - std::panicking::default_hook::hbea8e3ccf2ba8901
[INFO] [stdout]                                at /rustc/a178d0322ce20e33eac124758e837cbd80a6f633/library/std/src/panicking.rs:222:9
[INFO] [stdout]   10:     0x559bfabb9454 - std::panicking::rust_panic_with_hook::h7ee9e1a2d0f8975a
[INFO] [stdout]                                at /rustc/a178d0322ce20e33eac124758e837cbd80a6f633/library/std/src/panicking.rs:622:17
[INFO] [stdout]   11:     0x559bfabb8f37 - std::panicking::begin_panic_handler::{{closure}}::h8ab3b4491718b2c7
[INFO] [stdout]                                at /rustc/a178d0322ce20e33eac124758e837cbd80a6f633/library/std/src/panicking.rs:519:13
[INFO] [stdout]   12:     0x559bfabb70cc - std::sys_common::backtrace::__rust_end_short_backtrace::hd489062ffa586a9f
[INFO] [stdout]                                at /rustc/a178d0322ce20e33eac124758e837cbd80a6f633/library/std/src/sys_common/backtrace.rs:141:18
[INFO] [stdout]   13:     0x559bfabb8e99 - rust_begin_unwind
[INFO] [stdout]                                at /rustc/a178d0322ce20e33eac124758e837cbd80a6f633/library/std/src/panicking.rs:515:5
[INFO] [stdout]   14:     0x559bfaa3d711 - core::panicking::panic_fmt::hca6330e3e14086b4
[INFO] [stdout]                                at /rustc/a178d0322ce20e33eac124758e837cbd80a6f633/library/core/src/panicking.rs:92:14
[INFO] [stdout]   15:     0x559bfaa3d803 - core::result::unwrap_failed::h6160d2b4bfbb0e87
[INFO] [stdout]                                at /rustc/a178d0322ce20e33eac124758e837cbd80a6f633/library/core/src/result.rs:1355:5
[INFO] [stdout]   16:     0x559bfaa6b336 - core::result::Result<T,E>::unwrap::hfc0c5bd568276585
[INFO] [stdout]                                at /rustc/a178d0322ce20e33eac124758e837cbd80a6f633/library/core/src/result.rs:1037:23
[INFO] [stdout]   17:     0x559bfaa9ee99 - ch::run_car::hf478dacfb857d29f
[INFO] [stdout]                                at /opt/rustwide/workdir/src/lib.rs:171:19
[INFO] [stdout]   18:     0x559bfaad5fc6 - ch::tests::test_run_car::h55812f0e4f587fcf
[INFO] [stdout]                                at /opt/rustwide/workdir/src/lib.rs:256:9
[INFO] [stdout]   19:     0x559bfaad5faa - ch::tests::test_run_car::{{closure}}::hed5b77c2bd695cb0
[INFO] [stdout]                                at /opt/rustwide/workdir/src/lib.rs:255:5
[INFO] [stdout]   20:     0x559bfaa8b2fe - core::ops::function::FnOnce::call_once::h949176c0d875e165
[INFO] [stdout]                                at /rustc/a178d0322ce20e33eac124758e837cbd80a6f633/library/core/src/ops/function.rs:227:5
[INFO] [stdout]   21:     0x559bfab1f3b3 - core::ops::function::FnOnce::call_once::h152e7e439ff59e19
[INFO] [stdout]                                at /rustc/a178d0322ce20e33eac124758e837cbd80a6f633/library/core/src/ops/function.rs:227:5
[INFO] [stdout]   22:     0x559bfab1f3b3 - test::__rust_begin_short_backtrace::h0908f3b1fdbb72ab
[INFO] [stdout]                                at /rustc/a178d0322ce20e33eac124758e837cbd80a6f633/library/test/src/lib.rs:577:5
[INFO] [stdout]   23:     0x559bfab1de70 - <alloc::boxed::Box<F,A> as core::ops::function::FnOnce<Args>>::call_once::hf6d2a51e5587546c
[INFO] [stdout]                                at /rustc/a178d0322ce20e33eac124758e837cbd80a6f633/library/alloc/src/boxed.rs:1575:9
[INFO] [stdout]   24:     0x559bfab1de70 - <std::panic::AssertUnwindSafe<F> as core::ops::function::FnOnce<()>>::call_once::h8af660f3a89ef593
[INFO] [stdout]                                at /rustc/a178d0322ce20e33eac124758e837cbd80a6f633/library/std/src/panic.rs:347:9
[INFO] [stdout]   25:     0x559bfab1de70 - std::panicking::try::do_call::hd36aef60f84b6d36
[INFO] [stdout]                                at /rustc/a178d0322ce20e33eac124758e837cbd80a6f633/library/std/src/panicking.rs:401:40
[INFO] [stdout]   26:     0x559bfab1de70 - std::panicking::try::h9932b4480e69817c
[INFO] [stdout]                                at /rustc/a178d0322ce20e33eac124758e837cbd80a6f633/library/std/src/panicking.rs:365:19
[INFO] [stdout]   27:     0x559bfab1de70 - std::panic::catch_unwind::h6aa177099cfff5f8
[INFO] [stdout]                                at /rustc/a178d0322ce20e33eac124758e837cbd80a6f633/library/std/src/panic.rs:434:14
[INFO] [stdout]   28:     0x559bfab1de70 - test::run_test_in_process::h5884d6f2d99e20c3
[INFO] [stdout]                                at /rustc/a178d0322ce20e33eac124758e837cbd80a6f633/library/test/src/lib.rs:600:18
[INFO] [stdout]   29:     0x559bfab1de70 - test::run_test::run_test_inner::{{closure}}::h6fdc58c6d5f5b6e3
[INFO] [stdout]                                at /rustc/a178d0322ce20e33eac124758e837cbd80a6f633/library/test/src/lib.rs:492:39
[INFO] [stdout]   30:     0x559bfaaf7522 - test::run_test::run_test_inner::{{closure}}::h408365d67a78ade8
[INFO] [stdout]                                at /rustc/a178d0322ce20e33eac124758e837cbd80a6f633/library/test/src/lib.rs:519:37
[INFO] [stdout]   31:     0x559bfaaf7522 - std::sys_common::backtrace::__rust_begin_short_backtrace::hb560b77c4f701523
[INFO] [stdout]                                at /rustc/a178d0322ce20e33eac124758e837cbd80a6f633/library/std/src/sys_common/backtrace.rs:125:18
[INFO] [stdout]   32:     0x559bfaafb0d8 - std::thread::Builder::spawn_unchecked::{{closure}}::{{closure}}::hf2e7831dad93c597
[INFO] [stdout]                                at /rustc/a178d0322ce20e33eac124758e837cbd80a6f633/library/std/src/thread/mod.rs:481:17
[INFO] [stdout]   33:     0x559bfaafb0d8 - <std::panic::AssertUnwindSafe<F> as core::ops::function::FnOnce<()>>::call_once::hd2e08783d8be4d02
[INFO] [stdout]                                at /rustc/a178d0322ce20e33eac124758e837cbd80a6f633/library/std/src/panic.rs:347:9
[INFO] [stdout]   34:     0x559bfaafb0d8 - std::panicking::try::do_call::h062597b7acfd6b82
[INFO] [stdout]                                at /rustc/a178d0322ce20e33eac124758e837cbd80a6f633/library/std/src/panicking.rs:401:40
[INFO] [stdout]   35:     0x559bfaafb0d8 - std::panicking::try::h0d7b79db04c14552
[INFO] [stdout]                                at /rustc/a178d0322ce20e33eac124758e837cbd80a6f633/library/std/src/panicking.rs:365:19
[INFO] [stdout]   36:     0x559bfaafb0d8 - std::panic::catch_unwind::hb01a0b5e7c8cd43b
[INFO] [stdout]                                at /rustc/a178d0322ce20e33eac124758e837cbd80a6f633/library/std/src/panic.rs:434:14
[INFO] [stdout]   37:     0x559bfaafb0d8 - std::thread::Builder::spawn_unchecked::{{closure}}::h5bde48cc887e0d1e
[INFO] [stdout]                                at /rustc/a178d0322ce20e33eac124758e837cbd80a6f633/library/std/src/thread/mod.rs:480:30
[INFO] [stdout]   38:     0x559bfaafb0d8 - core::ops::function::FnOnce::call_once{{vtable.shim}}::h745ea30807a29e55
[INFO] [stdout]                                at /rustc/a178d0322ce20e33eac124758e837cbd80a6f633/library/core/src/ops/function.rs:227:5
[INFO] [stdout]   39:     0x559bfabbe077 - <alloc::boxed::Box<F,A> as core::ops::function::FnOnce<Args>>::call_once::h7ece6cfefaff1005
[INFO] [stdout]                                at /rustc/a178d0322ce20e33eac124758e837cbd80a6f633/library/alloc/src/boxed.rs:1575:9
[INFO] [stdout]   40:     0x559bfabbe077 - <alloc::boxed::Box<F,A> as core::ops::function::FnOnce<Args>>::call_once::hb8b48e55c21f193e
[INFO] [stdout]                                at /rustc/a178d0322ce20e33eac124758e837cbd80a6f633/library/alloc/src/boxed.rs:1575:9
[INFO] [stdout]   41:     0x559bfabbe077 - std::sys::unix::thread::Thread::new::thread_start::h8c7c4450dba62914
[INFO] [stdout]                                at /rustc/a178d0322ce20e33eac124758e837cbd80a6f633/library/std/src/sys/unix/thread.rs:71:17
[INFO] [stdout]   42:     0x7f05e23c8609 - start_thread
[INFO] [stdout]   43:     0x7f05e219a293 - clone
[INFO] [stdout]   44:                0x0 - <unknown>
[INFO] [stdout] 
[INFO] [stdout] 
[INFO] [stdout] failures:
[INFO] [stdout]     tests::test_run_car
[INFO] [stdout]     tests::test_run_walk
[INFO] [stdout] 
[INFO] [stdout] test result: FAILED. 0 passed; 2 failed; 0 ignored; 0 measured; 0 filtered out; finished in 0.22s
[INFO] [stdout] 
[INFO] [stderr] error: test failed, to rerun pass '--lib'
[INFO] running `Command { std: "docker" "inspect" "e2ee5c009ff38b5e088ea879e78a4e23ab80997ce16172c8b86d376c3d44282b", kill_on_drop: false }`
[INFO] running `Command { std: "docker" "rm" "-f" "e2ee5c009ff38b5e088ea879e78a4e23ab80997ce16172c8b86d376c3d44282b", kill_on_drop: false }`
[INFO] [stdout] e2ee5c009ff38b5e088ea879e78a4e23ab80997ce16172c8b86d376c3d44282b
