[INFO] cloning repository https://github.com/airicbear/PHYS1062
[INFO] running `Command { std: "git" "-c" "credential.helper=" "-c" "credential.helper=/workspace/cargo-home/bin/git-credential-null" "clone" "--bare" "https://github.com/airicbear/PHYS1062" "/workspace/cache/git-repos/https%3A%2F%2Fgithub.com%2Fairicbear%2FPHYS1062", kill_on_drop: false }`
[INFO] [stderr] Cloning into bare repository '/workspace/cache/git-repos/https%3A%2F%2Fgithub.com%2Fairicbear%2FPHYS1062'...
[INFO] running `Command { std: "git" "rev-parse" "HEAD", kill_on_drop: false }`
[INFO] [stdout] 6b8cc1ae26c8831b062c6a95c12449b8643181ab
[INFO] testing airicbear/PHYS1062 against 1.54.0 for beta-1.55-1
[INFO] running `Command { std: "git" "clone" "/workspace/cache/git-repos/https%3A%2F%2Fgithub.com%2Fairicbear%2FPHYS1062" "/workspace/builds/worker-3/source", kill_on_drop: false }`
[INFO] [stderr] Cloning into '/workspace/builds/worker-3/source'...
[INFO] [stderr] done.
[INFO] validating manifest of git repo https://github.com/airicbear/PHYS1062 on toolchain 1.54.0
[INFO] running `Command { std: "/workspace/cargo-home/bin/cargo" "+1.54.0" "metadata" "--manifest-path" "Cargo.toml" "--no-deps", kill_on_drop: false }`
[INFO] started tweaking git repo https://github.com/airicbear/PHYS1062
[INFO] finished tweaking git repo https://github.com/airicbear/PHYS1062
[INFO] tweaked toml for git repo https://github.com/airicbear/PHYS1062 written to /workspace/builds/worker-3/source/Cargo.toml
[INFO] crate git repo https://github.com/airicbear/PHYS1062 already has a lockfile, it will not be regenerated
[INFO] running `Command { std: "/workspace/cargo-home/bin/cargo" "+1.54.0" "fetch" "--manifest-path" "Cargo.toml", kill_on_drop: false }`
[INFO] [stderr]     Blocking waiting for file lock on package cache
[INFO] running `Command { std: "docker" "create" "-v" "/var/lib/crater-agent-workspace/builds/worker-3/target:/opt/rustwide/target:rw,Z" "-v" "/var/lib/crater-agent-workspace/builds/worker-3/source:/opt/rustwide/workdir:ro,Z" "-v" "/var/lib/crater-agent-workspace/cargo-home:/opt/rustwide/cargo-home:ro,Z" "-v" "/var/lib/crater-agent-workspace/rustup-home:/opt/rustwide/rustup-home:ro,Z" "-e" "SOURCE_DIR=/opt/rustwide/workdir" "-e" "CARGO_TARGET_DIR=/opt/rustwide/target" "-e" "CARGO_HOME=/opt/rustwide/cargo-home" "-e" "RUSTUP_HOME=/opt/rustwide/rustup-home" "-w" "/opt/rustwide/workdir" "-m" "1610612736" "--user" "0:0" "--network" "none" "ghcr.io/rust-lang/crates-build-env/linux@sha256:34b6a614d2c27851fe6cbf88fbd1137609cefab8b10d0615aaeb6fd47975d74e" "/opt/rustwide/cargo-home/bin/cargo" "+1.54.0" "metadata" "--no-deps" "--format-version=1", kill_on_drop: false }`
[INFO] [stdout] 238e8410c38da18c233b0cf3b4b510b611ddbe463f66044dd0c11af7a5736b0a
[INFO] running `Command { std: "docker" "start" "-a" "238e8410c38da18c233b0cf3b4b510b611ddbe463f66044dd0c11af7a5736b0a", kill_on_drop: false }`
[INFO] running `Command { std: "docker" "inspect" "238e8410c38da18c233b0cf3b4b510b611ddbe463f66044dd0c11af7a5736b0a", kill_on_drop: false }`
[INFO] running `Command { std: "docker" "rm" "-f" "238e8410c38da18c233b0cf3b4b510b611ddbe463f66044dd0c11af7a5736b0a", kill_on_drop: false }`
[INFO] [stdout] 238e8410c38da18c233b0cf3b4b510b611ddbe463f66044dd0c11af7a5736b0a
[INFO] running `Command { std: "docker" "create" "-v" "/var/lib/crater-agent-workspace/builds/worker-3/target:/opt/rustwide/target:rw,Z" "-v" "/var/lib/crater-agent-workspace/builds/worker-3/source:/opt/rustwide/workdir:ro,Z" "-v" "/var/lib/crater-agent-workspace/cargo-home:/opt/rustwide/cargo-home:ro,Z" "-v" "/var/lib/crater-agent-workspace/rustup-home:/opt/rustwide/rustup-home:ro,Z" "-e" "SOURCE_DIR=/opt/rustwide/workdir" "-e" "CARGO_TARGET_DIR=/opt/rustwide/target" "-e" "CARGO_INCREMENTAL=0" "-e" "RUST_BACKTRACE=full" "-e" "RUSTFLAGS=--cap-lints=warn" "-e" "CARGO_HOME=/opt/rustwide/cargo-home" "-e" "RUSTUP_HOME=/opt/rustwide/rustup-home" "-w" "/opt/rustwide/workdir" "-m" "1610612736" "--user" "0:0" "--network" "none" "ghcr.io/rust-lang/crates-build-env/linux@sha256:34b6a614d2c27851fe6cbf88fbd1137609cefab8b10d0615aaeb6fd47975d74e" "/opt/rustwide/cargo-home/bin/cargo" "+1.54.0" "build" "--frozen" "--message-format=json", kill_on_drop: false }`
[INFO] [stdout] be5ccb937476b886a24c9a0cb7279546480fca1ed63ba59708f7db2227a1ddee
[INFO] running `Command { std: "docker" "start" "-a" "be5ccb937476b886a24c9a0cb7279546480fca1ed63ba59708f7db2227a1ddee", kill_on_drop: false }`
[INFO] [stderr]     Blocking waiting for file lock on package cache
[INFO] [stderr]     Finished dev [unoptimized + debuginfo] target(s) in 0.84s
[INFO] running `Command { std: "docker" "inspect" "be5ccb937476b886a24c9a0cb7279546480fca1ed63ba59708f7db2227a1ddee", kill_on_drop: false }`
[INFO] running `Command { std: "docker" "rm" "-f" "be5ccb937476b886a24c9a0cb7279546480fca1ed63ba59708f7db2227a1ddee", kill_on_drop: false }`
[INFO] [stdout] be5ccb937476b886a24c9a0cb7279546480fca1ed63ba59708f7db2227a1ddee
[INFO] running `Command { std: "docker" "create" "-v" "/var/lib/crater-agent-workspace/builds/worker-3/target:/opt/rustwide/target:rw,Z" "-v" "/var/lib/crater-agent-workspace/builds/worker-3/source:/opt/rustwide/workdir:ro,Z" "-v" "/var/lib/crater-agent-workspace/cargo-home:/opt/rustwide/cargo-home:ro,Z" "-v" "/var/lib/crater-agent-workspace/rustup-home:/opt/rustwide/rustup-home:ro,Z" "-e" "SOURCE_DIR=/opt/rustwide/workdir" "-e" "CARGO_TARGET_DIR=/opt/rustwide/target" "-e" "CARGO_INCREMENTAL=0" "-e" "RUST_BACKTRACE=full" "-e" "RUSTFLAGS=--cap-lints=warn" "-e" "CARGO_HOME=/opt/rustwide/cargo-home" "-e" "RUSTUP_HOME=/opt/rustwide/rustup-home" "-w" "/opt/rustwide/workdir" "-m" "1610612736" "--user" "0:0" "--network" "none" "ghcr.io/rust-lang/crates-build-env/linux@sha256:34b6a614d2c27851fe6cbf88fbd1137609cefab8b10d0615aaeb6fd47975d74e" "/opt/rustwide/cargo-home/bin/cargo" "+1.54.0" "test" "--frozen" "--no-run" "--message-format=json", kill_on_drop: false }`
[INFO] [stdout] c4f237d1e4f2bd9ede9635acd17cd9614f481a60743cc8ebe432adcebef6e57f
[INFO] running `Command { std: "docker" "start" "-a" "c4f237d1e4f2bd9ede9635acd17cd9614f481a60743cc8ebe432adcebef6e57f", kill_on_drop: false }`
[INFO] [stderr]    Compiling geometry v0.1.0 (/opt/rustwide/workdir/geometry)
[INFO] [stderr]    Compiling convert v0.1.0 (/opt/rustwide/workdir/convert)
[INFO] [stderr]    Compiling thermodynamics v0.1.0 (/opt/rustwide/workdir/thermodynamics)
[INFO] [stderr]    Compiling physics v0.1.0 (/opt/rustwide/workdir)
[INFO] [stdout] warning: unused variable: `volume`
[INFO] [stdout]    --> tests/chapter_19_first_law_td.rs:233:13
[INFO] [stdout]     |
[INFO] [stdout] 233 |         let volume = width * height * depth;
[INFO] [stdout]     |             ^^^^^^ help: if this is intentional, prefix it with an underscore: `_volume`
[INFO] [stdout]     |
[INFO] [stdout]     = note: `#[warn(unused_variables)]` on by default
[INFO] [stdout] 
[INFO] [stdout] 
[INFO] [stdout] warning: 1 warning emitted
[INFO] [stdout] 
[INFO] [stdout] 
[INFO] [stderr]     Finished test [unoptimized + debuginfo] target(s) in 0.86s
[INFO] running `Command { std: "docker" "inspect" "c4f237d1e4f2bd9ede9635acd17cd9614f481a60743cc8ebe432adcebef6e57f", kill_on_drop: false }`
[INFO] running `Command { std: "docker" "rm" "-f" "c4f237d1e4f2bd9ede9635acd17cd9614f481a60743cc8ebe432adcebef6e57f", kill_on_drop: false }`
[INFO] [stdout] c4f237d1e4f2bd9ede9635acd17cd9614f481a60743cc8ebe432adcebef6e57f
[INFO] running `Command { std: "docker" "create" "-v" "/var/lib/crater-agent-workspace/builds/worker-3/target:/opt/rustwide/target:rw,Z" "-v" "/var/lib/crater-agent-workspace/builds/worker-3/source:/opt/rustwide/workdir:ro,Z" "-v" "/var/lib/crater-agent-workspace/cargo-home:/opt/rustwide/cargo-home:ro,Z" "-v" "/var/lib/crater-agent-workspace/rustup-home:/opt/rustwide/rustup-home:ro,Z" "-e" "SOURCE_DIR=/opt/rustwide/workdir" "-e" "CARGO_TARGET_DIR=/opt/rustwide/target" "-e" "CARGO_INCREMENTAL=0" "-e" "RUST_BACKTRACE=full" "-e" "RUSTFLAGS=--cap-lints=warn" "-e" "CARGO_HOME=/opt/rustwide/cargo-home" "-e" "RUSTUP_HOME=/opt/rustwide/rustup-home" "-w" "/opt/rustwide/workdir" "-m" "1610612736" "--user" "0:0" "--network" "none" "ghcr.io/rust-lang/crates-build-env/linux@sha256:34b6a614d2c27851fe6cbf88fbd1137609cefab8b10d0615aaeb6fd47975d74e" "/opt/rustwide/cargo-home/bin/cargo" "+1.54.0" "test" "--frozen", kill_on_drop: false }`
[INFO] [stdout] 56dda16b1caef126d7fd96a80b074e16ae513c2601d3bc5ec6049d3e9cccc4ef
[INFO] running `Command { std: "docker" "start" "-a" "56dda16b1caef126d7fd96a80b074e16ae513c2601d3bc5ec6049d3e9cccc4ef", kill_on_drop: false }`
[INFO] [stderr] warning: unused variable: `volume`
[INFO] [stderr]    --> tests/chapter_19_first_law_td.rs:233:13
[INFO] [stderr]     |
[INFO] [stderr] 233 |         let volume = width * height * depth;
[INFO] [stderr]     |             ^^^^^^ help: if this is intentional, prefix it with an underscore: `_volume`
[INFO] [stderr]     |
[INFO] [stderr]     = note: `#[warn(unused_variables)]` on by default
[INFO] [stderr] 
[INFO] [stderr] warning: 1 warning emitted
[INFO] [stderr] 
[INFO] [stderr]     Finished test [unoptimized + debuginfo] target(s) in 0.01s
[INFO] [stderr]      Running tests/chapter_18_macroscopic.rs (/opt/rustwide/target/debug/deps/chapter_18_macroscopic-b4ed1762c010b9d0)
[INFO] [stdout] 
[INFO] [stdout] running 7 tests
[INFO] [stdout] test ideal_gas_processes_7::example_18_7 ... ok
[INFO] [stdout] test solids_liquids_gases_1::example_18_1 ... ignored
[INFO] [stderr]      Running tests/chapter_19_first_law_td.rs (/opt/rustwide/target/debug/deps/chapter_19_first_law_td-a8dc102e003d5f68)
[INFO] [stdout] test ideal_gases_6::example_18_4 ... ok
[INFO] [stdout] test thermal_expansion_4::example_18_3 ... ok
[INFO] [stdout] test ideal_gas_processes_7::example_18_8 ... ok
[INFO] [stdout] test ideal_gases_6::example_18_6 ... ok
[INFO] [stdout] test atoms_moles_2::example_18_2 ... ok
[INFO] [stdout] 
[INFO] [stdout] test result: ok. 6 passed; 0 failed; 1 ignored; 0 measured; 0 filtered out; finished in 0.01s
[INFO] [stdout] 
[INFO] [stdout] 
[INFO] [stdout] running 9 tests
[INFO] [stdout] test calorimetry_6::example_19_5 ... ignored
[INFO] [stdout] test work_igl_2::example_19_2 ... ok
[INFO] [stdout] test work_igl_2::example_19_1 ... ok
[INFO] [stdout] test heat_3::example_19_3 ... ok
[INFO] [stdout] test specific_heat_of_gases_7::example_19_8 ... ok
[INFO] [stdout] test thermal_properties_of_matter_5::example_19_4 ... ok
[INFO] [stdout] test calorimetry_6::example_19_6 ... ok
[INFO] [stdout] test specific_heat_of_gases_7::example_19_7 ... ok
[INFO] [stdout] test heat_transfer_mechanisms_8::example_19_10 ... FAILED
[INFO] [stdout] 
[INFO] [stdout] failures:
[INFO] [stdout] 
[INFO] [stdout] ---- heat_transfer_mechanisms_8::example_19_10 stdout ----
[INFO] [stdout] 0.05
[INFO] [stdout] thread 'heat_transfer_mechanisms_8::example_19_10' panicked at 'explicit panic', tests/chapter_19_first_law_td.rs:236:9
[INFO] [stdout] stack backtrace:
[INFO] [stdout]    0:     0x55a6fc828940 - std::backtrace_rs::backtrace::libunwind::trace::h34055254b57d8e79
[INFO] [stdout]                                at /rustc/a178d0322ce20e33eac124758e837cbd80a6f633/library/std/src/../../backtrace/src/backtrace/libunwind.rs:90:5
[INFO] [stdout]    1:     0x55a6fc828940 - std::backtrace_rs::backtrace::trace_unsynchronized::h8f1e3fbd9afff6ec
[INFO] [stdout]                                at /rustc/a178d0322ce20e33eac124758e837cbd80a6f633/library/std/src/../../backtrace/src/backtrace/mod.rs:66:5
[INFO] [stdout]    2:     0x55a6fc828940 - std::sys_common::backtrace::_print_fmt::h3a99a796b770c360
[INFO] [stdout]                                at /rustc/a178d0322ce20e33eac124758e837cbd80a6f633/library/std/src/sys_common/backtrace.rs:67:5
[INFO] [stdout]    3:     0x55a6fc828940 - <std::sys_common::backtrace::_print::DisplayBacktrace as core::fmt::Display>::fmt::h32d1f94a80615d18
[INFO] [stdout]                                at /rustc/a178d0322ce20e33eac124758e837cbd80a6f633/library/std/src/sys_common/backtrace.rs:46:22
[INFO] [stdout]    4:     0x55a6fc84b9ac - core::fmt::write::h306731c068f7162c
[INFO] [stdout]                                at /rustc/a178d0322ce20e33eac124758e837cbd80a6f633/library/core/src/fmt/mod.rs:1110:17
[INFO] [stdout]    5:     0x55a6fc825865 - std::io::Write::write_fmt::h87f19b0a2cd190bc
[INFO] [stdout]                                at /rustc/a178d0322ce20e33eac124758e837cbd80a6f633/library/std/src/io/mod.rs:1588:15
[INFO] [stdout]    6:     0x55a6fc82aaab - std::sys_common::backtrace::_print::h5abaa2601a852287
[INFO] [stdout]                                at /rustc/a178d0322ce20e33eac124758e837cbd80a6f633/library/std/src/sys_common/backtrace.rs:49:5
[INFO] [stdout]    7:     0x55a6fc82aaab - std::sys_common::backtrace::print::h8d81445442bb638f
[INFO] [stdout]                                at /rustc/a178d0322ce20e33eac124758e837cbd80a6f633/library/std/src/sys_common/backtrace.rs:36:9
[INFO] [stdout]    8:     0x55a6fc82aaab - std::panicking::default_hook::{{closure}}::hcfe804496a9fa747
[INFO] [stdout]                                at /rustc/a178d0322ce20e33eac124758e837cbd80a6f633/library/std/src/panicking.rs:208:50
[INFO] [stdout]    9:     0x55a6fc82a5bc - std::panicking::default_hook::hbea8e3ccf2ba8901
[INFO] [stdout]                                at /rustc/a178d0322ce20e33eac124758e837cbd80a6f633/library/std/src/panicking.rs:222:9
[INFO] [stdout]   10:     0x55a6fc82b174 - std::panicking::rust_panic_with_hook::h7ee9e1a2d0f8975a
[INFO] [stdout]                                at /rustc/a178d0322ce20e33eac124758e837cbd80a6f633/library/std/src/panicking.rs:622:17
[INFO] [stdout]   11:     0x55a6fc7d6b6f - std::panicking::begin_panic::{{closure}}::h6dd0cd1b1843ff1f
[INFO] [stdout]                                at /rustc/a178d0322ce20e33eac124758e837cbd80a6f633/library/std/src/panicking.rs:542:9
[INFO] [stdout]   12:     0x55a6fc7d7578 - std::sys_common::backtrace::__rust_end_short_backtrace::h6dd03696d27c1d3b
[INFO] [stdout]                                at /rustc/a178d0322ce20e33eac124758e837cbd80a6f633/library/std/src/sys_common/backtrace.rs:141:18
[INFO] [stdout]   13:     0x55a6fc7d6ab5 - std::panicking::begin_panic::hd001d4ba364522db
[INFO] [stdout]                                at /rustc/a178d0322ce20e33eac124758e837cbd80a6f633/library/std/src/panicking.rs:541:12
[INFO] [stdout]   14:     0x55a6fc7d7b16 - chapter_19_first_law_td::heat_transfer_mechanisms_8::example_19_10::hd33d3acc262e40aa
[INFO] [stdout]                                at /opt/rustwide/workdir/tests/chapter_19_first_law_td.rs:236:9
[INFO] [stdout]   15:     0x55a6fc7d7a2a - chapter_19_first_law_td::heat_transfer_mechanisms_8::example_19_10::{{closure}}::h5401ee918a9d6fd6
[INFO] [stdout]                                at /opt/rustwide/workdir/tests/chapter_19_first_law_td.rs:229:5
[INFO] [stdout]   16:     0x55a6fc7d613e - core::ops::function::FnOnce::call_once::h79906c999b317ad1
[INFO] [stdout]                                at /rustc/a178d0322ce20e33eac124758e837cbd80a6f633/library/core/src/ops/function.rs:227:5
[INFO] [stdout]   17:     0x55a6fc7ffdd3 - core::ops::function::FnOnce::call_once::h152e7e439ff59e19
[INFO] [stdout]                                at /rustc/a178d0322ce20e33eac124758e837cbd80a6f633/library/core/src/ops/function.rs:227:5
[INFO] [stdout]   18:     0x55a6fc7ffdd3 - test::__rust_begin_short_backtrace::h0908f3b1fdbb72ab
[INFO] [stdout]                                at /rustc/a178d0322ce20e33eac124758e837cbd80a6f633/library/test/src/lib.rs:577:5
[INFO] [stdout]   19:     0x55a6fc7fe890 - <alloc::boxed::Box<F,A> as core::ops::function::FnOnce<Args>>::call_once::hf6d2a51e5587546c
[INFO] [stdout]                                at /rustc/a178d0322ce20e33eac124758e837cbd80a6f633/library/alloc/src/boxed.rs:1575:9
[INFO] [stdout]   20:     0x55a6fc7fe890 - <std::panic::AssertUnwindSafe<F> as core::ops::function::FnOnce<()>>::call_once::h8af660f3a89ef593
[INFO] [stdout]                                at /rustc/a178d0322ce20e33eac124758e837cbd80a6f633/library/std/src/panic.rs:347:9
[INFO] [stdout]   21:     0x55a6fc7fe890 - std::panicking::try::do_call::hd36aef60f84b6d36
[INFO] [stdout]                                at /rustc/a178d0322ce20e33eac124758e837cbd80a6f633/library/std/src/panicking.rs:401:40
[INFO] [stdout]   22:     0x55a6fc7fe890 - std::panicking::try::h9932b4480e69817c
[INFO] [stdout]                                at /rustc/a178d0322ce20e33eac124758e837cbd80a6f633/library/std/src/panicking.rs:365:19
[INFO] [stdout]   23:     0x55a6fc7fe890 - std::panic::catch_unwind::h6aa177099cfff5f8
[INFO] [stdout]                                at /rustc/a178d0322ce20e33eac124758e837cbd80a6f633/library/std/src/panic.rs:434:14
[INFO] [stdout]   24:     0x55a6fc7fe890 - test::run_test_in_process::h5884d6f2d99e20c3
[INFO] [stdout]                                at /rustc/a178d0322ce20e33eac124758e837cbd80a6f633/library/test/src/lib.rs:600:18
[INFO] [stdout]   25:     0x55a6fc7fe890 - test::run_test::run_test_inner::{{closure}}::h6fdc58c6d5f5b6e3
[INFO] [stdout]                                at /rustc/a178d0322ce20e33eac124758e837cbd80a6f633/library/test/src/lib.rs:492:39
[INFO] [stdout]   26:     0x55a6fc7d7f42 - test::run_test::run_test_inner::{{closure}}::h408365d67a78ade8
[INFO] [stdout]                                at /rustc/a178d0322ce20e33eac124758e837cbd80a6f633/library/test/src/lib.rs:519:37
[INFO] [stdout]   27:     0x55a6fc7d7f42 - std::sys_common::backtrace::__rust_begin_short_backtrace::hb560b77c4f701523
[INFO] [stdout]                                at /rustc/a178d0322ce20e33eac124758e837cbd80a6f633/library/std/src/sys_common/backtrace.rs:125:18
[INFO] [stdout]   28:     0x55a6fc7dbaf8 - std::thread::Builder::spawn_unchecked::{{closure}}::{{closure}}::hf2e7831dad93c597
[INFO] [stdout]                                at /rustc/a178d0322ce20e33eac124758e837cbd80a6f633/library/std/src/thread/mod.rs:481:17
[INFO] [stdout]   29:     0x55a6fc7dbaf8 - <std::panic::AssertUnwindSafe<F> as core::ops::function::FnOnce<()>>::call_once::hd2e08783d8be4d02
[INFO] [stdout]                                at /rustc/a178d0322ce20e33eac124758e837cbd80a6f633/library/std/src/panic.rs:347:9
[INFO] [stdout]   30:     0x55a6fc7dbaf8 - std::panicking::try::do_call::h062597b7acfd6b82
[INFO] [stdout]                                at /rustc/a178d0322ce20e33eac124758e837cbd80a6f633/library/std/src/panicking.rs:401:40
[INFO] [stdout]   31:     0x55a6fc7dbaf8 - std::panicking::try::h0d7b79db04c14552
[INFO] [stdout]                                at /rustc/a178d0322ce20e33eac124758e837cbd80a6f633/library/std/src/panicking.rs:365:19
[INFO] [stdout]   32:     0x55a6fc7dbaf8 - std::panic::catch_unwind::hb01a0b5e7c8cd43b
[INFO] [stdout]                                at /rustc/a178d0322ce20e33eac124758e837cbd80a6f633/library/std/src/panic.rs:434:14
[INFO] [stdout]   33:     0x55a6fc7dbaf8 - std::thread::Builder::spawn_unchecked::{{closure}}::h5bde48cc887e0d1e
[INFO] [stdout]                                at /rustc/a178d0322ce20e33eac124758e837cbd80a6f633/library/std/src/thread/mod.rs:480:30
[INFO] [stdout]   34:     0x55a6fc7dbaf8 - core::ops::function::FnOnce::call_once{{vtable.shim}}::h745ea30807a29e55
[INFO] [stdout]                                at /rustc/a178d0322ce20e33eac124758e837cbd80a6f633/library/core/src/ops/function.rs:227:5
[INFO] [stdout]   35:     0x55a6fc82fc37 - <alloc::boxed::Box<F,A> as core::ops::function::FnOnce<Args>>::call_once::h7ece6cfefaff1005
[INFO] [stdout]                                at /rustc/a178d0322ce20e33eac124758e837cbd80a6f633/library/alloc/src/boxed.rs:1575:9
[INFO] [stdout]   36:     0x55a6fc82fc37 - <alloc::boxed::Box<F,A> as core::ops::function::FnOnce<Args>>::call_once::hb8b48e55c21f193e
[INFO] [stdout]                                at /rustc/a178d0322ce20e33eac124758e837cbd80a6f633/library/alloc/src/boxed.rs:1575:9
[INFO] [stdout]   37:     0x55a6fc82fc37 - std::sys::unix::thread::Thread::new::thread_start::h8c7c4450dba62914
[INFO] [stdout]                                at /rustc/a178d0322ce20e33eac124758e837cbd80a6f633/library/std/src/sys/unix/thread.rs:71:17
[INFO] [stdout]   38:     0x7efdf845c609 - start_thread
[INFO] [stdout]   39:     0x7efdf822e293 - clone
[INFO] [stdout]   40:                0x0 - <unknown>
[INFO] [stdout] 
[INFO] [stdout] 
[INFO] [stdout] failures:
[INFO] [stdout]     heat_transfer_mechanisms_8::example_19_10
[INFO] [stdout] 
[INFO] [stdout] test result: FAILED. 7 passed; 1 failed; 1 ignored; 0 measured; 0 filtered out; finished in 0.02s
[INFO] [stdout] 
[INFO] [stderr] error: test failed, to rerun pass '--test chapter_19_first_law_td'
[INFO] running `Command { std: "docker" "inspect" "56dda16b1caef126d7fd96a80b074e16ae513c2601d3bc5ec6049d3e9cccc4ef", kill_on_drop: false }`
[INFO] running `Command { std: "docker" "rm" "-f" "56dda16b1caef126d7fd96a80b074e16ae513c2601d3bc5ec6049d3e9cccc4ef", kill_on_drop: false }`
[INFO] [stdout] 56dda16b1caef126d7fd96a80b074e16ae513c2601d3bc5ec6049d3e9cccc4ef
