[INFO] cloning repository https://github.com/agmcleod/agile_archer
[INFO] running `Command { std: "git" "-c" "credential.helper=" "-c" "credential.helper=/workspace/cargo-home/bin/git-credential-null" "clone" "--bare" "https://github.com/agmcleod/agile_archer" "/workspace/cache/git-repos/https%3A%2F%2Fgithub.com%2Fagmcleod%2Fagile_archer", kill_on_drop: false }`
[INFO] [stderr] Cloning into bare repository '/workspace/cache/git-repos/https%3A%2F%2Fgithub.com%2Fagmcleod%2Fagile_archer'...
[INFO] running `Command { std: "git" "rev-parse" "HEAD", kill_on_drop: false }`
[INFO] [stdout] 6b3b8ad690f4592cf104e910a32247f5c7293f7a
[INFO] testing agmcleod/agile_archer against 1.54.0 for beta-1.55-1
[INFO] running `Command { std: "git" "clone" "/workspace/cache/git-repos/https%3A%2F%2Fgithub.com%2Fagmcleod%2Fagile_archer" "/workspace/builds/worker-15/source", kill_on_drop: false }`
[INFO] [stderr] Cloning into '/workspace/builds/worker-15/source'...
[INFO] [stderr] done.
[INFO] validating manifest of git repo https://github.com/agmcleod/agile_archer on toolchain 1.54.0
[INFO] running `Command { std: "/workspace/cargo-home/bin/cargo" "+1.54.0" "metadata" "--manifest-path" "Cargo.toml" "--no-deps", kill_on_drop: false }`
[INFO] started tweaking git repo https://github.com/agmcleod/agile_archer
[INFO] finished tweaking git repo https://github.com/agmcleod/agile_archer
[INFO] tweaked toml for git repo https://github.com/agmcleod/agile_archer written to /workspace/builds/worker-15/source/Cargo.toml
[INFO] crate git repo https://github.com/agmcleod/agile_archer already has a lockfile, it will not be regenerated
[INFO] running `Command { std: "/workspace/cargo-home/bin/cargo" "+1.54.0" "fetch" "--manifest-path" "Cargo.toml", kill_on_drop: false }`
[INFO] [stderr]     Blocking waiting for file lock on package cache
[INFO] [stderr]     Blocking waiting for file lock on package cache
[INFO] running `Command { std: "docker" "create" "-v" "/var/lib/crater-agent-workspace/builds/worker-15/target:/opt/rustwide/target:rw,Z" "-v" "/var/lib/crater-agent-workspace/builds/worker-15/source:/opt/rustwide/workdir:ro,Z" "-v" "/var/lib/crater-agent-workspace/cargo-home:/opt/rustwide/cargo-home:ro,Z" "-v" "/var/lib/crater-agent-workspace/rustup-home:/opt/rustwide/rustup-home:ro,Z" "-e" "SOURCE_DIR=/opt/rustwide/workdir" "-e" "CARGO_TARGET_DIR=/opt/rustwide/target" "-e" "CARGO_HOME=/opt/rustwide/cargo-home" "-e" "RUSTUP_HOME=/opt/rustwide/rustup-home" "-w" "/opt/rustwide/workdir" "-m" "1610612736" "--user" "0:0" "--network" "none" "ghcr.io/rust-lang/crates-build-env/linux@sha256:34b6a614d2c27851fe6cbf88fbd1137609cefab8b10d0615aaeb6fd47975d74e" "/opt/rustwide/cargo-home/bin/cargo" "+1.54.0" "metadata" "--no-deps" "--format-version=1", kill_on_drop: false }`
[INFO] [stdout] ead3adbbfebe7c3661ff6bbe8cba8ce4e8bfda26d28178f457b2cf1c188ad982
[INFO] running `Command { std: "docker" "start" "-a" "ead3adbbfebe7c3661ff6bbe8cba8ce4e8bfda26d28178f457b2cf1c188ad982", kill_on_drop: false }`
[INFO] running `Command { std: "docker" "inspect" "ead3adbbfebe7c3661ff6bbe8cba8ce4e8bfda26d28178f457b2cf1c188ad982", kill_on_drop: false }`
[INFO] running `Command { std: "docker" "rm" "-f" "ead3adbbfebe7c3661ff6bbe8cba8ce4e8bfda26d28178f457b2cf1c188ad982", kill_on_drop: false }`
[INFO] [stdout] ead3adbbfebe7c3661ff6bbe8cba8ce4e8bfda26d28178f457b2cf1c188ad982
[INFO] running `Command { std: "docker" "create" "-v" "/var/lib/crater-agent-workspace/builds/worker-15/target:/opt/rustwide/target:rw,Z" "-v" "/var/lib/crater-agent-workspace/builds/worker-15/source:/opt/rustwide/workdir:ro,Z" "-v" "/var/lib/crater-agent-workspace/cargo-home:/opt/rustwide/cargo-home:ro,Z" "-v" "/var/lib/crater-agent-workspace/rustup-home:/opt/rustwide/rustup-home:ro,Z" "-e" "SOURCE_DIR=/opt/rustwide/workdir" "-e" "CARGO_TARGET_DIR=/opt/rustwide/target" "-e" "CARGO_INCREMENTAL=0" "-e" "RUST_BACKTRACE=full" "-e" "RUSTFLAGS=--cap-lints=warn" "-e" "CARGO_HOME=/opt/rustwide/cargo-home" "-e" "RUSTUP_HOME=/opt/rustwide/rustup-home" "-w" "/opt/rustwide/workdir" "-m" "1610612736" "--user" "0:0" "--network" "none" "ghcr.io/rust-lang/crates-build-env/linux@sha256:34b6a614d2c27851fe6cbf88fbd1137609cefab8b10d0615aaeb6fd47975d74e" "/opt/rustwide/cargo-home/bin/cargo" "+1.54.0" "build" "--frozen" "--message-format=json", kill_on_drop: false }`
[INFO] [stdout] 1da820cc9d7bb5452fe0136a2a698b53137b6bfeee7c3816223de8776684e110
[INFO] running `Command { std: "docker" "start" "-a" "1da820cc9d7bb5452fe0136a2a698b53137b6bfeee7c3816223de8776684e110", kill_on_drop: false }`
[INFO] [stderr]    Compiling libc v0.2.24
[INFO] [stderr]    Compiling num-traits v0.1.39
[INFO] [stderr]    Compiling either v1.1.0
[INFO] [stderr]    Compiling khronos_api v1.0.1
[INFO] [stderr]    Compiling futures v0.1.14
[INFO] [stderr]    Compiling gcc v0.3.51
[INFO] [stderr]    Compiling atom v0.3.4
[INFO] [stderr]    Compiling adler32 v1.0.0
[INFO] [stderr]    Compiling inflate v0.2.0
[INFO] [stderr]    Compiling smallvec v0.4.0
[INFO] [stderr]    Compiling serde v1.0.8
[INFO] [stderr]    Compiling tuple_utils v0.2.0
[INFO] [stderr]    Compiling base64 v0.1.1
[INFO] [stderr]    Compiling syn v0.10.8
[INFO] [stderr]    Compiling x11-dl v2.14.0
[INFO] [stderr]    Compiling draw_state v0.7.1
[INFO] [stderr]    Compiling nodrop v0.1.9
[INFO] [stderr]    Compiling wayland-scanner v0.9.9
[INFO] [stderr]    Compiling shred-derive v0.3.0
[INFO] [stderr]    Compiling serde_derive_internals v0.15.1
[INFO] [stderr]    Compiling coco v0.1.1
[INFO] [stderr]    Compiling itertools v0.5.10
[INFO] [stderr]    Compiling arrayvec v0.3.23
[INFO] [stderr]    Compiling deflate v0.7.11
[INFO] [stderr]    Compiling gl_generator v0.5.3
[INFO] [stderr]    Compiling rand v0.3.15
[INFO] [stderr]    Compiling num_cpus v1.6.2
[INFO] [stderr]    Compiling fs2 v0.2.5
[INFO] [stderr]    Compiling shared_library v0.1.5
[INFO] [stderr]    Compiling time v0.1.37
[INFO] [stderr]    Compiling miniz-sys v0.1.9
[INFO] [stderr]    Compiling memmap v0.4.0
[INFO] [stderr]    Compiling osmesa-sys v0.1.2
[INFO] [stderr]    Compiling serde_json v0.9.10
[INFO] [stderr]    Compiling num-integer v0.1.34
[INFO] [stderr]    Compiling enum_primitive v0.1.1
[INFO] [stderr]    Compiling pulse v0.5.3
[INFO] [stderr]    Compiling num-iter v0.1.33
[INFO] [stderr]    Compiling num-rational v0.1.38
[INFO] [stderr]    Compiling serde_derive v1.0.8
[INFO] [stderr]    Compiling wayland-client v0.9.9
[INFO] [stderr]    Compiling gfx_gl v0.3.1
[INFO] [stderr]    Compiling glutin v0.9.2
[INFO] [stderr]    Compiling phf_generator v0.7.21
[INFO] [stderr]    Compiling rayon-core v1.2.1
[INFO] [stderr]    Compiling tempfile v2.1.5
[INFO] [stderr]    Compiling cgmath v0.14.1
[INFO] [stderr]    Compiling png v0.8.0
[INFO] [stderr]    Compiling flate2 v0.2.19
[INFO] [stderr]    Compiling phf_codegen v0.7.21
[INFO] [stderr]    Compiling rayon v0.7.1
[INFO] [stderr]    Compiling rayon v0.8.1
[INFO] [stderr]    Compiling target_build_utils v0.3.1
[INFO] [stderr]    Compiling tiled v0.6.0
[INFO] [stderr]    Compiling serde_json v1.0.2
[INFO] [stderr]    Compiling genmesh v0.4.3
[INFO] [stderr]    Compiling jpeg-decoder v0.1.13
[INFO] [stderr]    Compiling hibitset v0.1.3
[INFO] [stderr]    Compiling shred v0.4.3
[INFO] [stderr]    Compiling specs v0.9.3
[INFO] [stderr]    Compiling image v0.14.0
[INFO] [stderr]    Compiling derivative v1.0.0
[INFO] [stderr]    Compiling gfx_core v0.7.1
[INFO] [stderr]    Compiling gfx_device_gl v0.14.1
[INFO] [stderr]    Compiling gfx v0.16.1
[INFO] [stderr]    Compiling libloading v0.3.4
[INFO] [stderr]    Compiling dlib v0.3.1
[INFO] [stderr]    Compiling wayland-sys v0.9.9
[INFO] [stderr]    Compiling wayland-kbd v0.9.1
[INFO] [stderr]    Compiling wayland-window v0.6.1
[INFO] [stderr]    Compiling winit v0.7.5
[INFO] [stderr]    Compiling gfx_window_glutin v0.17.0
[INFO] [stderr]    Compiling agile_archer v0.1.0 (/opt/rustwide/workdir)
[INFO] [stdout] warning: unused import: `std::collections::HashMap`
[INFO] [stdout]   --> src/main.rs:14:5
[INFO] [stdout]    |
[INFO] [stdout] 14 | use std::collections::HashMap;
[INFO] [stdout]    |     ^^^^^^^^^^^^^^^^^^^^^^^^^
[INFO] [stdout]    |
[INFO] [stdout]    = note: `#[warn(unused_imports)]` on by default
[INFO] [stdout] 
[INFO] [stdout] 
[INFO] [stdout] warning: unused import: `Vector3`
[INFO] [stdout]  --> src/renderer/basic.rs:7:37
[INFO] [stdout]   |
[INFO] [stdout] 7 | use cgmath::{SquareMatrix, Matrix4, Vector3};
[INFO] [stdout]   |                                     ^^^^^^^
[INFO] [stdout] 
[INFO] [stdout] 
[INFO] [stdout] warning: the item `FactoryExt` is imported redundantly
[INFO] [stdout]   --> src/renderer/basic.rs:53:13
[INFO] [stdout]    |
[INFO] [stdout] 8  | use gfx::traits::FactoryExt;
[INFO] [stdout]    |     ----------------------- the item `FactoryExt` is already imported here
[INFO] [stdout] ...
[INFO] [stdout] 53 |         use gfx::traits::FactoryExt;
[INFO] [stdout]    |             ^^^^^^^^^^^^^^^^^^^^^^^
[INFO] [stdout] 
[INFO] [stdout] 
[INFO] [stdout] warning: use of deprecated macro `try`: use the `?` operator instead
[INFO] [stdout]   --> src/loader.rs:21:18
[INFO] [stdout]    |
[INFO] [stdout] 21 |   let mut file = try!(File::open(path));
[INFO] [stdout]    |                  ^^^
[INFO] [stdout]    |
[INFO] [stdout]    = note: `#[warn(deprecated)]` on by default
[INFO] [stdout] 
[INFO] [stdout] 
[INFO] [stdout] warning: use of deprecated macro `try`: use the `?` operator instead
[INFO] [stdout]   --> src/loader.rs:22:3
[INFO] [stdout]    |
[INFO] [stdout] 22 |   try!(file.read_to_string(&mut text));
[INFO] [stdout]    |   ^^^
[INFO] [stdout] 
[INFO] [stdout] 
[INFO] [stdout] warning: unused import: `std::collections::HashMap`
[INFO] [stdout]  --> src/components/tile_data.rs:4:5
[INFO] [stdout]   |
[INFO] [stdout] 4 | use std::collections::HashMap;
[INFO] [stdout]   |     ^^^^^^^^^^^^^^^^^^^^^^^^^
[INFO] [stdout] 
[INFO] [stdout] 
[INFO] [stdout] warning: unused import: `HashSet`
[INFO] [stdout]  --> src/math/astar.rs:2:33
[INFO] [stdout]   |
[INFO] [stdout] 2 | use std::collections::{HashMap, HashSet, BinaryHeap};
[INFO] [stdout]   |                                 ^^^^^^^
[INFO] [stdout] 
[INFO] [stdout] 
[INFO] [stdout] warning: unnecessary parentheses around type
[INFO] [stdout]   --> src/systems/animation_system.rs:19:23
[INFO] [stdout]    |
[INFO] [stdout] 19 |       type SystemData = (
[INFO] [stdout]    |  _______________________^
[INFO] [stdout] 20 | |         WriteStorage<'a, AnimationSheet>
[INFO] [stdout] 21 | |     );
[INFO] [stdout]    | |_____^ help: remove these parentheses
[INFO] [stdout]    |
[INFO] [stdout]    = note: `#[warn(unused_parens)]` on by default
[INFO] [stdout] 
[INFO] [stdout] 
[INFO] [stdout] warning: unused import: `TileMapping`
[INFO] [stdout]  --> src/systems/player_movement.rs:5:13
[INFO] [stdout]   |
[INFO] [stdout] 5 | use types::{TileMapping, Turn};
[INFO] [stdout]   |             ^^^^^^^^^^^
[INFO] [stdout] 
[INFO] [stdout] 
[INFO] [stdout] warning: unused import: `Deref`
[INFO] [stdout]  --> src/systems/process_turn.rs:1:16
[INFO] [stdout]   |
[INFO] [stdout] 1 | use std::ops::{Deref, DerefMut};
[INFO] [stdout]   |                ^^^^^
[INFO] [stdout] 
[INFO] [stdout] 
[INFO] [stdout] warning: unused import: `Fetch`
[INFO] [stdout]  --> src/systems/process_turn.rs:2:13
[INFO] [stdout]   |
[INFO] [stdout] 2 | use specs::{Fetch, FetchMut, Join, ReadStorage, WriteStorage, System};
[INFO] [stdout]   |             ^^^^^
[INFO] [stdout] 
[INFO] [stdout] 
[INFO] [stdout] warning: unused import: `super::*`
[INFO] [stdout]    --> src/utils/tiled.rs:159:9
[INFO] [stdout]     |
[INFO] [stdout] 159 |     use super::*;
[INFO] [stdout]     |         ^^^^^^^^
[INFO] [stdout] 
[INFO] [stdout] 
[INFO] [stdout] warning: unused imports: `Image`, `Layer`, `Map`, `Properties`, `Tile`, `Tileset`
[INFO] [stdout]    --> src/utils/tiled.rs:160:17
[INFO] [stdout]     |
[INFO] [stdout] 160 |     use tiled::{Map, Layer, Tileset, Image, Tile, Properties};
[INFO] [stdout]     |                 ^^^  ^^^^^  ^^^^^^^  ^^^^^  ^^^^  ^^^^^^^^^^
[INFO] [stdout] 
[INFO] [stdout] 
[INFO] [stdout] warning: variable does not need to be mutable
[INFO] [stdout]   --> src/main.rs:90:9
[INFO] [stdout]    |
[INFO] [stdout] 90 |     let mut tile_data = tile_data_res.deref_mut();
[INFO] [stdout]    |         ----^^^^^^^^^
[INFO] [stdout]    |         |
[INFO] [stdout]    |         help: remove this `mut`
[INFO] [stdout]    |
[INFO] [stdout]    = note: `#[warn(unused_mut)]` on by default
[INFO] [stdout] 
[INFO] [stdout] 
[INFO] [stdout] warning: variable does not need to be mutable
[INFO] [stdout]    --> src/main.rs:165:29
[INFO] [stdout]     |
[INFO] [stdout] 165 |                         let mut input = input_res.deref_mut();
[INFO] [stdout]     |                             ----^^^^^
[INFO] [stdout]     |                             |
[INFO] [stdout]     |                             help: remove this `mut`
[INFO] [stdout] 
[INFO] [stdout] 
[INFO] [stdout] warning: variable does not need to be mutable
[INFO] [stdout]    --> src/main.rs:112:55
[INFO] [stdout]     |
[INFO] [stdout] 112 |     let (window, mut device, mut factory, main_color, mut main_depth) =
[INFO] [stdout]     |                                                       ----^^^^^^^^^^
[INFO] [stdout]     |                                                       |
[INFO] [stdout]     |                                                       help: remove this `mut`
[INFO] [stdout] 
[INFO] [stdout] 
[INFO] [stdout] warning: variable does not need to be mutable
[INFO] [stdout]   --> src/utils/tiled.rs:33:13
[INFO] [stdout]    |
[INFO] [stdout] 33 |         let mut ys = ground_tiles.get_mut(&x).unwrap();
[INFO] [stdout]    |             ----^^
[INFO] [stdout]    |             |
[INFO] [stdout]    |             help: remove this `mut`
[INFO] [stdout] 
[INFO] [stdout] 
[INFO] [stdout] warning: variable does not need to be mutable
[INFO] [stdout]   --> src/utils/tiled.rs:63:25
[INFO] [stdout]    |
[INFO] [stdout] 63 |                     let mut xs = unpassable_tiles.get_mut(&y).unwrap();
[INFO] [stdout]    |                         ----^^
[INFO] [stdout]    |                         |
[INFO] [stdout]    |                         help: remove this `mut`
[INFO] [stdout] 
[INFO] [stdout] 
[INFO] [stdout] warning: associated function is never used: `reset_energy`
[INFO] [stdout]   --> src/components/player.rs:48:12
[INFO] [stdout]    |
[INFO] [stdout] 48 |     pub fn reset_energy(&mut self) {
[INFO] [stdout]    |            ^^^^^^^^^^^^
[INFO] [stdout]    |
[INFO] [stdout]    = note: `#[warn(dead_code)]` on by default
[INFO] [stdout] 
[INFO] [stdout] 
[INFO] [stdout] warning: field is never read: `last_time`
[INFO] [stdout]  --> src/systems/animation_system.rs:7:5
[INFO] [stdout]   |
[INFO] [stdout] 7 |     last_time: Instant,
[INFO] [stdout]   |     ^^^^^^^^^^^^^^^^^^
[INFO] [stdout] 
[INFO] [stdout] 
[INFO] [stdout] warning: 20 warnings emitted
[INFO] [stdout] 
[INFO] [stdout] 
[INFO] [stderr]     Finished dev [unoptimized + debuginfo] target(s) in 1m 23s
[INFO] running `Command { std: "docker" "inspect" "1da820cc9d7bb5452fe0136a2a698b53137b6bfeee7c3816223de8776684e110", kill_on_drop: false }`
[INFO] running `Command { std: "docker" "rm" "-f" "1da820cc9d7bb5452fe0136a2a698b53137b6bfeee7c3816223de8776684e110", kill_on_drop: false }`
[INFO] [stdout] 1da820cc9d7bb5452fe0136a2a698b53137b6bfeee7c3816223de8776684e110
[INFO] running `Command { std: "docker" "create" "-v" "/var/lib/crater-agent-workspace/builds/worker-15/target:/opt/rustwide/target:rw,Z" "-v" "/var/lib/crater-agent-workspace/builds/worker-15/source:/opt/rustwide/workdir:ro,Z" "-v" "/var/lib/crater-agent-workspace/cargo-home:/opt/rustwide/cargo-home:ro,Z" "-v" "/var/lib/crater-agent-workspace/rustup-home:/opt/rustwide/rustup-home:ro,Z" "-e" "SOURCE_DIR=/opt/rustwide/workdir" "-e" "CARGO_TARGET_DIR=/opt/rustwide/target" "-e" "CARGO_INCREMENTAL=0" "-e" "RUST_BACKTRACE=full" "-e" "RUSTFLAGS=--cap-lints=warn" "-e" "CARGO_HOME=/opt/rustwide/cargo-home" "-e" "RUSTUP_HOME=/opt/rustwide/rustup-home" "-w" "/opt/rustwide/workdir" "-m" "1610612736" "--user" "0:0" "--network" "none" "ghcr.io/rust-lang/crates-build-env/linux@sha256:34b6a614d2c27851fe6cbf88fbd1137609cefab8b10d0615aaeb6fd47975d74e" "/opt/rustwide/cargo-home/bin/cargo" "+1.54.0" "test" "--frozen" "--no-run" "--message-format=json", kill_on_drop: false }`
[INFO] [stdout] bc8d7a79ffa3b99ee0509410d5dda0f7b2e916133db36ff9ec42800c13ea7a47
[INFO] running `Command { std: "docker" "start" "-a" "bc8d7a79ffa3b99ee0509410d5dda0f7b2e916133db36ff9ec42800c13ea7a47", kill_on_drop: false }`
[INFO] [stderr]    Compiling agile_archer v0.1.0 (/opt/rustwide/workdir)
[INFO] [stdout] warning: unused import: `std::collections::HashMap`
[INFO] [stdout]   --> src/main.rs:14:5
[INFO] [stdout]    |
[INFO] [stdout] 14 | use std::collections::HashMap;
[INFO] [stdout]    |     ^^^^^^^^^^^^^^^^^^^^^^^^^
[INFO] [stdout]    |
[INFO] [stdout]    = note: `#[warn(unused_imports)]` on by default
[INFO] [stdout] 
[INFO] [stdout] 
[INFO] [stdout] warning: unused import: `Vector3`
[INFO] [stdout]  --> src/renderer/basic.rs:7:37
[INFO] [stdout]   |
[INFO] [stdout] 7 | use cgmath::{SquareMatrix, Matrix4, Vector3};
[INFO] [stdout]   |                                     ^^^^^^^
[INFO] [stdout] 
[INFO] [stdout] 
[INFO] [stdout] warning: the item `FactoryExt` is imported redundantly
[INFO] [stdout]   --> src/renderer/basic.rs:53:13
[INFO] [stdout]    |
[INFO] [stdout] 8  | use gfx::traits::FactoryExt;
[INFO] [stdout]    |     ----------------------- the item `FactoryExt` is already imported here
[INFO] [stdout] ...
[INFO] [stdout] 53 |         use gfx::traits::FactoryExt;
[INFO] [stdout]    |             ^^^^^^^^^^^^^^^^^^^^^^^
[INFO] [stdout] 
[INFO] [stdout] 
[INFO] [stdout] warning: use of deprecated macro `try`: use the `?` operator instead
[INFO] [stdout]   --> src/loader.rs:21:18
[INFO] [stdout]    |
[INFO] [stdout] 21 |   let mut file = try!(File::open(path));
[INFO] [stdout]    |                  ^^^
[INFO] [stdout]    |
[INFO] [stdout]    = note: `#[warn(deprecated)]` on by default
[INFO] [stdout] 
[INFO] [stdout] 
[INFO] [stdout] warning: use of deprecated macro `try`: use the `?` operator instead
[INFO] [stdout]   --> src/loader.rs:22:3
[INFO] [stdout]    |
[INFO] [stdout] 22 |   try!(file.read_to_string(&mut text));
[INFO] [stdout]    |   ^^^
[INFO] [stdout] 
[INFO] [stdout] 
[INFO] [stdout] warning: unused import: `std::collections::HashMap`
[INFO] [stdout]  --> src/components/tile_data.rs:4:5
[INFO] [stdout]   |
[INFO] [stdout] 4 | use std::collections::HashMap;
[INFO] [stdout]   |     ^^^^^^^^^^^^^^^^^^^^^^^^^
[INFO] [stdout] 
[INFO] [stdout] 
[INFO] [stdout] warning: unused import: `HashSet`
[INFO] [stdout]  --> src/math/astar.rs:2:33
[INFO] [stdout]   |
[INFO] [stdout] 2 | use std::collections::{HashMap, HashSet, BinaryHeap};
[INFO] [stdout]   |                                 ^^^^^^^
[INFO] [stdout] 
[INFO] [stdout] 
[INFO] [stdout] warning: unnecessary parentheses around type
[INFO] [stdout]   --> src/systems/animation_system.rs:19:23
[INFO] [stdout]    |
[INFO] [stdout] 19 |       type SystemData = (
[INFO] [stdout]    |  _______________________^
[INFO] [stdout] 20 | |         WriteStorage<'a, AnimationSheet>
[INFO] [stdout] 21 | |     );
[INFO] [stdout]    | |_____^ help: remove these parentheses
[INFO] [stdout]    |
[INFO] [stdout]    = note: `#[warn(unused_parens)]` on by default
[INFO] [stdout] 
[INFO] [stdout] 
[INFO] [stdout] warning: unused import: `TileMapping`
[INFO] [stdout]  --> src/systems/player_movement.rs:5:13
[INFO] [stdout]   |
[INFO] [stdout] 5 | use types::{TileMapping, Turn};
[INFO] [stdout]   |             ^^^^^^^^^^^
[INFO] [stdout] 
[INFO] [stdout] 
[INFO] [stdout] warning: unused import: `Deref`
[INFO] [stdout]  --> src/systems/process_turn.rs:1:16
[INFO] [stdout]   |
[INFO] [stdout] 1 | use std::ops::{Deref, DerefMut};
[INFO] [stdout]   |                ^^^^^
[INFO] [stdout] 
[INFO] [stdout] 
[INFO] [stdout] warning: unused import: `Fetch`
[INFO] [stdout]  --> src/systems/process_turn.rs:2:13
[INFO] [stdout]   |
[INFO] [stdout] 2 | use specs::{Fetch, FetchMut, Join, ReadStorage, WriteStorage, System};
[INFO] [stdout]   |             ^^^^^
[INFO] [stdout] 
[INFO] [stdout] 
[INFO] [stdout] warning: variable does not need to be mutable
[INFO] [stdout]   --> src/main.rs:90:9
[INFO] [stdout]    |
[INFO] [stdout] 90 |     let mut tile_data = tile_data_res.deref_mut();
[INFO] [stdout]    |         ----^^^^^^^^^
[INFO] [stdout]    |         |
[INFO] [stdout]    |         help: remove this `mut`
[INFO] [stdout]    |
[INFO] [stdout]    = note: `#[warn(unused_mut)]` on by default
[INFO] [stdout] 
[INFO] [stdout] 
[INFO] [stdout] warning: variable does not need to be mutable
[INFO] [stdout]    --> src/main.rs:165:29
[INFO] [stdout]     |
[INFO] [stdout] 165 |                         let mut input = input_res.deref_mut();
[INFO] [stdout]     |                             ----^^^^^
[INFO] [stdout]     |                             |
[INFO] [stdout]     |                             help: remove this `mut`
[INFO] [stdout] 
[INFO] [stdout] 
[INFO] [stdout] warning: variable does not need to be mutable
[INFO] [stdout]    --> src/main.rs:112:55
[INFO] [stdout]     |
[INFO] [stdout] 112 |     let (window, mut device, mut factory, main_color, mut main_depth) =
[INFO] [stdout]     |                                                       ----^^^^^^^^^^
[INFO] [stdout]     |                                                       |
[INFO] [stdout]     |                                                       help: remove this `mut`
[INFO] [stdout] 
[INFO] [stdout] 
[INFO] [stdout] warning: variable does not need to be mutable
[INFO] [stdout]   --> src/utils/tiled.rs:33:13
[INFO] [stdout]    |
[INFO] [stdout] 33 |         let mut ys = ground_tiles.get_mut(&x).unwrap();
[INFO] [stdout]    |             ----^^
[INFO] [stdout]    |             |
[INFO] [stdout]    |             help: remove this `mut`
[INFO] [stdout] 
[INFO] [stdout] 
[INFO] [stdout] warning: variable does not need to be mutable
[INFO] [stdout]   --> src/utils/tiled.rs:63:25
[INFO] [stdout]    |
[INFO] [stdout] 63 |                     let mut xs = unpassable_tiles.get_mut(&y).unwrap();
[INFO] [stdout]    |                         ----^^
[INFO] [stdout]    |                         |
[INFO] [stdout]    |                         help: remove this `mut`
[INFO] [stdout] 
[INFO] [stdout] 
[INFO] [stdout] warning: associated function is never used: `reset_energy`
[INFO] [stdout]   --> src/components/player.rs:48:12
[INFO] [stdout]    |
[INFO] [stdout] 48 |     pub fn reset_energy(&mut self) {
[INFO] [stdout]    |            ^^^^^^^^^^^^
[INFO] [stdout]    |
[INFO] [stdout]    = note: `#[warn(dead_code)]` on by default
[INFO] [stdout] 
[INFO] [stdout] 
[INFO] [stdout] warning: field is never read: `last_time`
[INFO] [stdout]  --> src/systems/animation_system.rs:7:5
[INFO] [stdout]   |
[INFO] [stdout] 7 |     last_time: Instant,
[INFO] [stdout]   |     ^^^^^^^^^^^^^^^^^^
[INFO] [stdout] 
[INFO] [stdout] 
[INFO] [stdout] warning: 18 warnings emitted
[INFO] [stdout] 
[INFO] [stdout] 
[INFO] [stderr]     Finished test [unoptimized + debuginfo] target(s) in 3.51s
[INFO] running `Command { std: "docker" "inspect" "bc8d7a79ffa3b99ee0509410d5dda0f7b2e916133db36ff9ec42800c13ea7a47", kill_on_drop: false }`
[INFO] running `Command { std: "docker" "rm" "-f" "bc8d7a79ffa3b99ee0509410d5dda0f7b2e916133db36ff9ec42800c13ea7a47", kill_on_drop: false }`
[INFO] [stdout] bc8d7a79ffa3b99ee0509410d5dda0f7b2e916133db36ff9ec42800c13ea7a47
[INFO] running `Command { std: "docker" "create" "-v" "/var/lib/crater-agent-workspace/builds/worker-15/target:/opt/rustwide/target:rw,Z" "-v" "/var/lib/crater-agent-workspace/builds/worker-15/source:/opt/rustwide/workdir:ro,Z" "-v" "/var/lib/crater-agent-workspace/cargo-home:/opt/rustwide/cargo-home:ro,Z" "-v" "/var/lib/crater-agent-workspace/rustup-home:/opt/rustwide/rustup-home:ro,Z" "-e" "SOURCE_DIR=/opt/rustwide/workdir" "-e" "CARGO_TARGET_DIR=/opt/rustwide/target" "-e" "CARGO_INCREMENTAL=0" "-e" "RUST_BACKTRACE=full" "-e" "RUSTFLAGS=--cap-lints=warn" "-e" "CARGO_HOME=/opt/rustwide/cargo-home" "-e" "RUSTUP_HOME=/opt/rustwide/rustup-home" "-w" "/opt/rustwide/workdir" "-m" "1610612736" "--user" "0:0" "--network" "none" "ghcr.io/rust-lang/crates-build-env/linux@sha256:34b6a614d2c27851fe6cbf88fbd1137609cefab8b10d0615aaeb6fd47975d74e" "/opt/rustwide/cargo-home/bin/cargo" "+1.54.0" "test" "--frozen", kill_on_drop: false }`
[INFO] [stdout] 466dfe79f1dc695531bf73731177af029a1b7c1ddf42a518e9f39ccaf20dc66f
[INFO] running `Command { std: "docker" "start" "-a" "466dfe79f1dc695531bf73731177af029a1b7c1ddf42a518e9f39ccaf20dc66f", kill_on_drop: false }`
[INFO] [stderr]     Blocking waiting for file lock on package cache
[INFO] [stderr] warning: unused import: `std::collections::HashMap`
[INFO] [stderr]   --> src/main.rs:14:5
[INFO] [stderr]    |
[INFO] [stderr] 14 | use std::collections::HashMap;
[INFO] [stderr]    |     ^^^^^^^^^^^^^^^^^^^^^^^^^
[INFO] [stderr]    |
[INFO] [stderr]    = note: `#[warn(unused_imports)]` on by default
[INFO] [stderr] 
[INFO] [stderr] warning: unused import: `Vector3`
[INFO] [stderr]  --> src/renderer/basic.rs:7:37
[INFO] [stderr]   |
[INFO] [stderr] 7 | use cgmath::{SquareMatrix, Matrix4, Vector3};
[INFO] [stderr]   |                                     ^^^^^^^
[INFO] [stderr] 
[INFO] [stderr] warning: the item `FactoryExt` is imported redundantly
[INFO] [stderr]   --> src/renderer/basic.rs:53:13
[INFO] [stderr]    |
[INFO] [stderr] 8  | use gfx::traits::FactoryExt;
[INFO] [stderr]    |     ----------------------- the item `FactoryExt` is already imported here
[INFO] [stderr] ...
[INFO] [stderr] 53 |         use gfx::traits::FactoryExt;
[INFO] [stderr]    |             ^^^^^^^^^^^^^^^^^^^^^^^
[INFO] [stderr] 
[INFO] [stderr] warning: use of deprecated macro `try`: use the `?` operator instead
[INFO] [stderr]   --> src/loader.rs:21:18
[INFO] [stderr]    |
[INFO] [stderr] 21 |   let mut file = try!(File::open(path));
[INFO] [stderr]    |                  ^^^
[INFO] [stderr]    |
[INFO] [stderr]    = note: `#[warn(deprecated)]` on by default
[INFO] [stderr] 
[INFO] [stderr] warning: use of deprecated macro `try`: use the `?` operator instead
[INFO] [stderr]   --> src/loader.rs:22:3
[INFO] [stderr]    |
[INFO] [stderr] 22 |   try!(file.read_to_string(&mut text));
[INFO] [stderr]    |   ^^^
[INFO] [stderr] 
[INFO] [stderr] warning: unused import: `std::collections::HashMap`
[INFO] [stderr]  --> src/components/tile_data.rs:4:5
[INFO] [stderr]   |
[INFO] [stderr] 4 | use std::collections::HashMap;
[INFO] [stderr]   |     ^^^^^^^^^^^^^^^^^^^^^^^^^
[INFO] [stderr] 
[INFO] [stderr] warning: unused import: `HashSet`
[INFO] [stderr]  --> src/math/astar.rs:2:33
[INFO] [stderr]   |
[INFO] [stderr] 2 | use std::collections::{HashMap, HashSet, BinaryHeap};
[INFO] [stderr]   |                                 ^^^^^^^
[INFO] [stderr] 
[INFO] [stderr] warning: unnecessary parentheses around type
[INFO] [stderr]   --> src/systems/animation_system.rs:19:23
[INFO] [stderr]    |
[INFO] [stderr] 19 |       type SystemData = (
[INFO] [stderr]    |  _______________________^
[INFO] [stderr] 20 | |         WriteStorage<'a, AnimationSheet>
[INFO] [stderr] 21 | |     );
[INFO] [stderr]    | |_____^ help: remove these parentheses
[INFO] [stderr]    |
[INFO] [stderr]    = note: `#[warn(unused_parens)]` on by default
[INFO] [stderr] 
[INFO] [stderr] warning: unused import: `TileMapping`
[INFO] [stderr]  --> src/systems/player_movement.rs:5:13
[INFO] [stderr]   |
[INFO] [stderr] 5 | use types::{TileMapping, Turn};
[INFO] [stderr]   |             ^^^^^^^^^^^
[INFO] [stderr] 
[INFO] [stderr] warning: unused import: `Deref`
[INFO] [stderr]  --> src/systems/process_turn.rs:1:16
[INFO] [stderr]   |
[INFO] [stderr] 1 | use std::ops::{Deref, DerefMut};
[INFO] [stderr]   |                ^^^^^
[INFO] [stderr] 
[INFO] [stderr] warning: unused import: `Fetch`
[INFO] [stderr]  --> src/systems/process_turn.rs:2:13
[INFO] [stderr]   |
[INFO] [stderr] 2 | use specs::{Fetch, FetchMut, Join, ReadStorage, WriteStorage, System};
[INFO] [stderr]   |             ^^^^^
[INFO] [stderr] 
[INFO] [stderr] warning: variable does not need to be mutable
[INFO] [stderr]   --> src/main.rs:90:9
[INFO] [stderr]    |
[INFO] [stderr] 90 |     let mut tile_data = tile_data_res.deref_mut();
[INFO] [stderr]    |         ----^^^^^^^^^
[INFO] [stderr]    |         |
[INFO] [stderr]    |         help: remove this `mut`
[INFO] [stderr]    |
[INFO] [stderr]    = note: `#[warn(unused_mut)]` on by default
[INFO] [stderr] 
[INFO] [stderr] warning: variable does not need to be mutable
[INFO] [stderr]    --> src/main.rs:165:29
[INFO] [stderr]     |
[INFO] [stderr] 165 |                         let mut input = input_res.deref_mut();
[INFO] [stderr]     |                             ----^^^^^
[INFO] [stderr]     |                             |
[INFO] [stderr]     |                             help: remove this `mut`
[INFO] [stderr] 
[INFO] [stderr] warning: variable does not need to be mutable
[INFO] [stderr]    --> src/main.rs:112:55
[INFO] [stderr]     |
[INFO] [stderr] 112 |     let (window, mut device, mut factory, main_color, mut main_depth) =
[INFO] [stderr]     |                                                       ----^^^^^^^^^^
[INFO] [stderr]     |                                                       |
[INFO] [stderr]     |                                                       help: remove this `mut`
[INFO] [stderr] 
[INFO] [stderr] warning: variable does not need to be mutable
[INFO] [stderr]   --> src/utils/tiled.rs:33:13
[INFO] [stderr]    |
[INFO] [stderr] 33 |         let mut ys = ground_tiles.get_mut(&x).unwrap();
[INFO] [stderr]    |             ----^^
[INFO] [stderr]    |             |
[INFO] [stderr]    |             help: remove this `mut`
[INFO] [stderr] 
[INFO] [stderr] warning: variable does not need to be mutable
[INFO] [stderr]   --> src/utils/tiled.rs:63:25
[INFO] [stderr]    |
[INFO] [stderr] 63 |                     let mut xs = unpassable_tiles.get_mut(&y).unwrap();
[INFO] [stderr]    |                         ----^^
[INFO] [stderr]    |                         |
[INFO] [stderr]    |                         help: remove this `mut`
[INFO] [stderr] 
[INFO] [stderr] warning: associated function is never used: `reset_energy`
[INFO] [stderr]   --> src/components/player.rs:48:12
[INFO] [stderr]    |
[INFO] [stderr] 48 |     pub fn reset_energy(&mut self) {
[INFO] [stderr]    |            ^^^^^^^^^^^^
[INFO] [stderr]    |
[INFO] [stderr]    = note: `#[warn(dead_code)]` on by default
[INFO] [stderr] 
[INFO] [stderr] warning: field is never read: `last_time`
[INFO] [stderr]  --> src/systems/animation_system.rs:7:5
[INFO] [stderr]   |
[INFO] [stderr] 7 |     last_time: Instant,
[INFO] [stderr]   |     ^^^^^^^^^^^^^^^^^^
[INFO] [stderr] 
[INFO] [stderr] warning: 18 warnings emitted
[INFO] [stderr] 
[INFO] [stderr]     Finished test [unoptimized + debuginfo] target(s) in 29.09s
[INFO] [stderr]      Running unittests (/opt/rustwide/target/debug/deps/agile_archer-2e1f301fbe976c08)
[INFO] [stdout] 
[INFO] [stdout] running 1 test
[INFO] [stdout] test utils::tiled::tests::test_parse_out_map_layers ... FAILED
[INFO] [stdout] 
[INFO] [stdout] failures:
[INFO] [stdout] 
[INFO] [stdout] ---- utils::tiled::tests::test_parse_out_map_layers stdout ----
[INFO] [stdout] thread 'utils::tiled::tests::test_parse_out_map_layers' panicked at 'attempted to leave type `linked_hash_map::Node<i32, std::vec::Vec<i32>>` uninitialized, which is invalid', /rustc/a178d0322ce20e33eac124758e837cbd80a6f633/library/core/src/mem/mod.rs:660:9
[INFO] [stdout] stack backtrace:
[INFO] [stdout]    0:     0x5559a480b660 - std::backtrace_rs::backtrace::libunwind::trace::h34055254b57d8e79
[INFO] [stdout]                                at /rustc/a178d0322ce20e33eac124758e837cbd80a6f633/library/std/src/../../backtrace/src/backtrace/libunwind.rs:90:5
[INFO] [stdout]    1:     0x5559a480b660 - std::backtrace_rs::backtrace::trace_unsynchronized::h8f1e3fbd9afff6ec
[INFO] [stdout]                                at /rustc/a178d0322ce20e33eac124758e837cbd80a6f633/library/std/src/../../backtrace/src/backtrace/mod.rs:66:5
[INFO] [stdout]    2:     0x5559a480b660 - std::sys_common::backtrace::_print_fmt::h3a99a796b770c360
[INFO] [stdout]                                at /rustc/a178d0322ce20e33eac124758e837cbd80a6f633/library/std/src/sys_common/backtrace.rs:67:5
[INFO] [stdout]    3:     0x5559a480b660 - <std::sys_common::backtrace::_print::DisplayBacktrace as core::fmt::Display>::fmt::h32d1f94a80615d18
[INFO] [stdout]                                at /rustc/a178d0322ce20e33eac124758e837cbd80a6f633/library/std/src/sys_common/backtrace.rs:46:22
[INFO] [stdout]    4:     0x5559a482de5c - core::fmt::write::h306731c068f7162c
[INFO] [stdout]                                at /rustc/a178d0322ce20e33eac124758e837cbd80a6f633/library/core/src/fmt/mod.rs:1110:17
[INFO] [stdout]    5:     0x5559a4808585 - std::io::Write::write_fmt::h87f19b0a2cd190bc
[INFO] [stdout]                                at /rustc/a178d0322ce20e33eac124758e837cbd80a6f633/library/std/src/io/mod.rs:1588:15
[INFO] [stdout]    6:     0x5559a480d7cb - std::sys_common::backtrace::_print::h5abaa2601a852287
[INFO] [stdout]                                at /rustc/a178d0322ce20e33eac124758e837cbd80a6f633/library/std/src/sys_common/backtrace.rs:49:5
[INFO] [stdout]    7:     0x5559a480d7cb - std::sys_common::backtrace::print::h8d81445442bb638f
[INFO] [stdout]                                at /rustc/a178d0322ce20e33eac124758e837cbd80a6f633/library/std/src/sys_common/backtrace.rs:36:9
[INFO] [stdout]    8:     0x5559a480d7cb - std::panicking::default_hook::{{closure}}::hcfe804496a9fa747
[INFO] [stdout]                                at /rustc/a178d0322ce20e33eac124758e837cbd80a6f633/library/std/src/panicking.rs:208:50
[INFO] [stdout]    9:     0x5559a480d2dc - std::panicking::default_hook::hbea8e3ccf2ba8901
[INFO] [stdout]                                at /rustc/a178d0322ce20e33eac124758e837cbd80a6f633/library/std/src/panicking.rs:222:9
[INFO] [stdout]   10:     0x5559a480de94 - std::panicking::rust_panic_with_hook::h7ee9e1a2d0f8975a
[INFO] [stdout]                                at /rustc/a178d0322ce20e33eac124758e837cbd80a6f633/library/std/src/panicking.rs:622:17
[INFO] [stdout]   11:     0x5559a480d947 - std::panicking::begin_panic_handler::{{closure}}::h8ab3b4491718b2c7
[INFO] [stdout]                                at /rustc/a178d0322ce20e33eac124758e837cbd80a6f633/library/std/src/panicking.rs:517:13
[INFO] [stdout]   12:     0x5559a480bb5c - std::sys_common::backtrace::__rust_end_short_backtrace::hd489062ffa586a9f
[INFO] [stdout]                                at /rustc/a178d0322ce20e33eac124758e837cbd80a6f633/library/std/src/sys_common/backtrace.rs:141:18
[INFO] [stdout]   13:     0x5559a480d8d9 - rust_begin_unwind
[INFO] [stdout]                                at /rustc/a178d0322ce20e33eac124758e837cbd80a6f633/library/std/src/panicking.rs:515:5
[INFO] [stdout]   14:     0x5559a47826d1 - core::panicking::panic_fmt::hca6330e3e14086b4
[INFO] [stdout]                                at /rustc/a178d0322ce20e33eac124758e837cbd80a6f633/library/core/src/panicking.rs:92:14
[INFO] [stdout]   15:     0x5559a478261d - core::panicking::panic::h1a48d878ff3dcd40
[INFO] [stdout]                                at /rustc/a178d0322ce20e33eac124758e837cbd80a6f633/library/core/src/panicking.rs:50:5
[INFO] [stdout]   16:     0x5559a47992a6 - core::mem::uninitialized::h8823d978736c3f58
[INFO] [stdout]                                at /rustc/a178d0322ce20e33eac124758e837cbd80a6f633/library/core/src/mem/mod.rs:660:9
[INFO] [stdout]   17:     0x5559a47992a6 - linked_hash_map::LinkedHashMap<K,V,S>::ensure_guard_node::h7688699c9b426529
[INFO] [stdout]                                at /opt/rustwide/cargo-home/registry/src/github.com-1ecc6299db9ec823/linked-hash-map-0.4.2/src/lib.rs:174:52
[INFO] [stdout]   18:     0x5559a4799546 - linked_hash_map::LinkedHashMap<K,V,S>::insert::ha110644898618d80
[INFO] [stdout]                                at /opt/rustwide/cargo-home/registry/src/github.com-1ecc6299db9ec823/linked-hash-map-0.4.2/src/lib.rs:305:9
[INFO] [stdout]   19:     0x5559a4795e11 - agile_archer::utils::tiled::parse_out_map_layers::h1ce9ef767cde46c6
[INFO] [stdout]                                at /opt/rustwide/workdir/src/utils/tiled.rs:86:9
[INFO] [stdout]   20:     0x5559a4797ffc - agile_archer::utils::tiled::tests::test_parse_out_map_layers::hd7c54dfcfcc1745c
[INFO] [stdout]                                at /opt/rustwide/workdir/src/utils/tiled.rs:211:39
[INFO] [stdout]   21:     0x5559a47972ca - agile_archer::utils::tiled::tests::test_parse_out_map_layers::{{closure}}::h95c13ed944abe1fe
[INFO] [stdout]                                at /opt/rustwide/workdir/src/utils/tiled.rs:163:5
[INFO] [stdout]   22:     0x5559a478e59e - core::ops::function::FnOnce::call_once::h79cdad46deca4f85
[INFO] [stdout]                                at /rustc/a178d0322ce20e33eac124758e837cbd80a6f633/library/core/src/ops/function.rs:227:5
[INFO] [stdout]   23:     0x5559a47c6353 - core::ops::function::FnOnce::call_once::h152e7e439ff59e19
[INFO] [stdout]                                at /rustc/a178d0322ce20e33eac124758e837cbd80a6f633/library/core/src/ops/function.rs:227:5
[INFO] [stdout]   24:     0x5559a47c6353 - test::__rust_begin_short_backtrace::h0908f3b1fdbb72ab
[INFO] [stdout]                                at /rustc/a178d0322ce20e33eac124758e837cbd80a6f633/library/test/src/lib.rs:577:5
[INFO] [stdout]   25:     0x5559a47c4e10 - <alloc::boxed::Box<F,A> as core::ops::function::FnOnce<Args>>::call_once::hf6d2a51e5587546c
[INFO] [stdout]                                at /rustc/a178d0322ce20e33eac124758e837cbd80a6f633/library/alloc/src/boxed.rs:1575:9
[INFO] [stdout]   26:     0x5559a47c4e10 - <std::panic::AssertUnwindSafe<F> as core::ops::function::FnOnce<()>>::call_once::h8af660f3a89ef593
[INFO] [stdout]                                at /rustc/a178d0322ce20e33eac124758e837cbd80a6f633/library/std/src/panic.rs:347:9
[INFO] [stdout]   27:     0x5559a47c4e10 - std::panicking::try::do_call::hd36aef60f84b6d36
[INFO] [stdout]                                at /rustc/a178d0322ce20e33eac124758e837cbd80a6f633/library/std/src/panicking.rs:401:40
[INFO] [stdout]   28:     0x5559a47c4e10 - std::panicking::try::h9932b4480e69817c
[INFO] [stdout]                                at /rustc/a178d0322ce20e33eac124758e837cbd80a6f633/library/std/src/panicking.rs:365:19
[INFO] [stdout]   29:     0x5559a47c4e10 - std::panic::catch_unwind::h6aa177099cfff5f8
[INFO] [stdout]                                at /rustc/a178d0322ce20e33eac124758e837cbd80a6f633/library/std/src/panic.rs:434:14
[INFO] [stdout]   30:     0x5559a47c4e10 - test::run_test_in_process::h5884d6f2d99e20c3
[INFO] [stdout]                                at /rustc/a178d0322ce20e33eac124758e837cbd80a6f633/library/test/src/lib.rs:600:18
[INFO] [stdout]   31:     0x5559a47c4e10 - test::run_test::run_test_inner::{{closure}}::h6fdc58c6d5f5b6e3
[INFO] [stdout]                                at /rustc/a178d0322ce20e33eac124758e837cbd80a6f633/library/test/src/lib.rs:492:39
[INFO] [stdout]   32:     0x5559a479e4c2 - test::run_test::run_test_inner::{{closure}}::h408365d67a78ade8
[INFO] [stdout]                                at /rustc/a178d0322ce20e33eac124758e837cbd80a6f633/library/test/src/lib.rs:519:37
[INFO] [stdout]   33:     0x5559a479e4c2 - std::sys_common::backtrace::__rust_begin_short_backtrace::hb560b77c4f701523
[INFO] [stdout]                                at /rustc/a178d0322ce20e33eac124758e837cbd80a6f633/library/std/src/sys_common/backtrace.rs:125:18
[INFO] [stdout]   34:     0x5559a47a2078 - std::thread::Builder::spawn_unchecked::{{closure}}::{{closure}}::hf2e7831dad93c597
[INFO] [stdout]                                at /rustc/a178d0322ce20e33eac124758e837cbd80a6f633/library/std/src/thread/mod.rs:481:17
[INFO] [stdout]   35:     0x5559a47a2078 - <std::panic::AssertUnwindSafe<F> as core::ops::function::FnOnce<()>>::call_once::hd2e08783d8be4d02
[INFO] [stdout]                                at /rustc/a178d0322ce20e33eac124758e837cbd80a6f633/library/std/src/panic.rs:347:9
[INFO] [stdout]   36:     0x5559a47a2078 - std::panicking::try::do_call::h062597b7acfd6b82
[INFO] [stdout]                                at /rustc/a178d0322ce20e33eac124758e837cbd80a6f633/library/std/src/panicking.rs:401:40
[INFO] [stdout]   37:     0x5559a47a2078 - std::panicking::try::h0d7b79db04c14552
[INFO] [stdout]                                at /rustc/a178d0322ce20e33eac124758e837cbd80a6f633/library/std/src/panicking.rs:365:19
[INFO] [stdout]   38:     0x5559a47a2078 - std::panic::catch_unwind::hb01a0b5e7c8cd43b
[INFO] [stdout]                                at /rustc/a178d0322ce20e33eac124758e837cbd80a6f633/library/std/src/panic.rs:434:14
[INFO] [stdout]   39:     0x5559a47a2078 - std::thread::Builder::spawn_unchecked::{{closure}}::h5bde48cc887e0d1e
[INFO] [stdout]                                at /rustc/a178d0322ce20e33eac124758e837cbd80a6f633/library/std/src/thread/mod.rs:480:30
[INFO] [stdout]   40:     0x5559a47a2078 - core::ops::function::FnOnce::call_once{{vtable.shim}}::h745ea30807a29e55
[INFO] [stdout]                                at /rustc/a178d0322ce20e33eac124758e837cbd80a6f633/library/core/src/ops/function.rs:227:5
[INFO] [stdout]   41:     0x5559a4812957 - <alloc::boxed::Box<F,A> as core::ops::function::FnOnce<Args>>::call_once::h7ece6cfefaff1005
[INFO] [stdout]                                at /rustc/a178d0322ce20e33eac124758e837cbd80a6f633/library/alloc/src/boxed.rs:1575:9
[INFO] [stdout]   42:     0x5559a4812957 - <alloc::boxed::Box<F,A> as core::ops::function::FnOnce<Args>>::call_once::hb8b48e55c21f193e
[INFO] [stdout]                                at /rustc/a178d0322ce20e33eac124758e837cbd80a6f633/library/alloc/src/boxed.rs:1575:9
[INFO] [stdout]   43:     0x5559a4812957 - std::sys::unix::thread::Thread::new::thread_start::h8c7c4450dba62914
[INFO] [stdout]                                at /rustc/a178d0322ce20e33eac124758e837cbd80a6f633/library/std/src/sys/unix/thread.rs:71:17
[INFO] [stdout]   44:     0x7fb2607f9609 - start_thread
[INFO] [stdout]   45:     0x7fb2605d1293 - clone
[INFO] [stdout]   46:                0x0 - <unknown>
[INFO] [stdout] 
[INFO] [stdout] 
[INFO] [stdout] failures:
[INFO] [stdout]     utils::tiled::tests::test_parse_out_map_layers
[INFO] [stdout] 
[INFO] [stdout] test result: FAILED. 0 passed; 1 failed; 0 ignored; 0 measured; 0 filtered out; finished in 0.01s
[INFO] [stdout] 
[INFO] [stderr] error: test failed, to rerun pass '--bin agile_archer'
[INFO] running `Command { std: "docker" "inspect" "466dfe79f1dc695531bf73731177af029a1b7c1ddf42a518e9f39ccaf20dc66f", kill_on_drop: false }`
[INFO] running `Command { std: "docker" "rm" "-f" "466dfe79f1dc695531bf73731177af029a1b7c1ddf42a518e9f39ccaf20dc66f", kill_on_drop: false }`
[INFO] [stdout] 466dfe79f1dc695531bf73731177af029a1b7c1ddf42a518e9f39ccaf20dc66f
