[INFO] cloning repository https://github.com/aesteve/itinerarium
[INFO] running `Command { std: "git" "-c" "credential.helper=" "-c" "credential.helper=/workspace/cargo-home/bin/git-credential-null" "clone" "--bare" "https://github.com/aesteve/itinerarium" "/workspace/cache/git-repos/https%3A%2F%2Fgithub.com%2Faesteve%2Fitinerarium", kill_on_drop: false }`
[INFO] [stderr] Cloning into bare repository '/workspace/cache/git-repos/https%3A%2F%2Fgithub.com%2Faesteve%2Fitinerarium'...
[INFO] running `Command { std: "git" "rev-parse" "HEAD", kill_on_drop: false }`
[INFO] [stdout] a7de036cf69a563c81c84e9481a79d1186174975
[INFO] testing aesteve/itinerarium against 1.54.0 for beta-1.55-1
[INFO] running `Command { std: "git" "clone" "/workspace/cache/git-repos/https%3A%2F%2Fgithub.com%2Faesteve%2Fitinerarium" "/workspace/builds/worker-8/source", kill_on_drop: false }`
[INFO] [stderr] Cloning into '/workspace/builds/worker-8/source'...
[INFO] [stderr] done.
[INFO] validating manifest of git repo https://github.com/aesteve/itinerarium on toolchain 1.54.0
[INFO] running `Command { std: "/workspace/cargo-home/bin/cargo" "+1.54.0" "metadata" "--manifest-path" "Cargo.toml" "--no-deps", kill_on_drop: false }`
[INFO] started tweaking git repo https://github.com/aesteve/itinerarium
[INFO] finished tweaking git repo https://github.com/aesteve/itinerarium
[INFO] tweaked toml for git repo https://github.com/aesteve/itinerarium written to /workspace/builds/worker-8/source/Cargo.toml
[INFO] crate git repo https://github.com/aesteve/itinerarium already has a lockfile, it will not be regenerated
[INFO] running `Command { std: "/workspace/cargo-home/bin/cargo" "+1.54.0" "fetch" "--manifest-path" "Cargo.toml", kill_on_drop: false }`
[INFO] running `Command { std: "docker" "create" "-v" "/var/lib/crater-agent-workspace/builds/worker-8/target:/opt/rustwide/target:rw,Z" "-v" "/var/lib/crater-agent-workspace/builds/worker-8/source:/opt/rustwide/workdir:ro,Z" "-v" "/var/lib/crater-agent-workspace/cargo-home:/opt/rustwide/cargo-home:ro,Z" "-v" "/var/lib/crater-agent-workspace/rustup-home:/opt/rustwide/rustup-home:ro,Z" "-e" "SOURCE_DIR=/opt/rustwide/workdir" "-e" "CARGO_TARGET_DIR=/opt/rustwide/target" "-e" "CARGO_HOME=/opt/rustwide/cargo-home" "-e" "RUSTUP_HOME=/opt/rustwide/rustup-home" "-w" "/opt/rustwide/workdir" "-m" "1610612736" "--user" "0:0" "--network" "none" "ghcr.io/rust-lang/crates-build-env/linux@sha256:34b6a614d2c27851fe6cbf88fbd1137609cefab8b10d0615aaeb6fd47975d74e" "/opt/rustwide/cargo-home/bin/cargo" "+1.54.0" "metadata" "--no-deps" "--format-version=1", kill_on_drop: false }`
[INFO] [stdout] 0fdcff5dd6410791ec5d21c35e198bd346ea7cbbb65fd4598d3c8faa8f7d9199
[INFO] running `Command { std: "docker" "start" "-a" "0fdcff5dd6410791ec5d21c35e198bd346ea7cbbb65fd4598d3c8faa8f7d9199", kill_on_drop: false }`
[INFO] running `Command { std: "docker" "inspect" "0fdcff5dd6410791ec5d21c35e198bd346ea7cbbb65fd4598d3c8faa8f7d9199", kill_on_drop: false }`
[INFO] running `Command { std: "docker" "rm" "-f" "0fdcff5dd6410791ec5d21c35e198bd346ea7cbbb65fd4598d3c8faa8f7d9199", kill_on_drop: false }`
[INFO] [stdout] 0fdcff5dd6410791ec5d21c35e198bd346ea7cbbb65fd4598d3c8faa8f7d9199
[INFO] running `Command { std: "docker" "create" "-v" "/var/lib/crater-agent-workspace/builds/worker-8/target:/opt/rustwide/target:rw,Z" "-v" "/var/lib/crater-agent-workspace/builds/worker-8/source:/opt/rustwide/workdir:ro,Z" "-v" "/var/lib/crater-agent-workspace/cargo-home:/opt/rustwide/cargo-home:ro,Z" "-v" "/var/lib/crater-agent-workspace/rustup-home:/opt/rustwide/rustup-home:ro,Z" "-e" "SOURCE_DIR=/opt/rustwide/workdir" "-e" "CARGO_TARGET_DIR=/opt/rustwide/target" "-e" "CARGO_INCREMENTAL=0" "-e" "RUST_BACKTRACE=full" "-e" "RUSTFLAGS=--cap-lints=warn" "-e" "CARGO_HOME=/opt/rustwide/cargo-home" "-e" "RUSTUP_HOME=/opt/rustwide/rustup-home" "-w" "/opt/rustwide/workdir" "-m" "1610612736" "--user" "0:0" "--network" "none" "ghcr.io/rust-lang/crates-build-env/linux@sha256:34b6a614d2c27851fe6cbf88fbd1137609cefab8b10d0615aaeb6fd47975d74e" "/opt/rustwide/cargo-home/bin/cargo" "+1.54.0" "build" "--frozen" "--message-format=json", kill_on_drop: false }`
[INFO] [stdout] 04e8ca71ec4ebbc0c9defd13914e07e733e29dfd49ae368f0f230bb43d7e60df
[INFO] running `Command { std: "docker" "start" "-a" "04e8ca71ec4ebbc0c9defd13914e07e733e29dfd49ae368f0f230bb43d7e60df", kill_on_drop: false }`
[INFO] [stderr]    Compiling syn v1.0.68
[INFO] [stderr]    Compiling tokio v1.4.0
[INFO] [stderr]    Compiling futures-util v0.3.13
[INFO] [stderr]    Compiling openssl-sys v0.9.61
[INFO] [stderr]    Compiling time v0.1.43
[INFO] [stderr]    Compiling parking_lot v0.11.1
[INFO] [stderr]    Compiling colored v1.9.3
[INFO] [stderr]    Compiling chrono v0.4.19
[INFO] [stderr]    Compiling openssl v0.10.33
[INFO] [stderr]    Compiling simple_logger v1.11.0
[INFO] [stderr]    Compiling futures v0.3.13
[INFO] [stderr]    Compiling native-tls v0.2.7
[INFO] [stderr]    Compiling tokio-macros v1.1.0
[INFO] [stderr]    Compiling pin-project-internal v1.0.6
[INFO] [stderr]    Compiling async-trait v0.1.48
[INFO] [stderr]    Compiling pin-project v1.0.6
[INFO] [stderr]    Compiling tokio-util v0.6.5
[INFO] [stderr]    Compiling tokio-native-tls v0.3.0
[INFO] [stderr]    Compiling h2 v0.3.2
[INFO] [stderr]    Compiling hyper v0.14.5
[INFO] [stderr]    Compiling hyper-tls v0.5.0
[INFO] [stderr]    Compiling itinerarium v0.0.1 (/opt/rustwide/workdir)
[INFO] [stderr]     Finished dev [unoptimized + debuginfo] target(s) in 50.77s
[INFO] running `Command { std: "docker" "inspect" "04e8ca71ec4ebbc0c9defd13914e07e733e29dfd49ae368f0f230bb43d7e60df", kill_on_drop: false }`
[INFO] running `Command { std: "docker" "rm" "-f" "04e8ca71ec4ebbc0c9defd13914e07e733e29dfd49ae368f0f230bb43d7e60df", kill_on_drop: false }`
[INFO] [stdout] 04e8ca71ec4ebbc0c9defd13914e07e733e29dfd49ae368f0f230bb43d7e60df
[INFO] running `Command { std: "docker" "create" "-v" "/var/lib/crater-agent-workspace/builds/worker-8/target:/opt/rustwide/target:rw,Z" "-v" "/var/lib/crater-agent-workspace/builds/worker-8/source:/opt/rustwide/workdir:ro,Z" "-v" "/var/lib/crater-agent-workspace/cargo-home:/opt/rustwide/cargo-home:ro,Z" "-v" "/var/lib/crater-agent-workspace/rustup-home:/opt/rustwide/rustup-home:ro,Z" "-e" "SOURCE_DIR=/opt/rustwide/workdir" "-e" "CARGO_TARGET_DIR=/opt/rustwide/target" "-e" "CARGO_INCREMENTAL=0" "-e" "RUST_BACKTRACE=full" "-e" "RUSTFLAGS=--cap-lints=warn" "-e" "CARGO_HOME=/opt/rustwide/cargo-home" "-e" "RUSTUP_HOME=/opt/rustwide/rustup-home" "-w" "/opt/rustwide/workdir" "-m" "1610612736" "--user" "0:0" "--network" "none" "ghcr.io/rust-lang/crates-build-env/linux@sha256:34b6a614d2c27851fe6cbf88fbd1137609cefab8b10d0615aaeb6fd47975d74e" "/opt/rustwide/cargo-home/bin/cargo" "+1.54.0" "test" "--frozen" "--no-run" "--message-format=json", kill_on_drop: false }`
[INFO] [stdout] 4a950127bcef74a31e5d8e97910883ec27646789778ac0c08b07ea39e0b2ac56
[INFO] running `Command { std: "docker" "start" "-a" "4a950127bcef74a31e5d8e97910883ec27646789778ac0c08b07ea39e0b2ac56", kill_on_drop: false }`
[INFO] [stderr]    Compiling serde v1.0.125
[INFO] [stderr]    Compiling serde_json v1.0.64
[INFO] [stderr]    Compiling uuid v0.8.2
[INFO] [stderr]    Compiling itinerarium v0.0.1 (/opt/rustwide/workdir)
[INFO] [stderr]     Finished test [unoptimized + debuginfo] target(s) in 24.26s
[INFO] running `Command { std: "docker" "inspect" "4a950127bcef74a31e5d8e97910883ec27646789778ac0c08b07ea39e0b2ac56", kill_on_drop: false }`
[INFO] running `Command { std: "docker" "rm" "-f" "4a950127bcef74a31e5d8e97910883ec27646789778ac0c08b07ea39e0b2ac56", kill_on_drop: false }`
[INFO] [stdout] 4a950127bcef74a31e5d8e97910883ec27646789778ac0c08b07ea39e0b2ac56
[INFO] running `Command { std: "docker" "create" "-v" "/var/lib/crater-agent-workspace/builds/worker-8/target:/opt/rustwide/target:rw,Z" "-v" "/var/lib/crater-agent-workspace/builds/worker-8/source:/opt/rustwide/workdir:ro,Z" "-v" "/var/lib/crater-agent-workspace/cargo-home:/opt/rustwide/cargo-home:ro,Z" "-v" "/var/lib/crater-agent-workspace/rustup-home:/opt/rustwide/rustup-home:ro,Z" "-e" "SOURCE_DIR=/opt/rustwide/workdir" "-e" "CARGO_TARGET_DIR=/opt/rustwide/target" "-e" "CARGO_INCREMENTAL=0" "-e" "RUST_BACKTRACE=full" "-e" "RUSTFLAGS=--cap-lints=warn" "-e" "CARGO_HOME=/opt/rustwide/cargo-home" "-e" "RUSTUP_HOME=/opt/rustwide/rustup-home" "-w" "/opt/rustwide/workdir" "-m" "1610612736" "--user" "0:0" "--network" "none" "ghcr.io/rust-lang/crates-build-env/linux@sha256:34b6a614d2c27851fe6cbf88fbd1137609cefab8b10d0615aaeb6fd47975d74e" "/opt/rustwide/cargo-home/bin/cargo" "+1.54.0" "test" "--frozen", kill_on_drop: false }`
[INFO] [stdout] 23b9501ea9ff28f8af08141a894d3ff80e7145e2251a9a0fa784143a11e40666
[INFO] running `Command { std: "docker" "start" "-a" "23b9501ea9ff28f8af08141a894d3ff80e7145e2251a9a0fa784143a11e40666", kill_on_drop: false }`
[INFO] [stderr]     Finished test [unoptimized + debuginfo] target(s) in 0.06s
[INFO] [stderr]      Running unittests (/opt/rustwide/target/debug/deps/itinerarium-60a89a445d0ff5ae)
[INFO] [stdout] 
[INFO] [stdout] running 16 tests
[INFO] [stdout] test handlers::tests::test_break ... ok
[INFO] [stdout] test handlers::correlation::tests::correlation_id_is_forwarded_if_present ... ok
[INFO] [stdout] test handlers::tests::test_chain_response_handlers ... ok
[INFO] [stdout] test gateway::tests::check_forwarded_headers ... ok
[INFO] [stdout] test handlers::correlation::tests::correlation_id_is_added_if_missing ... ok
[INFO] [stdout] test gateway::tests::check_forwarded_body ... ok
[INFO] [stdout] test handlers::log::tests::test_log_request ... ok
[INFO] [stdout] test gateway::tests::check_path ... ok
[INFO] [stdout] test handlers::json_pointer::tests::test_pointer ... ok
[INFO] [stdout] test gateway::tests::test ... ok
[INFO] [stdout] test handlers::tests::test_mut_handler ... ok
[INFO] [stdout] test gateway::tests::test_http_to_https_by_using_swapi ... FAILED
[INFO] [stdout] test handlers::tests::measure_response_time_by_using_scoped_handler ... ok
[INFO] [stdout] test handlers::subscriptions::tests::test_subscriptions ... ok
[INFO] [stdout] test handlers::rate_limiting::tests::test_rate_limiter ... ok
[INFO] [stdout] test handlers::tests::test_scoped_handler ... ok
[INFO] [stdout] 
[INFO] [stdout] failures:
[INFO] [stdout] 
[INFO] [stdout] ---- gateway::tests::test_http_to_https_by_using_swapi stdout ----
[INFO] [stdout] 2021-08-07 23:45:36,134 INFO  [itinerarium::gateway] Listening on http://127.0.0.1:3040
[INFO] [stdout] 2021-08-07 23:45:36,179 ERROR [itinerarium::gateway] Err(hyper::Error(Connect, ConnectError("dns error", Custom { kind: Other, error: "failed to lookup address information: Temporary failure in name resolution" })))
[INFO] [stdout] thread 'gateway::tests::test_http_to_https_by_using_swapi' panicked at 'assertion failed: `(left == right)`
[INFO] [stdout]   left: `200`,
[INFO] [stdout]  right: `502`', src/gateway.rs:327:9
[INFO] [stdout] stack backtrace:
[INFO] [stdout]    0:     0x563042293190 - std::backtrace_rs::backtrace::libunwind::trace::h34055254b57d8e79
[INFO] [stdout]                                at /rustc/a178d0322ce20e33eac124758e837cbd80a6f633/library/std/src/../../backtrace/src/backtrace/libunwind.rs:90:5
[INFO] [stdout]    1:     0x563042293190 - std::backtrace_rs::backtrace::trace_unsynchronized::h8f1e3fbd9afff6ec
[INFO] [stdout]                                at /rustc/a178d0322ce20e33eac124758e837cbd80a6f633/library/std/src/../../backtrace/src/backtrace/mod.rs:66:5
[INFO] [stdout]    2:     0x563042293190 - std::sys_common::backtrace::_print_fmt::h3a99a796b770c360
[INFO] [stdout]                                at /rustc/a178d0322ce20e33eac124758e837cbd80a6f633/library/std/src/sys_common/backtrace.rs:67:5
[INFO] [stdout]    3:     0x563042293190 - <std::sys_common::backtrace::_print::DisplayBacktrace as core::fmt::Display>::fmt::h32d1f94a80615d18
[INFO] [stdout]                                at /rustc/a178d0322ce20e33eac124758e837cbd80a6f633/library/std/src/sys_common/backtrace.rs:46:22
[INFO] [stdout]    4:     0x5630422b68ac - core::fmt::write::h306731c068f7162c
[INFO] [stdout]                                at /rustc/a178d0322ce20e33eac124758e837cbd80a6f633/library/core/src/fmt/mod.rs:1110:17
[INFO] [stdout]    5:     0x56304228c895 - std::io::Write::write_fmt::h87f19b0a2cd190bc
[INFO] [stdout]                                at /rustc/a178d0322ce20e33eac124758e837cbd80a6f633/library/std/src/io/mod.rs:1588:15
[INFO] [stdout]    6:     0x56304229531b - std::sys_common::backtrace::_print::h5abaa2601a852287
[INFO] [stdout]                                at /rustc/a178d0322ce20e33eac124758e837cbd80a6f633/library/std/src/sys_common/backtrace.rs:49:5
[INFO] [stdout]    7:     0x56304229531b - std::sys_common::backtrace::print::h8d81445442bb638f
[INFO] [stdout]                                at /rustc/a178d0322ce20e33eac124758e837cbd80a6f633/library/std/src/sys_common/backtrace.rs:36:9
[INFO] [stdout]    8:     0x56304229531b - std::panicking::default_hook::{{closure}}::hcfe804496a9fa747
[INFO] [stdout]                                at /rustc/a178d0322ce20e33eac124758e837cbd80a6f633/library/std/src/panicking.rs:208:50
[INFO] [stdout]    9:     0x563042294e2c - std::panicking::default_hook::hbea8e3ccf2ba8901
[INFO] [stdout]                                at /rustc/a178d0322ce20e33eac124758e837cbd80a6f633/library/std/src/panicking.rs:222:9
[INFO] [stdout]   10:     0x5630422959e4 - std::panicking::rust_panic_with_hook::h7ee9e1a2d0f8975a
[INFO] [stdout]                                at /rustc/a178d0322ce20e33eac124758e837cbd80a6f633/library/std/src/panicking.rs:622:17
[INFO] [stdout]   11:     0x5630422954c7 - std::panicking::begin_panic_handler::{{closure}}::h8ab3b4491718b2c7
[INFO] [stdout]                                at /rustc/a178d0322ce20e33eac124758e837cbd80a6f633/library/std/src/panicking.rs:519:13
[INFO] [stdout]   12:     0x56304229368c - std::sys_common::backtrace::__rust_end_short_backtrace::hd489062ffa586a9f
[INFO] [stdout]                                at /rustc/a178d0322ce20e33eac124758e837cbd80a6f633/library/std/src/sys_common/backtrace.rs:141:18
[INFO] [stdout]   13:     0x563042295429 - rust_begin_unwind
[INFO] [stdout]                                at /rustc/a178d0322ce20e33eac124758e837cbd80a6f633/library/std/src/panicking.rs:515:5
[INFO] [stdout]   14:     0x563041b75c01 - core::panicking::panic_fmt::hca6330e3e14086b4
[INFO] [stdout]                                at /rustc/a178d0322ce20e33eac124758e837cbd80a6f633/library/core/src/panicking.rs:92:14
[INFO] [stdout]   15:     0x5630422b4ea8 - core::panicking::assert_failed_inner::h33b45280069a80ed
[INFO] [stdout]   16:     0x563041ef04fa - core::panicking::assert_failed::hf36adf6938080e64
[INFO] [stdout]                                at /rustc/a178d0322ce20e33eac124758e837cbd80a6f633/library/core/src/panicking.rs:117:5
[INFO] [stdout]   17:     0x563041d6e143 - itinerarium::gateway::tests::test_http_to_https_by_using_swapi::{{closure}}::hcc3b3c64be8a9dfe
[INFO] [stdout]                                at /opt/rustwide/workdir/src/gateway.rs:327:9
[INFO] [stdout]   18:     0x563041e05c4b - <core::future::from_generator::GenFuture<T> as core::future::future::Future>::poll::h3e642fca4a98ee73
[INFO] [stdout]                                at /rustc/a178d0322ce20e33eac124758e837cbd80a6f633/library/core/src/future/mod.rs:80:19
[INFO] [stdout]   19:     0x563041e0408f - <core::pin::Pin<P> as core::future::future::Future>::poll::hdff48617459e8e41
[INFO] [stdout]                                at /rustc/a178d0322ce20e33eac124758e837cbd80a6f633/library/core/src/future/future.rs:119:9
[INFO] [stdout]   20:     0x563041d47f50 - tokio::runtime::basic_scheduler::Inner<P>::block_on::{{closure}}::{{closure}}::hee60602e58800fd9
[INFO] [stdout]                                at /opt/rustwide/cargo-home/registry/src/github.com-1ecc6299db9ec823/tokio-1.4.0/src/runtime/basic_scheduler.rs:196:62
[INFO] [stdout]   21:     0x563041d3643c - tokio::coop::with_budget::{{closure}}::h793a5cc16c211ecc
[INFO] [stdout]                                at /opt/rustwide/cargo-home/registry/src/github.com-1ecc6299db9ec823/tokio-1.4.0/src/coop.rs:106:9
[INFO] [stdout]   22:     0x563041df9451 - std::thread::local::LocalKey<T>::try_with::hd1f3a9a70fa64435
[INFO] [stdout]                                at /rustc/a178d0322ce20e33eac124758e837cbd80a6f633/library/std/src/thread/local.rs:400:16
[INFO] [stdout]   23:     0x563041df2a5d - std::thread::local::LocalKey<T>::with::h388f838e5c3cf894
[INFO] [stdout]                                at /rustc/a178d0322ce20e33eac124758e837cbd80a6f633/library/std/src/thread/local.rs:376:9
[INFO] [stdout]   24:     0x563041d422ec - tokio::coop::with_budget::hcbc7df30f6afb15b
[INFO] [stdout]                                at /opt/rustwide/cargo-home/registry/src/github.com-1ecc6299db9ec823/tokio-1.4.0/src/coop.rs:99:5
[INFO] [stdout]   25:     0x563041d422ec - tokio::coop::budget::h8684612bc96c2a0b
[INFO] [stdout]                                at /opt/rustwide/cargo-home/registry/src/github.com-1ecc6299db9ec823/tokio-1.4.0/src/coop.rs:76:5
[INFO] [stdout]   26:     0x563041d422ec - tokio::runtime::basic_scheduler::Inner<P>::block_on::{{closure}}::h8cb6dc234479e42a
[INFO] [stdout]                                at /opt/rustwide/cargo-home/registry/src/github.com-1ecc6299db9ec823/tokio-1.4.0/src/runtime/basic_scheduler.rs:196:39
[INFO] [stdout]   27:     0x563041d50ec1 - tokio::runtime::basic_scheduler::enter::{{closure}}::h7763b04ee5f61387
[INFO] [stdout]                                at /opt/rustwide/cargo-home/registry/src/github.com-1ecc6299db9ec823/tokio-1.4.0/src/runtime/basic_scheduler.rs:279:29
[INFO] [stdout]   28:     0x563041e39c4d - tokio::macros::scoped_tls::ScopedKey<T>::set::hd596c36931bd41d5
[INFO] [stdout]                                at /opt/rustwide/cargo-home/registry/src/github.com-1ecc6299db9ec823/tokio-1.4.0/src/macros/scoped_tls.rs:61:9
[INFO] [stdout]   29:     0x563041d4e00c - tokio::runtime::basic_scheduler::enter::h315f42f8007431fc
[INFO] [stdout]                                at /opt/rustwide/cargo-home/registry/src/github.com-1ecc6299db9ec823/tokio-1.4.0/src/runtime/basic_scheduler.rs:279:5
[INFO] [stdout]   30:     0x563041d3e2db - tokio::runtime::basic_scheduler::Inner<P>::block_on::h8e75d9b40155e960
[INFO] [stdout]                                at /opt/rustwide/cargo-home/registry/src/github.com-1ecc6299db9ec823/tokio-1.4.0/src/runtime/basic_scheduler.rs:185:9
[INFO] [stdout]   31:     0x563041d481e4 - tokio::runtime::basic_scheduler::InnerGuard<P>::block_on::h0e754caa875f7703
[INFO] [stdout]                                at /opt/rustwide/cargo-home/registry/src/github.com-1ecc6299db9ec823/tokio-1.4.0/src/runtime/basic_scheduler.rs:425:9
[INFO] [stdout]   32:     0x563041d49078 - tokio::runtime::basic_scheduler::BasicScheduler<P>::block_on::h165567600253d7ba
[INFO] [stdout]                                at /opt/rustwide/cargo-home/registry/src/github.com-1ecc6299db9ec823/tokio-1.4.0/src/runtime/basic_scheduler.rs:145:24
[INFO] [stdout]   33:     0x563041f41310 - tokio::runtime::Runtime::block_on::hac73b648cd9445c2
[INFO] [stdout]                                at /opt/rustwide/cargo-home/registry/src/github.com-1ecc6299db9ec823/tokio-1.4.0/src/runtime/mod.rs:450:46
[INFO] [stdout]   34:     0x563041d6d26b - itinerarium::gateway::tests::test_http_to_https_by_using_swapi::h7589bfd96108a8f7
[INFO] [stdout]                                at /opt/rustwide/workdir/src/gateway.rs:307:5
[INFO] [stdout]   35:     0x563041d6d19a - itinerarium::gateway::tests::test_http_to_https_by_using_swapi::{{closure}}::hab725e7f29a56a86
[INFO] [stdout]                                at /opt/rustwide/workdir/src/gateway.rs:307:5
[INFO] [stdout]   36:     0x563041d80d9e - core::ops::function::FnOnce::call_once::h5fb52526f0669299
[INFO] [stdout]                                at /rustc/a178d0322ce20e33eac124758e837cbd80a6f633/library/core/src/ops/function.rs:227:5
[INFO] [stdout]   37:     0x563041f71953 - core::ops::function::FnOnce::call_once::h152e7e439ff59e19
[INFO] [stdout]                                at /rustc/a178d0322ce20e33eac124758e837cbd80a6f633/library/core/src/ops/function.rs:227:5
[INFO] [stdout]   38:     0x563041f71953 - test::__rust_begin_short_backtrace::h0908f3b1fdbb72ab
[INFO] [stdout]                                at /rustc/a178d0322ce20e33eac124758e837cbd80a6f633/library/test/src/lib.rs:577:5
[INFO] [stdout]   39:     0x563041f70410 - <alloc::boxed::Box<F,A> as core::ops::function::FnOnce<Args>>::call_once::hf6d2a51e5587546c
[INFO] [stdout]                                at /rustc/a178d0322ce20e33eac124758e837cbd80a6f633/library/alloc/src/boxed.rs:1575:9
[INFO] [stdout]   40:     0x563041f70410 - <std::panic::AssertUnwindSafe<F> as core::ops::function::FnOnce<()>>::call_once::h8af660f3a89ef593
[INFO] [stdout]                                at /rustc/a178d0322ce20e33eac124758e837cbd80a6f633/library/std/src/panic.rs:347:9
[INFO] [stdout]   41:     0x563041f70410 - std::panicking::try::do_call::hd36aef60f84b6d36
[INFO] [stdout]                                at /rustc/a178d0322ce20e33eac124758e837cbd80a6f633/library/std/src/panicking.rs:401:40
[INFO] [stdout]   42:     0x563041f70410 - std::panicking::try::h9932b4480e69817c
[INFO] [stdout]                                at /rustc/a178d0322ce20e33eac124758e837cbd80a6f633/library/std/src/panicking.rs:365:19
[INFO] [stdout]   43:     0x563041f70410 - std::panic::catch_unwind::h6aa177099cfff5f8
[INFO] [stdout]                                at /rustc/a178d0322ce20e33eac124758e837cbd80a6f633/library/std/src/panic.rs:434:14
[INFO] [stdout]   44:     0x563041f70410 - test::run_test_in_process::h5884d6f2d99e20c3
[INFO] [stdout]                                at /rustc/a178d0322ce20e33eac124758e837cbd80a6f633/library/test/src/lib.rs:600:18
[INFO] [stdout]   45:     0x563041f70410 - test::run_test::run_test_inner::{{closure}}::h6fdc58c6d5f5b6e3
[INFO] [stdout]                                at /rustc/a178d0322ce20e33eac124758e837cbd80a6f633/library/test/src/lib.rs:492:39
[INFO] [stdout]   46:     0x563041f49ac2 - test::run_test::run_test_inner::{{closure}}::h408365d67a78ade8
[INFO] [stdout]                                at /rustc/a178d0322ce20e33eac124758e837cbd80a6f633/library/test/src/lib.rs:519:37
[INFO] [stdout]   47:     0x563041f49ac2 - std::sys_common::backtrace::__rust_begin_short_backtrace::hb560b77c4f701523
[INFO] [stdout]                                at /rustc/a178d0322ce20e33eac124758e837cbd80a6f633/library/std/src/sys_common/backtrace.rs:125:18
[INFO] [stdout]   48:     0x563041f4d678 - std::thread::Builder::spawn_unchecked::{{closure}}::{{closure}}::hf2e7831dad93c597
[INFO] [stdout]                                at /rustc/a178d0322ce20e33eac124758e837cbd80a6f633/library/std/src/thread/mod.rs:481:17
[INFO] [stdout]   49:     0x563041f4d678 - <std::panic::AssertUnwindSafe<F> as core::ops::function::FnOnce<()>>::call_once::hd2e08783d8be4d02
[INFO] [stdout]                                at /rustc/a178d0322ce20e33eac124758e837cbd80a6f633/library/std/src/panic.rs:347:9
[INFO] [stdout]   50:     0x563041f4d678 - std::panicking::try::do_call::h062597b7acfd6b82
[INFO] [stdout]                                at /rustc/a178d0322ce20e33eac124758e837cbd80a6f633/library/std/src/panicking.rs:401:40
[INFO] [stdout]   51:     0x563041f4d678 - std::panicking::try::h0d7b79db04c14552
[INFO] [stdout]                                at /rustc/a178d0322ce20e33eac124758e837cbd80a6f633/library/std/src/panicking.rs:365:19
[INFO] [stdout]   52:     0x563041f4d678 - std::panic::catch_unwind::hb01a0b5e7c8cd43b
[INFO] [stdout]                                at /rustc/a178d0322ce20e33eac124758e837cbd80a6f633/library/std/src/panic.rs:434:14
[INFO] [stdout]   53:     0x563041f4d678 - std::thread::Builder::spawn_unchecked::{{closure}}::h5bde48cc887e0d1e
[INFO] [stdout]                                at /rustc/a178d0322ce20e33eac124758e837cbd80a6f633/library/std/src/thread/mod.rs:480:30
[INFO] [stdout]   54:     0x563041f4d678 - core::ops::function::FnOnce::call_once{{vtable.shim}}::h745ea30807a29e55
[INFO] [stdout]                                at /rustc/a178d0322ce20e33eac124758e837cbd80a6f633/library/core/src/ops/function.rs:227:5
[INFO] [stdout]   55:     0x56304229ada7 - <alloc::boxed::Box<F,A> as core::ops::function::FnOnce<Args>>::call_once::h7ece6cfefaff1005
[INFO] [stdout]                                at /rustc/a178d0322ce20e33eac124758e837cbd80a6f633/library/alloc/src/boxed.rs:1575:9
[INFO] [stdout]   56:     0x56304229ada7 - <alloc::boxed::Box<F,A> as core::ops::function::FnOnce<Args>>::call_once::hb8b48e55c21f193e
[INFO] [stdout]                                at /rustc/a178d0322ce20e33eac124758e837cbd80a6f633/library/alloc/src/boxed.rs:1575:9
[INFO] [stdout]   57:     0x56304229ada7 - std::sys::unix::thread::Thread::new::thread_start::h8c7c4450dba62914
[INFO] [stdout]                                at /rustc/a178d0322ce20e33eac124758e837cbd80a6f633/library/std/src/sys/unix/thread.rs:71:17
[INFO] [stdout]   58:     0x7fd43988a609 - start_thread
[INFO] [stdout]   59:     0x7fd43965a293 - clone
[INFO] [stdout]   60:                0x0 - <unknown>
[INFO] [stdout] 
[INFO] [stdout] 
[INFO] [stdout] failures:
[INFO] [stdout]     gateway::tests::test_http_to_https_by_using_swapi
[INFO] [stdout] 
[INFO] [stdout] test result: FAILED. 15 passed; 1 failed; 0 ignored; 0 measured; 0 filtered out; finished in 1.18s
[INFO] [stdout] 
[INFO] [stderr] error: test failed, to rerun pass '--lib'
[INFO] running `Command { std: "docker" "inspect" "23b9501ea9ff28f8af08141a894d3ff80e7145e2251a9a0fa784143a11e40666", kill_on_drop: false }`
[INFO] running `Command { std: "docker" "rm" "-f" "23b9501ea9ff28f8af08141a894d3ff80e7145e2251a9a0fa784143a11e40666", kill_on_drop: false }`
[INFO] [stdout] 23b9501ea9ff28f8af08141a894d3ff80e7145e2251a9a0fa784143a11e40666
