[INFO] cloning repository https://github.com/aecorredor/build-your-own-jira-with-rust
[INFO] running `Command { std: "git" "-c" "credential.helper=" "-c" "credential.helper=/workspace/cargo-home/bin/git-credential-null" "clone" "--bare" "https://github.com/aecorredor/build-your-own-jira-with-rust" "/workspace/cache/git-repos/https%3A%2F%2Fgithub.com%2Faecorredor%2Fbuild-your-own-jira-with-rust", kill_on_drop: false }`
[INFO] [stderr] Cloning into bare repository '/workspace/cache/git-repos/https%3A%2F%2Fgithub.com%2Faecorredor%2Fbuild-your-own-jira-with-rust'...
[INFO] running `Command { std: "git" "rev-parse" "HEAD", kill_on_drop: false }`
[INFO] [stdout] ea3cfffc8fd73814471dd0e1979e72b26e146dd7
[INFO] testing aecorredor/build-your-own-jira-with-rust against 1.54.0 for beta-1.55-1
[INFO] running `Command { std: "git" "clone" "/workspace/cache/git-repos/https%3A%2F%2Fgithub.com%2Faecorredor%2Fbuild-your-own-jira-with-rust" "/workspace/builds/worker-2/source", kill_on_drop: false }`
[INFO] [stderr] Cloning into '/workspace/builds/worker-2/source'...
[INFO] [stderr] done.
[INFO] validating manifest of git repo https://github.com/aecorredor/build-your-own-jira-with-rust on toolchain 1.54.0
[INFO] running `Command { std: "/workspace/cargo-home/bin/cargo" "+1.54.0" "metadata" "--manifest-path" "Cargo.toml" "--no-deps", kill_on_drop: false }`
[INFO] started tweaking git repo https://github.com/aecorredor/build-your-own-jira-with-rust
[INFO] finished tweaking git repo https://github.com/aecorredor/build-your-own-jira-with-rust
[INFO] tweaked toml for git repo https://github.com/aecorredor/build-your-own-jira-with-rust written to /workspace/builds/worker-2/source/Cargo.toml
[INFO] crate git repo https://github.com/aecorredor/build-your-own-jira-with-rust already has a lockfile, it will not be regenerated
[INFO] running `Command { std: "/workspace/cargo-home/bin/cargo" "+1.54.0" "fetch" "--manifest-path" "Cargo.toml", kill_on_drop: false }`
[INFO] running `Command { std: "docker" "create" "-v" "/var/lib/crater-agent-workspace/builds/worker-2/target:/opt/rustwide/target:rw,Z" "-v" "/var/lib/crater-agent-workspace/builds/worker-2/source:/opt/rustwide/workdir:ro,Z" "-v" "/var/lib/crater-agent-workspace/cargo-home:/opt/rustwide/cargo-home:ro,Z" "-v" "/var/lib/crater-agent-workspace/rustup-home:/opt/rustwide/rustup-home:ro,Z" "-e" "SOURCE_DIR=/opt/rustwide/workdir" "-e" "CARGO_TARGET_DIR=/opt/rustwide/target" "-e" "CARGO_HOME=/opt/rustwide/cargo-home" "-e" "RUSTUP_HOME=/opt/rustwide/rustup-home" "-w" "/opt/rustwide/workdir" "-m" "1610612736" "--user" "0:0" "--network" "none" "ghcr.io/rust-lang/crates-build-env/linux@sha256:34b6a614d2c27851fe6cbf88fbd1137609cefab8b10d0615aaeb6fd47975d74e" "/opt/rustwide/cargo-home/bin/cargo" "+1.54.0" "metadata" "--no-deps" "--format-version=1", kill_on_drop: false }`
[INFO] [stdout] f4a850ed3e13bca17728583d8598f31b0a943b9e2ba80e6e169ca47797d288fe
[INFO] running `Command { std: "docker" "start" "-a" "f4a850ed3e13bca17728583d8598f31b0a943b9e2ba80e6e169ca47797d288fe", kill_on_drop: false }`
[INFO] running `Command { std: "docker" "inspect" "f4a850ed3e13bca17728583d8598f31b0a943b9e2ba80e6e169ca47797d288fe", kill_on_drop: false }`
[INFO] running `Command { std: "docker" "rm" "-f" "f4a850ed3e13bca17728583d8598f31b0a943b9e2ba80e6e169ca47797d288fe", kill_on_drop: false }`
[INFO] [stdout] f4a850ed3e13bca17728583d8598f31b0a943b9e2ba80e6e169ca47797d288fe
[INFO] running `Command { std: "docker" "create" "-v" "/var/lib/crater-agent-workspace/builds/worker-2/target:/opt/rustwide/target:rw,Z" "-v" "/var/lib/crater-agent-workspace/builds/worker-2/source:/opt/rustwide/workdir:ro,Z" "-v" "/var/lib/crater-agent-workspace/cargo-home:/opt/rustwide/cargo-home:ro,Z" "-v" "/var/lib/crater-agent-workspace/rustup-home:/opt/rustwide/rustup-home:ro,Z" "-e" "SOURCE_DIR=/opt/rustwide/workdir" "-e" "CARGO_TARGET_DIR=/opt/rustwide/target" "-e" "CARGO_INCREMENTAL=0" "-e" "RUST_BACKTRACE=full" "-e" "RUSTFLAGS=--cap-lints=warn" "-e" "CARGO_HOME=/opt/rustwide/cargo-home" "-e" "RUSTUP_HOME=/opt/rustwide/rustup-home" "-w" "/opt/rustwide/workdir" "-m" "1610612736" "--user" "0:0" "--network" "none" "ghcr.io/rust-lang/crates-build-env/linux@sha256:34b6a614d2c27851fe6cbf88fbd1137609cefab8b10d0615aaeb6fd47975d74e" "/opt/rustwide/cargo-home/bin/cargo" "+1.54.0" "build" "--frozen" "--message-format=json", kill_on_drop: false }`
[INFO] [stdout] 63a3c948016ac5d07e7d057c75ceb3917f6898056204525e25807c87aa440dd8
[INFO] running `Command { std: "docker" "start" "-a" "63a3c948016ac5d07e7d057c75ceb3917f6898056204525e25807c87aa440dd8", kill_on_drop: false }`
[INFO] [stderr]    Compiling proc-macro2 v1.0.8
[INFO] [stderr]    Compiling unicode-xid v0.2.0
[INFO] [stderr]    Compiling syn v1.0.14
[INFO] [stderr]    Compiling libc v0.2.66
[INFO] [stderr]    Compiling rustversion v1.0.2
[INFO] [stderr]    Compiling cfg-if v0.1.10
[INFO] [stderr]    Compiling bitflags v1.2.1
[INFO] [stderr]    Compiling autocfg v1.0.0
[INFO] [stderr]    Compiling lazy_static v1.4.0
[INFO] [stderr]    Compiling unicode-segmentation v1.6.0
[INFO] [stderr]    Compiling unicode-width v0.1.7
[INFO] [stderr]    Compiling getrandom v0.1.14
[INFO] [stderr]    Compiling strsim v0.8.0
[INFO] [stderr]    Compiling vec_map v0.8.1
[INFO] [stderr]    Compiling serde v1.0.104
[INFO] [stderr]    Compiling memchr v2.3.3
[INFO] [stderr]    Compiling ansi_term v0.11.0
[INFO] [stderr]    Compiling paw-raw v1.0.0
[INFO] [stderr]    Compiling ppv-lite86 v0.2.6
[INFO] [stderr]    Compiling anyhow v1.0.26
[INFO] [stderr]    Compiling linked-hash-map v0.5.2
[INFO] [stderr]    Compiling dtoa v0.4.5
[INFO] [stderr]    Compiling regex-syntax v0.6.16
[INFO] [stderr]    Compiling read_input v0.8.4
[INFO] [stderr]    Compiling yansi v0.5.0
[INFO] [stderr]    Compiling thread_local v1.0.1
[INFO] [stderr]    Compiling textwrap v0.11.0
[INFO] [stderr]    Compiling heck v0.3.1
[INFO] [stderr]    Compiling yaml-rust v0.4.3
[INFO] [stderr]    Compiling num-traits v0.2.11
[INFO] [stderr]    Compiling num-integer v0.1.42
[INFO] [stderr]    Compiling c2-chacha v0.2.3
[INFO] [stderr]    Compiling aho-corasick v0.7.9
[INFO] [stderr]    Compiling quote v1.0.2
[INFO] [stderr]    Compiling atty v0.2.14
[INFO] [stderr]    Compiling dirs-sys v0.3.4
[INFO] [stderr]    Compiling time v0.1.42
[INFO] [stderr]    Compiling clap v2.33.0
[INFO] [stderr]    Compiling rand_core v0.5.1
[INFO] [stderr]    Compiling directories v2.0.2
[INFO] [stderr]    Compiling rand_chacha v0.2.1
[INFO] [stderr]    Compiling rand v0.7.3
[INFO] [stderr]    Compiling fake v2.2.0
[INFO] [stderr]    Compiling regex v1.3.4
[INFO] [stderr]    Compiling syn-mid v0.5.0
[INFO] [stderr]    Compiling serde_derive v1.0.104
[INFO] [stderr]    Compiling paw-attributes v1.0.2
[INFO] [stderr]    Compiling proc-macro-error v0.4.8
[INFO] [stderr]    Compiling proc-macro-error-attr v0.4.8
[INFO] [stderr]    Compiling paw v1.0.0
[INFO] [stderr]    Compiling structopt-derive v0.4.2
[INFO] [stderr]    Compiling structopt v0.3.9
[INFO] [stderr]    Compiling koans v0.1.0 (/opt/rustwide/workdir/koans-framework)
[INFO] [stderr]    Compiling serde_yaml v0.8.11
[INFO] [stderr]    Compiling chrono v0.4.11
[INFO] [stderr]    Compiling jira-cli v0.1.0 (/opt/rustwide/workdir/jira-cli)
[INFO] [stderr]    Compiling jira-wip v0.1.0 (/opt/rustwide/workdir/jira-wip)
[INFO] [stderr]     Finished dev [unoptimized + debuginfo] target(s) in 1m 05s
[INFO] running `Command { std: "docker" "inspect" "63a3c948016ac5d07e7d057c75ceb3917f6898056204525e25807c87aa440dd8", kill_on_drop: false }`
[INFO] running `Command { std: "docker" "rm" "-f" "63a3c948016ac5d07e7d057c75ceb3917f6898056204525e25807c87aa440dd8", kill_on_drop: false }`
[INFO] [stdout] 63a3c948016ac5d07e7d057c75ceb3917f6898056204525e25807c87aa440dd8
[INFO] running `Command { std: "docker" "create" "-v" "/var/lib/crater-agent-workspace/builds/worker-2/target:/opt/rustwide/target:rw,Z" "-v" "/var/lib/crater-agent-workspace/builds/worker-2/source:/opt/rustwide/workdir:ro,Z" "-v" "/var/lib/crater-agent-workspace/cargo-home:/opt/rustwide/cargo-home:ro,Z" "-v" "/var/lib/crater-agent-workspace/rustup-home:/opt/rustwide/rustup-home:ro,Z" "-e" "SOURCE_DIR=/opt/rustwide/workdir" "-e" "CARGO_TARGET_DIR=/opt/rustwide/target" "-e" "CARGO_INCREMENTAL=0" "-e" "RUST_BACKTRACE=full" "-e" "RUSTFLAGS=--cap-lints=warn" "-e" "CARGO_HOME=/opt/rustwide/cargo-home" "-e" "RUSTUP_HOME=/opt/rustwide/rustup-home" "-w" "/opt/rustwide/workdir" "-m" "1610612736" "--user" "0:0" "--network" "none" "ghcr.io/rust-lang/crates-build-env/linux@sha256:34b6a614d2c27851fe6cbf88fbd1137609cefab8b10d0615aaeb6fd47975d74e" "/opt/rustwide/cargo-home/bin/cargo" "+1.54.0" "test" "--frozen" "--no-run" "--message-format=json", kill_on_drop: false }`
[INFO] [stdout] 11e8daa82a6b6954556229263ccf1a8871778a7708b80e9dd2fc76cf619ed759
[INFO] running `Command { std: "docker" "start" "-a" "11e8daa82a6b6954556229263ccf1a8871778a7708b80e9dd2fc76cf619ed759", kill_on_drop: false }`
[INFO] [stderr]    Compiling remove_dir_all v0.5.2
[INFO] [stderr]    Compiling jira-cli v0.1.0 (/opt/rustwide/workdir/jira-cli)
[INFO] [stderr]    Compiling koans v0.1.0 (/opt/rustwide/workdir/koans-framework)
[INFO] [stderr]    Compiling tempfile v3.1.0
[INFO] [stderr]    Compiling jira-wip v0.1.0 (/opt/rustwide/workdir/jira-wip)
[INFO] [stderr]     Finished test [unoptimized + debuginfo] target(s) in 3.80s
[INFO] running `Command { std: "docker" "inspect" "11e8daa82a6b6954556229263ccf1a8871778a7708b80e9dd2fc76cf619ed759", kill_on_drop: false }`
[INFO] running `Command { std: "docker" "rm" "-f" "11e8daa82a6b6954556229263ccf1a8871778a7708b80e9dd2fc76cf619ed759", kill_on_drop: false }`
[INFO] [stdout] 11e8daa82a6b6954556229263ccf1a8871778a7708b80e9dd2fc76cf619ed759
[INFO] running `Command { std: "docker" "create" "-v" "/var/lib/crater-agent-workspace/builds/worker-2/target:/opt/rustwide/target:rw,Z" "-v" "/var/lib/crater-agent-workspace/builds/worker-2/source:/opt/rustwide/workdir:ro,Z" "-v" "/var/lib/crater-agent-workspace/cargo-home:/opt/rustwide/cargo-home:ro,Z" "-v" "/var/lib/crater-agent-workspace/rustup-home:/opt/rustwide/rustup-home:ro,Z" "-e" "SOURCE_DIR=/opt/rustwide/workdir" "-e" "CARGO_TARGET_DIR=/opt/rustwide/target" "-e" "CARGO_INCREMENTAL=0" "-e" "RUST_BACKTRACE=full" "-e" "RUSTFLAGS=--cap-lints=warn" "-e" "CARGO_HOME=/opt/rustwide/cargo-home" "-e" "RUSTUP_HOME=/opt/rustwide/rustup-home" "-w" "/opt/rustwide/workdir" "-m" "1610612736" "--user" "0:0" "--network" "none" "ghcr.io/rust-lang/crates-build-env/linux@sha256:34b6a614d2c27851fe6cbf88fbd1137609cefab8b10d0615aaeb6fd47975d74e" "/opt/rustwide/cargo-home/bin/cargo" "+1.54.0" "test" "--frozen", kill_on_drop: false }`
[INFO] [stdout] 628d66511f023c9a5f25a33e2b0247e82ca8b4f509846ee8e412d0557ad12878
[INFO] running `Command { std: "docker" "start" "-a" "628d66511f023c9a5f25a33e2b0247e82ca8b4f509846ee8e412d0557ad12878", kill_on_drop: false }`
[INFO] [stderr]     Finished test [unoptimized + debuginfo] target(s) in 0.06s
[INFO] [stderr]      Running unittests (/opt/rustwide/target/debug/deps/jira_cli-520ae043e6ddcbd9)
[INFO] [stdout] 
[INFO] [stdout] running 12 tests
[INFO] [stdout] test models::comment::comment_tests::creating_empty_comment_should_fail ... ok
[INFO] [stdout] test models::title::title_tests::creating_an_empty_title_should_fail ... ok
[INFO] [stdout] test store::tests::deleting_a_ticket_that_does_not_exist_returns_none ... ok
[INFO] [stdout] test store::tests::create_ticket_test ... ok
[INFO] [stdout] test store::tests::listing_tickets_of_an_empty_store_returns_an_empty_collection ... ok
[INFO] [stdout] test store::tests::updating_ticket_status_should_change_ticket_to_new_status ... ok
[INFO] [stdout] test store::tests::updating_ticket_with_no_patch_values_should_not_fail_or_change_values ... ok
[INFO] [stdout] test store::tests::add_comment_to_ticket ... ok
[INFO] [stdout] test store::tests::delete_ticket_test ... ok
[INFO] [stdout] test store::tests::add_comment_to_invalid_ticket_id_returns_none ... ok
[INFO] [stdout] test store::tests::updating_ticket_info_via_patch_should_update_ticket ... ok
[INFO] [stdout] test store::tests::listing_tickets_should_return_them_all ... ok
[INFO] [stdout] 
[INFO] [stdout] test result: ok. 12 passed; 0 failed; 0 ignored; 0 measured; 0 filtered out; finished in 0.33s
[INFO] [stdout] 
[INFO] [stdout] 
[INFO] [stdout] running 32 tests
[INFO] [stderr]      Running unittests (/opt/rustwide/target/debug/deps/jira_wip-c3760e75cda8107d)
[INFO] [stdout] test path_to_enlightenment::derive::tests::assertions ... ok
[INFO] [stdout] test path_to_enlightenment::greetings::the_beginning_of_your_journey ... ok
[INFO] [stdout] test path_to_enlightenment::recap::tests::the_next_step_of_your_journey ... ok
[INFO] [stdout] test path_to_enlightenment::id_generation::tests::a_missing_ticket ... ok
[INFO] [stdout] test path_to_enlightenment::option::tests::a_ticket_with_a_home ... ok
[INFO] [stdout] test path_to_enlightenment::option::tests::inserting_a_ticket_with_an_existing_id_overwrites_previous_ticket ... ok
[INFO] [stdout] test path_to_enlightenment::metadata::tests::a_missing_ticket ... ok
[INFO] [stdout] test path_to_enlightenment::store::tests::inserting_a_ticket_with_an_existing_id_overwrites_previous_ticket ... ok
[INFO] [stdout] test path_to_enlightenment::traits::tests::test_equality ... ok
[INFO] [stdout] test path_to_enlightenment::result::tests::a_missing_ticket ... ok
[INFO] [stdout] test path_to_enlightenment::status::tests::a_blocked_ticket ... ok
[INFO] [stdout] test path_to_enlightenment::ticket::tests::your_first_ticket ... ok
[INFO] [stdout] test path_to_enlightenment::store::tests::a_ticket_with_a_home ... ok
[INFO] [stdout] test path_to_enlightenment::type_as_constraints::tests::a_missing_ticket ... ok
[INFO] [stdout] test path_to_enlightenment::metadata::tests::ticket_creation ... ok
[INFO] [stdout] test path_to_enlightenment::option::tests::a_missing_ticket ... ok
[INFO] [stdout] test path_to_enlightenment::type_as_constraints::tests::a_ticket_with_a_home ... ok
[INFO] [stdout] test path_to_enlightenment::result::tests::title_cannot_be_empty ... ok
[INFO] [stdout] test path_to_enlightenment::validation::tests::valid_tickets_can_be_created ... ok
[INFO] [stdout] test path_to_enlightenment::metadata::tests::a_ticket_with_a_home ... ok
[INFO] [stdout] test path_to_enlightenment::result::tests::a_ticket_with_a_home ... ok
[INFO] [stdout] test path_to_enlightenment::id_generation::tests::a_ticket_with_a_home ... ok
[INFO] [stdout] test path_to_enlightenment::validation::tests::title_cannot_be_longer_than_fifty_chars - should panic ... ok
[INFO] [stdout] test path_to_enlightenment::store::tests::a_missing_ticket - should panic ... ok
[INFO] [stdout] test path_to_enlightenment::validation::tests::title_cannot_be_empty - should panic ... ok
[INFO] [stdout] test path_to_enlightenment::validation::tests::description_cannot_be_longer_than_3000_chars - should panic ... ok
[INFO] [stdout] test path_to_enlightenment::result::tests::title_cannot_be_longer_than_fifty_chars ... FAILED
[INFO] [stdout] test path_to_enlightenment::result::tests::description_cannot_be_longer_than_3000_chars ... FAILED
[INFO] [stdout] test path_to_enlightenment::result::tests::id_generation_is_monotonic ... ok
[INFO] [stdout] test path_to_enlightenment::metadata::tests::id_generation_is_monotonic ... ok
[INFO] [stdout] test path_to_enlightenment::id_generation::tests::id_generation_is_monotonic ... ok
[INFO] [stdout] test path_to_enlightenment::type_as_constraints::tests::id_generation_is_monotonic ... ok
[INFO] [stdout] 
[INFO] [stdout] failures:
[INFO] [stdout] 
[INFO] [stdout] ---- path_to_enlightenment::result::tests::title_cannot_be_longer_than_fifty_chars stdout ----
[INFO] [stdout] thread 'path_to_enlightenment::result::tests::title_cannot_be_longer_than_fifty_chars' panicked at 'not yet implemented', jira-wip/src/koans/02_ticket_store/06_result.rs:78:17
[INFO] [stdout] stack backtrace:
[INFO] [stdout]    0:     0x563f9c40fbd0 - std::backtrace_rs::backtrace::libunwind::trace::h34055254b57d8e79
[INFO] [stdout]                                at /rustc/a178d0322ce20e33eac124758e837cbd80a6f633/library/std/src/../../backtrace/src/backtrace/libunwind.rs:90:5
[INFO] [stdout]    1:     0x563f9c40fbd0 - std::backtrace_rs::backtrace::trace_unsynchronized::h8f1e3fbd9afff6ec
[INFO] [stdout]                                at /rustc/a178d0322ce20e33eac124758e837cbd80a6f633/library/std/src/../../backtrace/src/backtrace/mod.rs:66:5
[INFO] [stdout]    2:     0x563f9c40fbd0 - std::sys_common::backtrace::_print_fmt::h3a99a796b770c360
[INFO] [stdout]                                at /rustc/a178d0322ce20e33eac124758e837cbd80a6f633/library/std/src/sys_common/backtrace.rs:67:5
[INFO] [stdout]    3:     0x563f9c40fbd0 - <std::sys_common::backtrace::_print::DisplayBacktrace as core::fmt::Display>::fmt::h32d1f94a80615d18
[INFO] [stdout]                                at /rustc/a178d0322ce20e33eac124758e837cbd80a6f633/library/std/src/sys_common/backtrace.rs:46:22
[INFO] [stdout]    4:     0x563f9c4323dc - core::fmt::write::h306731c068f7162c
[INFO] [stdout]                                at /rustc/a178d0322ce20e33eac124758e837cbd80a6f633/library/core/src/fmt/mod.rs:1110:17
[INFO] [stdout]    5:     0x563f9c40caf5 - std::io::Write::write_fmt::h87f19b0a2cd190bc
[INFO] [stdout]                                at /rustc/a178d0322ce20e33eac124758e837cbd80a6f633/library/std/src/io/mod.rs:1588:15
[INFO] [stdout]    6:     0x563f9c411d3b - std::sys_common::backtrace::_print::h5abaa2601a852287
[INFO] [stdout]                                at /rustc/a178d0322ce20e33eac124758e837cbd80a6f633/library/std/src/sys_common/backtrace.rs:49:5
[INFO] [stdout]    7:     0x563f9c411d3b - std::sys_common::backtrace::print::h8d81445442bb638f
[INFO] [stdout]                                at /rustc/a178d0322ce20e33eac124758e837cbd80a6f633/library/std/src/sys_common/backtrace.rs:36:9
[INFO] [stdout]    8:     0x563f9c411d3b - std::panicking::default_hook::{{closure}}::hcfe804496a9fa747
[INFO] [stdout]                                at /rustc/a178d0322ce20e33eac124758e837cbd80a6f633/library/std/src/panicking.rs:208:50
[INFO] [stdout]    9:     0x563f9c41184c - std::panicking::default_hook::hbea8e3ccf2ba8901
[INFO] [stdout]                                at /rustc/a178d0322ce20e33eac124758e837cbd80a6f633/library/std/src/panicking.rs:222:9
[INFO] [stdout]   10:     0x563f9c412404 - std::panicking::rust_panic_with_hook::h7ee9e1a2d0f8975a
[INFO] [stdout]                                at /rustc/a178d0322ce20e33eac124758e837cbd80a6f633/library/std/src/panicking.rs:622:17
[INFO] [stdout]   11:     0x563f9c411eb7 - std::panicking::begin_panic_handler::{{closure}}::h8ab3b4491718b2c7
[INFO] [stdout]                                at /rustc/a178d0322ce20e33eac124758e837cbd80a6f633/library/std/src/panicking.rs:517:13
[INFO] [stdout]   12:     0x563f9c4100cc - std::sys_common::backtrace::__rust_end_short_backtrace::hd489062ffa586a9f
[INFO] [stdout]                                at /rustc/a178d0322ce20e33eac124758e837cbd80a6f633/library/std/src/sys_common/backtrace.rs:141:18
[INFO] [stdout]   13:     0x563f9c411e49 - rust_begin_unwind
[INFO] [stdout]                                at /rustc/a178d0322ce20e33eac124758e837cbd80a6f633/library/std/src/panicking.rs:515:5
[INFO] [stdout]   14:     0x563f9c357a41 - core::panicking::panic_fmt::hca6330e3e14086b4
[INFO] [stdout]                                at /rustc/a178d0322ce20e33eac124758e837cbd80a6f633/library/core/src/panicking.rs:92:14
[INFO] [stdout]   15:     0x563f9c35798d - core::panicking::panic::h1a48d878ff3dcd40
[INFO] [stdout]                                at /rustc/a178d0322ce20e33eac124758e837cbd80a6f633/library/core/src/panicking.rs:50:5
[INFO] [stdout]   16:     0x563f9c36f25f - jira_wip::path_to_enlightenment::result::TicketDraft::new::h04a61b6a4e57b13b
[INFO] [stdout]                                at /opt/rustwide/workdir/jira-wip/src/koans/02_ticket_store/06_result.rs:78:17
[INFO] [stdout]   17:     0x563f9c36ce5b - jira_wip::path_to_enlightenment::result::tests::title_cannot_be_longer_than_fifty_chars::hfbc7bd531474d988
[INFO] [stdout]                                at /opt/rustwide/workdir/jira-wip/src/koans/02_ticket_store/06_result.rs:195:26
[INFO] [stdout]   18:     0x563f9c36cdba - jira_wip::path_to_enlightenment::result::tests::title_cannot_be_longer_than_fifty_chars::{{closure}}::h020fbbd357c20f18
[INFO] [stdout]                                at /opt/rustwide/workdir/jira-wip/src/koans/02_ticket_store/06_result.rs:190:9
[INFO] [stdout]   19:     0x563f9c369ede - core::ops::function::FnOnce::call_once::hd3969670183ff947
[INFO] [stdout]                                at /rustc/a178d0322ce20e33eac124758e837cbd80a6f633/library/core/src/ops/function.rs:227:5
[INFO] [stdout]   20:     0x563f9c3df003 - core::ops::function::FnOnce::call_once::h152e7e439ff59e19
[INFO] [stdout]                                at /rustc/a178d0322ce20e33eac124758e837cbd80a6f633/library/core/src/ops/function.rs:227:5
[INFO] [stdout]   21:     0x563f9c3df003 - test::__rust_begin_short_backtrace::h0908f3b1fdbb72ab
[INFO] [stdout]                                at /rustc/a178d0322ce20e33eac124758e837cbd80a6f633/library/test/src/lib.rs:577:5
[INFO] [stdout]   22:     0x563f9c3ddac0 - <alloc::boxed::Box<F,A> as core::ops::function::FnOnce<Args>>::call_once::hf6d2a51e5587546c
[INFO] [stdout]                                at /rustc/a178d0322ce20e33eac124758e837cbd80a6f633/library/alloc/src/boxed.rs:1575:9
[INFO] [stdout]   23:     0x563f9c3ddac0 - <std::panic::AssertUnwindSafe<F> as core::ops::function::FnOnce<()>>::call_once::h8af660f3a89ef593
[INFO] [stdout]                                at /rustc/a178d0322ce20e33eac124758e837cbd80a6f633/library/std/src/panic.rs:347:9
[INFO] [stdout]   24:     0x563f9c3ddac0 - std::panicking::try::do_call::hd36aef60f84b6d36
[INFO] [stdout]                                at /rustc/a178d0322ce20e33eac124758e837cbd80a6f633/library/std/src/panicking.rs:401:40
[INFO] [stdout]   25:     0x563f9c3ddac0 - std::panicking::try::h9932b4480e69817c
[INFO] [stdout]                                at /rustc/a178d0322ce20e33eac124758e837cbd80a6f633/library/std/src/panicking.rs:365:19
[INFO] [stdout]   26:     0x563f9c3ddac0 - std::panic::catch_unwind::h6aa177099cfff5f8
[INFO] [stdout]                                at /rustc/a178d0322ce20e33eac124758e837cbd80a6f633/library/std/src/panic.rs:434:14
[INFO] [stdout]   27:     0x563f9c3ddac0 - test::run_test_in_process::h5884d6f2d99e20c3
[INFO] [stdout]                                at /rustc/a178d0322ce20e33eac124758e837cbd80a6f633/library/test/src/lib.rs:600:18
[INFO] [stdout]   28:     0x563f9c3ddac0 - test::run_test::run_test_inner::{{closure}}::h6fdc58c6d5f5b6e3
[INFO] [stdout]                                at /rustc/a178d0322ce20e33eac124758e837cbd80a6f633/library/test/src/lib.rs:492:39
[INFO] [stdout]   29:     0x563f9c3b7172 - test::run_test::run_test_inner::{{closure}}::h408365d67a78ade8
[INFO] [stdout]                                at /rustc/a178d0322ce20e33eac124758e837cbd80a6f633/library/test/src/lib.rs:519:37
[INFO] [stdout]   30:     0x563f9c3b7172 - std::sys_common::backtrace::__rust_begin_short_backtrace::hb560b77c4f701523
[INFO] [stdout]                                at /rustc/a178d0322ce20e33eac124758e837cbd80a6f633/library/std/src/sys_common/backtrace.rs:125:18
[INFO] [stdout]   31:     0x563f9c3bad28 - std::thread::Builder::spawn_unchecked::{{closure}}::{{closure}}::hf2e7831dad93c597
[INFO] [stdout]                                at /rustc/a178d0322ce20e33eac124758e837cbd80a6f633/library/std/src/thread/mod.rs:481:17
[INFO] [stdout]   32:     0x563f9c3bad28 - <std::panic::AssertUnwindSafe<F> as core::ops::function::FnOnce<()>>::call_once::hd2e08783d8be4d02
[INFO] [stdout]                                at /rustc/a178d0322ce20e33eac124758e837cbd80a6f633/library/std/src/panic.rs:347:9
[INFO] [stdout]   33:     0x563f9c3bad28 - std::panicking::try::do_call::h062597b7acfd6b82
[INFO] [stdout]                                at /rustc/a178d0322ce20e33eac124758e837cbd80a6f633/library/std/src/panicking.rs:401:40
[INFO] [stdout]   34:     0x563f9c3bad28 - std::panicking::try::h0d7b79db04c14552
[INFO] [stdout]                                at /rustc/a178d0322ce20e33eac124758e837cbd80a6f633/library/std/src/panicking.rs:365:19
[INFO] [stdout]   35:     0x563f9c3bad28 - std::panic::catch_unwind::hb01a0b5e7c8cd43b
[INFO] [stdout]                                at /rustc/a178d0322ce20e33eac124758e837cbd80a6f633/library/std/src/panic.rs:434:14
[INFO] [stdout]   36:     0x563f9c3bad28 - std::thread::Builder::spawn_unchecked::{{closure}}::h5bde48cc887e0d1e
[INFO] [stdout]                                at /rustc/a178d0322ce20e33eac124758e837cbd80a6f633/library/std/src/thread/mod.rs:480:30
[INFO] [stdout]   37:     0x563f9c3bad28 - core::ops::function::FnOnce::call_once{{vtable.shim}}::h745ea30807a29e55
[INFO] [stdout]                                at /rustc/a178d0322ce20e33eac124758e837cbd80a6f633/library/core/src/ops/function.rs:227:5
[INFO] [stdout]   38:     0x563f9c416ec7 - <alloc::boxed::Box<F,A> as core::ops::function::FnOnce<Args>>::call_once::h7ece6cfefaff1005
[INFO] [stdout]                                at /rustc/a178d0322ce20e33eac124758e837cbd80a6f633/library/alloc/src/boxed.rs:1575:9
[INFO] [stdout]   39:     0x563f9c416ec7 - <alloc::boxed::Box<F,A> as core::ops::function::FnOnce<Args>>::call_once::hb8b48e55c21f193e
[INFO] [stdout]                                at /rustc/a178d0322ce20e33eac124758e837cbd80a6f633/library/alloc/src/boxed.rs:1575:9
[INFO] [stdout]   40:     0x563f9c416ec7 - std::sys::unix::thread::Thread::new::thread_start::h8c7c4450dba62914
[INFO] [stdout]                                at /rustc/a178d0322ce20e33eac124758e837cbd80a6f633/library/std/src/sys/unix/thread.rs:71:17
[INFO] [stdout]   41:     0x7f888d5e4609 - start_thread
[INFO] [stdout]   42:     0x7f888d3b6293 - clone
[INFO] [stdout]   43:                0x0 - <unknown>
[INFO] [stdout] 
[INFO] [stdout] ---- path_to_enlightenment::result::tests::description_cannot_be_longer_than_3000_chars stdout ----
[INFO] [stdout] thread 'path_to_enlightenment::result::tests::description_cannot_be_longer_than_3000_chars' panicked at 'not yet implemented', jira-wip/src/koans/02_ticket_store/06_result.rs:81:17
[INFO] [stdout] stack backtrace:
[INFO] [stdout]    0:     0x563f9c40fbd0 - std::backtrace_rs::backtrace::libunwind::trace::h34055254b57d8e79
[INFO] [stdout]                                at /rustc/a178d0322ce20e33eac124758e837cbd80a6f633/library/std/src/../../backtrace/src/backtrace/libunwind.rs:90:5
[INFO] [stdout]    1:     0x563f9c40fbd0 - std::backtrace_rs::backtrace::trace_unsynchronized::h8f1e3fbd9afff6ec
[INFO] [stdout]                                at /rustc/a178d0322ce20e33eac124758e837cbd80a6f633/library/std/src/../../backtrace/src/backtrace/mod.rs:66:5
[INFO] [stdout]    2:     0x563f9c40fbd0 - std::sys_common::backtrace::_print_fmt::h3a99a796b770c360
[INFO] [stdout]                                at /rustc/a178d0322ce20e33eac124758e837cbd80a6f633/library/std/src/sys_common/backtrace.rs:67:5
[INFO] [stdout]    3:     0x563f9c40fbd0 - <std::sys_common::backtrace::_print::DisplayBacktrace as core::fmt::Display>::fmt::h32d1f94a80615d18
[INFO] [stdout]                                at /rustc/a178d0322ce20e33eac124758e837cbd80a6f633/library/std/src/sys_common/backtrace.rs:46:22
[INFO] [stdout]    4:     0x563f9c4323dc - core::fmt::write::h306731c068f7162c
[INFO] [stdout]                                at /rustc/a178d0322ce20e33eac124758e837cbd80a6f633/library/core/src/fmt/mod.rs:1110:17
[INFO] [stdout]    5:     0x563f9c40caf5 - std::io::Write::write_fmt::h87f19b0a2cd190bc
[INFO] [stdout]                                at /rustc/a178d0322ce20e33eac124758e837cbd80a6f633/library/std/src/io/mod.rs:1588:15
[INFO] [stdout]    6:     0x563f9c411d3b - std::sys_common::backtrace::_print::h5abaa2601a852287
[INFO] [stdout]                                at /rustc/a178d0322ce20e33eac124758e837cbd80a6f633/library/std/src/sys_common/backtrace.rs:49:5
[INFO] [stdout]    7:     0x563f9c411d3b - std::sys_common::backtrace::print::h8d81445442bb638f
[INFO] [stdout]                                at /rustc/a178d0322ce20e33eac124758e837cbd80a6f633/library/std/src/sys_common/backtrace.rs:36:9
[INFO] [stdout]    8:     0x563f9c411d3b - std::panicking::default_hook::{{closure}}::hcfe804496a9fa747
[INFO] [stdout]                                at /rustc/a178d0322ce20e33eac124758e837cbd80a6f633/library/std/src/panicking.rs:208:50
[INFO] [stdout]    9:     0x563f9c41184c - std::panicking::default_hook::hbea8e3ccf2ba8901
[INFO] [stdout]                                at /rustc/a178d0322ce20e33eac124758e837cbd80a6f633/library/std/src/panicking.rs:222:9
[INFO] [stdout]   10:     0x563f9c412404 - std::panicking::rust_panic_with_hook::h7ee9e1a2d0f8975a
[INFO] [stdout]                                at /rustc/a178d0322ce20e33eac124758e837cbd80a6f633/library/std/src/panicking.rs:622:17
[INFO] [stdout]   11:     0x563f9c411eb7 - std::panicking::begin_panic_handler::{{closure}}::h8ab3b4491718b2c7
[INFO] [stdout]                                at /rustc/a178d0322ce20e33eac124758e837cbd80a6f633/library/std/src/panicking.rs:517:13
[INFO] [stdout]   12:     0x563f9c4100cc - std::sys_common::backtrace::__rust_end_short_backtrace::hd489062ffa586a9f
[INFO] [stdout]                                at /rustc/a178d0322ce20e33eac124758e837cbd80a6f633/library/std/src/sys_common/backtrace.rs:141:18
[INFO] [stdout]   13:     0x563f9c411e49 - rust_begin_unwind
[INFO] [stdout]                                at /rustc/a178d0322ce20e33eac124758e837cbd80a6f633/library/std/src/panicking.rs:515:5
[INFO] [stdout]   14:     0x563f9c357a41 - core::panicking::panic_fmt::hca6330e3e14086b4
[INFO] [stdout]                                at /rustc/a178d0322ce20e33eac124758e837cbd80a6f633/library/core/src/panicking.rs:92:14
[INFO] [stdout]   15:     0x563f9c35798d - core::panicking::panic::h1a48d878ff3dcd40
[INFO] [stdout]                                at /rustc/a178d0322ce20e33eac124758e837cbd80a6f633/library/core/src/panicking.rs:50:5
[INFO] [stdout]   16:     0x563f9c36f380 - jira_wip::path_to_enlightenment::result::TicketDraft::new::h04a61b6a4e57b13b
[INFO] [stdout]                                at /opt/rustwide/workdir/jira-wip/src/koans/02_ticket_store/06_result.rs:81:17
[INFO] [stdout]   17:     0x563f9c36cfcb - jira_wip::path_to_enlightenment::result::tests::description_cannot_be_longer_than_3000_chars::he8baa95cec142643
[INFO] [stdout]                                at /opt/rustwide/workdir/jira-wip/src/koans/02_ticket_store/06_result.rs:204:26
[INFO] [stdout]   18:     0x563f9c36cf2a - jira_wip::path_to_enlightenment::result::tests::description_cannot_be_longer_than_3000_chars::{{closure}}::hd21f792054d51eda
[INFO] [stdout]                                at /opt/rustwide/workdir/jira-wip/src/koans/02_ticket_store/06_result.rs:200:9
[INFO] [stdout]   19:     0x563f9c369d1e - core::ops::function::FnOnce::call_once::h8a37937c54ec0850
[INFO] [stdout]                                at /rustc/a178d0322ce20e33eac124758e837cbd80a6f633/library/core/src/ops/function.rs:227:5
[INFO] [stdout]   20:     0x563f9c3df003 - core::ops::function::FnOnce::call_once::h152e7e439ff59e19
[INFO] [stdout]                                at /rustc/a178d0322ce20e33eac124758e837cbd80a6f633/library/core/src/ops/function.rs:227:5
[INFO] [stdout]   21:     0x563f9c3df003 - test::__rust_begin_short_backtrace::h0908f3b1fdbb72ab
[INFO] [stdout]                                at /rustc/a178d0322ce20e33eac124758e837cbd80a6f633/library/test/src/lib.rs:577:5
[INFO] [stdout]   22:     0x563f9c3ddac0 - <alloc::boxed::Box<F,A> as core::ops::function::FnOnce<Args>>::call_once::hf6d2a51e5587546c
[INFO] [stdout]                                at /rustc/a178d0322ce20e33eac124758e837cbd80a6f633/library/alloc/src/boxed.rs:1575:9
[INFO] [stdout]   23:     0x563f9c3ddac0 - <std::panic::AssertUnwindSafe<F> as core::ops::function::FnOnce<()>>::call_once::h8af660f3a89ef593
[INFO] [stdout]                                at /rustc/a178d0322ce20e33eac124758e837cbd80a6f633/library/std/src/panic.rs:347:9
[INFO] [stdout]   24:     0x563f9c3ddac0 - std::panicking::try::do_call::hd36aef60f84b6d36
[INFO] [stdout]                                at /rustc/a178d0322ce20e33eac124758e837cbd80a6f633/library/std/src/panicking.rs:401:40
[INFO] [stdout]   25:     0x563f9c3ddac0 - std::panicking::try::h9932b4480e69817c
[INFO] [stdout]                                at /rustc/a178d0322ce20e33eac124758e837cbd80a6f633/library/std/src/panicking.rs:365:19
[INFO] [stdout]   26:     0x563f9c3ddac0 - std::panic::catch_unwind::h6aa177099cfff5f8
[INFO] [stdout]                                at /rustc/a178d0322ce20e33eac124758e837cbd80a6f633/library/std/src/panic.rs:434:14
[INFO] [stdout]   27:     0x563f9c3ddac0 - test::run_test_in_process::h5884d6f2d99e20c3
[INFO] [stdout]                                at /rustc/a178d0322ce20e33eac124758e837cbd80a6f633/library/test/src/lib.rs:600:18
[INFO] [stdout]   28:     0x563f9c3ddac0 - test::run_test::run_test_inner::{{closure}}::h6fdc58c6d5f5b6e3
[INFO] [stdout]                                at /rustc/a178d0322ce20e33eac124758e837cbd80a6f633/library/test/src/lib.rs:492:39
[INFO] [stdout]   29:     0x563f9c3b7172 - test::run_test::run_test_inner::{{closure}}::h408365d67a78ade8
[INFO] [stdout]                                at /rustc/a178d0322ce20e33eac124758e837cbd80a6f633/library/test/src/lib.rs:519:37
[INFO] [stdout]   30:     0x563f9c3b7172 - std::sys_common::backtrace::__rust_begin_short_backtrace::hb560b77c4f701523
[INFO] [stdout]                                at /rustc/a178d0322ce20e33eac124758e837cbd80a6f633/library/std/src/sys_common/backtrace.rs:125:18
[INFO] [stdout]   31:     0x563f9c3bad28 - std::thread::Builder::spawn_unchecked::{{closure}}::{{closure}}::hf2e7831dad93c597
[INFO] [stdout]                                at /rustc/a178d0322ce20e33eac124758e837cbd80a6f633/library/std/src/thread/mod.rs:481:17
[INFO] [stdout]   32:     0x563f9c3bad28 - <std::panic::AssertUnwindSafe<F> as core::ops::function::FnOnce<()>>::call_once::hd2e08783d8be4d02
[INFO] [stdout]                                at /rustc/a178d0322ce20e33eac124758e837cbd80a6f633/library/std/src/panic.rs:347:9
[INFO] [stdout]   33:     0x563f9c3bad28 - std::panicking::try::do_call::h062597b7acfd6b82
[INFO] [stdout]                                at /rustc/a178d0322ce20e33eac124758e837cbd80a6f633/library/std/src/panicking.rs:401:40
[INFO] [stdout]   34:     0x563f9c3bad28 - std::panicking::try::h0d7b79db04c14552
[INFO] [stdout]                                at /rustc/a178d0322ce20e33eac124758e837cbd80a6f633/library/std/src/panicking.rs:365:19
[INFO] [stdout]   35:     0x563f9c3bad28 - std::panic::catch_unwind::hb01a0b5e7c8cd43b
[INFO] [stdout]                                at /rustc/a178d0322ce20e33eac124758e837cbd80a6f633/library/std/src/panic.rs:434:14
[INFO] [stdout]   36:     0x563f9c3bad28 - std::thread::Builder::spawn_unchecked::{{closure}}::h5bde48cc887e0d1e
[INFO] [stdout]                                at /rustc/a178d0322ce20e33eac124758e837cbd80a6f633/library/std/src/thread/mod.rs:480:30
[INFO] [stdout]   37:     0x563f9c3bad28 - core::ops::function::FnOnce::call_once{{vtable.shim}}::h745ea30807a29e55
[INFO] [stdout]                                at /rustc/a178d0322ce20e33eac124758e837cbd80a6f633/library/core/src/ops/function.rs:227:5
[INFO] [stdout]   38:     0x563f9c416ec7 - <alloc::boxed::Box<F,A> as core::ops::function::FnOnce<Args>>::call_once::h7ece6cfefaff1005
[INFO] [stdout]                                at /rustc/a178d0322ce20e33eac124758e837cbd80a6f633/library/alloc/src/boxed.rs:1575:9
[INFO] [stdout]   39:     0x563f9c416ec7 - <alloc::boxed::Box<F,A> as core::ops::function::FnOnce<Args>>::call_once::hb8b48e55c21f193e
[INFO] [stdout]                                at /rustc/a178d0322ce20e33eac124758e837cbd80a6f633/library/alloc/src/boxed.rs:1575:9
[INFO] [stdout]   40:     0x563f9c416ec7 - std::sys::unix::thread::Thread::new::thread_start::h8c7c4450dba62914
[INFO] [stdout]                                at /rustc/a178d0322ce20e33eac124758e837cbd80a6f633/library/std/src/sys/unix/thread.rs:71:17
[INFO] [stdout]   41:     0x7f888d5e4609 - start_thread
[INFO] [stdout]   42:     0x7f888d3b6293 - clone
[INFO] [stdout]   43:                0x0 - <unknown>
[INFO] [stdout] 
[INFO] [stdout] 
[INFO] [stdout] failures:
[INFO] [stdout]     path_to_enlightenment::result::tests::description_cannot_be_longer_than_3000_chars
[INFO] [stdout]     path_to_enlightenment::result::tests::title_cannot_be_longer_than_fifty_chars
[INFO] [stdout] 
[INFO] [stdout] test result: FAILED. 30 passed; 2 failed; 0 ignored; 0 measured; 0 filtered out; finished in 0.40s
[INFO] [stdout] 
[INFO] [stderr] error: test failed, to rerun pass '-p jira-wip --bin jira-wip'
[INFO] running `Command { std: "docker" "inspect" "628d66511f023c9a5f25a33e2b0247e82ca8b4f509846ee8e412d0557ad12878", kill_on_drop: false }`
[INFO] running `Command { std: "docker" "rm" "-f" "628d66511f023c9a5f25a33e2b0247e82ca8b4f509846ee8e412d0557ad12878", kill_on_drop: false }`
[INFO] [stdout] 628d66511f023c9a5f25a33e2b0247e82ca8b4f509846ee8e412d0557ad12878
