[INFO] cloning repository https://github.com/abhijat/rgr
[INFO] running `Command { std: "git" "-c" "credential.helper=" "-c" "credential.helper=/workspace/cargo-home/bin/git-credential-null" "clone" "--bare" "https://github.com/abhijat/rgr" "/workspace/cache/git-repos/https%3A%2F%2Fgithub.com%2Fabhijat%2Frgr", kill_on_drop: false }`
[INFO] [stderr] Cloning into bare repository '/workspace/cache/git-repos/https%3A%2F%2Fgithub.com%2Fabhijat%2Frgr'...
[INFO] running `Command { std: "git" "rev-parse" "HEAD", kill_on_drop: false }`
[INFO] [stdout] a2c5e606d4cba9f9f4d2eb3acd99dae4e6f664a9
[INFO] testing abhijat/rgr against beta-2021-08-01 for beta-1.55-1
[INFO] running `Command { std: "git" "clone" "/workspace/cache/git-repos/https%3A%2F%2Fgithub.com%2Fabhijat%2Frgr" "/workspace/builds/worker-64/source", kill_on_drop: false }`
[INFO] [stderr] Cloning into '/workspace/builds/worker-64/source'...
[INFO] [stderr] done.
[INFO] validating manifest of git repo https://github.com/abhijat/rgr on toolchain beta-2021-08-01
[INFO] running `Command { std: "/workspace/cargo-home/bin/cargo" "+beta-2021-08-01" "metadata" "--manifest-path" "Cargo.toml" "--no-deps", kill_on_drop: false }`
[INFO] started tweaking git repo https://github.com/abhijat/rgr
[INFO] finished tweaking git repo https://github.com/abhijat/rgr
[INFO] tweaked toml for git repo https://github.com/abhijat/rgr written to /workspace/builds/worker-64/source/Cargo.toml
[INFO] crate git repo https://github.com/abhijat/rgr already has a lockfile, it will not be regenerated
[INFO] running `Command { std: "/workspace/cargo-home/bin/cargo" "+beta-2021-08-01" "fetch" "--manifest-path" "Cargo.toml", kill_on_drop: false }`
[INFO] [stderr]     Blocking waiting for file lock on package cache
[INFO] [stderr]     Blocking waiting for file lock on package cache
[INFO] running `Command { std: "docker" "create" "-v" "/var/lib/crater-agent-workspace/builds/worker-64/target:/opt/rustwide/target:rw,Z" "-v" "/var/lib/crater-agent-workspace/builds/worker-64/source:/opt/rustwide/workdir:ro,Z" "-v" "/var/lib/crater-agent-workspace/cargo-home:/opt/rustwide/cargo-home:ro,Z" "-v" "/var/lib/crater-agent-workspace/rustup-home:/opt/rustwide/rustup-home:ro,Z" "-e" "SOURCE_DIR=/opt/rustwide/workdir" "-e" "CARGO_TARGET_DIR=/opt/rustwide/target" "-e" "CARGO_HOME=/opt/rustwide/cargo-home" "-e" "RUSTUP_HOME=/opt/rustwide/rustup-home" "-w" "/opt/rustwide/workdir" "-m" "1610612736" "--user" "0:0" "--network" "none" "ghcr.io/rust-lang/crates-build-env/linux@sha256:34b6a614d2c27851fe6cbf88fbd1137609cefab8b10d0615aaeb6fd47975d74e" "/opt/rustwide/cargo-home/bin/cargo" "+beta-2021-08-01" "metadata" "--no-deps" "--format-version=1", kill_on_drop: false }`
[INFO] [stdout] 3eb81a519246c74251276089f6603c9ffc8593c89bc7921870a279d99d4e8f70
[INFO] running `Command { std: "docker" "start" "-a" "3eb81a519246c74251276089f6603c9ffc8593c89bc7921870a279d99d4e8f70", kill_on_drop: false }`
[INFO] running `Command { std: "docker" "inspect" "3eb81a519246c74251276089f6603c9ffc8593c89bc7921870a279d99d4e8f70", kill_on_drop: false }`
[INFO] running `Command { std: "docker" "rm" "-f" "3eb81a519246c74251276089f6603c9ffc8593c89bc7921870a279d99d4e8f70", kill_on_drop: false }`
[INFO] [stdout] 3eb81a519246c74251276089f6603c9ffc8593c89bc7921870a279d99d4e8f70
[INFO] running `Command { std: "docker" "create" "-v" "/var/lib/crater-agent-workspace/builds/worker-64/target:/opt/rustwide/target:rw,Z" "-v" "/var/lib/crater-agent-workspace/builds/worker-64/source:/opt/rustwide/workdir:ro,Z" "-v" "/var/lib/crater-agent-workspace/cargo-home:/opt/rustwide/cargo-home:ro,Z" "-v" "/var/lib/crater-agent-workspace/rustup-home:/opt/rustwide/rustup-home:ro,Z" "-e" "SOURCE_DIR=/opt/rustwide/workdir" "-e" "CARGO_TARGET_DIR=/opt/rustwide/target" "-e" "CARGO_INCREMENTAL=0" "-e" "RUST_BACKTRACE=full" "-e" "RUSTFLAGS=--cap-lints=warn" "-e" "CARGO_HOME=/opt/rustwide/cargo-home" "-e" "RUSTUP_HOME=/opt/rustwide/rustup-home" "-w" "/opt/rustwide/workdir" "-m" "1610612736" "--user" "0:0" "--network" "none" "ghcr.io/rust-lang/crates-build-env/linux@sha256:34b6a614d2c27851fe6cbf88fbd1137609cefab8b10d0615aaeb6fd47975d74e" "/opt/rustwide/cargo-home/bin/cargo" "+beta-2021-08-01" "build" "--frozen" "--message-format=json", kill_on_drop: false }`
[INFO] [stdout] 443de01a8a18d80cfe3285e7c702e9b4ece5427418c60c80059b8d7661864cc7
[INFO] running `Command { std: "docker" "start" "-a" "443de01a8a18d80cfe3285e7c702e9b4ece5427418c60c80059b8d7661864cc7", kill_on_drop: false }`
[INFO] [stderr]     Blocking waiting for file lock on package cache
[INFO] [stderr]    Compiling libc v0.2.47
[INFO] [stderr]    Compiling cfg-if v0.1.6
[INFO] [stderr]    Compiling semver-parser v0.7.0
[INFO] [stderr]    Compiling rand_core v0.3.0
[INFO] [stderr]    Compiling autocfg v0.1.2
[INFO] [stderr]    Compiling void v1.0.2
[INFO] [stderr]    Compiling stable_deref_trait v1.1.1
[INFO] [stderr]    Compiling lazy_static v1.2.0
[INFO] [stderr]    Compiling memchr v2.1.3
[INFO] [stderr]    Compiling scopeguard v0.3.3
[INFO] [stderr]    Compiling futures v0.1.25
[INFO] [stderr]    Compiling slab v0.4.2
[INFO] [stderr]    Compiling proc-macro2 v0.4.25
[INFO] [stderr]    Compiling byteorder v1.2.7
[INFO] [stderr]    Compiling lazycell v1.2.1
[INFO] [stderr]    Compiling unicode-xid v0.1.0
[INFO] [stderr]    Compiling ryu v0.2.7
[INFO] [stderr]    Compiling bitflags v1.0.4
[INFO] [stderr]    Compiling serde v1.0.85
[INFO] [stderr]    Compiling regex v1.1.0
[INFO] [stderr]    Compiling ucd-util v0.1.3
[INFO] [stderr]    Compiling unicode-width v0.1.5
[INFO] [stderr]    Compiling utf8-ranges v1.0.2
[INFO] [stderr]    Compiling same-file v1.0.4
[INFO] [stderr]    Compiling quick-error v1.2.2
[INFO] [stderr]    Compiling ansi_term v0.11.0
[INFO] [stderr]    Compiling itoa v0.4.3
[INFO] [stderr]    Compiling termcolor v1.0.4
[INFO] [stderr]    Compiling vec_map v0.8.1
[INFO] [stderr]    Compiling strsim v0.7.0
[INFO] [stderr]    Compiling walkdir v2.2.7
[INFO] [stderr]    Compiling log v0.4.6
[INFO] [stderr]    Compiling crossbeam-utils v0.6.3
[INFO] [stderr]    Compiling thread_local v0.3.6
[INFO] [stderr]    Compiling owning_ref v0.4.0
[INFO] [stderr]    Compiling humantime v1.2.0
[INFO] [stderr]    Compiling regex-syntax v0.6.4
[INFO] [stderr]    Compiling rand_isaac v0.1.1
[INFO] [stderr]    Compiling rand_hc v0.1.0
[INFO] [stderr]    Compiling rand_xorshift v0.1.1
[INFO] [stderr]    Compiling unreachable v1.0.0
[INFO] [stderr]    Compiling semver v0.9.0
[INFO] [stderr]    Compiling textwrap v0.10.0
[INFO] [stderr]    Compiling lock_api v0.1.5
[INFO] [stderr]    Compiling smallvec v0.6.7
[INFO] [stderr]    Compiling quote v0.6.11
[INFO] [stderr]    Compiling rustc_version v0.2.3
[INFO] [stderr]    Compiling rand_chacha v0.1.1
[INFO] [stderr]    Compiling rand v0.6.4
[INFO] [stderr]    Compiling tokio-executor v0.1.6
[INFO] [stderr]    Compiling syn v0.15.26
[INFO] [stderr]    Compiling iovec v0.1.2
[INFO] [stderr]    Compiling rand_os v0.1.1
[INFO] [stderr]    Compiling net2 v0.2.33
[INFO] [stderr]    Compiling num_cpus v1.9.0
[INFO] [stderr]    Compiling inotify-sys v0.1.3
[INFO] [stderr]    Compiling atty v0.2.11
[INFO] [stderr]    Compiling filetime v0.2.4
[INFO] [stderr]    Compiling rand_pcg v0.1.1
[INFO] [stderr]    Compiling parking_lot_core v0.4.0
[INFO] [stderr]    Compiling clap v2.32.0
[INFO] [stderr]    Compiling bytes v0.4.11
[INFO] [stderr]    Compiling mio v0.6.16
[INFO] [stderr]    Compiling aho-corasick v0.6.9
[INFO] [stderr]    Compiling tokio-io v0.1.11
[INFO] [stderr]    Compiling mio-extras v2.0.5
[INFO] [stderr]    Compiling parking_lot v0.7.1
[INFO] [stderr]    Compiling serde_json v1.0.36
[INFO] [stderr]    Compiling tokio-reactor v0.1.8
[INFO] [stderr]    Compiling serde_derive v1.0.85
[INFO] [stderr]    Compiling inotify v0.6.1
[INFO] [stderr]    Compiling notify v4.0.6
[INFO] [stderr]    Compiling env_logger v0.6.0
[INFO] [stderr]    Compiling rgr v0.1.0 (/opt/rustwide/workdir)
[INFO] [stdout] warning: trait objects without an explicit `dyn` are deprecated
[INFO] [stdout]  --> src/watcher/file_change_actions.rs:4:54
[INFO] [stdout]   |
[INFO] [stdout] 4 | pub fn react_to_file_change(filename: &str, filter: &Fn(&str) -> bool, config: &WatcherConfig) {
[INFO] [stdout]   |                                                      ^^^^^^^^^^^^^^^^ help: use `dyn`: `dyn Fn(&str) -> bool`
[INFO] [stdout]   |
[INFO] [stdout]   = note: `#[warn(bare_trait_objects)]` on by default
[INFO] [stdout]   = warning: this is accepted in the current edition (Rust 2018) but is a hard error in Rust 2021!
[INFO] [stdout]   = note: for more information, see issue #80165 <https://github.com/rust-lang/rust/issues/80165>
[INFO] [stdout] 
[INFO] [stdout] 
[INFO] [stdout] warning: 1 warning emitted
[INFO] [stdout] 
[INFO] [stdout] 
[INFO] [stderr]     Finished dev [unoptimized + debuginfo] target(s) in 21.71s
[INFO] running `Command { std: "docker" "inspect" "443de01a8a18d80cfe3285e7c702e9b4ece5427418c60c80059b8d7661864cc7", kill_on_drop: false }`
[INFO] running `Command { std: "docker" "rm" "-f" "443de01a8a18d80cfe3285e7c702e9b4ece5427418c60c80059b8d7661864cc7", kill_on_drop: false }`
[INFO] [stdout] 443de01a8a18d80cfe3285e7c702e9b4ece5427418c60c80059b8d7661864cc7
[INFO] running `Command { std: "docker" "create" "-v" "/var/lib/crater-agent-workspace/builds/worker-64/target:/opt/rustwide/target:rw,Z" "-v" "/var/lib/crater-agent-workspace/builds/worker-64/source:/opt/rustwide/workdir:ro,Z" "-v" "/var/lib/crater-agent-workspace/cargo-home:/opt/rustwide/cargo-home:ro,Z" "-v" "/var/lib/crater-agent-workspace/rustup-home:/opt/rustwide/rustup-home:ro,Z" "-e" "SOURCE_DIR=/opt/rustwide/workdir" "-e" "CARGO_TARGET_DIR=/opt/rustwide/target" "-e" "CARGO_INCREMENTAL=0" "-e" "RUST_BACKTRACE=full" "-e" "RUSTFLAGS=--cap-lints=warn" "-e" "CARGO_HOME=/opt/rustwide/cargo-home" "-e" "RUSTUP_HOME=/opt/rustwide/rustup-home" "-w" "/opt/rustwide/workdir" "-m" "1610612736" "--user" "0:0" "--network" "none" "ghcr.io/rust-lang/crates-build-env/linux@sha256:34b6a614d2c27851fe6cbf88fbd1137609cefab8b10d0615aaeb6fd47975d74e" "/opt/rustwide/cargo-home/bin/cargo" "+beta-2021-08-01" "test" "--frozen" "--no-run" "--message-format=json", kill_on_drop: false }`
[INFO] [stdout] e41b93bb0482448b00e550807fc36d17135cb573cf99a421844d33d5059b1555
[INFO] running `Command { std: "docker" "start" "-a" "e41b93bb0482448b00e550807fc36d17135cb573cf99a421844d33d5059b1555", kill_on_drop: false }`
[INFO] [stderr]     Blocking waiting for file lock on package cache
[INFO] [stderr]    Compiling rgr v0.1.0 (/opt/rustwide/workdir)
[INFO] [stdout] warning: trait objects without an explicit `dyn` are deprecated
[INFO] [stdout]  --> src/watcher/file_change_actions.rs:4:54
[INFO] [stdout]   |
[INFO] [stdout] 4 | pub fn react_to_file_change(filename: &str, filter: &Fn(&str) -> bool, config: &WatcherConfig) {
[INFO] [stdout]   |                                                      ^^^^^^^^^^^^^^^^ help: use `dyn`: `dyn Fn(&str) -> bool`
[INFO] [stdout]   |
[INFO] [stdout]   = note: `#[warn(bare_trait_objects)]` on by default
[INFO] [stdout]   = warning: this is accepted in the current edition (Rust 2018) but is a hard error in Rust 2021!
[INFO] [stdout]   = note: for more information, see issue #80165 <https://github.com/rust-lang/rust/issues/80165>
[INFO] [stdout] 
[INFO] [stdout] 
[INFO] [stdout] warning: 1 warning emitted
[INFO] [stdout] 
[INFO] [stdout] 
[INFO] [stderr]     Finished test [unoptimized + debuginfo] target(s) in 42.69s
[INFO] running `Command { std: "docker" "inspect" "e41b93bb0482448b00e550807fc36d17135cb573cf99a421844d33d5059b1555", kill_on_drop: false }`
[INFO] running `Command { std: "docker" "rm" "-f" "e41b93bb0482448b00e550807fc36d17135cb573cf99a421844d33d5059b1555", kill_on_drop: false }`
[INFO] [stdout] e41b93bb0482448b00e550807fc36d17135cb573cf99a421844d33d5059b1555
[INFO] running `Command { std: "docker" "create" "-v" "/var/lib/crater-agent-workspace/builds/worker-64/target:/opt/rustwide/target:rw,Z" "-v" "/var/lib/crater-agent-workspace/builds/worker-64/source:/opt/rustwide/workdir:ro,Z" "-v" "/var/lib/crater-agent-workspace/cargo-home:/opt/rustwide/cargo-home:ro,Z" "-v" "/var/lib/crater-agent-workspace/rustup-home:/opt/rustwide/rustup-home:ro,Z" "-e" "SOURCE_DIR=/opt/rustwide/workdir" "-e" "CARGO_TARGET_DIR=/opt/rustwide/target" "-e" "CARGO_INCREMENTAL=0" "-e" "RUST_BACKTRACE=full" "-e" "RUSTFLAGS=--cap-lints=warn" "-e" "CARGO_HOME=/opt/rustwide/cargo-home" "-e" "RUSTUP_HOME=/opt/rustwide/rustup-home" "-w" "/opt/rustwide/workdir" "-m" "1610612736" "--user" "0:0" "--network" "none" "ghcr.io/rust-lang/crates-build-env/linux@sha256:34b6a614d2c27851fe6cbf88fbd1137609cefab8b10d0615aaeb6fd47975d74e" "/opt/rustwide/cargo-home/bin/cargo" "+beta-2021-08-01" "test" "--frozen", kill_on_drop: false }`
[INFO] [stdout] 5c36936fd4ff7c3b5f7d1ed9552a755cc96932d9ca845e0d95fcb40c95dec1d4
[INFO] running `Command { std: "docker" "start" "-a" "5c36936fd4ff7c3b5f7d1ed9552a755cc96932d9ca845e0d95fcb40c95dec1d4", kill_on_drop: false }`
[INFO] [stderr]     Blocking waiting for file lock on package cache
[INFO] [stderr] warning: trait objects without an explicit `dyn` are deprecated
[INFO] [stderr]  --> src/watcher/file_change_actions.rs:4:54
[INFO] [stderr]   |
[INFO] [stderr] 4 | pub fn react_to_file_change(filename: &str, filter: &Fn(&str) -> bool, config: &WatcherConfig) {
[INFO] [stderr]   |                                                      ^^^^^^^^^^^^^^^^ help: use `dyn`: `dyn Fn(&str) -> bool`
[INFO] [stderr]   |
[INFO] [stderr]   = note: `#[warn(bare_trait_objects)]` on by default
[INFO] [stderr]   = warning: this is accepted in the current edition (Rust 2018) but is a hard error in Rust 2021!
[INFO] [stderr]   = note: for more information, see issue #80165 <https://github.com/rust-lang/rust/issues/80165>
[INFO] [stderr] 
[INFO] [stderr] warning: `rgr` (bin "rgr" test) generated 1 warning
[INFO] [stderr]     Finished test [unoptimized + debuginfo] target(s) in 0.36s
[INFO] [stderr]      Running unittests (/opt/rustwide/target/debug/deps/rgr-16b050d4409e2e0d)
[INFO] [stdout] 
[INFO] [stdout] running 3 tests
[INFO] [stdout] test watcher::path_collection_actions::tests::build_watch_paths_watches_every_dir_with_files_in_it_if_extension_is_empty ... ok
[INFO] [stdout] test watcher::path_collection_actions::tests::build_watch_paths_identifies_paths_correctly ... ok
[INFO] [stdout] test watcher::tests::setup_watch_test ... FAILED
[INFO] [stdout] 
[INFO] [stdout] failures:
[INFO] [stdout] 
[INFO] [stdout] ---- watcher::tests::setup_watch_test stdout ----
[INFO] [stdout] thread 'watcher::tests::setup_watch_test' panicked at '!create_dir_all: Os { code: 30, kind: ReadOnlyFilesystem, message: "Read-only file system" }', src/watcher/mod.rs:115:39
[INFO] [stdout] stack backtrace:
[INFO] [stdout]    0:     0x5627358a8540 - std::backtrace_rs::backtrace::libunwind::trace::hff4d1766e93f64f1
[INFO] [stdout]                                at /rustc/53fd98ca776cb875bc9e5514f56b52eb74f9e7a9/library/std/src/../../backtrace/src/backtrace/libunwind.rs:90:5
[INFO] [stdout]    1:     0x5627358a8540 - std::backtrace_rs::backtrace::trace_unsynchronized::h56bbc8eb78770bcb
[INFO] [stdout]                                at /rustc/53fd98ca776cb875bc9e5514f56b52eb74f9e7a9/library/std/src/../../backtrace/src/backtrace/mod.rs:66:5
[INFO] [stdout]    2:     0x5627358a8540 - std::sys_common::backtrace::_print_fmt::h5c8e75464faca780
[INFO] [stdout]                                at /rustc/53fd98ca776cb875bc9e5514f56b52eb74f9e7a9/library/std/src/sys_common/backtrace.rs:67:5
[INFO] [stdout]    3:     0x5627358a8540 - <std::sys_common::backtrace::_print::DisplayBacktrace as core::fmt::Display>::fmt::h48b88277def8b362
[INFO] [stdout]                                at /rustc/53fd98ca776cb875bc9e5514f56b52eb74f9e7a9/library/std/src/sys_common/backtrace.rs:46:22
[INFO] [stdout]    4:     0x5627358cbd2c - core::fmt::write::h3381b3176fe2b3d3
[INFO] [stdout]                                at /rustc/53fd98ca776cb875bc9e5514f56b52eb74f9e7a9/library/core/src/fmt/mod.rs:1115:17
[INFO] [stdout]    5:     0x5627358a4c25 - std::io::Write::write_fmt::h5f34a676f60246b5
[INFO] [stdout]                                at /rustc/53fd98ca776cb875bc9e5514f56b52eb74f9e7a9/library/std/src/io/mod.rs:1665:15
[INFO] [stdout]    6:     0x5627358aa71b - std::sys_common::backtrace::_print::ha537687d6c17dd0d
[INFO] [stdout]                                at /rustc/53fd98ca776cb875bc9e5514f56b52eb74f9e7a9/library/std/src/sys_common/backtrace.rs:49:5
[INFO] [stdout]    7:     0x5627358aa71b - std::sys_common::backtrace::print::h61376ae57d131d72
[INFO] [stdout]                                at /rustc/53fd98ca776cb875bc9e5514f56b52eb74f9e7a9/library/std/src/sys_common/backtrace.rs:36:9
[INFO] [stdout]    8:     0x5627358aa71b - std::panicking::default_hook::{{closure}}::h0f7208c0b9644a54
[INFO] [stdout]                                at /rustc/53fd98ca776cb875bc9e5514f56b52eb74f9e7a9/library/std/src/panicking.rs:208:50
[INFO] [stdout]    9:     0x5627358aa22c - std::panicking::default_hook::hdac7fc06578c14ce
[INFO] [stdout]                                at /rustc/53fd98ca776cb875bc9e5514f56b52eb74f9e7a9/library/std/src/panicking.rs:222:9
[INFO] [stdout]   10:     0x5627358aade4 - std::panicking::rust_panic_with_hook::h72b21c283da3d1ef
[INFO] [stdout]                                at /rustc/53fd98ca776cb875bc9e5514f56b52eb74f9e7a9/library/std/src/panicking.rs:622:17
[INFO] [stdout]   11:     0x5627358aa8c7 - std::panicking::begin_panic_handler::{{closure}}::he5778f1729cff84a
[INFO] [stdout]                                at /rustc/53fd98ca776cb875bc9e5514f56b52eb74f9e7a9/library/std/src/panicking.rs:519:13
[INFO] [stdout]   12:     0x5627358a8a1c - std::sys_common::backtrace::__rust_end_short_backtrace::h2d11ca8b453b4b1d
[INFO] [stdout]                                at /rustc/53fd98ca776cb875bc9e5514f56b52eb74f9e7a9/library/std/src/sys_common/backtrace.rs:141:18
[INFO] [stdout]   13:     0x5627358aa829 - rust_begin_unwind
[INFO] [stdout]                                at /rustc/53fd98ca776cb875bc9e5514f56b52eb74f9e7a9/library/std/src/panicking.rs:515:5
[INFO] [stdout]   14:     0x562735782441 - core::panicking::panic_fmt::hf9de31d4acbce4db
[INFO] [stdout]                                at /rustc/53fd98ca776cb875bc9e5514f56b52eb74f9e7a9/library/core/src/panicking.rs:92:14
[INFO] [stdout]   15:     0x562735782533 - core::result::unwrap_failed::ha0c84e81219e5878
[INFO] [stdout]                                at /rustc/53fd98ca776cb875bc9e5514f56b52eb74f9e7a9/library/core/src/result.rs:1599:5
[INFO] [stdout]   16:     0x56273588e4d9 - core::result::Result<T,E>::expect::hb8bf9b8147594791
[INFO] [stdout]                                at /rustc/53fd98ca776cb875bc9e5514f56b52eb74f9e7a9/library/core/src/result.rs:1241:23
[INFO] [stdout]   17:     0x56273578dbbf - rgr::watcher::tests::setup::h0ff3a8f2301b1d78
[INFO] [stdout]                                at /opt/rustwide/workdir/src/watcher/mod.rs:115:9
[INFO] [stdout]   18:     0x56273578dd64 - rgr::watcher::tests::setup_watch_test::ha1255b869e54a2fb
[INFO] [stdout]                                at /opt/rustwide/workdir/src/watcher/mod.rs:129:9
[INFO] [stdout]   19:     0x56273578dd2a - rgr::watcher::tests::setup_watch_test::{{closure}}::h5a7c35954d1f5287
[INFO] [stdout]                                at /opt/rustwide/workdir/src/watcher/mod.rs:128:5
[INFO] [stdout]   20:     0x5627357a27ce - core::ops::function::FnOnce::call_once::h20fc232929091613
[INFO] [stdout]                                at /rustc/53fd98ca776cb875bc9e5514f56b52eb74f9e7a9/library/core/src/ops/function.rs:227:5
[INFO] [stdout]   21:     0x5627357e1443 - core::ops::function::FnOnce::call_once::hbb52c4519d3137b0
[INFO] [stdout]                                at /rustc/53fd98ca776cb875bc9e5514f56b52eb74f9e7a9/library/core/src/ops/function.rs:227:5
[INFO] [stdout]   22:     0x5627357e1443 - test::__rust_begin_short_backtrace::h86fe3a2a5a5121af
[INFO] [stdout]                                at /rustc/53fd98ca776cb875bc9e5514f56b52eb74f9e7a9/library/test/src/lib.rs:578:5
[INFO] [stdout]   23:     0x5627357dfef8 - <alloc::boxed::Box<F,A> as core::ops::function::FnOnce<Args>>::call_once::hfd956bc3d57399be
[INFO] [stdout]                                at /rustc/53fd98ca776cb875bc9e5514f56b52eb74f9e7a9/library/alloc/src/boxed.rs:1572:9
[INFO] [stdout]   24:     0x5627357dfef8 - <std::panic::AssertUnwindSafe<F> as core::ops::function::FnOnce<()>>::call_once::h40dc93e0ddb5938a
[INFO] [stdout]                                at /rustc/53fd98ca776cb875bc9e5514f56b52eb74f9e7a9/library/std/src/panic.rs:347:9
[INFO] [stdout]   25:     0x5627357dfef8 - std::panicking::try::do_call::h90d07750cb47c562
[INFO] [stdout]                                at /rustc/53fd98ca776cb875bc9e5514f56b52eb74f9e7a9/library/std/src/panicking.rs:401:40
[INFO] [stdout]   26:     0x5627357dfef8 - std::panicking::try::h063c84733ad2a629
[INFO] [stdout]                                at /rustc/53fd98ca776cb875bc9e5514f56b52eb74f9e7a9/library/std/src/panicking.rs:365:19
[INFO] [stdout]   27:     0x5627357dfef8 - std::panic::catch_unwind::h0c464836a84e7c08
[INFO] [stdout]                                at /rustc/53fd98ca776cb875bc9e5514f56b52eb74f9e7a9/library/std/src/panic.rs:434:14
[INFO] [stdout]   28:     0x5627357dfef8 - test::run_test_in_process::h5cb06ef620b157fc
[INFO] [stdout]                                at /rustc/53fd98ca776cb875bc9e5514f56b52eb74f9e7a9/library/test/src/lib.rs:601:18
[INFO] [stdout]   29:     0x5627357dfef8 - test::run_test::run_test_inner::{{closure}}::h76f677f4b93f9828
[INFO] [stdout]                                at /rustc/53fd98ca776cb875bc9e5514f56b52eb74f9e7a9/library/test/src/lib.rs:493:39
[INFO] [stdout]   30:     0x5627357ae68d - test::run_test::run_test_inner::{{closure}}::h366d01fe04f4d67a
[INFO] [stdout]                                at /rustc/53fd98ca776cb875bc9e5514f56b52eb74f9e7a9/library/test/src/lib.rs:520:37
[INFO] [stdout]   31:     0x5627357ae68d - std::sys_common::backtrace::__rust_begin_short_backtrace::h7dfa0de4eb395af2
[INFO] [stdout]                                at /rustc/53fd98ca776cb875bc9e5514f56b52eb74f9e7a9/library/std/src/sys_common/backtrace.rs:125:18
[INFO] [stdout]   32:     0x5627357b2e58 - std::thread::Builder::spawn_unchecked::{{closure}}::{{closure}}::hf0a74bb58798037f
[INFO] [stdout]                                at /rustc/53fd98ca776cb875bc9e5514f56b52eb74f9e7a9/library/std/src/thread/mod.rs:476:17
[INFO] [stdout]   33:     0x5627357b2e58 - <std::panic::AssertUnwindSafe<F> as core::ops::function::FnOnce<()>>::call_once::hb024e854818586ac
[INFO] [stdout]                                at /rustc/53fd98ca776cb875bc9e5514f56b52eb74f9e7a9/library/std/src/panic.rs:347:9
[INFO] [stdout]   34:     0x5627357b2e58 - std::panicking::try::do_call::hb2dd9f1d0d48e41d
[INFO] [stdout]                                at /rustc/53fd98ca776cb875bc9e5514f56b52eb74f9e7a9/library/std/src/panicking.rs:401:40
[INFO] [stdout]   35:     0x5627357b2e58 - std::panicking::try::h4717ae7bac8b2bf3
[INFO] [stdout]                                at /rustc/53fd98ca776cb875bc9e5514f56b52eb74f9e7a9/library/std/src/panicking.rs:365:19
[INFO] [stdout]   36:     0x5627357b2e58 - std::panic::catch_unwind::h0dc8a061326ce8d8
[INFO] [stdout]                                at /rustc/53fd98ca776cb875bc9e5514f56b52eb74f9e7a9/library/std/src/panic.rs:434:14
[INFO] [stdout]   37:     0x5627357b2e58 - std::thread::Builder::spawn_unchecked::{{closure}}::haa369e2d6fd00aa1
[INFO] [stdout]                                at /rustc/53fd98ca776cb875bc9e5514f56b52eb74f9e7a9/library/std/src/thread/mod.rs:475:30
[INFO] [stdout]   38:     0x5627357b2e58 - core::ops::function::FnOnce::call_once{{vtable.shim}}::h36dcf3de8b056f17
[INFO] [stdout]                                at /rustc/53fd98ca776cb875bc9e5514f56b52eb74f9e7a9/library/core/src/ops/function.rs:227:5
[INFO] [stdout]   39:     0x5627358b0797 - <alloc::boxed::Box<F,A> as core::ops::function::FnOnce<Args>>::call_once::h65c29e4642be2358
[INFO] [stdout]                                at /rustc/53fd98ca776cb875bc9e5514f56b52eb74f9e7a9/library/alloc/src/boxed.rs:1572:9
[INFO] [stdout]   40:     0x5627358b0797 - <alloc::boxed::Box<F,A> as core::ops::function::FnOnce<Args>>::call_once::hd0f8f7fbbd9fffbf
[INFO] [stdout]                                at /rustc/53fd98ca776cb875bc9e5514f56b52eb74f9e7a9/library/alloc/src/boxed.rs:1572:9
[INFO] [stdout]   41:     0x5627358b0797 - std::sys::unix::thread::Thread::new::thread_start::h2fd22fee3ca77b65
[INFO] [stdout]                                at /rustc/53fd98ca776cb875bc9e5514f56b52eb74f9e7a9/library/std/src/sys/unix/thread.rs:74:17
[INFO] [stdout]   42:     0x7fe064d84609 - start_thread
[INFO] [stdout]   43:     0x7fe064b56293 - clone
[INFO] [stdout]   44:                0x0 - <unknown>
[INFO] [stdout] 
[INFO] [stdout] 
[INFO] [stdout] failures:
[INFO] [stdout]     watcher::tests::setup_watch_test
[INFO] [stdout] 
[INFO] [stdout] test result: FAILED. 2 passed; 1 failed; 0 ignored; 0 measured; 0 filtered out; finished in 0.03s
[INFO] [stdout] 
[INFO] [stderr] error: test failed, to rerun pass '--bin rgr'
[INFO] running `Command { std: "docker" "inspect" "5c36936fd4ff7c3b5f7d1ed9552a755cc96932d9ca845e0d95fcb40c95dec1d4", kill_on_drop: false }`
[INFO] running `Command { std: "docker" "rm" "-f" "5c36936fd4ff7c3b5f7d1ed9552a755cc96932d9ca845e0d95fcb40c95dec1d4", kill_on_drop: false }`
[INFO] [stdout] 5c36936fd4ff7c3b5f7d1ed9552a755cc96932d9ca845e0d95fcb40c95dec1d4
