[INFO] cloning repository https://github.com/a7rs/polybar-crypto-rs
[INFO] running `Command { std: "git" "-c" "credential.helper=" "-c" "credential.helper=/workspace/cargo-home/bin/git-credential-null" "clone" "--bare" "https://github.com/a7rs/polybar-crypto-rs" "/workspace/cache/git-repos/https%3A%2F%2Fgithub.com%2Fa7rs%2Fpolybar-crypto-rs", kill_on_drop: false }`
[INFO] [stderr] Cloning into bare repository '/workspace/cache/git-repos/https%3A%2F%2Fgithub.com%2Fa7rs%2Fpolybar-crypto-rs'...
[INFO] running `Command { std: "git" "rev-parse" "HEAD", kill_on_drop: false }`
[INFO] [stdout] 80d0a80eb3e5d992128482e7157076abc2553e36
[INFO] testing a7rs/polybar-crypto-rs against beta-2021-08-01 for beta-1.55-1
[INFO] running `Command { std: "git" "clone" "/workspace/cache/git-repos/https%3A%2F%2Fgithub.com%2Fa7rs%2Fpolybar-crypto-rs" "/workspace/builds/worker-102/source", kill_on_drop: false }`
[INFO] [stderr] Cloning into '/workspace/builds/worker-102/source'...
[INFO] [stderr] done.
[INFO] validating manifest of git repo https://github.com/a7rs/polybar-crypto-rs on toolchain beta-2021-08-01
[INFO] running `Command { std: "/workspace/cargo-home/bin/cargo" "+beta-2021-08-01" "metadata" "--manifest-path" "Cargo.toml" "--no-deps", kill_on_drop: false }`
[INFO] started tweaking git repo https://github.com/a7rs/polybar-crypto-rs
[INFO] finished tweaking git repo https://github.com/a7rs/polybar-crypto-rs
[INFO] tweaked toml for git repo https://github.com/a7rs/polybar-crypto-rs written to /workspace/builds/worker-102/source/Cargo.toml
[INFO] crate git repo https://github.com/a7rs/polybar-crypto-rs already has a lockfile, it will not be regenerated
[INFO] running `Command { std: "/workspace/cargo-home/bin/cargo" "+beta-2021-08-01" "fetch" "--manifest-path" "Cargo.toml", kill_on_drop: false }`
[INFO] [stderr]     Blocking waiting for file lock on package cache
[INFO] [stderr]     Blocking waiting for file lock on package cache
[INFO] running `Command { std: "docker" "create" "-v" "/var/lib/crater-agent-workspace/builds/worker-102/target:/opt/rustwide/target:rw,Z" "-v" "/var/lib/crater-agent-workspace/builds/worker-102/source:/opt/rustwide/workdir:ro,Z" "-v" "/var/lib/crater-agent-workspace/cargo-home:/opt/rustwide/cargo-home:ro,Z" "-v" "/var/lib/crater-agent-workspace/rustup-home:/opt/rustwide/rustup-home:ro,Z" "-e" "SOURCE_DIR=/opt/rustwide/workdir" "-e" "CARGO_TARGET_DIR=/opt/rustwide/target" "-e" "CARGO_HOME=/opt/rustwide/cargo-home" "-e" "RUSTUP_HOME=/opt/rustwide/rustup-home" "-w" "/opt/rustwide/workdir" "-m" "1610612736" "--user" "0:0" "--network" "none" "ghcr.io/rust-lang/crates-build-env/linux@sha256:34b6a614d2c27851fe6cbf88fbd1137609cefab8b10d0615aaeb6fd47975d74e" "/opt/rustwide/cargo-home/bin/cargo" "+beta-2021-08-01" "metadata" "--no-deps" "--format-version=1", kill_on_drop: false }`
[INFO] [stdout] e0ee136b3aa9006c864a9b06bfaea382b954c426d65f740bbc0cda3714552398
[INFO] running `Command { std: "docker" "start" "-a" "e0ee136b3aa9006c864a9b06bfaea382b954c426d65f740bbc0cda3714552398", kill_on_drop: false }`
[INFO] running `Command { std: "docker" "inspect" "e0ee136b3aa9006c864a9b06bfaea382b954c426d65f740bbc0cda3714552398", kill_on_drop: false }`
[INFO] running `Command { std: "docker" "rm" "-f" "e0ee136b3aa9006c864a9b06bfaea382b954c426d65f740bbc0cda3714552398", kill_on_drop: false }`
[INFO] [stdout] e0ee136b3aa9006c864a9b06bfaea382b954c426d65f740bbc0cda3714552398
[INFO] running `Command { std: "docker" "create" "-v" "/var/lib/crater-agent-workspace/builds/worker-102/target:/opt/rustwide/target:rw,Z" "-v" "/var/lib/crater-agent-workspace/builds/worker-102/source:/opt/rustwide/workdir:ro,Z" "-v" "/var/lib/crater-agent-workspace/cargo-home:/opt/rustwide/cargo-home:ro,Z" "-v" "/var/lib/crater-agent-workspace/rustup-home:/opt/rustwide/rustup-home:ro,Z" "-e" "SOURCE_DIR=/opt/rustwide/workdir" "-e" "CARGO_TARGET_DIR=/opt/rustwide/target" "-e" "CARGO_INCREMENTAL=0" "-e" "RUST_BACKTRACE=full" "-e" "RUSTFLAGS=--cap-lints=warn" "-e" "CARGO_HOME=/opt/rustwide/cargo-home" "-e" "RUSTUP_HOME=/opt/rustwide/rustup-home" "-w" "/opt/rustwide/workdir" "-m" "1610612736" "--user" "0:0" "--network" "none" "ghcr.io/rust-lang/crates-build-env/linux@sha256:34b6a614d2c27851fe6cbf88fbd1137609cefab8b10d0615aaeb6fd47975d74e" "/opt/rustwide/cargo-home/bin/cargo" "+beta-2021-08-01" "build" "--frozen" "--message-format=json", kill_on_drop: false }`
[INFO] [stdout] f5c9a4a661d71d7f7f6616aa0843661b8368290c6d13557be098445b8968a5ba
[INFO] running `Command { std: "docker" "start" "-a" "f5c9a4a661d71d7f7f6616aa0843661b8368290c6d13557be098445b8968a5ba", kill_on_drop: false }`
[INFO] [stderr]     Blocking waiting for file lock on package cache
[INFO] [stderr]    Compiling autocfg v1.0.1
[INFO] [stderr]    Compiling libc v0.2.97
[INFO] [stderr]    Compiling proc-macro2 v1.0.27
[INFO] [stderr]    Compiling log v0.4.14
[INFO] [stderr]    Compiling unicode-xid v0.2.2
[INFO] [stderr]    Compiling syn v1.0.73
[INFO] [stderr]    Compiling pin-project-lite v0.2.7
[INFO] [stderr]    Compiling cc v1.0.68
[INFO] [stderr]    Compiling pkg-config v0.3.19
[INFO] [stderr]    Compiling futures-core v0.3.15
[INFO] [stderr]    Compiling bytes v1.0.1
[INFO] [stderr]    Compiling memchr v2.4.0
[INFO] [stderr]    Compiling once_cell v1.8.0
[INFO] [stderr]    Compiling smallvec v1.6.1
[INFO] [stderr]    Compiling itoa v0.4.7
[INFO] [stderr]    Compiling futures-task v0.3.15
[INFO] [stderr]    Compiling openssl v0.10.35
[INFO] [stderr]    Compiling httparse v1.4.1
[INFO] [stderr]    Compiling futures-sink v0.3.15
[INFO] [stderr]    Compiling native-tls v0.2.7
[INFO] [stderr]    Compiling tinyvec_macros v0.1.0
[INFO] [stderr]    Compiling serde v1.0.126
[INFO] [stderr]    Compiling futures-channel v0.3.15
[INFO] [stderr]    Compiling openssl-probe v0.1.4
[INFO] [stderr]    Compiling slab v0.4.3
[INFO] [stderr]    Compiling httpdate v1.0.1
[INFO] [stderr]    Compiling serde_json v1.0.64
[INFO] [stderr]    Compiling encoding_rs v0.8.28
[INFO] [stderr]    Compiling tower-service v0.3.1
[INFO] [stderr]    Compiling serde_derive v1.0.126
[INFO] [stderr]    Compiling mime v0.3.16
[INFO] [stderr]    Compiling ipnet v2.3.1
[INFO] [stderr]    Compiling base64 v0.13.0
[INFO] [stderr]    Compiling instant v0.1.9
[INFO] [stderr]    Compiling lock_api v0.4.4
[INFO] [stderr]    Compiling tracing-core v0.1.18
[INFO] [stderr]    Compiling ryu v1.0.5
[INFO] [stderr]    Compiling form_urlencoded v1.0.1
[INFO] [stderr]    Compiling unicode-bidi v0.3.5
[INFO] [stderr]    Compiling tinyvec v1.2.0
[INFO] [stderr]    Compiling tracing v0.1.26
[INFO] [stderr]    Compiling http v0.2.4
[INFO] [stderr]    Compiling tokio v1.7.1
[INFO] [stderr]    Compiling futures-util v0.3.15
[INFO] [stderr]    Compiling indexmap v1.6.2
[INFO] [stderr]    Compiling openssl-sys v0.9.65
[INFO] [stderr]    Compiling want v0.3.0
[INFO] [stderr]    Compiling unicode-normalization v0.1.19
[INFO] [stderr]    Compiling quote v1.0.9
[INFO] [stderr]    Compiling parking_lot_core v0.8.3
[INFO] [stderr]    Compiling mio v0.7.13
[INFO] [stderr]    Compiling signal-hook-registry v1.4.0
[INFO] [stderr]    Compiling num_cpus v1.13.0
[INFO] [stderr]    Compiling socket2 v0.4.0
[INFO] [stderr]    Compiling dirs-sys v0.3.6
[INFO] [stderr]    Compiling idna v0.2.3
[INFO] [stderr]    Compiling parking_lot v0.11.1
[INFO] [stderr]    Compiling dirs v3.0.2
[INFO] [stderr]    Compiling http-body v0.4.2
[INFO] [stderr]    Compiling url v2.2.2
[INFO] [stderr]    Compiling serde_urlencoded v0.7.0
[INFO] [stderr]    Compiling tokio-macros v1.2.0
[INFO] [stderr]    Compiling tokio-util v0.6.7
[INFO] [stderr]    Compiling tokio-native-tls v0.3.0
[INFO] [stderr]    Compiling h2 v0.3.3
[INFO] [stderr]    Compiling hyper v0.14.9
[INFO] [stderr]    Compiling hyper-tls v0.5.0
[INFO] [stderr]    Compiling reqwest v0.11.4
[INFO] [stderr]    Compiling fetch v0.1.0 (/opt/rustwide/workdir)
[INFO] [stderr]     Finished dev [unoptimized + debuginfo] target(s) in 55.98s
[INFO] running `Command { std: "docker" "inspect" "f5c9a4a661d71d7f7f6616aa0843661b8368290c6d13557be098445b8968a5ba", kill_on_drop: false }`
[INFO] running `Command { std: "docker" "rm" "-f" "f5c9a4a661d71d7f7f6616aa0843661b8368290c6d13557be098445b8968a5ba", kill_on_drop: false }`
[INFO] [stdout] f5c9a4a661d71d7f7f6616aa0843661b8368290c6d13557be098445b8968a5ba
[INFO] running `Command { std: "docker" "create" "-v" "/var/lib/crater-agent-workspace/builds/worker-102/target:/opt/rustwide/target:rw,Z" "-v" "/var/lib/crater-agent-workspace/builds/worker-102/source:/opt/rustwide/workdir:ro,Z" "-v" "/var/lib/crater-agent-workspace/cargo-home:/opt/rustwide/cargo-home:ro,Z" "-v" "/var/lib/crater-agent-workspace/rustup-home:/opt/rustwide/rustup-home:ro,Z" "-e" "SOURCE_DIR=/opt/rustwide/workdir" "-e" "CARGO_TARGET_DIR=/opt/rustwide/target" "-e" "CARGO_INCREMENTAL=0" "-e" "RUST_BACKTRACE=full" "-e" "RUSTFLAGS=--cap-lints=warn" "-e" "CARGO_HOME=/opt/rustwide/cargo-home" "-e" "RUSTUP_HOME=/opt/rustwide/rustup-home" "-w" "/opt/rustwide/workdir" "-m" "1610612736" "--user" "0:0" "--network" "none" "ghcr.io/rust-lang/crates-build-env/linux@sha256:34b6a614d2c27851fe6cbf88fbd1137609cefab8b10d0615aaeb6fd47975d74e" "/opt/rustwide/cargo-home/bin/cargo" "+beta-2021-08-01" "test" "--frozen" "--no-run" "--message-format=json", kill_on_drop: false }`
[INFO] [stdout] 051bdb2cfb772dbfa4820472cacf4c987271a447652d50c23ecc6351f2d00701
[INFO] running `Command { std: "docker" "start" "-a" "051bdb2cfb772dbfa4820472cacf4c987271a447652d50c23ecc6351f2d00701", kill_on_drop: false }`
[INFO] [stderr]    Compiling fetch v0.1.0 (/opt/rustwide/workdir)
[INFO] [stderr]     Finished test [unoptimized + debuginfo] target(s) in 6.82s
[INFO] running `Command { std: "docker" "inspect" "051bdb2cfb772dbfa4820472cacf4c987271a447652d50c23ecc6351f2d00701", kill_on_drop: false }`
[INFO] running `Command { std: "docker" "rm" "-f" "051bdb2cfb772dbfa4820472cacf4c987271a447652d50c23ecc6351f2d00701", kill_on_drop: false }`
[INFO] [stdout] 051bdb2cfb772dbfa4820472cacf4c987271a447652d50c23ecc6351f2d00701
[INFO] running `Command { std: "docker" "create" "-v" "/var/lib/crater-agent-workspace/builds/worker-102/target:/opt/rustwide/target:rw,Z" "-v" "/var/lib/crater-agent-workspace/builds/worker-102/source:/opt/rustwide/workdir:ro,Z" "-v" "/var/lib/crater-agent-workspace/cargo-home:/opt/rustwide/cargo-home:ro,Z" "-v" "/var/lib/crater-agent-workspace/rustup-home:/opt/rustwide/rustup-home:ro,Z" "-e" "SOURCE_DIR=/opt/rustwide/workdir" "-e" "CARGO_TARGET_DIR=/opt/rustwide/target" "-e" "CARGO_INCREMENTAL=0" "-e" "RUST_BACKTRACE=full" "-e" "RUSTFLAGS=--cap-lints=warn" "-e" "CARGO_HOME=/opt/rustwide/cargo-home" "-e" "RUSTUP_HOME=/opt/rustwide/rustup-home" "-w" "/opt/rustwide/workdir" "-m" "1610612736" "--user" "0:0" "--network" "none" "ghcr.io/rust-lang/crates-build-env/linux@sha256:34b6a614d2c27851fe6cbf88fbd1137609cefab8b10d0615aaeb6fd47975d74e" "/opt/rustwide/cargo-home/bin/cargo" "+beta-2021-08-01" "test" "--frozen", kill_on_drop: false }`
[INFO] [stdout] ed0bf78435d21b38cdfb2e21df0772fd12d9e98921f8943c2ec3503a6aff7ed5
[INFO] running `Command { std: "docker" "start" "-a" "ed0bf78435d21b38cdfb2e21df0772fd12d9e98921f8943c2ec3503a6aff7ed5", kill_on_drop: false }`
[INFO] [stderr]     Blocking waiting for file lock on package cache
[INFO] [stderr]     Finished test [unoptimized + debuginfo] target(s) in 0.57s
[INFO] [stderr]      Running unittests (/opt/rustwide/target/debug/deps/fetch-d686f4c869fb4030)
[INFO] [stdout] 
[INFO] [stdout] running 1 test
[INFO] [stdout] test test::test_get_data ... FAILED
[INFO] [stdout] 
[INFO] [stdout] failures:
[INFO] [stdout] 
[INFO] [stdout] ---- test::test_get_data stdout ----
[INFO] [stdout] thread 'test::test_get_data' panicked at 'explicit panic', src/main.rs:86:23
[INFO] [stdout] stack backtrace:
[INFO] [stdout]    0:     0x562924b20a10 - std::backtrace_rs::backtrace::libunwind::trace::hff4d1766e93f64f1
[INFO] [stdout]                                at /rustc/53fd98ca776cb875bc9e5514f56b52eb74f9e7a9/library/std/src/../../backtrace/src/backtrace/libunwind.rs:90:5
[INFO] [stdout]    1:     0x562924b20a10 - std::backtrace_rs::backtrace::trace_unsynchronized::h56bbc8eb78770bcb
[INFO] [stdout]                                at /rustc/53fd98ca776cb875bc9e5514f56b52eb74f9e7a9/library/std/src/../../backtrace/src/backtrace/mod.rs:66:5
[INFO] [stdout]    2:     0x562924b20a10 - std::sys_common::backtrace::_print_fmt::h5c8e75464faca780
[INFO] [stdout]                                at /rustc/53fd98ca776cb875bc9e5514f56b52eb74f9e7a9/library/std/src/sys_common/backtrace.rs:67:5
[INFO] [stdout]    3:     0x562924b20a10 - <std::sys_common::backtrace::_print::DisplayBacktrace as core::fmt::Display>::fmt::h48b88277def8b362
[INFO] [stdout]                                at /rustc/53fd98ca776cb875bc9e5514f56b52eb74f9e7a9/library/std/src/sys_common/backtrace.rs:46:22
[INFO] [stdout]    4:     0x562924b44b1c - core::fmt::write::h3381b3176fe2b3d3
[INFO] [stdout]                                at /rustc/53fd98ca776cb875bc9e5514f56b52eb74f9e7a9/library/core/src/fmt/mod.rs:1115:17
[INFO] [stdout]    5:     0x562924b1a4e5 - std::io::Write::write_fmt::h5f34a676f60246b5
[INFO] [stdout]                                at /rustc/53fd98ca776cb875bc9e5514f56b52eb74f9e7a9/library/std/src/io/mod.rs:1665:15
[INFO] [stdout]    6:     0x562924b22bab - std::sys_common::backtrace::_print::ha537687d6c17dd0d
[INFO] [stdout]                                at /rustc/53fd98ca776cb875bc9e5514f56b52eb74f9e7a9/library/std/src/sys_common/backtrace.rs:49:5
[INFO] [stdout]    7:     0x562924b22bab - std::sys_common::backtrace::print::h61376ae57d131d72
[INFO] [stdout]                                at /rustc/53fd98ca776cb875bc9e5514f56b52eb74f9e7a9/library/std/src/sys_common/backtrace.rs:36:9
[INFO] [stdout]    8:     0x562924b22bab - std::panicking::default_hook::{{closure}}::h0f7208c0b9644a54
[INFO] [stdout]                                at /rustc/53fd98ca776cb875bc9e5514f56b52eb74f9e7a9/library/std/src/panicking.rs:208:50
[INFO] [stdout]    9:     0x562924b226bc - std::panicking::default_hook::hdac7fc06578c14ce
[INFO] [stdout]                                at /rustc/53fd98ca776cb875bc9e5514f56b52eb74f9e7a9/library/std/src/panicking.rs:222:9
[INFO] [stdout]   10:     0x562924b23274 - std::panicking::rust_panic_with_hook::h72b21c283da3d1ef
[INFO] [stdout]                                at /rustc/53fd98ca776cb875bc9e5514f56b52eb74f9e7a9/library/std/src/panicking.rs:622:17
[INFO] [stdout]   11:     0x562924acea03 - std::panicking::begin_panic::{{closure}}::h1b438d5a276bca75
[INFO] [stdout]                                at /rustc/53fd98ca776cb875bc9e5514f56b52eb74f9e7a9/library/std/src/panicking.rs:542:9
[INFO] [stdout]   12:     0x562924ace889 - std::sys_common::backtrace::__rust_end_short_backtrace::h235e96b756cf2c42
[INFO] [stdout]                                at /rustc/53fd98ca776cb875bc9e5514f56b52eb74f9e7a9/library/std/src/sys_common/backtrace.rs:141:18
[INFO] [stdout]   13:     0x562924ace939 - std::panicking::begin_panic::h4d31eb4f6570976c
[INFO] [stdout]                                at /rustc/53fd98ca776cb875bc9e5514f56b52eb74f9e7a9/library/std/src/panicking.rs:541:12
[INFO] [stdout]   14:     0x56292465f778 - fetch::test::test_get_data::hed01030fb09c6c43
[INFO] [stdout]                                at /opt/rustwide/workdir/src/main.rs:86:23
[INFO] [stdout]   15:     0x56292465f66a - fetch::test::test_get_data::{{closure}}::h6044017fb5c21657
[INFO] [stdout]                                at /opt/rustwide/workdir/src/main.rs:82:5
[INFO] [stdout]   16:     0x56292466272e - core::ops::function::FnOnce::call_once::h789ede0c5cae71b9
[INFO] [stdout]                                at /rustc/53fd98ca776cb875bc9e5514f56b52eb74f9e7a9/library/core/src/ops/function.rs:227:5
[INFO] [stdout]   17:     0x562924a087b3 - core::ops::function::FnOnce::call_once::hbb52c4519d3137b0
[INFO] [stdout]                                at /rustc/53fd98ca776cb875bc9e5514f56b52eb74f9e7a9/library/core/src/ops/function.rs:227:5
[INFO] [stdout]   18:     0x562924a087b3 - test::__rust_begin_short_backtrace::h86fe3a2a5a5121af
[INFO] [stdout]                                at /rustc/53fd98ca776cb875bc9e5514f56b52eb74f9e7a9/library/test/src/lib.rs:578:5
[INFO] [stdout]   19:     0x562924a07268 - <alloc::boxed::Box<F,A> as core::ops::function::FnOnce<Args>>::call_once::hfd956bc3d57399be
[INFO] [stdout]                                at /rustc/53fd98ca776cb875bc9e5514f56b52eb74f9e7a9/library/alloc/src/boxed.rs:1572:9
[INFO] [stdout]   20:     0x562924a07268 - <std::panic::AssertUnwindSafe<F> as core::ops::function::FnOnce<()>>::call_once::h40dc93e0ddb5938a
[INFO] [stdout]                                at /rustc/53fd98ca776cb875bc9e5514f56b52eb74f9e7a9/library/std/src/panic.rs:347:9
[INFO] [stdout]   21:     0x562924a07268 - std::panicking::try::do_call::h90d07750cb47c562
[INFO] [stdout]                                at /rustc/53fd98ca776cb875bc9e5514f56b52eb74f9e7a9/library/std/src/panicking.rs:401:40
[INFO] [stdout]   22:     0x562924a07268 - std::panicking::try::h063c84733ad2a629
[INFO] [stdout]                                at /rustc/53fd98ca776cb875bc9e5514f56b52eb74f9e7a9/library/std/src/panicking.rs:365:19
[INFO] [stdout]   23:     0x562924a07268 - std::panic::catch_unwind::h0c464836a84e7c08
[INFO] [stdout]                                at /rustc/53fd98ca776cb875bc9e5514f56b52eb74f9e7a9/library/std/src/panic.rs:434:14
[INFO] [stdout]   24:     0x562924a07268 - test::run_test_in_process::h5cb06ef620b157fc
[INFO] [stdout]                                at /rustc/53fd98ca776cb875bc9e5514f56b52eb74f9e7a9/library/test/src/lib.rs:601:18
[INFO] [stdout]   25:     0x562924a07268 - test::run_test::run_test_inner::{{closure}}::h76f677f4b93f9828
[INFO] [stdout]                                at /rustc/53fd98ca776cb875bc9e5514f56b52eb74f9e7a9/library/test/src/lib.rs:493:39
[INFO] [stdout]   26:     0x5629249d59fd - test::run_test::run_test_inner::{{closure}}::h366d01fe04f4d67a
[INFO] [stdout]                                at /rustc/53fd98ca776cb875bc9e5514f56b52eb74f9e7a9/library/test/src/lib.rs:520:37
[INFO] [stdout]   27:     0x5629249d59fd - std::sys_common::backtrace::__rust_begin_short_backtrace::h7dfa0de4eb395af2
[INFO] [stdout]                                at /rustc/53fd98ca776cb875bc9e5514f56b52eb74f9e7a9/library/std/src/sys_common/backtrace.rs:125:18
[INFO] [stdout]   28:     0x5629249da1c8 - std::thread::Builder::spawn_unchecked::{{closure}}::{{closure}}::hf0a74bb58798037f
[INFO] [stdout]                                at /rustc/53fd98ca776cb875bc9e5514f56b52eb74f9e7a9/library/std/src/thread/mod.rs:476:17
[INFO] [stdout]   29:     0x5629249da1c8 - <std::panic::AssertUnwindSafe<F> as core::ops::function::FnOnce<()>>::call_once::hb024e854818586ac
[INFO] [stdout]                                at /rustc/53fd98ca776cb875bc9e5514f56b52eb74f9e7a9/library/std/src/panic.rs:347:9
[INFO] [stdout]   30:     0x5629249da1c8 - std::panicking::try::do_call::hb2dd9f1d0d48e41d
[INFO] [stdout]                                at /rustc/53fd98ca776cb875bc9e5514f56b52eb74f9e7a9/library/std/src/panicking.rs:401:40
[INFO] [stdout]   31:     0x5629249da1c8 - std::panicking::try::h4717ae7bac8b2bf3
[INFO] [stdout]                                at /rustc/53fd98ca776cb875bc9e5514f56b52eb74f9e7a9/library/std/src/panicking.rs:365:19
[INFO] [stdout]   32:     0x5629249da1c8 - std::panic::catch_unwind::h0dc8a061326ce8d8
[INFO] [stdout]                                at /rustc/53fd98ca776cb875bc9e5514f56b52eb74f9e7a9/library/std/src/panic.rs:434:14
[INFO] [stdout]   33:     0x5629249da1c8 - std::thread::Builder::spawn_unchecked::{{closure}}::haa369e2d6fd00aa1
[INFO] [stdout]                                at /rustc/53fd98ca776cb875bc9e5514f56b52eb74f9e7a9/library/std/src/thread/mod.rs:475:30
[INFO] [stdout]   34:     0x5629249da1c8 - core::ops::function::FnOnce::call_once{{vtable.shim}}::h36dcf3de8b056f17
[INFO] [stdout]                                at /rustc/53fd98ca776cb875bc9e5514f56b52eb74f9e7a9/library/core/src/ops/function.rs:227:5
[INFO] [stdout]   35:     0x562924b28577 - <alloc::boxed::Box<F,A> as core::ops::function::FnOnce<Args>>::call_once::h65c29e4642be2358
[INFO] [stdout]                                at /rustc/53fd98ca776cb875bc9e5514f56b52eb74f9e7a9/library/alloc/src/boxed.rs:1572:9
[INFO] [stdout]   36:     0x562924b28577 - <alloc::boxed::Box<F,A> as core::ops::function::FnOnce<Args>>::call_once::hd0f8f7fbbd9fffbf
[INFO] [stdout]                                at /rustc/53fd98ca776cb875bc9e5514f56b52eb74f9e7a9/library/alloc/src/boxed.rs:1572:9
[INFO] [stdout]   37:     0x562924b28577 - std::sys::unix::thread::Thread::new::thread_start::h2fd22fee3ca77b65
[INFO] [stdout]                                at /rustc/53fd98ca776cb875bc9e5514f56b52eb74f9e7a9/library/std/src/sys/unix/thread.rs:74:17
[INFO] [stdout]   38:     0x7fded6639609 - start_thread
[INFO] [stdout]   39:     0x7fded6409293 - clone
[INFO] [stdout]   40:                0x0 - <unknown>
[INFO] [stdout] 
[INFO] [stdout] 
[INFO] [stdout] failures:
[INFO] [stdout]     test::test_get_data
[INFO] [stdout] 
[INFO] [stdout] test result: FAILED. 0 passed; 1 failed; 0 ignored; 0 measured; 0 filtered out; finished in 0.24s
[INFO] [stdout] 
[INFO] [stderr] error: test failed, to rerun pass '--bin fetch'
[INFO] running `Command { std: "docker" "inspect" "ed0bf78435d21b38cdfb2e21df0772fd12d9e98921f8943c2ec3503a6aff7ed5", kill_on_drop: false }`
[INFO] running `Command { std: "docker" "rm" "-f" "ed0bf78435d21b38cdfb2e21df0772fd12d9e98921f8943c2ec3503a6aff7ed5", kill_on_drop: false }`
[INFO] [stdout] ed0bf78435d21b38cdfb2e21df0772fd12d9e98921f8943c2ec3503a6aff7ed5
