[INFO] cloning repository https://github.com/YoloDev/kubelet-deviceplugin-rs
[INFO] running `Command { std: "git" "-c" "credential.helper=" "-c" "credential.helper=/workspace/cargo-home/bin/git-credential-null" "clone" "--bare" "https://github.com/YoloDev/kubelet-deviceplugin-rs" "/workspace/cache/git-repos/https%3A%2F%2Fgithub.com%2FYoloDev%2Fkubelet-deviceplugin-rs", kill_on_drop: false }`
[INFO] [stderr] Cloning into bare repository '/workspace/cache/git-repos/https%3A%2F%2Fgithub.com%2FYoloDev%2Fkubelet-deviceplugin-rs'...
[INFO] running `Command { std: "git" "rev-parse" "HEAD", kill_on_drop: false }`
[INFO] [stdout] 46ef6f5d6b6de6dcd7ee4f206d70f2c3c195bbd6
[INFO] testing YoloDev/kubelet-deviceplugin-rs against beta-2021-08-01 for beta-1.55-1
[INFO] running `Command { std: "git" "clone" "/workspace/cache/git-repos/https%3A%2F%2Fgithub.com%2FYoloDev%2Fkubelet-deviceplugin-rs" "/workspace/builds/worker-2/source", kill_on_drop: false }`
[INFO] [stderr] Cloning into '/workspace/builds/worker-2/source'...
[INFO] [stderr] done.
[INFO] validating manifest of git repo https://github.com/YoloDev/kubelet-deviceplugin-rs on toolchain beta-2021-08-01
[INFO] running `Command { std: "/workspace/cargo-home/bin/cargo" "+beta-2021-08-01" "metadata" "--manifest-path" "Cargo.toml" "--no-deps", kill_on_drop: false }`
[INFO] started tweaking git repo https://github.com/YoloDev/kubelet-deviceplugin-rs
[INFO] finished tweaking git repo https://github.com/YoloDev/kubelet-deviceplugin-rs
[INFO] tweaked toml for git repo https://github.com/YoloDev/kubelet-deviceplugin-rs written to /workspace/builds/worker-2/source/Cargo.toml
[INFO] crate git repo https://github.com/YoloDev/kubelet-deviceplugin-rs already has a lockfile, it will not be regenerated
[INFO] running `Command { std: "/workspace/cargo-home/bin/cargo" "+beta-2021-08-01" "fetch" "--manifest-path" "Cargo.toml", kill_on_drop: false }`
[INFO] [stderr]  Downloading crates ...
[INFO] [stderr]   Downloaded os_pipe v0.9.2
[INFO] [stderr]   Downloaded bitmaps v2.1.0
[INFO] [stderr]   Downloaded lasso v0.5.1
[INFO] [stderr]   Downloaded sized-chunks v0.6.5
[INFO] [stderr]   Downloaded tonic v0.4.3
[INFO] [stderr]   Downloaded indenter v0.3.3
[INFO] [stderr]   Downloaded arc-swap v1.3.0
[INFO] [stderr]   Downloaded duct v0.13.5
[INFO] [stderr]   Downloaded eyre v0.6.5
[INFO] [stderr]   Downloaded prost-derive v0.7.0
[INFO] [stderr]   Downloaded signal-hook v0.3.9
[INFO] [stderr]   Downloaded anyhow v1.0.41
[INFO] [stderr]   Downloaded prost v0.7.0
[INFO] [stderr]   Downloaded prost-types v0.7.0
[INFO] [stderr]   Downloaded tower v0.4.8
[INFO] [stderr]   Downloaded serde_yaml v0.8.17
[INFO] [stderr]   Downloaded owo-colors v1.3.0
[INFO] [stderr]   Downloaded seahash v4.1.0
[INFO] [stderr]   Downloaded which v4.1.0
[INFO] [stderr]   Downloaded tonic-build v0.4.2
[INFO] [stderr]   Downloaded serde_test v1.0.126
[INFO] [stderr]   Downloaded signal-hook-tokio v0.3.0
[INFO] [stderr]   Downloaded udev v0.6.2
[INFO] [stderr]   Downloaded shared_child v0.3.5
[INFO] [stderr]   Downloaded tower-layer v0.3.1
[INFO] [stderr]   Downloaded color-spantrace v0.1.6
[INFO] [stderr]   Downloaded color-eyre v0.5.11
[INFO] [stderr]   Downloaded prost-build v0.7.0
[INFO] [stderr]   Downloaded tokio-udev v0.7.0
[INFO] [stderr]   Downloaded tracing-error v0.1.2
[INFO] running `Command { std: "docker" "create" "-v" "/var/lib/crater-agent-workspace/builds/worker-2/target:/opt/rustwide/target:rw,Z" "-v" "/var/lib/crater-agent-workspace/builds/worker-2/source:/opt/rustwide/workdir:ro,Z" "-v" "/var/lib/crater-agent-workspace/cargo-home:/opt/rustwide/cargo-home:ro,Z" "-v" "/var/lib/crater-agent-workspace/rustup-home:/opt/rustwide/rustup-home:ro,Z" "-e" "SOURCE_DIR=/opt/rustwide/workdir" "-e" "CARGO_TARGET_DIR=/opt/rustwide/target" "-e" "CARGO_HOME=/opt/rustwide/cargo-home" "-e" "RUSTUP_HOME=/opt/rustwide/rustup-home" "-w" "/opt/rustwide/workdir" "-m" "1610612736" "--user" "0:0" "--network" "none" "ghcr.io/rust-lang/crates-build-env/linux@sha256:34b6a614d2c27851fe6cbf88fbd1137609cefab8b10d0615aaeb6fd47975d74e" "/opt/rustwide/cargo-home/bin/cargo" "+beta-2021-08-01" "metadata" "--no-deps" "--format-version=1", kill_on_drop: false }`
[INFO] [stdout] 6f8bc679cb2c10cdadf64372aba9c50e352af7617fff7df147002824726e1914
[INFO] [stderr] WARNING: Your kernel does not support swap limit capabilities or the cgroup is not mounted. Memory limited without swap.
[INFO] running `Command { std: "docker" "start" "-a" "6f8bc679cb2c10cdadf64372aba9c50e352af7617fff7df147002824726e1914", kill_on_drop: false }`
[INFO] running `Command { std: "docker" "inspect" "6f8bc679cb2c10cdadf64372aba9c50e352af7617fff7df147002824726e1914", kill_on_drop: false }`
[INFO] running `Command { std: "docker" "rm" "-f" "6f8bc679cb2c10cdadf64372aba9c50e352af7617fff7df147002824726e1914", kill_on_drop: false }`
[INFO] [stdout] 6f8bc679cb2c10cdadf64372aba9c50e352af7617fff7df147002824726e1914
[INFO] running `Command { std: "docker" "create" "-v" "/var/lib/crater-agent-workspace/builds/worker-2/target:/opt/rustwide/target:rw,Z" "-v" "/var/lib/crater-agent-workspace/builds/worker-2/source:/opt/rustwide/workdir:ro,Z" "-v" "/var/lib/crater-agent-workspace/cargo-home:/opt/rustwide/cargo-home:ro,Z" "-v" "/var/lib/crater-agent-workspace/rustup-home:/opt/rustwide/rustup-home:ro,Z" "-e" "SOURCE_DIR=/opt/rustwide/workdir" "-e" "CARGO_TARGET_DIR=/opt/rustwide/target" "-e" "CARGO_INCREMENTAL=0" "-e" "RUST_BACKTRACE=full" "-e" "RUSTFLAGS=--cap-lints=warn" "-e" "CARGO_HOME=/opt/rustwide/cargo-home" "-e" "RUSTUP_HOME=/opt/rustwide/rustup-home" "-w" "/opt/rustwide/workdir" "-m" "1610612736" "--user" "0:0" "--network" "none" "ghcr.io/rust-lang/crates-build-env/linux@sha256:34b6a614d2c27851fe6cbf88fbd1137609cefab8b10d0615aaeb6fd47975d74e" "/opt/rustwide/cargo-home/bin/cargo" "+beta-2021-08-01" "build" "--frozen" "--message-format=json", kill_on_drop: false }`
[INFO] [stdout] f1c214c802abaf6f6fde5d3a3748280201f38d04029d548cd43b32b1aa4c5cf5
[INFO] [stderr] WARNING: Your kernel does not support swap limit capabilities or the cgroup is not mounted. Memory limited without swap.
[INFO] running `Command { std: "docker" "start" "-a" "f1c214c802abaf6f6fde5d3a3748280201f38d04029d548cd43b32b1aa4c5cf5", kill_on_drop: false }`
[INFO] [stderr]    Compiling eyre v0.6.5
[INFO] [stderr]    Compiling indenter v0.3.3
[INFO] [stderr]    Compiling arc-swap v1.3.0
[INFO] [stderr]    Compiling seahash v4.1.0
[INFO] [stderr]    Compiling tokio v1.7.1
[INFO] [stderr]    Compiling im v15.0.0
[INFO] [stderr]    Compiling backtrace v0.3.60
[INFO] [stderr]    Compiling which v4.1.0
[INFO] [stderr]    Compiling os_pipe v0.9.2
[INFO] [stderr]    Compiling shared_child v0.3.5
[INFO] [stderr]    Compiling ahash v0.7.4
[INFO] [stderr]    Compiling libudev-sys v0.1.4
[INFO] [stderr]    Compiling dashmap v4.0.2
[INFO] [stderr]    Compiling signal-hook v0.3.9
[INFO] [stderr]    Compiling tracing-attributes v0.1.15
[INFO] [stderr]    Compiling tokio-macros v1.2.0
[INFO] [stderr]    Compiling prost-derive v0.7.0
[INFO] [stderr]    Compiling async-stream-impl v0.3.2
[INFO] [stderr]    Compiling chrono v0.4.19
[INFO] [stderr]    Compiling udev v0.6.2
[INFO] [stderr]    Compiling rand v0.8.4
[INFO] [stderr]    Compiling duct v0.13.5
[INFO] [stderr]    Compiling clap_derive v3.0.0-beta.2
[INFO] [stderr]    Compiling hashbrown v0.11.2
[INFO] [stderr]    Compiling serde_json v1.0.64
[INFO] [stderr]    Compiling tracing-serde v0.1.2
[INFO] [stderr]    Compiling smallvec v1.6.1
[INFO] [stderr]    Compiling toml v0.5.8
[INFO] [stderr]    Compiling serde_yaml v0.8.17
[INFO] [stderr]    Compiling prost-build v0.7.0
[INFO] [stderr]    Compiling indexmap v1.7.0
[INFO] [stderr]    Compiling lasso v0.5.1
[INFO] [stderr]    Compiling tempfile v3.2.0
[INFO] [stderr]    Compiling petgraph v0.5.1
[INFO] [stderr]    Compiling async-stream v0.3.2
[INFO] [stderr]    Compiling tracing v0.1.26
[INFO] [stderr]    Compiling prost v0.7.0
[INFO] [stderr]    Compiling clap v3.0.0-beta.2
[INFO] [stderr]    Compiling tracing-subscriber v0.2.19
[INFO] [stderr]    Compiling tracing-futures v0.2.5
[INFO] [stderr]    Compiling prost-types v0.7.0
[INFO] [stderr]    Compiling tokio-util v0.6.7
[INFO] [stderr]    Compiling tokio-stream v0.1.6
[INFO] [stderr]    Compiling tokio-udev v0.7.0
[INFO] [stderr]    Compiling signal-hook-tokio v0.3.0
[INFO] [stderr]    Compiling tracing-error v0.1.2
[INFO] [stderr]    Compiling h2 v0.3.3
[INFO] [stderr]    Compiling tower v0.4.8
[INFO] [stderr]    Compiling color-spantrace v0.1.6
[INFO] [stderr]    Compiling tonic-build v0.4.2
[INFO] [stderr]    Compiling color-eyre v0.5.11
[INFO] [stderr]    Compiling codegen v0.1.0 (/opt/rustwide/workdir/codegen)
[INFO] [stderr]    Compiling hyper v0.14.9
[INFO] [stderr]    Compiling tonic v0.4.3
[INFO] [stderr]    Compiling kubelet-deviceplugin-proto v0.1.0 (/opt/rustwide/workdir/crates/proto)
[INFO] [stderr]    Compiling k8s-udev-device-manager v0.0.0 (/opt/rustwide/workdir/crates/udev-device-manager)
[INFO] [stdout] warning: unused variable: `request`
[INFO] [stdout]   --> crates/udev-device-manager/src/app/device_class/device_plugin_server.rs:88:5
[INFO] [stdout]    |
[INFO] [stdout] 88 |     request: v1beta1::AllocateRequest,
[INFO] [stdout]    |     ^^^^^^^ help: if this is intentional, prefix it with an underscore: `_request`
[INFO] [stdout]    |
[INFO] [stdout]    = note: `#[warn(unused_variables)]` on by default
[INFO] [stdout] 
[INFO] [stdout] 
[INFO] [stdout] warning: unused variable: `e`
[INFO] [stdout]    --> crates/udev-device-manager/src/udev/event_stream.rs:305:18
[INFO] [stdout]     |
[INFO] [stdout] 305 |       if let Err(e) = sender.send(to_send).await {
[INFO] [stdout]     |                  ^ help: if this is intentional, prefix it with an underscore: `_e`
[INFO] [stdout] 
[INFO] [stdout] 
[INFO] [stdout] warning: associated function is never used: `target`
[INFO] [stdout]   --> crates/udev-device-manager/src/config/device_class.rs:45:10
[INFO] [stdout]    |
[INFO] [stdout] 45 |   pub fn target(&self) -> InternedString {
[INFO] [stdout]    |          ^^^^^^
[INFO] [stdout]    |
[INFO] [stdout]    = note: `#[warn(dead_code)]` on by default
[INFO] [stdout] 
[INFO] [stdout] 
[INFO] [stdout] warning: associated function is never used: `is_mismatch`
[INFO] [stdout]   --> crates/udev-device-manager/src/config/selector.rs:89:10
[INFO] [stdout]    |
[INFO] [stdout] 89 |   pub fn is_mismatch(&self) -> bool {
[INFO] [stdout]    |          ^^^^^^^^^^^
[INFO] [stdout] 
[INFO] [stdout] 
[INFO] [stdout] warning: associated function is never used: `device`
[INFO] [stdout]   --> crates/udev-device-manager/src/udev/event_stream.rs:34:10
[INFO] [stdout]    |
[INFO] [stdout] 34 |   pub fn device(&self) -> &UdevDevice {
[INFO] [stdout]    |          ^^^^^^
[INFO] [stdout] 
[INFO] [stdout] 
[INFO] [stdout] warning: associated function is never used: `event_type`
[INFO] [stdout]   --> crates/udev-device-manager/src/udev/event_stream.rs:45:10
[INFO] [stdout]    |
[INFO] [stdout] 45 |   pub fn event_type(&self) -> tokio_udev::EventType {
[INFO] [stdout]    |          ^^^^^^^^^^
[INFO] [stdout] 
[INFO] [stdout] 
[INFO] [stdout] warning: variant is never constructed: `MatchSubsystem`
[INFO] [stdout]    --> crates/udev-device-manager/src/udev/event_stream.rs:102:3
[INFO] [stdout]     |
[INFO] [stdout] 102 | /   MatchSubsystem(
[INFO] [stdout] 103 | |     InternedString,
[INFO] [stdout] 104 | |     oneshot::Sender<Result<(), UdevBuilderError>>,
[INFO] [stdout] 105 | |   ),
[INFO] [stdout]     | |___^
[INFO] [stdout] 
[INFO] [stdout] 
[INFO] [stdout] warning: variant is never constructed: `MatchSubsystemDevtype`
[INFO] [stdout]    --> crates/udev-device-manager/src/udev/event_stream.rs:108:3
[INFO] [stdout]     |
[INFO] [stdout] 108 | /   MatchSubsystemDevtype(
[INFO] [stdout] 109 | |     InternedString,
[INFO] [stdout] 110 | |     InternedString,
[INFO] [stdout] 111 | |     oneshot::Sender<Result<(), UdevBuilderError>>,
[INFO] [stdout] 112 | |   ),
[INFO] [stdout]     | |___^
[INFO] [stdout] 
[INFO] [stdout] 
[INFO] [stdout] warning: variant is never constructed: `MatchTag`
[INFO] [stdout]    --> crates/udev-device-manager/src/udev/event_stream.rs:115:3
[INFO] [stdout]     |
[INFO] [stdout] 115 | /   MatchTag(
[INFO] [stdout] 116 | |     InternedString,
[INFO] [stdout] 117 | |     oneshot::Sender<Result<(), UdevBuilderError>>,
[INFO] [stdout] 118 | |   ),
[INFO] [stdout]     | |___^
[INFO] [stdout] 
[INFO] [stdout] 
[INFO] [stdout] warning: variant is never constructed: `ClearFilters`
[INFO] [stdout]    --> crates/udev-device-manager/src/udev/event_stream.rs:121:3
[INFO] [stdout]     |
[INFO] [stdout] 121 |   ClearFilters(oneshot::Sender<Result<(), UdevBuilderError>>),
[INFO] [stdout]     |   ^^^^^^^^^^^^^^^^^^^^^^^^^^^^^^^^^^^^^^^^^^^^^^^^^^^^^^^^^^^
[INFO] [stdout] 
[INFO] [stdout] 
[INFO] [stdout] warning: unused `Result` that must be used
[INFO] [stdout]    --> crates/udev-device-manager/src/udev/event_stream.rs:228:17
[INFO] [stdout]     |
[INFO] [stdout] 228 |                 ret.send(Ok(()));
[INFO] [stdout]     |                 ^^^^^^^^^^^^^^^^^
[INFO] [stdout]     |
[INFO] [stdout]     = note: `#[warn(unused_must_use)]` on by default
[INFO] [stdout]     = note: this `Result` may be an `Err` variant, which should be handled
[INFO] [stdout] 
[INFO] [stdout] 
[INFO] [stdout] warning: unused `Result` that must be used
[INFO] [stdout]    --> crates/udev-device-manager/src/udev/event_stream.rs:232:17
[INFO] [stdout]     |
[INFO] [stdout] 232 |                 ret.send(Err(e.into()));
[INFO] [stdout]     |                 ^^^^^^^^^^^^^^^^^^^^^^^^
[INFO] [stdout]     |
[INFO] [stdout]     = note: this `Result` may be an `Err` variant, which should be handled
[INFO] [stdout] 
[INFO] [stdout] 
[INFO] [stdout] warning: unused `Result` that must be used
[INFO] [stdout]    --> crates/udev-device-manager/src/udev/event_stream.rs:240:17
[INFO] [stdout]     |
[INFO] [stdout] 240 |                 ret.send(Ok(()));
[INFO] [stdout]     |                 ^^^^^^^^^^^^^^^^^
[INFO] [stdout]     |
[INFO] [stdout]     = note: this `Result` may be an `Err` variant, which should be handled
[INFO] [stdout] 
[INFO] [stdout] 
[INFO] [stdout] warning: unused `Result` that must be used
[INFO] [stdout]    --> crates/udev-device-manager/src/udev/event_stream.rs:244:17
[INFO] [stdout]     |
[INFO] [stdout] 244 |                 ret.send(Err(e.into()));
[INFO] [stdout]     |                 ^^^^^^^^^^^^^^^^^^^^^^^^
[INFO] [stdout]     |
[INFO] [stdout]     = note: this `Result` may be an `Err` variant, which should be handled
[INFO] [stdout] 
[INFO] [stdout] 
[INFO] [stdout] warning: unused `Result` that must be used
[INFO] [stdout]    --> crates/udev-device-manager/src/udev/event_stream.rs:252:17
[INFO] [stdout]     |
[INFO] [stdout] 252 |                 ret.send(Ok(()));
[INFO] [stdout]     |                 ^^^^^^^^^^^^^^^^^
[INFO] [stdout]     |
[INFO] [stdout]     = note: this `Result` may be an `Err` variant, which should be handled
[INFO] [stdout] 
[INFO] [stdout] 
[INFO] [stdout] warning: unused `Result` that must be used
[INFO] [stdout]    --> crates/udev-device-manager/src/udev/event_stream.rs:256:17
[INFO] [stdout]     |
[INFO] [stdout] 256 |                 ret.send(Err(e.into()));
[INFO] [stdout]     |                 ^^^^^^^^^^^^^^^^^^^^^^^^
[INFO] [stdout]     |
[INFO] [stdout]     = note: this `Result` may be an `Err` variant, which should be handled
[INFO] [stdout] 
[INFO] [stdout] 
[INFO] [stdout] warning: unused `Result` that must be used
[INFO] [stdout]    --> crates/udev-device-manager/src/udev/event_stream.rs:264:17
[INFO] [stdout]     |
[INFO] [stdout] 264 |                 ret.send(Ok(()));
[INFO] [stdout]     |                 ^^^^^^^^^^^^^^^^^
[INFO] [stdout]     |
[INFO] [stdout]     = note: this `Result` may be an `Err` variant, which should be handled
[INFO] [stdout] 
[INFO] [stdout] 
[INFO] [stdout] warning: unused `Result` that must be used
[INFO] [stdout]    --> crates/udev-device-manager/src/udev/event_stream.rs:268:17
[INFO] [stdout]     |
[INFO] [stdout] 268 |                 ret.send(Err(e.into()));
[INFO] [stdout]     |                 ^^^^^^^^^^^^^^^^^^^^^^^^
[INFO] [stdout]     |
[INFO] [stdout]     = note: this `Result` may be an `Err` variant, which should be handled
[INFO] [stdout] 
[INFO] [stdout] 
[INFO] [stdout] warning: unused `Result` that must be used
[INFO] [stdout]    --> crates/udev-device-manager/src/udev/event_stream.rs:277:15
[INFO] [stdout]     |
[INFO] [stdout] 277 |               ret.send(Ok((receiver, signal_sender)));
[INFO] [stdout]     |               ^^^^^^^^^^^^^^^^^^^^^^^^^^^^^^^^^^^^^^^^
[INFO] [stdout]     |
[INFO] [stdout]     = note: this `Result` may be an `Err` variant, which should be handled
[INFO] [stdout] 
[INFO] [stdout] 
[INFO] [stdout] warning: unused `Result` that must be used
[INFO] [stdout]    --> crates/udev-device-manager/src/udev/event_stream.rs:281:15
[INFO] [stdout]     |
[INFO] [stdout] 281 |               ret.send(Err(e.into()));
[INFO] [stdout]     |               ^^^^^^^^^^^^^^^^^^^^^^^^
[INFO] [stdout]     |
[INFO] [stdout]     = note: this `Result` may be an `Err` variant, which should be handled
[INFO] [stdout] 
[INFO] [stdout] 
[INFO] [stdout] warning: 20 warnings emitted
[INFO] [stdout] 
[INFO] [stdout] 
[INFO] [stderr]     Finished dev [unoptimized + debuginfo] target(s) in 1m 27s
[INFO] running `Command { std: "docker" "inspect" "f1c214c802abaf6f6fde5d3a3748280201f38d04029d548cd43b32b1aa4c5cf5", kill_on_drop: false }`
[INFO] running `Command { std: "docker" "rm" "-f" "f1c214c802abaf6f6fde5d3a3748280201f38d04029d548cd43b32b1aa4c5cf5", kill_on_drop: false }`
[INFO] [stdout] f1c214c802abaf6f6fde5d3a3748280201f38d04029d548cd43b32b1aa4c5cf5
[INFO] running `Command { std: "docker" "create" "-v" "/var/lib/crater-agent-workspace/builds/worker-2/target:/opt/rustwide/target:rw,Z" "-v" "/var/lib/crater-agent-workspace/builds/worker-2/source:/opt/rustwide/workdir:ro,Z" "-v" "/var/lib/crater-agent-workspace/cargo-home:/opt/rustwide/cargo-home:ro,Z" "-v" "/var/lib/crater-agent-workspace/rustup-home:/opt/rustwide/rustup-home:ro,Z" "-e" "SOURCE_DIR=/opt/rustwide/workdir" "-e" "CARGO_TARGET_DIR=/opt/rustwide/target" "-e" "CARGO_INCREMENTAL=0" "-e" "RUST_BACKTRACE=full" "-e" "RUSTFLAGS=--cap-lints=warn" "-e" "CARGO_HOME=/opt/rustwide/cargo-home" "-e" "RUSTUP_HOME=/opt/rustwide/rustup-home" "-w" "/opt/rustwide/workdir" "-m" "1610612736" "--user" "0:0" "--network" "none" "ghcr.io/rust-lang/crates-build-env/linux@sha256:34b6a614d2c27851fe6cbf88fbd1137609cefab8b10d0615aaeb6fd47975d74e" "/opt/rustwide/cargo-home/bin/cargo" "+beta-2021-08-01" "test" "--frozen" "--no-run" "--message-format=json", kill_on_drop: false }`
[INFO] [stdout] bab68eee42d45cf76269505b24d098a36cf106f30584c0563af9e9b3eeed4c0d
[INFO] [stderr] WARNING: Your kernel does not support swap limit capabilities or the cgroup is not mounted. Memory limited without swap.
[INFO] running `Command { std: "docker" "start" "-a" "bab68eee42d45cf76269505b24d098a36cf106f30584c0563af9e9b3eeed4c0d", kill_on_drop: false }`
[INFO] [stderr]    Compiling serde_test v1.0.126
[INFO] [stderr]    Compiling codegen v0.1.0 (/opt/rustwide/workdir/codegen)
[INFO] [stderr]    Compiling kubelet-deviceplugin-proto v0.1.0 (/opt/rustwide/workdir/crates/proto)
[INFO] [stderr]    Compiling k8s-udev-device-manager v0.0.0 (/opt/rustwide/workdir/crates/udev-device-manager)
[INFO] [stdout] warning: unused variable: `request`
[INFO] [stdout]   --> crates/udev-device-manager/src/app/device_class/device_plugin_server.rs:88:5
[INFO] [stdout]    |
[INFO] [stdout] 88 |     request: v1beta1::AllocateRequest,
[INFO] [stdout]    |     ^^^^^^^ help: if this is intentional, prefix it with an underscore: `_request`
[INFO] [stdout]    |
[INFO] [stdout]    = note: `#[warn(unused_variables)]` on by default
[INFO] [stdout] 
[INFO] [stdout] 
[INFO] [stdout] warning: unused variable: `e`
[INFO] [stdout]    --> crates/udev-device-manager/src/udev/event_stream.rs:305:18
[INFO] [stdout]     |
[INFO] [stdout] 305 |       if let Err(e) = sender.send(to_send).await {
[INFO] [stdout]     |                  ^ help: if this is intentional, prefix it with an underscore: `_e`
[INFO] [stdout] 
[INFO] [stdout] 
[INFO] [stdout] warning: associated function is never used: `target`
[INFO] [stdout]   --> crates/udev-device-manager/src/config/device_class.rs:45:10
[INFO] [stdout]    |
[INFO] [stdout] 45 |   pub fn target(&self) -> InternedString {
[INFO] [stdout]    |          ^^^^^^
[INFO] [stdout]    |
[INFO] [stdout]    = note: `#[warn(dead_code)]` on by default
[INFO] [stdout] 
[INFO] [stdout] 
[INFO] [stdout] warning: associated function is never used: `is_mismatch`
[INFO] [stdout]   --> crates/udev-device-manager/src/config/selector.rs:89:10
[INFO] [stdout]    |
[INFO] [stdout] 89 |   pub fn is_mismatch(&self) -> bool {
[INFO] [stdout]    |          ^^^^^^^^^^^
[INFO] [stdout] 
[INFO] [stdout] 
[INFO] [stdout] warning: associated function is never used: `device`
[INFO] [stdout]   --> crates/udev-device-manager/src/udev/event_stream.rs:34:10
[INFO] [stdout]    |
[INFO] [stdout] 34 |   pub fn device(&self) -> &UdevDevice {
[INFO] [stdout]    |          ^^^^^^
[INFO] [stdout] 
[INFO] [stdout] 
[INFO] [stdout] warning: associated function is never used: `event_type`
[INFO] [stdout]   --> crates/udev-device-manager/src/udev/event_stream.rs:45:10
[INFO] [stdout]    |
[INFO] [stdout] 45 |   pub fn event_type(&self) -> tokio_udev::EventType {
[INFO] [stdout]    |          ^^^^^^^^^^
[INFO] [stdout] 
[INFO] [stdout] 
[INFO] [stdout] warning: variant is never constructed: `MatchSubsystem`
[INFO] [stdout]    --> crates/udev-device-manager/src/udev/event_stream.rs:102:3
[INFO] [stdout]     |
[INFO] [stdout] 102 | /   MatchSubsystem(
[INFO] [stdout] 103 | |     InternedString,
[INFO] [stdout] 104 | |     oneshot::Sender<Result<(), UdevBuilderError>>,
[INFO] [stdout] 105 | |   ),
[INFO] [stdout]     | |___^
[INFO] [stdout] 
[INFO] [stdout] 
[INFO] [stdout] warning: variant is never constructed: `MatchSubsystemDevtype`
[INFO] [stdout]    --> crates/udev-device-manager/src/udev/event_stream.rs:108:3
[INFO] [stdout]     |
[INFO] [stdout] 108 | /   MatchSubsystemDevtype(
[INFO] [stdout] 109 | |     InternedString,
[INFO] [stdout] 110 | |     InternedString,
[INFO] [stdout] 111 | |     oneshot::Sender<Result<(), UdevBuilderError>>,
[INFO] [stdout] 112 | |   ),
[INFO] [stdout]     | |___^
[INFO] [stdout] 
[INFO] [stdout] 
[INFO] [stdout] warning: variant is never constructed: `MatchTag`
[INFO] [stdout]    --> crates/udev-device-manager/src/udev/event_stream.rs:115:3
[INFO] [stdout]     |
[INFO] [stdout] 115 | /   MatchTag(
[INFO] [stdout] 116 | |     InternedString,
[INFO] [stdout] 117 | |     oneshot::Sender<Result<(), UdevBuilderError>>,
[INFO] [stdout] 118 | |   ),
[INFO] [stdout]     | |___^
[INFO] [stdout] 
[INFO] [stdout] 
[INFO] [stdout] warning: variant is never constructed: `ClearFilters`
[INFO] [stdout]    --> crates/udev-device-manager/src/udev/event_stream.rs:121:3
[INFO] [stdout]     |
[INFO] [stdout] 121 |   ClearFilters(oneshot::Sender<Result<(), UdevBuilderError>>),
[INFO] [stdout]     |   ^^^^^^^^^^^^^^^^^^^^^^^^^^^^^^^^^^^^^^^^^^^^^^^^^^^^^^^^^^^
[INFO] [stdout] 
[INFO] [stdout] 
[INFO] [stdout] warning: unused `Result` that must be used
[INFO] [stdout]    --> crates/udev-device-manager/src/udev/event_stream.rs:228:17
[INFO] [stdout]     |
[INFO] [stdout] 228 |                 ret.send(Ok(()));
[INFO] [stdout]     |                 ^^^^^^^^^^^^^^^^^
[INFO] [stdout]     |
[INFO] [stdout]     = note: `#[warn(unused_must_use)]` on by default
[INFO] [stdout]     = note: this `Result` may be an `Err` variant, which should be handled
[INFO] [stdout] 
[INFO] [stdout] 
[INFO] [stdout] warning: unused `Result` that must be used
[INFO] [stdout]    --> crates/udev-device-manager/src/udev/event_stream.rs:232:17
[INFO] [stdout]     |
[INFO] [stdout] 232 |                 ret.send(Err(e.into()));
[INFO] [stdout]     |                 ^^^^^^^^^^^^^^^^^^^^^^^^
[INFO] [stdout]     |
[INFO] [stdout]     = note: this `Result` may be an `Err` variant, which should be handled
[INFO] [stdout] 
[INFO] [stdout] 
[INFO] [stdout] warning: unused `Result` that must be used
[INFO] [stdout]    --> crates/udev-device-manager/src/udev/event_stream.rs:240:17
[INFO] [stdout]     |
[INFO] [stdout] 240 |                 ret.send(Ok(()));
[INFO] [stdout]     |                 ^^^^^^^^^^^^^^^^^
[INFO] [stdout]     |
[INFO] [stdout]     = note: this `Result` may be an `Err` variant, which should be handled
[INFO] [stdout] 
[INFO] [stdout] 
[INFO] [stdout] warning: unused `Result` that must be used
[INFO] [stdout]    --> crates/udev-device-manager/src/udev/event_stream.rs:244:17
[INFO] [stdout]     |
[INFO] [stdout] 244 |                 ret.send(Err(e.into()));
[INFO] [stdout]     |                 ^^^^^^^^^^^^^^^^^^^^^^^^
[INFO] [stdout]     |
[INFO] [stdout]     = note: this `Result` may be an `Err` variant, which should be handled
[INFO] [stdout] 
[INFO] [stdout] 
[INFO] [stdout] warning: unused `Result` that must be used
[INFO] [stdout]    --> crates/udev-device-manager/src/udev/event_stream.rs:252:17
[INFO] [stdout]     |
[INFO] [stdout] 252 |                 ret.send(Ok(()));
[INFO] [stdout]     |                 ^^^^^^^^^^^^^^^^^
[INFO] [stdout]     |
[INFO] [stdout]     = note: this `Result` may be an `Err` variant, which should be handled
[INFO] [stdout] 
[INFO] [stdout] 
[INFO] [stdout] warning: unused `Result` that must be used
[INFO] [stdout]    --> crates/udev-device-manager/src/udev/event_stream.rs:256:17
[INFO] [stdout]     |
[INFO] [stdout] 256 |                 ret.send(Err(e.into()));
[INFO] [stdout]     |                 ^^^^^^^^^^^^^^^^^^^^^^^^
[INFO] [stdout]     |
[INFO] [stdout]     = note: this `Result` may be an `Err` variant, which should be handled
[INFO] [stdout] 
[INFO] [stdout] 
[INFO] [stdout] warning: unused `Result` that must be used
[INFO] [stdout]    --> crates/udev-device-manager/src/udev/event_stream.rs:264:17
[INFO] [stdout]     |
[INFO] [stdout] 264 |                 ret.send(Ok(()));
[INFO] [stdout]     |                 ^^^^^^^^^^^^^^^^^
[INFO] [stdout]     |
[INFO] [stdout]     = note: this `Result` may be an `Err` variant, which should be handled
[INFO] [stdout] 
[INFO] [stdout] 
[INFO] [stdout] warning: unused `Result` that must be used
[INFO] [stdout]    --> crates/udev-device-manager/src/udev/event_stream.rs:268:17
[INFO] [stdout]     |
[INFO] [stdout] 268 |                 ret.send(Err(e.into()));
[INFO] [stdout]     |                 ^^^^^^^^^^^^^^^^^^^^^^^^
[INFO] [stdout]     |
[INFO] [stdout]     = note: this `Result` may be an `Err` variant, which should be handled
[INFO] [stdout] 
[INFO] [stdout] 
[INFO] [stdout] warning: unused `Result` that must be used
[INFO] [stdout]    --> crates/udev-device-manager/src/udev/event_stream.rs:277:15
[INFO] [stdout]     |
[INFO] [stdout] 277 |               ret.send(Ok((receiver, signal_sender)));
[INFO] [stdout]     |               ^^^^^^^^^^^^^^^^^^^^^^^^^^^^^^^^^^^^^^^^
[INFO] [stdout]     |
[INFO] [stdout]     = note: this `Result` may be an `Err` variant, which should be handled
[INFO] [stdout] 
[INFO] [stdout] 
[INFO] [stdout] warning: unused `Result` that must be used
[INFO] [stdout]    --> crates/udev-device-manager/src/udev/event_stream.rs:281:15
[INFO] [stdout]     |
[INFO] [stdout] 281 |               ret.send(Err(e.into()));
[INFO] [stdout]     |               ^^^^^^^^^^^^^^^^^^^^^^^^
[INFO] [stdout]     |
[INFO] [stdout]     = note: this `Result` may be an `Err` variant, which should be handled
[INFO] [stdout] 
[INFO] [stdout] 
[INFO] [stdout] warning: 20 warnings emitted
[INFO] [stdout] 
[INFO] [stdout] 
[INFO] [stderr]     Finished test [unoptimized + debuginfo] target(s) in 12.01s
[INFO] running `Command { std: "docker" "inspect" "bab68eee42d45cf76269505b24d098a36cf106f30584c0563af9e9b3eeed4c0d", kill_on_drop: false }`
[INFO] running `Command { std: "docker" "rm" "-f" "bab68eee42d45cf76269505b24d098a36cf106f30584c0563af9e9b3eeed4c0d", kill_on_drop: false }`
[INFO] [stdout] bab68eee42d45cf76269505b24d098a36cf106f30584c0563af9e9b3eeed4c0d
[INFO] running `Command { std: "docker" "create" "-v" "/var/lib/crater-agent-workspace/builds/worker-2/target:/opt/rustwide/target:rw,Z" "-v" "/var/lib/crater-agent-workspace/builds/worker-2/source:/opt/rustwide/workdir:ro,Z" "-v" "/var/lib/crater-agent-workspace/cargo-home:/opt/rustwide/cargo-home:ro,Z" "-v" "/var/lib/crater-agent-workspace/rustup-home:/opt/rustwide/rustup-home:ro,Z" "-e" "SOURCE_DIR=/opt/rustwide/workdir" "-e" "CARGO_TARGET_DIR=/opt/rustwide/target" "-e" "CARGO_INCREMENTAL=0" "-e" "RUST_BACKTRACE=full" "-e" "RUSTFLAGS=--cap-lints=warn" "-e" "CARGO_HOME=/opt/rustwide/cargo-home" "-e" "RUSTUP_HOME=/opt/rustwide/rustup-home" "-w" "/opt/rustwide/workdir" "-m" "1610612736" "--user" "0:0" "--network" "none" "ghcr.io/rust-lang/crates-build-env/linux@sha256:34b6a614d2c27851fe6cbf88fbd1137609cefab8b10d0615aaeb6fd47975d74e" "/opt/rustwide/cargo-home/bin/cargo" "+beta-2021-08-01" "test" "--frozen", kill_on_drop: false }`
[INFO] [stderr] WARNING: Your kernel does not support swap limit capabilities or the cgroup is not mounted. Memory limited without swap.
[INFO] [stdout] 1f85d5e05526a9c21677f92b565bd82a1ee429fa6821747fc90d9c852edd5408
[INFO] running `Command { std: "docker" "start" "-a" "1f85d5e05526a9c21677f92b565bd82a1ee429fa6821747fc90d9c852edd5408", kill_on_drop: false }`
[INFO] [stderr] warning: unused variable: `request`
[INFO] [stderr]   --> crates/udev-device-manager/src/app/device_class/device_plugin_server.rs:88:5
[INFO] [stderr]    |
[INFO] [stderr] 88 |     request: v1beta1::AllocateRequest,
[INFO] [stderr]    |     ^^^^^^^ help: if this is intentional, prefix it with an underscore: `_request`
[INFO] [stderr]    |
[INFO] [stderr]    = note: `#[warn(unused_variables)]` on by default
[INFO] [stderr] 
[INFO] [stderr] warning: unused variable: `e`
[INFO] [stderr]    --> crates/udev-device-manager/src/udev/event_stream.rs:305:18
[INFO] [stderr]     |
[INFO] [stderr] 305 |       if let Err(e) = sender.send(to_send).await {
[INFO] [stderr]     |                  ^ help: if this is intentional, prefix it with an underscore: `_e`
[INFO] [stderr] 
[INFO] [stderr] warning: associated function is never used: `target`
[INFO] [stderr]   --> crates/udev-device-manager/src/config/device_class.rs:45:10
[INFO] [stderr]    |
[INFO] [stderr] 45 |   pub fn target(&self) -> InternedString {
[INFO] [stderr]    |          ^^^^^^
[INFO] [stderr]    |
[INFO] [stderr]    = note: `#[warn(dead_code)]` on by default
[INFO] [stderr] 
[INFO] [stderr] warning: associated function is never used: `is_mismatch`
[INFO] [stderr]   --> crates/udev-device-manager/src/config/selector.rs:89:10
[INFO] [stderr]    |
[INFO] [stderr] 89 |   pub fn is_mismatch(&self) -> bool {
[INFO] [stderr]    |          ^^^^^^^^^^^
[INFO] [stderr] 
[INFO] [stderr] warning: associated function is never used: `device`
[INFO] [stderr]   --> crates/udev-device-manager/src/udev/event_stream.rs:34:10
[INFO] [stderr]    |
[INFO] [stderr] 34 |   pub fn device(&self) -> &UdevDevice {
[INFO] [stderr]    |          ^^^^^^
[INFO] [stderr] 
[INFO] [stderr] warning: associated function is never used: `event_type`
[INFO] [stderr]   --> crates/udev-device-manager/src/udev/event_stream.rs:45:10
[INFO] [stderr]    |
[INFO] [stderr] 45 |   pub fn event_type(&self) -> tokio_udev::EventType {
[INFO] [stderr]    |          ^^^^^^^^^^
[INFO] [stderr] 
[INFO] [stderr] warning: variant is never constructed: `MatchSubsystem`
[INFO] [stderr]    --> crates/udev-device-manager/src/udev/event_stream.rs:102:3
[INFO] [stderr]     |
[INFO] [stderr] 102 | /   MatchSubsystem(
[INFO] [stderr] 103 | |     InternedString,
[INFO] [stderr] 104 | |     oneshot::Sender<Result<(), UdevBuilderError>>,
[INFO] [stderr] 105 | |   ),
[INFO] [stderr]     | |___^
[INFO] [stderr] 
[INFO] [stderr] warning: variant is never constructed: `MatchSubsystemDevtype`
[INFO] [stderr]    --> crates/udev-device-manager/src/udev/event_stream.rs:108:3
[INFO] [stderr]     |
[INFO] [stderr] 108 | /   MatchSubsystemDevtype(
[INFO] [stderr] 109 | |     InternedString,
[INFO] [stderr] 110 | |     InternedString,
[INFO] [stderr] 111 | |     oneshot::Sender<Result<(), UdevBuilderError>>,
[INFO] [stderr] 112 | |   ),
[INFO] [stderr]     | |___^
[INFO] [stderr] 
[INFO] [stderr] warning: variant is never constructed: `MatchTag`
[INFO] [stderr]    --> crates/udev-device-manager/src/udev/event_stream.rs:115:3
[INFO] [stderr]     |
[INFO] [stderr] 115 | /   MatchTag(
[INFO] [stderr] 116 | |     InternedString,
[INFO] [stderr] 117 | |     oneshot::Sender<Result<(), UdevBuilderError>>,
[INFO] [stderr] 118 | |   ),
[INFO] [stderr]     | |___^
[INFO] [stderr] 
[INFO] [stderr] warning: variant is never constructed: `ClearFilters`
[INFO] [stderr]    --> crates/udev-device-manager/src/udev/event_stream.rs:121:3
[INFO] [stderr]     |
[INFO] [stderr] 121 |   ClearFilters(oneshot::Sender<Result<(), UdevBuilderError>>),
[INFO] [stderr]     |   ^^^^^^^^^^^^^^^^^^^^^^^^^^^^^^^^^^^^^^^^^^^^^^^^^^^^^^^^^^^
[INFO] [stderr] 
[INFO] [stderr] warning: unused `Result` that must be used
[INFO] [stderr]    --> crates/udev-device-manager/src/udev/event_stream.rs:228:17
[INFO] [stderr]     |
[INFO] [stderr] 228 |                 ret.send(Ok(()));
[INFO] [stderr]     |                 ^^^^^^^^^^^^^^^^^
[INFO] [stderr]     |
[INFO] [stderr]     = note: `#[warn(unused_must_use)]` on by default
[INFO] [stderr]     = note: this `Result` may be an `Err` variant, which should be handled
[INFO] [stderr] 
[INFO] [stderr] warning: unused `Result` that must be used
[INFO] [stderr]    --> crates/udev-device-manager/src/udev/event_stream.rs:232:17
[INFO] [stderr]     |
[INFO] [stderr] 232 |                 ret.send(Err(e.into()));
[INFO] [stderr]     |                 ^^^^^^^^^^^^^^^^^^^^^^^^
[INFO] [stderr]     |
[INFO] [stderr]     = note: this `Result` may be an `Err` variant, which should be handled
[INFO] [stderr] 
[INFO] [stderr] warning: unused `Result` that must be used
[INFO] [stderr]    --> crates/udev-device-manager/src/udev/event_stream.rs:240:17
[INFO] [stderr]     |
[INFO] [stderr] 240 |                 ret.send(Ok(()));
[INFO] [stderr]     |                 ^^^^^^^^^^^^^^^^^
[INFO] [stderr]     |
[INFO] [stderr]     = note: this `Result` may be an `Err` variant, which should be handled
[INFO] [stderr] 
[INFO] [stderr] warning: unused `Result` that must be used
[INFO] [stderr]    --> crates/udev-device-manager/src/udev/event_stream.rs:244:17
[INFO] [stderr]     |
[INFO] [stderr] 244 |                 ret.send(Err(e.into()));
[INFO] [stderr]     |                 ^^^^^^^^^^^^^^^^^^^^^^^^
[INFO] [stderr]     |
[INFO] [stderr]     = note: this `Result` may be an `Err` variant, which should be handled
[INFO] [stderr] 
[INFO] [stderr] warning: unused `Result` that must be used
[INFO] [stderr]    --> crates/udev-device-manager/src/udev/event_stream.rs:252:17
[INFO] [stderr]     |
[INFO] [stderr] 252 |                 ret.send(Ok(()));
[INFO] [stderr]     |                 ^^^^^^^^^^^^^^^^^
[INFO] [stderr]     |
[INFO] [stderr]     = note: this `Result` may be an `Err` variant, which should be handled
[INFO] [stderr] 
[INFO] [stderr] warning: unused `Result` that must be used
[INFO] [stderr]    --> crates/udev-device-manager/src/udev/event_stream.rs:256:17
[INFO] [stderr]     |
[INFO] [stderr] 256 |                 ret.send(Err(e.into()));
[INFO] [stderr]     |                 ^^^^^^^^^^^^^^^^^^^^^^^^
[INFO] [stderr]     |
[INFO] [stderr]     = note: this `Result` may be an `Err` variant, which should be handled
[INFO] [stderr] 
[INFO] [stderr] warning: unused `Result` that must be used
[INFO] [stderr]    --> crates/udev-device-manager/src/udev/event_stream.rs:264:17
[INFO] [stderr]     |
[INFO] [stderr] 264 |                 ret.send(Ok(()));
[INFO] [stderr]     |                 ^^^^^^^^^^^^^^^^^
[INFO] [stderr]     |
[INFO] [stderr]     = note: this `Result` may be an `Err` variant, which should be handled
[INFO] [stderr] 
[INFO] [stderr] warning: unused `Result` that must be used
[INFO] [stderr]    --> crates/udev-device-manager/src/udev/event_stream.rs:268:17
[INFO] [stderr]     |
[INFO] [stderr] 268 |                 ret.send(Err(e.into()));
[INFO] [stderr]     |                 ^^^^^^^^^^^^^^^^^^^^^^^^
[INFO] [stderr]     |
[INFO] [stderr]     = note: this `Result` may be an `Err` variant, which should be handled
[INFO] [stderr] 
[INFO] [stderr] warning: unused `Result` that must be used
[INFO] [stderr]    --> crates/udev-device-manager/src/udev/event_stream.rs:277:15
[INFO] [stderr]     |
[INFO] [stderr] 277 |               ret.send(Ok((receiver, signal_sender)));
[INFO] [stderr]     |               ^^^^^^^^^^^^^^^^^^^^^^^^^^^^^^^^^^^^^^^^
[INFO] [stderr]     |
[INFO] [stderr]     = note: this `Result` may be an `Err` variant, which should be handled
[INFO] [stderr] 
[INFO] [stderr] warning: unused `Result` that must be used
[INFO] [stderr]    --> crates/udev-device-manager/src/udev/event_stream.rs:281:15
[INFO] [stderr]     |
[INFO] [stderr] 281 |               ret.send(Err(e.into()));
[INFO] [stderr]     |               ^^^^^^^^^^^^^^^^^^^^^^^^
[INFO] [stderr]     |
[INFO] [stderr]     = note: this `Result` may be an `Err` variant, which should be handled
[INFO] [stderr] 
[INFO] [stderr] warning: `k8s-udev-device-manager` (bin "k8s-udev-device-manager" test) generated 20 warnings
[INFO] [stderr]     Finished test [unoptimized + debuginfo] target(s) in 0.20s
[INFO] [stderr]      Running unittests (/opt/rustwide/target/debug/deps/codegen-c5e06f2e3859f4cb)
[INFO] [stdout] 
[INFO] [stdout] running 0 tests
[INFO] [stdout] 
[INFO] [stdout] test result: ok. 0 passed; 0 failed; 0 ignored; 0 measured; 0 filtered out; finished in 0.00s
[INFO] [stdout] 
[INFO] [stderr]      Running unittests (/opt/rustwide/target/debug/deps/k8s_udev_device_manager-bbb23525affa34fa)
[INFO] [stdout] 
[INFO] [stdout] running 4 tests
[INFO] [stdout] test config::device_type::access::tests::exclusive_serde ... ok
[INFO] [stdout] test config::string::tests::interned_str_serde ... ok
[INFO] [stdout] test config::selector::tests::labels_selector_serde ... ok
[INFO] [stdout] test config::device_type::access::tests::atmost_serde ... FAILED
[INFO] [stdout] 
[INFO] [stdout] failures:
[INFO] [stdout] 
[INFO] [stdout] ---- config::device_type::access::tests::atmost_serde stdout ----
[INFO] [stdout] thread 'config::device_type::access::tests::atmost_serde' panicked at 'assertion failed: `(left == right)`
[INFO] [stdout]   left: `Exclusive`,
[INFO] [stdout]  right: `AtMost(1)`', /opt/rustwide/cargo-home/registry/src/github.com-1ecc6299db9ec823/serde_test-1.0.126/src/assert.rs:161:13
[INFO] [stdout] stack backtrace:
[INFO] [stdout]    0:     0x55ba70464f60 - std::backtrace_rs::backtrace::libunwind::trace::hff4d1766e93f64f1
[INFO] [stdout]                                at /rustc/53fd98ca776cb875bc9e5514f56b52eb74f9e7a9/library/std/src/../../backtrace/src/backtrace/libunwind.rs:90:5
[INFO] [stdout]    1:     0x55ba70464f60 - std::backtrace_rs::backtrace::trace_unsynchronized::h56bbc8eb78770bcb
[INFO] [stdout]                                at /rustc/53fd98ca776cb875bc9e5514f56b52eb74f9e7a9/library/std/src/../../backtrace/src/backtrace/mod.rs:66:5
[INFO] [stdout]    2:     0x55ba70464f60 - std::sys_common::backtrace::_print_fmt::h5c8e75464faca780
[INFO] [stdout]                                at /rustc/53fd98ca776cb875bc9e5514f56b52eb74f9e7a9/library/std/src/sys_common/backtrace.rs:67:5
[INFO] [stdout]    3:     0x55ba70464f60 - <std::sys_common::backtrace::_print::DisplayBacktrace as core::fmt::Display>::fmt::h48b88277def8b362
[INFO] [stdout]                                at /rustc/53fd98ca776cb875bc9e5514f56b52eb74f9e7a9/library/std/src/sys_common/backtrace.rs:46:22
[INFO] [stdout]    4:     0x55ba704882ac - core::fmt::write::h3381b3176fe2b3d3
[INFO] [stdout]                                at /rustc/53fd98ca776cb875bc9e5514f56b52eb74f9e7a9/library/core/src/fmt/mod.rs:1115:17
[INFO] [stdout]    5:     0x55ba70461d75 - std::io::Write::write_fmt::h5f34a676f60246b5
[INFO] [stdout]                                at /rustc/53fd98ca776cb875bc9e5514f56b52eb74f9e7a9/library/std/src/io/mod.rs:1665:15
[INFO] [stdout]    6:     0x55ba704670fb - std::sys_common::backtrace::_print::ha537687d6c17dd0d
[INFO] [stdout]                                at /rustc/53fd98ca776cb875bc9e5514f56b52eb74f9e7a9/library/std/src/sys_common/backtrace.rs:49:5
[INFO] [stdout]    7:     0x55ba704670fb - std::sys_common::backtrace::print::h61376ae57d131d72
[INFO] [stdout]                                at /rustc/53fd98ca776cb875bc9e5514f56b52eb74f9e7a9/library/std/src/sys_common/backtrace.rs:36:9
[INFO] [stdout]    8:     0x55ba704670fb - std::panicking::default_hook::{{closure}}::h0f7208c0b9644a54
[INFO] [stdout]                                at /rustc/53fd98ca776cb875bc9e5514f56b52eb74f9e7a9/library/std/src/panicking.rs:208:50
[INFO] [stdout]    9:     0x55ba70466c0c - std::panicking::default_hook::hdac7fc06578c14ce
[INFO] [stdout]                                at /rustc/53fd98ca776cb875bc9e5514f56b52eb74f9e7a9/library/std/src/panicking.rs:222:9
[INFO] [stdout]   10:     0x55ba704677c4 - std::panicking::rust_panic_with_hook::h72b21c283da3d1ef
[INFO] [stdout]                                at /rustc/53fd98ca776cb875bc9e5514f56b52eb74f9e7a9/library/std/src/panicking.rs:622:17
[INFO] [stdout]   11:     0x55ba704672a7 - std::panicking::begin_panic_handler::{{closure}}::he5778f1729cff84a
[INFO] [stdout]                                at /rustc/53fd98ca776cb875bc9e5514f56b52eb74f9e7a9/library/std/src/panicking.rs:519:13
[INFO] [stdout]   12:     0x55ba7046543c - std::sys_common::backtrace::__rust_end_short_backtrace::h2d11ca8b453b4b1d
[INFO] [stdout]                                at /rustc/53fd98ca776cb875bc9e5514f56b52eb74f9e7a9/library/std/src/sys_common/backtrace.rs:141:18
[INFO] [stdout]   13:     0x55ba70467209 - rust_begin_unwind
[INFO] [stdout]                                at /rustc/53fd98ca776cb875bc9e5514f56b52eb74f9e7a9/library/std/src/panicking.rs:515:5
[INFO] [stdout]   14:     0x55ba70373431 - core::panicking::panic_fmt::hf9de31d4acbce4db
[INFO] [stdout]                                at /rustc/53fd98ca776cb875bc9e5514f56b52eb74f9e7a9/library/core/src/panicking.rs:92:14
[INFO] [stdout]   15:     0x55ba704860b8 - core::panicking::assert_failed_inner::h62e8cb2847a6e7ec
[INFO] [stdout]   16:     0x55ba70391d5a - core::panicking::assert_failed::h862c5229174865a7
[INFO] [stdout]                                at /rustc/53fd98ca776cb875bc9e5514f56b52eb74f9e7a9/library/core/src/panicking.rs:117:5
[INFO] [stdout]   17:     0x55ba703ba2ad - serde_test::assert::assert_de_tokens::h7818ea4a6d3b15cf
[INFO] [stdout]                                at /opt/rustwide/cargo-home/registry/src/github.com-1ecc6299db9ec823/serde_test-1.0.126/src/assert.rs:161:13
[INFO] [stdout]   18:     0x55ba703b98fb - serde_test::assert::assert_tokens::h1c7728e96c149bb5
[INFO] [stdout]                                at /opt/rustwide/cargo-home/registry/src/github.com-1ecc6299db9ec823/serde_test-1.0.126/src/assert.rs:37:5
[INFO] [stdout]   19:     0x55ba703c5264 - k8s_udev_device_manager::config::device_type::access::tests::atmost_serde::hc637f08a3b2e8f4e
[INFO] [stdout]                                at /opt/rustwide/workdir/crates/udev-device-manager/src/config/device_type/access.rs:126:5
[INFO] [stdout]   20:     0x55ba703c520a - k8s_udev_device_manager::config::device_type::access::tests::atmost_serde::{{closure}}::he918ade20e308834
[INFO] [stdout]                                at /opt/rustwide/workdir/crates/udev-device-manager/src/config/device_type/access.rs:125:3
[INFO] [stdout]   21:     0x55ba7038720e - core::ops::function::FnOnce::call_once::hc128c1cb800f1d3c
[INFO] [stdout]                                at /rustc/53fd98ca776cb875bc9e5514f56b52eb74f9e7a9/library/core/src/ops/function.rs:227:5
[INFO] [stdout]   22:     0x55ba70404dd3 - core::ops::function::FnOnce::call_once::hbb52c4519d3137b0
[INFO] [stdout]                                at /rustc/53fd98ca776cb875bc9e5514f56b52eb74f9e7a9/library/core/src/ops/function.rs:227:5
[INFO] [stdout]   23:     0x55ba70404dd3 - test::__rust_begin_short_backtrace::h86fe3a2a5a5121af
[INFO] [stdout]                                at /rustc/53fd98ca776cb875bc9e5514f56b52eb74f9e7a9/library/test/src/lib.rs:578:5
[INFO] [stdout]   24:     0x55ba70403888 - <alloc::boxed::Box<F,A> as core::ops::function::FnOnce<Args>>::call_once::hfd956bc3d57399be
[INFO] [stdout]                                at /rustc/53fd98ca776cb875bc9e5514f56b52eb74f9e7a9/library/alloc/src/boxed.rs:1572:9
[INFO] [stdout]   25:     0x55ba70403888 - <std::panic::AssertUnwindSafe<F> as core::ops::function::FnOnce<()>>::call_once::h40dc93e0ddb5938a
[INFO] [stdout]                                at /rustc/53fd98ca776cb875bc9e5514f56b52eb74f9e7a9/library/std/src/panic.rs:347:9
[INFO] [stdout]   26:     0x55ba70403888 - std::panicking::try::do_call::h90d07750cb47c562
[INFO] [stdout]                                at /rustc/53fd98ca776cb875bc9e5514f56b52eb74f9e7a9/library/std/src/panicking.rs:401:40
[INFO] [stdout]   27:     0x55ba70403888 - std::panicking::try::h063c84733ad2a629
[INFO] [stdout]                                at /rustc/53fd98ca776cb875bc9e5514f56b52eb74f9e7a9/library/std/src/panicking.rs:365:19
[INFO] [stdout]   28:     0x55ba70403888 - std::panic::catch_unwind::h0c464836a84e7c08
[INFO] [stdout]                                at /rustc/53fd98ca776cb875bc9e5514f56b52eb74f9e7a9/library/std/src/panic.rs:434:14
[INFO] [stdout]   29:     0x55ba70403888 - test::run_test_in_process::h5cb06ef620b157fc
[INFO] [stdout]                                at /rustc/53fd98ca776cb875bc9e5514f56b52eb74f9e7a9/library/test/src/lib.rs:601:18
[INFO] [stdout]   30:     0x55ba70403888 - test::run_test::run_test_inner::{{closure}}::h76f677f4b93f9828
[INFO] [stdout]                                at /rustc/53fd98ca776cb875bc9e5514f56b52eb74f9e7a9/library/test/src/lib.rs:493:39
[INFO] [stdout]   31:     0x55ba703d201d - test::run_test::run_test_inner::{{closure}}::h366d01fe04f4d67a
[INFO] [stdout]                                at /rustc/53fd98ca776cb875bc9e5514f56b52eb74f9e7a9/library/test/src/lib.rs:520:37
[INFO] [stdout]   32:     0x55ba703d201d - std::sys_common::backtrace::__rust_begin_short_backtrace::h7dfa0de4eb395af2
[INFO] [stdout]                                at /rustc/53fd98ca776cb875bc9e5514f56b52eb74f9e7a9/library/std/src/sys_common/backtrace.rs:125:18
[INFO] [stdout]   33:     0x55ba703d67e8 - std::thread::Builder::spawn_unchecked::{{closure}}::{{closure}}::hf0a74bb58798037f
[INFO] [stdout]                                at /rustc/53fd98ca776cb875bc9e5514f56b52eb74f9e7a9/library/std/src/thread/mod.rs:476:17
[INFO] [stdout]   34:     0x55ba703d67e8 - <std::panic::AssertUnwindSafe<F> as core::ops::function::FnOnce<()>>::call_once::hb024e854818586ac
[INFO] [stdout]                                at /rustc/53fd98ca776cb875bc9e5514f56b52eb74f9e7a9/library/std/src/panic.rs:347:9
[INFO] [stdout]   35:     0x55ba703d67e8 - std::panicking::try::do_call::hb2dd9f1d0d48e41d
[INFO] [stdout]                                at /rustc/53fd98ca776cb875bc9e5514f56b52eb74f9e7a9/library/std/src/panicking.rs:401:40
[INFO] [stdout]   36:     0x55ba703d67e8 - std::panicking::try::h4717ae7bac8b2bf3
[INFO] [stdout]                                at /rustc/53fd98ca776cb875bc9e5514f56b52eb74f9e7a9/library/std/src/panicking.rs:365:19
[INFO] [stdout]   37:     0x55ba703d67e8 - std::panic::catch_unwind::h0dc8a061326ce8d8
[INFO] [stdout]                                at /rustc/53fd98ca776cb875bc9e5514f56b52eb74f9e7a9/library/std/src/panic.rs:434:14
[INFO] [stdout]   38:     0x55ba703d67e8 - std::thread::Builder::spawn_unchecked::{{closure}}::haa369e2d6fd00aa1
[INFO] [stdout]                                at /rustc/53fd98ca776cb875bc9e5514f56b52eb74f9e7a9/library/std/src/thread/mod.rs:475:30
[INFO] [stdout]   39:     0x55ba703d67e8 - core::ops::function::FnOnce::call_once{{vtable.shim}}::h36dcf3de8b056f17
[INFO] [stdout]                                at /rustc/53fd98ca776cb875bc9e5514f56b52eb74f9e7a9/library/core/src/ops/function.rs:227:5
[INFO] [stdout]   40:     0x55ba7046c387 - <alloc::boxed::Box<F,A> as core::ops::function::FnOnce<Args>>::call_once::h65c29e4642be2358
[INFO] [stdout]                                at /rustc/53fd98ca776cb875bc9e5514f56b52eb74f9e7a9/library/alloc/src/boxed.rs:1572:9
[INFO] [stdout]   41:     0x55ba7046c387 - <alloc::boxed::Box<F,A> as core::ops::function::FnOnce<Args>>::call_once::hd0f8f7fbbd9fffbf
[INFO] [stdout]                                at /rustc/53fd98ca776cb875bc9e5514f56b52eb74f9e7a9/library/alloc/src/boxed.rs:1572:9
[INFO] [stdout]   42:     0x55ba7046c387 - std::sys::unix::thread::Thread::new::thread_start::h2fd22fee3ca77b65
[INFO] [stdout]                                at /rustc/53fd98ca776cb875bc9e5514f56b52eb74f9e7a9/library/std/src/sys/unix/thread.rs:74:17
[INFO] [stdout]   43:     0x7fafcfae7609 - start_thread
[INFO] [stdout]   44:     0x7fafcf8b9293 - clone
[INFO] [stdout]   45:                0x0 - <unknown>
[INFO] [stdout] 
[INFO] [stdout] 
[INFO] [stdout] failures:
[INFO] [stdout]     config::device_type::access::tests::atmost_serde
[INFO] [stdout] 
[INFO] [stdout] test result: FAILED. 3 passed; 1 failed; 0 ignored; 0 measured; 0 filtered out; finished in 0.12s
[INFO] [stdout] 
[INFO] [stderr] error: test failed, to rerun pass '-p k8s-udev-device-manager --bin k8s-udev-device-manager'
[INFO] running `Command { std: "docker" "inspect" "1f85d5e05526a9c21677f92b565bd82a1ee429fa6821747fc90d9c852edd5408", kill_on_drop: false }`
[INFO] running `Command { std: "docker" "rm" "-f" "1f85d5e05526a9c21677f92b565bd82a1ee429fa6821747fc90d9c852edd5408", kill_on_drop: false }`
[INFO] [stdout] 1f85d5e05526a9c21677f92b565bd82a1ee429fa6821747fc90d9c852edd5408
