[INFO] cloning repository https://github.com/Wafelack/wavm
[INFO] running `Command { std: "git" "-c" "credential.helper=" "-c" "credential.helper=/workspace/cargo-home/bin/git-credential-null" "clone" "--bare" "https://github.com/Wafelack/wavm" "/workspace/cache/git-repos/https%3A%2F%2Fgithub.com%2FWafelack%2Fwavm", kill_on_drop: false }`
[INFO] [stderr] Cloning into bare repository '/workspace/cache/git-repos/https%3A%2F%2Fgithub.com%2FWafelack%2Fwavm'...
[INFO] running `Command { std: "git" "rev-parse" "HEAD", kill_on_drop: false }`
[INFO] [stdout] e3dd5812084be35109f7b04f02fa1a874c6952d4
[INFO] testing Wafelack/wavm against 1.54.0 for beta-1.55-1
[INFO] running `Command { std: "git" "clone" "/workspace/cache/git-repos/https%3A%2F%2Fgithub.com%2FWafelack%2Fwavm" "/workspace/builds/worker-102/source", kill_on_drop: false }`
[INFO] [stderr] Cloning into '/workspace/builds/worker-102/source'...
[INFO] [stderr] done.
[INFO] validating manifest of git repo https://github.com/Wafelack/wavm on toolchain 1.54.0
[INFO] running `Command { std: "/workspace/cargo-home/bin/cargo" "+1.54.0" "metadata" "--manifest-path" "Cargo.toml" "--no-deps", kill_on_drop: false }`
[INFO] started tweaking git repo https://github.com/Wafelack/wavm
[INFO] finished tweaking git repo https://github.com/Wafelack/wavm
[INFO] tweaked toml for git repo https://github.com/Wafelack/wavm written to /workspace/builds/worker-102/source/Cargo.toml
[INFO] crate git repo https://github.com/Wafelack/wavm already has a lockfile, it will not be regenerated
[INFO] running `Command { std: "/workspace/cargo-home/bin/cargo" "+1.54.0" "fetch" "--manifest-path" "Cargo.toml", kill_on_drop: false }`
[INFO] [stderr]     Blocking waiting for file lock on package cache
[INFO] [stderr]     Blocking waiting for file lock on package cache
[INFO] running `Command { std: "docker" "create" "-v" "/var/lib/crater-agent-workspace/builds/worker-102/target:/opt/rustwide/target:rw,Z" "-v" "/var/lib/crater-agent-workspace/builds/worker-102/source:/opt/rustwide/workdir:ro,Z" "-v" "/var/lib/crater-agent-workspace/cargo-home:/opt/rustwide/cargo-home:ro,Z" "-v" "/var/lib/crater-agent-workspace/rustup-home:/opt/rustwide/rustup-home:ro,Z" "-e" "SOURCE_DIR=/opt/rustwide/workdir" "-e" "CARGO_TARGET_DIR=/opt/rustwide/target" "-e" "CARGO_HOME=/opt/rustwide/cargo-home" "-e" "RUSTUP_HOME=/opt/rustwide/rustup-home" "-w" "/opt/rustwide/workdir" "-m" "1610612736" "--user" "0:0" "--network" "none" "ghcr.io/rust-lang/crates-build-env/linux@sha256:34b6a614d2c27851fe6cbf88fbd1137609cefab8b10d0615aaeb6fd47975d74e" "/opt/rustwide/cargo-home/bin/cargo" "+1.54.0" "metadata" "--no-deps" "--format-version=1", kill_on_drop: false }`
[INFO] [stdout] 6ada903d5a80663cbf74d1c875dd22e914b5b34fe7230f28a1c656676fd376fa
[INFO] running `Command { std: "docker" "start" "-a" "6ada903d5a80663cbf74d1c875dd22e914b5b34fe7230f28a1c656676fd376fa", kill_on_drop: false }`
[INFO] running `Command { std: "docker" "inspect" "6ada903d5a80663cbf74d1c875dd22e914b5b34fe7230f28a1c656676fd376fa", kill_on_drop: false }`
[INFO] running `Command { std: "docker" "rm" "-f" "6ada903d5a80663cbf74d1c875dd22e914b5b34fe7230f28a1c656676fd376fa", kill_on_drop: false }`
[INFO] [stdout] 6ada903d5a80663cbf74d1c875dd22e914b5b34fe7230f28a1c656676fd376fa
[INFO] running `Command { std: "docker" "create" "-v" "/var/lib/crater-agent-workspace/builds/worker-102/target:/opt/rustwide/target:rw,Z" "-v" "/var/lib/crater-agent-workspace/builds/worker-102/source:/opt/rustwide/workdir:ro,Z" "-v" "/var/lib/crater-agent-workspace/cargo-home:/opt/rustwide/cargo-home:ro,Z" "-v" "/var/lib/crater-agent-workspace/rustup-home:/opt/rustwide/rustup-home:ro,Z" "-e" "SOURCE_DIR=/opt/rustwide/workdir" "-e" "CARGO_TARGET_DIR=/opt/rustwide/target" "-e" "CARGO_INCREMENTAL=0" "-e" "RUST_BACKTRACE=full" "-e" "RUSTFLAGS=--cap-lints=warn" "-e" "CARGO_HOME=/opt/rustwide/cargo-home" "-e" "RUSTUP_HOME=/opt/rustwide/rustup-home" "-w" "/opt/rustwide/workdir" "-m" "1610612736" "--user" "0:0" "--network" "none" "ghcr.io/rust-lang/crates-build-env/linux@sha256:34b6a614d2c27851fe6cbf88fbd1137609cefab8b10d0615aaeb6fd47975d74e" "/opt/rustwide/cargo-home/bin/cargo" "+1.54.0" "build" "--frozen" "--message-format=json", kill_on_drop: false }`
[INFO] [stdout] 9a917c9a935ff6d4106eec56c1593b395947c44f6e376a5f0074af1453f719da
[INFO] running `Command { std: "docker" "start" "-a" "9a917c9a935ff6d4106eec56c1593b395947c44f6e376a5f0074af1453f719da", kill_on_drop: false }`
[INFO] [stderr]     Blocking waiting for file lock on package cache
[INFO] [stderr]    Compiling libc v0.2.86
[INFO] [stderr]    Compiling unicode-width v0.1.8
[INFO] [stderr]    Compiling textwrap v0.11.0
[INFO] [stderr]    Compiling atty v0.2.14
[INFO] [stderr]    Compiling clap v2.33.3
[INFO] [stderr]    Compiling wavm-cli v0.1.1 (/opt/rustwide/workdir)
[INFO] [stdout] warning: unused import: `super::*`
[INFO] [stdout]  --> src/vm/tests/arithmetic.rs:1:5
[INFO] [stdout]   |
[INFO] [stdout] 1 | use super::*;
[INFO] [stdout]   |     ^^^^^^^^
[INFO] [stdout]   |
[INFO] [stdout]   = note: `#[warn(unused_imports)]` on by default
[INFO] [stdout] 
[INFO] [stdout] 
[INFO] [stdout] warning: unused import: `super::*`
[INFO] [stdout]  --> src/vm/tests/boolean.rs:1:5
[INFO] [stdout]   |
[INFO] [stdout] 1 | use super::*;
[INFO] [stdout]   |     ^^^^^^^^
[INFO] [stdout] 
[INFO] [stdout] 
[INFO] [stdout] warning: unused import: `super::*`
[INFO] [stdout]  --> src/vm/tests/jumps.rs:1:5
[INFO] [stdout]   |
[INFO] [stdout] 1 | use super::*;
[INFO] [stdout]   |     ^^^^^^^^
[INFO] [stdout] 
[INFO] [stdout] 
[INFO] [stdout] warning: unused import: `super::*`
[INFO] [stdout]  --> src/vm/tests/memory.rs:1:5
[INFO] [stdout]   |
[INFO] [stdout] 1 | use super::*;
[INFO] [stdout]   |     ^^^^^^^^
[INFO] [stdout] 
[INFO] [stdout] 
[INFO] [stdout] warning: unused import: `super::*`
[INFO] [stdout]  --> src/vm/tests/opcodes.rs:1:5
[INFO] [stdout]   |
[INFO] [stdout] 1 | use super::*;
[INFO] [stdout]   |     ^^^^^^^^
[INFO] [stdout] 
[INFO] [stdout] 
[INFO] [stdout] warning: value assigned to `current` is never read
[INFO] [stdout]    --> src/compiler.rs:283:25
[INFO] [stdout]     |
[INFO] [stdout] 283 |                         current += 1;
[INFO] [stdout]     |                         ^^^^^^^
[INFO] [stdout]     |
[INFO] [stdout]     = note: `#[warn(unused_assignments)]` on by default
[INFO] [stdout]     = help: maybe it is overwritten before being read?
[INFO] [stdout] 
[INFO] [stdout] 
[INFO] [stdout] warning: value assigned to `current` is never read
[INFO] [stdout]    --> src/compiler.rs:299:29
[INFO] [stdout]     |
[INFO] [stdout] 299 | ...                   current += 1;
[INFO] [stdout]     |                       ^^^^^^^
[INFO] [stdout]     |
[INFO] [stdout]     = help: maybe it is overwritten before being read?
[INFO] [stdout] 
[INFO] [stdout] 
[INFO] [stdout] warning: value assigned to `current` is never read
[INFO] [stdout]    --> src/compiler.rs:316:29
[INFO] [stdout]     |
[INFO] [stdout] 316 | ...                   current += 1;
[INFO] [stdout]     |                       ^^^^^^^
[INFO] [stdout]     |
[INFO] [stdout]     = help: maybe it is overwritten before being read?
[INFO] [stdout] 
[INFO] [stdout] 
[INFO] [stdout] warning: associated function is never used: `get_registers`
[INFO] [stdout]   --> src/vm/mod.rs:67:12
[INFO] [stdout]    |
[INFO] [stdout] 67 |     pub fn get_registers(&self) -> [i64; 32] {
[INFO] [stdout]    |            ^^^^^^^^^^^^^
[INFO] [stdout]    |
[INFO] [stdout]    = note: `#[warn(dead_code)]` on by default
[INFO] [stdout] 
[INFO] [stdout] 
[INFO] [stdout] warning: 9 warnings emitted
[INFO] [stdout] 
[INFO] [stdout] 
[INFO] [stderr]     Finished dev [unoptimized + debuginfo] target(s) in 16.03s
[INFO] running `Command { std: "docker" "inspect" "9a917c9a935ff6d4106eec56c1593b395947c44f6e376a5f0074af1453f719da", kill_on_drop: false }`
[INFO] running `Command { std: "docker" "rm" "-f" "9a917c9a935ff6d4106eec56c1593b395947c44f6e376a5f0074af1453f719da", kill_on_drop: false }`
[INFO] [stdout] 9a917c9a935ff6d4106eec56c1593b395947c44f6e376a5f0074af1453f719da
[INFO] running `Command { std: "docker" "create" "-v" "/var/lib/crater-agent-workspace/builds/worker-102/target:/opt/rustwide/target:rw,Z" "-v" "/var/lib/crater-agent-workspace/builds/worker-102/source:/opt/rustwide/workdir:ro,Z" "-v" "/var/lib/crater-agent-workspace/cargo-home:/opt/rustwide/cargo-home:ro,Z" "-v" "/var/lib/crater-agent-workspace/rustup-home:/opt/rustwide/rustup-home:ro,Z" "-e" "SOURCE_DIR=/opt/rustwide/workdir" "-e" "CARGO_TARGET_DIR=/opt/rustwide/target" "-e" "CARGO_INCREMENTAL=0" "-e" "RUST_BACKTRACE=full" "-e" "RUSTFLAGS=--cap-lints=warn" "-e" "CARGO_HOME=/opt/rustwide/cargo-home" "-e" "RUSTUP_HOME=/opt/rustwide/rustup-home" "-w" "/opt/rustwide/workdir" "-m" "1610612736" "--user" "0:0" "--network" "none" "ghcr.io/rust-lang/crates-build-env/linux@sha256:34b6a614d2c27851fe6cbf88fbd1137609cefab8b10d0615aaeb6fd47975d74e" "/opt/rustwide/cargo-home/bin/cargo" "+1.54.0" "test" "--frozen" "--no-run" "--message-format=json", kill_on_drop: false }`
[INFO] [stdout] fa1eaaca74fe1aa8e1a93e4505699fa202f3d0d60193c0f1d33eed70eacc209a
[INFO] running `Command { std: "docker" "start" "-a" "fa1eaaca74fe1aa8e1a93e4505699fa202f3d0d60193c0f1d33eed70eacc209a", kill_on_drop: false }`
[INFO] [stderr]     Blocking waiting for file lock on package cache
[INFO] [stderr]    Compiling wavm-cli v0.1.1 (/opt/rustwide/workdir)
[INFO] [stdout] warning: value assigned to `current` is never read
[INFO] [stdout]    --> src/compiler.rs:283:25
[INFO] [stdout]     |
[INFO] [stdout] 283 |                         current += 1;
[INFO] [stdout]     |                         ^^^^^^^
[INFO] [stdout]     |
[INFO] [stdout]     = note: `#[warn(unused_assignments)]` on by default
[INFO] [stdout]     = help: maybe it is overwritten before being read?
[INFO] [stdout] 
[INFO] [stdout] 
[INFO] [stdout] warning: value assigned to `current` is never read
[INFO] [stdout]    --> src/compiler.rs:299:29
[INFO] [stdout]     |
[INFO] [stdout] 299 | ...                   current += 1;
[INFO] [stdout]     |                       ^^^^^^^
[INFO] [stdout]     |
[INFO] [stdout]     = help: maybe it is overwritten before being read?
[INFO] [stdout] 
[INFO] [stdout] 
[INFO] [stdout] warning: value assigned to `current` is never read
[INFO] [stdout]    --> src/compiler.rs:316:29
[INFO] [stdout]     |
[INFO] [stdout] 316 | ...                   current += 1;
[INFO] [stdout]     |                       ^^^^^^^
[INFO] [stdout]     |
[INFO] [stdout]     = help: maybe it is overwritten before being read?
[INFO] [stdout] 
[INFO] [stdout] 
[INFO] [stdout] warning: 3 warnings emitted
[INFO] [stdout] 
[INFO] [stdout] 
[INFO] [stderr]     Finished test [unoptimized + debuginfo] target(s) in 4.26s
[INFO] running `Command { std: "docker" "inspect" "fa1eaaca74fe1aa8e1a93e4505699fa202f3d0d60193c0f1d33eed70eacc209a", kill_on_drop: false }`
[INFO] running `Command { std: "docker" "rm" "-f" "fa1eaaca74fe1aa8e1a93e4505699fa202f3d0d60193c0f1d33eed70eacc209a", kill_on_drop: false }`
[INFO] [stdout] fa1eaaca74fe1aa8e1a93e4505699fa202f3d0d60193c0f1d33eed70eacc209a
[INFO] running `Command { std: "docker" "create" "-v" "/var/lib/crater-agent-workspace/builds/worker-102/target:/opt/rustwide/target:rw,Z" "-v" "/var/lib/crater-agent-workspace/builds/worker-102/source:/opt/rustwide/workdir:ro,Z" "-v" "/var/lib/crater-agent-workspace/cargo-home:/opt/rustwide/cargo-home:ro,Z" "-v" "/var/lib/crater-agent-workspace/rustup-home:/opt/rustwide/rustup-home:ro,Z" "-e" "SOURCE_DIR=/opt/rustwide/workdir" "-e" "CARGO_TARGET_DIR=/opt/rustwide/target" "-e" "CARGO_INCREMENTAL=0" "-e" "RUST_BACKTRACE=full" "-e" "RUSTFLAGS=--cap-lints=warn" "-e" "CARGO_HOME=/opt/rustwide/cargo-home" "-e" "RUSTUP_HOME=/opt/rustwide/rustup-home" "-w" "/opt/rustwide/workdir" "-m" "1610612736" "--user" "0:0" "--network" "none" "ghcr.io/rust-lang/crates-build-env/linux@sha256:34b6a614d2c27851fe6cbf88fbd1137609cefab8b10d0615aaeb6fd47975d74e" "/opt/rustwide/cargo-home/bin/cargo" "+1.54.0" "test" "--frozen", kill_on_drop: false }`
[INFO] [stdout] c79cdd88e5ce718c92b5bc1eaca0c5d88d9312b745f3267291df468450c50b41
[INFO] running `Command { std: "docker" "start" "-a" "c79cdd88e5ce718c92b5bc1eaca0c5d88d9312b745f3267291df468450c50b41", kill_on_drop: false }`
[INFO] [stderr]     Blocking waiting for file lock on package cache
[INFO] [stderr] warning: value assigned to `current` is never read
[INFO] [stderr]    --> src/compiler.rs:283:25
[INFO] [stderr]     |
[INFO] [stderr] 283 |                         current += 1;
[INFO] [stderr]     |                         ^^^^^^^
[INFO] [stderr]     |
[INFO] [stderr]     = note: `#[warn(unused_assignments)]` on by default
[INFO] [stderr]     = help: maybe it is overwritten before being read?
[INFO] [stderr] 
[INFO] [stderr] warning: value assigned to `current` is never read
[INFO] [stderr]    --> src/compiler.rs:299:29
[INFO] [stderr]     |
[INFO] [stderr] 299 | ...                   current += 1;
[INFO] [stderr]     |                       ^^^^^^^
[INFO] [stderr]     |
[INFO] [stderr]     = help: maybe it is overwritten before being read?
[INFO] [stderr] 
[INFO] [stderr] warning: value assigned to `current` is never read
[INFO] [stderr]    --> src/compiler.rs:316:29
[INFO] [stderr]     |
[INFO] [stderr] 316 | ...                   current += 1;
[INFO] [stderr]     |                       ^^^^^^^
[INFO] [stderr]     |
[INFO] [stderr]     = help: maybe it is overwritten before being read?
[INFO] [stderr] 
[INFO] [stderr] warning: 3 warnings emitted
[INFO] [stderr] 
[INFO] [stderr]     Finished test [unoptimized + debuginfo] target(s) in 2.62s
[INFO] [stderr]      Running unittests (/opt/rustwide/target/debug/deps/wavm_cli-87227eae9c91e177)
[INFO] [stdout] 
[INFO] [stdout] running 36 tests
[INFO] [stdout] test tests::test::language::ascii ... ok
[INFO] [stdout] test tests::test::language::bi_reg ... ok
[INFO] [stdout] test tests::test::language::bi_sixteen ... ok
[INFO] [stdout] test tests::test::language::dsp ... ok
[INFO] [stdout] test tests::test::language::labels ... ok
[INFO] [stdout] test tests::test::language::load ... ok
[INFO] [stdout] test tests::test::language::parse_num ... ok
[INFO] [stdout] test tests::test::language::tri_reg ... ok
[INFO] [stdout] test vm::tests::arithmetic::test::arithmetic::add ... ok
[INFO] [stdout] test vm::tests::arithmetic::test::arithmetic::div ... ok
[INFO] [stdout] test vm::tests::arithmetic::test::arithmetic::mod_ ... ok
[INFO] [stdout] test vm::tests::arithmetic::test::arithmetic::mul ... ok
[INFO] [stdout] test vm::tests::arithmetic::test::arithmetic::sub ... ok
[INFO] [stdout] test vm::tests::boolean::test::boolean::and ... ok
[INFO] [stdout] test vm::tests::boolean::test::boolean::eq ... ok
[INFO] [stdout] test vm::tests::boolean::test::boolean::ge ... ok
[INFO] [stdout] test vm::tests::boolean::test::boolean::geq ... ok
[INFO] [stdout] test vm::tests::boolean::test::boolean::le ... ok
[INFO] [stdout] test vm::tests::boolean::test::boolean::leq ... ok
[INFO] [stdout] test vm::tests::boolean::test::boolean::neq ... ok
[INFO] [stdout] test vm::tests::boolean::test::boolean::not ... ok
[INFO] [stdout] test vm::tests::boolean::test::boolean::or ... ok
[INFO] [stdout] test vm::tests::boolean::test::boolean::xor ... ok
[INFO] [stdout] test vm::tests::jumps::test::jumps::jmp ... ok
[INFO] [stdout] test vm::tests::jumps::test::jumps::jmpeq ... ok
[INFO] [stdout] test vm::tests::jumps::test::jumps::rjmp ... ok
[INFO] [stdout] test vm::tests::memory::test::memory::ascii ... ok
[INFO] [stdout] test vm::tests::memory::test::memory::get_byte ... ok
[INFO] [stdout] test vm::tests::memory::test::memory::memmove ... ok
[INFO] [stdout] test vm::tests::memory::test::memory::memset ... ok
[INFO] [stdout] test vm::tests::memory::test::memory::rqm ... ok
[INFO] [stdout] test vm::tests::opcodes::test::opcodes::halt ... ok
[INFO] [stdout] test vm::tests::memory::test::memory::set_byte ... ok
[INFO] [stdout] test vm::tests::opcodes::test::opcodes::load ... ok
[INFO] [stdout] test vm::tests::opcodes::test::opcodes::move_ ... ok
[INFO] [stdout] test vm::tests::memory::test::memory::free ... FAILED
[INFO] [stdout] 
[INFO] [stdout] failures:
[INFO] [stdout] 
[INFO] [stdout] ---- vm::tests::memory::test::memory::free stdout ----
[INFO] [stdout] thread 'vm::tests::memory::test::memory::free' panicked at 'removal index (is 7) should be < len (is 6)', library/alloc/src/vec/mod.rs:1385:13
[INFO] [stdout] stack backtrace:
[INFO] [stdout]    0:     0x5578e0fc7410 - std::backtrace_rs::backtrace::libunwind::trace::h34055254b57d8e79
[INFO] [stdout]                                at /rustc/a178d0322ce20e33eac124758e837cbd80a6f633/library/std/src/../../backtrace/src/backtrace/libunwind.rs:90:5
[INFO] [stdout]    1:     0x5578e0fc7410 - std::backtrace_rs::backtrace::trace_unsynchronized::h8f1e3fbd9afff6ec
[INFO] [stdout]                                at /rustc/a178d0322ce20e33eac124758e837cbd80a6f633/library/std/src/../../backtrace/src/backtrace/mod.rs:66:5
[INFO] [stdout]    2:     0x5578e0fc7410 - std::sys_common::backtrace::_print_fmt::h3a99a796b770c360
[INFO] [stdout]                                at /rustc/a178d0322ce20e33eac124758e837cbd80a6f633/library/std/src/sys_common/backtrace.rs:67:5
[INFO] [stdout]    3:     0x5578e0fc7410 - <std::sys_common::backtrace::_print::DisplayBacktrace as core::fmt::Display>::fmt::h32d1f94a80615d18
[INFO] [stdout]                                at /rustc/a178d0322ce20e33eac124758e837cbd80a6f633/library/std/src/sys_common/backtrace.rs:46:22
[INFO] [stdout]    4:     0x5578e0fe9d7c - core::fmt::write::h306731c068f7162c
[INFO] [stdout]                                at /rustc/a178d0322ce20e33eac124758e837cbd80a6f633/library/core/src/fmt/mod.rs:1110:17
[INFO] [stdout]    5:     0x5578e0fc4335 - std::io::Write::write_fmt::h87f19b0a2cd190bc
[INFO] [stdout]                                at /rustc/a178d0322ce20e33eac124758e837cbd80a6f633/library/std/src/io/mod.rs:1588:15
[INFO] [stdout]    6:     0x5578e0fc957b - std::sys_common::backtrace::_print::h5abaa2601a852287
[INFO] [stdout]                                at /rustc/a178d0322ce20e33eac124758e837cbd80a6f633/library/std/src/sys_common/backtrace.rs:49:5
[INFO] [stdout]    7:     0x5578e0fc957b - std::sys_common::backtrace::print::h8d81445442bb638f
[INFO] [stdout]                                at /rustc/a178d0322ce20e33eac124758e837cbd80a6f633/library/std/src/sys_common/backtrace.rs:36:9
[INFO] [stdout]    8:     0x5578e0fc957b - std::panicking::default_hook::{{closure}}::hcfe804496a9fa747
[INFO] [stdout]                                at /rustc/a178d0322ce20e33eac124758e837cbd80a6f633/library/std/src/panicking.rs:208:50
[INFO] [stdout]    9:     0x5578e0fc908c - std::panicking::default_hook::hbea8e3ccf2ba8901
[INFO] [stdout]                                at /rustc/a178d0322ce20e33eac124758e837cbd80a6f633/library/std/src/panicking.rs:222:9
[INFO] [stdout]   10:     0x5578e0fc9c44 - std::panicking::rust_panic_with_hook::h7ee9e1a2d0f8975a
[INFO] [stdout]                                at /rustc/a178d0322ce20e33eac124758e837cbd80a6f633/library/std/src/panicking.rs:622:17
[INFO] [stdout]   11:     0x5578e0fc9727 - std::panicking::begin_panic_handler::{{closure}}::h8ab3b4491718b2c7
[INFO] [stdout]                                at /rustc/a178d0322ce20e33eac124758e837cbd80a6f633/library/std/src/panicking.rs:519:13
[INFO] [stdout]   12:     0x5578e0fc790c - std::sys_common::backtrace::__rust_end_short_backtrace::hd489062ffa586a9f
[INFO] [stdout]                                at /rustc/a178d0322ce20e33eac124758e837cbd80a6f633/library/std/src/sys_common/backtrace.rs:141:18
[INFO] [stdout]   13:     0x5578e0fc9689 - rust_begin_unwind
[INFO] [stdout]                                at /rustc/a178d0322ce20e33eac124758e837cbd80a6f633/library/std/src/panicking.rs:515:5
[INFO] [stdout]   14:     0x5578e0f436d1 - core::panicking::panic_fmt::hca6330e3e14086b4
[INFO] [stdout]                                at /rustc/a178d0322ce20e33eac124758e837cbd80a6f633/library/core/src/panicking.rs:92:14
[INFO] [stdout]   15:     0x5578e0f43556 - alloc::vec::Vec<T,A>::remove::assert_failed::hcd34f1bcb95f1d8a
[INFO] [stdout]                                at /rustc/a178d0322ce20e33eac124758e837cbd80a6f633/library/alloc/src/vec/mod.rs:1385:13
[INFO] [stdout]   16:     0x5578e0f6574a - alloc::vec::Vec<T,A>::remove::hd66d562028d5d43b
[INFO] [stdout]                                at /rustc/a178d0322ce20e33eac124758e837cbd80a6f633/library/alloc/src/vec/mod.rs:1390:13
[INFO] [stdout]   17:     0x5578e0f4e1ef - wavm_cli::vm::memory::<impl wavm_cli::vm::Vm>::_free::ha851d46fb15b07d6
[INFO] [stdout]                                at /opt/rustwide/workdir/src/vm/memory.rs:96:13
[INFO] [stdout]   18:     0x5578e0f4fe2c - wavm_cli::vm::Vm::_run_cycle::h43c2dc978b61238c
[INFO] [stdout]                                at /opt/rustwide/workdir/src/vm/mod.rs:112:21
[INFO] [stdout]   19:     0x5578e0f4fabc - wavm_cli::vm::Vm::run::hb12af57ca155eb39
[INFO] [stdout]                                at /opt/rustwide/workdir/src/vm/mod.rs:73:13
[INFO] [stdout]   20:     0x5578e0f55a15 - wavm_cli::vm::tests::memory::test::memory::free::ha74201ff1a89e7e1
[INFO] [stdout]                                at /opt/rustwide/workdir/src/vm/tests/memory.rs:120:13
[INFO] [stdout]   21:     0x5578e0f5591e - wavm_cli::vm::tests::memory::test::memory::free::{{closure}}::hc609d4416c5d0469
[INFO] [stdout]                                at /opt/rustwide/workdir/src/vm/tests/memory.rs:114:9
[INFO] [stdout]   22:     0x5578e0f5e5ee - core::ops::function::FnOnce::call_once::h81925ad45e42fc9c
[INFO] [stdout]                                at /rustc/a178d0322ce20e33eac124758e837cbd80a6f633/library/core/src/ops/function.rs:227:5
[INFO] [stdout]   23:     0x5578e0f902c3 - core::ops::function::FnOnce::call_once::h152e7e439ff59e19
[INFO] [stdout]                                at /rustc/a178d0322ce20e33eac124758e837cbd80a6f633/library/core/src/ops/function.rs:227:5
[INFO] [stdout]   24:     0x5578e0f902c3 - test::__rust_begin_short_backtrace::h0908f3b1fdbb72ab
[INFO] [stdout]                                at /rustc/a178d0322ce20e33eac124758e837cbd80a6f633/library/test/src/lib.rs:577:5
[INFO] [stdout]   25:     0x5578e0f8ed80 - <alloc::boxed::Box<F,A> as core::ops::function::FnOnce<Args>>::call_once::hf6d2a51e5587546c
[INFO] [stdout]                                at /rustc/a178d0322ce20e33eac124758e837cbd80a6f633/library/alloc/src/boxed.rs:1575:9
[INFO] [stdout]   26:     0x5578e0f8ed80 - <std::panic::AssertUnwindSafe<F> as core::ops::function::FnOnce<()>>::call_once::h8af660f3a89ef593
[INFO] [stdout]                                at /rustc/a178d0322ce20e33eac124758e837cbd80a6f633/library/std/src/panic.rs:347:9
[INFO] [stdout]   27:     0x5578e0f8ed80 - std::panicking::try::do_call::hd36aef60f84b6d36
[INFO] [stdout]                                at /rustc/a178d0322ce20e33eac124758e837cbd80a6f633/library/std/src/panicking.rs:401:40
[INFO] [stdout]   28:     0x5578e0f8ed80 - std::panicking::try::h9932b4480e69817c
[INFO] [stdout]                                at /rustc/a178d0322ce20e33eac124758e837cbd80a6f633/library/std/src/panicking.rs:365:19
[INFO] [stdout]   29:     0x5578e0f8ed80 - std::panic::catch_unwind::h6aa177099cfff5f8
[INFO] [stdout]                                at /rustc/a178d0322ce20e33eac124758e837cbd80a6f633/library/std/src/panic.rs:434:14
[INFO] [stdout]   30:     0x5578e0f8ed80 - test::run_test_in_process::h5884d6f2d99e20c3
[INFO] [stdout]                                at /rustc/a178d0322ce20e33eac124758e837cbd80a6f633/library/test/src/lib.rs:600:18
[INFO] [stdout]   31:     0x5578e0f8ed80 - test::run_test::run_test_inner::{{closure}}::h6fdc58c6d5f5b6e3
[INFO] [stdout]                                at /rustc/a178d0322ce20e33eac124758e837cbd80a6f633/library/test/src/lib.rs:492:39
[INFO] [stdout]   32:     0x5578e0f68432 - test::run_test::run_test_inner::{{closure}}::h408365d67a78ade8
[INFO] [stdout]                                at /rustc/a178d0322ce20e33eac124758e837cbd80a6f633/library/test/src/lib.rs:519:37
[INFO] [stdout]   33:     0x5578e0f68432 - std::sys_common::backtrace::__rust_begin_short_backtrace::hb560b77c4f701523
[INFO] [stdout]                                at /rustc/a178d0322ce20e33eac124758e837cbd80a6f633/library/std/src/sys_common/backtrace.rs:125:18
[INFO] [stdout]   34:     0x5578e0f6bfe8 - std::thread::Builder::spawn_unchecked::{{closure}}::{{closure}}::hf2e7831dad93c597
[INFO] [stdout]                                at /rustc/a178d0322ce20e33eac124758e837cbd80a6f633/library/std/src/thread/mod.rs:481:17
[INFO] [stdout]   35:     0x5578e0f6bfe8 - <std::panic::AssertUnwindSafe<F> as core::ops::function::FnOnce<()>>::call_once::hd2e08783d8be4d02
[INFO] [stdout]                                at /rustc/a178d0322ce20e33eac124758e837cbd80a6f633/library/std/src/panic.rs:347:9
[INFO] [stdout]   36:     0x5578e0f6bfe8 - std::panicking::try::do_call::h062597b7acfd6b82
[INFO] [stdout]                                at /rustc/a178d0322ce20e33eac124758e837cbd80a6f633/library/std/src/panicking.rs:401:40
[INFO] [stdout]   37:     0x5578e0f6bfe8 - std::panicking::try::h0d7b79db04c14552
[INFO] [stdout]                                at /rustc/a178d0322ce20e33eac124758e837cbd80a6f633/library/std/src/panicking.rs:365:19
[INFO] [stdout]   38:     0x5578e0f6bfe8 - std::panic::catch_unwind::hb01a0b5e7c8cd43b
[INFO] [stdout]                                at /rustc/a178d0322ce20e33eac124758e837cbd80a6f633/library/std/src/panic.rs:434:14
[INFO] [stdout]   39:     0x5578e0f6bfe8 - std::thread::Builder::spawn_unchecked::{{closure}}::h5bde48cc887e0d1e
[INFO] [stdout]                                at /rustc/a178d0322ce20e33eac124758e837cbd80a6f633/library/std/src/thread/mod.rs:480:30
[INFO] [stdout]   40:     0x5578e0f6bfe8 - core::ops::function::FnOnce::call_once{{vtable.shim}}::h745ea30807a29e55
[INFO] [stdout]                                at /rustc/a178d0322ce20e33eac124758e837cbd80a6f633/library/core/src/ops/function.rs:227:5
[INFO] [stdout]   41:     0x5578e0fce707 - <alloc::boxed::Box<F,A> as core::ops::function::FnOnce<Args>>::call_once::h7ece6cfefaff1005
[INFO] [stdout]                                at /rustc/a178d0322ce20e33eac124758e837cbd80a6f633/library/alloc/src/boxed.rs:1575:9
[INFO] [stdout]   42:     0x5578e0fce707 - <alloc::boxed::Box<F,A> as core::ops::function::FnOnce<Args>>::call_once::hb8b48e55c21f193e
[INFO] [stdout]                                at /rustc/a178d0322ce20e33eac124758e837cbd80a6f633/library/alloc/src/boxed.rs:1575:9
[INFO] [stdout]   43:     0x5578e0fce707 - std::sys::unix::thread::Thread::new::thread_start::h8c7c4450dba62914
[INFO] [stdout]                                at /rustc/a178d0322ce20e33eac124758e837cbd80a6f633/library/std/src/sys/unix/thread.rs:71:17
[INFO] [stdout]   44:     0x7ff3102f8609 - start_thread
[INFO] [stdout]   45:     0x7ff310583293 - clone
[INFO] [stdout]   46:                0x0 - <unknown>
[INFO] [stdout] 
[INFO] [stdout] 
[INFO] [stdout] failures:
[INFO] [stdout]     vm::tests::memory::test::memory::free
[INFO] [stdout] 
[INFO] [stdout] test result: FAILED. 35 passed; 1 failed; 0 ignored; 0 measured; 0 filtered out; finished in 0.02s
[INFO] [stdout] 
[INFO] [stderr] error: test failed, to rerun pass '--bin wavm-cli'
[INFO] running `Command { std: "docker" "inspect" "c79cdd88e5ce718c92b5bc1eaca0c5d88d9312b745f3267291df468450c50b41", kill_on_drop: false }`
[INFO] running `Command { std: "docker" "rm" "-f" "c79cdd88e5ce718c92b5bc1eaca0c5d88d9312b745f3267291df468450c50b41", kill_on_drop: false }`
[INFO] [stdout] c79cdd88e5ce718c92b5bc1eaca0c5d88d9312b745f3267291df468450c50b41
