[INFO] cloning repository https://github.com/Vurich/basic-midi-sequencer
[INFO] running `Command { std: "git" "-c" "credential.helper=" "-c" "credential.helper=/workspace/cargo-home/bin/git-credential-null" "clone" "--bare" "https://github.com/Vurich/basic-midi-sequencer" "/workspace/cache/git-repos/https%3A%2F%2Fgithub.com%2FVurich%2Fbasic-midi-sequencer", kill_on_drop: false }`
[INFO] [stderr] Cloning into bare repository '/workspace/cache/git-repos/https%3A%2F%2Fgithub.com%2FVurich%2Fbasic-midi-sequencer'...
[INFO] running `Command { std: "git" "rev-parse" "HEAD", kill_on_drop: false }`
[INFO] [stdout] d006dbaaf9484dd59cbd8e8ec09711e0f93d8fea
[INFO] testing Vurich/basic-midi-sequencer against 1.54.0 for beta-1.55-1
[INFO] running `Command { std: "git" "clone" "/workspace/cache/git-repos/https%3A%2F%2Fgithub.com%2FVurich%2Fbasic-midi-sequencer" "/workspace/builds/worker-24/source", kill_on_drop: false }`
[INFO] [stderr] Cloning into '/workspace/builds/worker-24/source'...
[INFO] [stderr] done.
[INFO] validating manifest of git repo https://github.com/Vurich/basic-midi-sequencer on toolchain 1.54.0
[INFO] running `Command { std: "/workspace/cargo-home/bin/cargo" "+1.54.0" "metadata" "--manifest-path" "Cargo.toml" "--no-deps", kill_on_drop: false }`
[INFO] started tweaking git repo https://github.com/Vurich/basic-midi-sequencer
[INFO] finished tweaking git repo https://github.com/Vurich/basic-midi-sequencer
[INFO] tweaked toml for git repo https://github.com/Vurich/basic-midi-sequencer written to /workspace/builds/worker-24/source/Cargo.toml
[INFO] crate git repo https://github.com/Vurich/basic-midi-sequencer already has a lockfile, it will not be regenerated
[INFO] running `Command { std: "/workspace/cargo-home/bin/cargo" "+1.54.0" "fetch" "--manifest-path" "Cargo.toml", kill_on_drop: false }`
[INFO] [stderr]     Blocking waiting for file lock on package cache
[INFO] [stderr]     Blocking waiting for file lock on package cache
[INFO] running `Command { std: "docker" "create" "-v" "/var/lib/crater-agent-workspace/builds/worker-24/target:/opt/rustwide/target:rw,Z" "-v" "/var/lib/crater-agent-workspace/builds/worker-24/source:/opt/rustwide/workdir:ro,Z" "-v" "/var/lib/crater-agent-workspace/cargo-home:/opt/rustwide/cargo-home:ro,Z" "-v" "/var/lib/crater-agent-workspace/rustup-home:/opt/rustwide/rustup-home:ro,Z" "-e" "SOURCE_DIR=/opt/rustwide/workdir" "-e" "CARGO_TARGET_DIR=/opt/rustwide/target" "-e" "CARGO_HOME=/opt/rustwide/cargo-home" "-e" "RUSTUP_HOME=/opt/rustwide/rustup-home" "-w" "/opt/rustwide/workdir" "-m" "1610612736" "--user" "0:0" "--network" "none" "ghcr.io/rust-lang/crates-build-env/linux@sha256:34b6a614d2c27851fe6cbf88fbd1137609cefab8b10d0615aaeb6fd47975d74e" "/opt/rustwide/cargo-home/bin/cargo" "+1.54.0" "metadata" "--no-deps" "--format-version=1", kill_on_drop: false }`
[INFO] [stdout] 97c9df9491fd64710e19c395e450751c60002e342c0bdec3b7358184b0220386
[INFO] running `Command { std: "docker" "start" "-a" "97c9df9491fd64710e19c395e450751c60002e342c0bdec3b7358184b0220386", kill_on_drop: false }`
[INFO] running `Command { std: "docker" "inspect" "97c9df9491fd64710e19c395e450751c60002e342c0bdec3b7358184b0220386", kill_on_drop: false }`
[INFO] running `Command { std: "docker" "rm" "-f" "97c9df9491fd64710e19c395e450751c60002e342c0bdec3b7358184b0220386", kill_on_drop: false }`
[INFO] [stdout] 97c9df9491fd64710e19c395e450751c60002e342c0bdec3b7358184b0220386
[INFO] running `Command { std: "docker" "create" "-v" "/var/lib/crater-agent-workspace/builds/worker-24/target:/opt/rustwide/target:rw,Z" "-v" "/var/lib/crater-agent-workspace/builds/worker-24/source:/opt/rustwide/workdir:ro,Z" "-v" "/var/lib/crater-agent-workspace/cargo-home:/opt/rustwide/cargo-home:ro,Z" "-v" "/var/lib/crater-agent-workspace/rustup-home:/opt/rustwide/rustup-home:ro,Z" "-e" "SOURCE_DIR=/opt/rustwide/workdir" "-e" "CARGO_TARGET_DIR=/opt/rustwide/target" "-e" "CARGO_INCREMENTAL=0" "-e" "RUST_BACKTRACE=full" "-e" "RUSTFLAGS=--cap-lints=warn" "-e" "CARGO_HOME=/opt/rustwide/cargo-home" "-e" "RUSTUP_HOME=/opt/rustwide/rustup-home" "-w" "/opt/rustwide/workdir" "-m" "1610612736" "--user" "0:0" "--network" "none" "ghcr.io/rust-lang/crates-build-env/linux@sha256:34b6a614d2c27851fe6cbf88fbd1137609cefab8b10d0615aaeb6fd47975d74e" "/opt/rustwide/cargo-home/bin/cargo" "+1.54.0" "build" "--frozen" "--message-format=json", kill_on_drop: false }`
[INFO] [stdout] 36e5283fd13612a07ef6db8f6fa267038eb6311418ea9e44c1f8934a13b68e41
[INFO] running `Command { std: "docker" "start" "-a" "36e5283fd13612a07ef6db8f6fa267038eb6311418ea9e44c1f8934a13b68e41", kill_on_drop: false }`
[INFO] [stderr]     Blocking waiting for file lock on package cache
[INFO] [stderr]     Blocking waiting for file lock on package cache
[INFO] [stderr]    Compiling proc-macro2 v1.0.18
[INFO] [stderr]    Compiling syn v1.0.33
[INFO] [stderr]    Compiling serde_derive v1.0.114
[INFO] [stderr]    Compiling serde v1.0.114
[INFO] [stderr]    Compiling base64 v0.12.3
[INFO] [stderr]    Compiling arraytools v0.1.5
[INFO] [stderr]    Compiling arrayvec v0.5.1
[INFO] [stderr]    Compiling num-traits v0.2.12
[INFO] [stderr]    Compiling num-integer v0.1.43
[INFO] [stderr]    Compiling ghakuf v0.5.5
[INFO] [stderr]    Compiling quote v1.0.7
[INFO] [stderr]    Compiling ron v0.6.0
[INFO] [stderr]    Compiling elektron-sequencer v0.1.0 (/opt/rustwide/workdir)
[INFO] [stdout] warning: an associated function with this name may be added to the standard library in the future
[INFO] [stdout]     --> src/main.rs:1080:14
[INFO] [stdout]      |
[INFO] [stdout] 1080 |             .zip(channels.as_mut_array())
[INFO] [stdout]      |              ^^^
[INFO] [stdout]      |
[INFO] [stdout]      = note: `#[warn(unstable_name_collisions)]` on by default
[INFO] [stdout]      = warning: once this associated item is added to the standard library, the ambiguity may cause an error or change in behavior!
[INFO] [stdout]      = note: for more information, see issue #48919 <https://github.com/rust-lang/rust/issues/48919>
[INFO] [stdout]      = help: call with fully qualified syntax `arraytools::ArrayTools::zip(...)` to keep using the current method
[INFO] [stdout] 
[INFO] [stdout] 
[INFO] [stdout] warning: an associated function with this name may be added to the standard library in the future
[INFO] [stdout]     --> src/main.rs:1081:14
[INFO] [stdout]      |
[INFO] [stdout] 1081 |             .map(move |(i, channel)| channel.events_between(i as u8, start, end));
[INFO] [stdout]      |              ^^^
[INFO] [stdout]      |
[INFO] [stdout]      = warning: once this associated item is added to the standard library, the ambiguity may cause an error or change in behavior!
[INFO] [stdout]      = note: for more information, see issue #48919 <https://github.com/rust-lang/rust/issues/48919>
[INFO] [stdout]      = help: call with fully qualified syntax `arraytools::ArrayTools::map(...)` to keep using the current method
[INFO] [stdout] 
[INFO] [stdout] 
[INFO] [stdout] warning: an associated function with this name may be added to the standard library in the future
[INFO] [stdout]     --> src/main.rs:1083:58
[INFO] [stdout]      |
[INFO] [stdout] 1083 |         let mut messages = inner_messages.as_mut_array().map(|iter| iter.next());
[INFO] [stdout]      |                                                          ^^^
[INFO] [stdout]      |
[INFO] [stdout]      = warning: once this associated item is added to the standard library, the ambiguity may cause an error or change in behavior!
[INFO] [stdout]      = note: for more information, see issue #48919 <https://github.com/rust-lang/rust/issues/48919>
[INFO] [stdout]      = help: call with fully qualified syntax `arraytools::ArrayTools::map(...)` to keep using the current method
[INFO] [stdout] 
[INFO] [stdout] 
[INFO] [stdout] warning: 3 warnings emitted
[INFO] [stdout] 
[INFO] [stdout] 
[INFO] [stderr]     Finished dev [unoptimized + debuginfo] target(s) in 24.86s
[INFO] running `Command { std: "docker" "inspect" "36e5283fd13612a07ef6db8f6fa267038eb6311418ea9e44c1f8934a13b68e41", kill_on_drop: false }`
[INFO] running `Command { std: "docker" "rm" "-f" "36e5283fd13612a07ef6db8f6fa267038eb6311418ea9e44c1f8934a13b68e41", kill_on_drop: false }`
[INFO] [stdout] 36e5283fd13612a07ef6db8f6fa267038eb6311418ea9e44c1f8934a13b68e41
[INFO] running `Command { std: "docker" "create" "-v" "/var/lib/crater-agent-workspace/builds/worker-24/target:/opt/rustwide/target:rw,Z" "-v" "/var/lib/crater-agent-workspace/builds/worker-24/source:/opt/rustwide/workdir:ro,Z" "-v" "/var/lib/crater-agent-workspace/cargo-home:/opt/rustwide/cargo-home:ro,Z" "-v" "/var/lib/crater-agent-workspace/rustup-home:/opt/rustwide/rustup-home:ro,Z" "-e" "SOURCE_DIR=/opt/rustwide/workdir" "-e" "CARGO_TARGET_DIR=/opt/rustwide/target" "-e" "CARGO_INCREMENTAL=0" "-e" "RUST_BACKTRACE=full" "-e" "RUSTFLAGS=--cap-lints=warn" "-e" "CARGO_HOME=/opt/rustwide/cargo-home" "-e" "RUSTUP_HOME=/opt/rustwide/rustup-home" "-w" "/opt/rustwide/workdir" "-m" "1610612736" "--user" "0:0" "--network" "none" "ghcr.io/rust-lang/crates-build-env/linux@sha256:34b6a614d2c27851fe6cbf88fbd1137609cefab8b10d0615aaeb6fd47975d74e" "/opt/rustwide/cargo-home/bin/cargo" "+1.54.0" "test" "--frozen" "--no-run" "--message-format=json", kill_on_drop: false }`
[INFO] [stdout] 7df7c45ce558b5702854694d0d78187ff3cde74afd2fdeb4cd7cbcfba86e0d30
[INFO] running `Command { std: "docker" "start" "-a" "7df7c45ce558b5702854694d0d78187ff3cde74afd2fdeb4cd7cbcfba86e0d30", kill_on_drop: false }`
[INFO] [stderr]     Blocking waiting for file lock on package cache
[INFO] [stderr]    Compiling elektron-sequencer v0.1.0 (/opt/rustwide/workdir)
[INFO] [stdout] warning: an associated function with this name may be added to the standard library in the future
[INFO] [stdout]     --> src/main.rs:1080:14
[INFO] [stdout]      |
[INFO] [stdout] 1080 |             .zip(channels.as_mut_array())
[INFO] [stdout]      |              ^^^
[INFO] [stdout]      |
[INFO] [stdout]      = note: `#[warn(unstable_name_collisions)]` on by default
[INFO] [stdout]      = warning: once this associated item is added to the standard library, the ambiguity may cause an error or change in behavior!
[INFO] [stdout]      = note: for more information, see issue #48919 <https://github.com/rust-lang/rust/issues/48919>
[INFO] [stdout]      = help: call with fully qualified syntax `arraytools::ArrayTools::zip(...)` to keep using the current method
[INFO] [stdout] 
[INFO] [stdout] 
[INFO] [stdout] warning: an associated function with this name may be added to the standard library in the future
[INFO] [stdout]     --> src/main.rs:1081:14
[INFO] [stdout]      |
[INFO] [stdout] 1081 |             .map(move |(i, channel)| channel.events_between(i as u8, start, end));
[INFO] [stdout]      |              ^^^
[INFO] [stdout]      |
[INFO] [stdout]      = warning: once this associated item is added to the standard library, the ambiguity may cause an error or change in behavior!
[INFO] [stdout]      = note: for more information, see issue #48919 <https://github.com/rust-lang/rust/issues/48919>
[INFO] [stdout]      = help: call with fully qualified syntax `arraytools::ArrayTools::map(...)` to keep using the current method
[INFO] [stdout] 
[INFO] [stdout] 
[INFO] [stdout] warning: an associated function with this name may be added to the standard library in the future
[INFO] [stdout]     --> src/main.rs:1083:58
[INFO] [stdout]      |
[INFO] [stdout] 1083 |         let mut messages = inner_messages.as_mut_array().map(|iter| iter.next());
[INFO] [stdout]      |                                                          ^^^
[INFO] [stdout]      |
[INFO] [stdout]      = warning: once this associated item is added to the standard library, the ambiguity may cause an error or change in behavior!
[INFO] [stdout]      = note: for more information, see issue #48919 <https://github.com/rust-lang/rust/issues/48919>
[INFO] [stdout]      = help: call with fully qualified syntax `arraytools::ArrayTools::map(...)` to keep using the current method
[INFO] [stdout] 
[INFO] [stdout] 
[INFO] [stdout] warning: 3 warnings emitted
[INFO] [stdout] 
[INFO] [stdout] 
[INFO] [stderr]     Finished test [unoptimized + debuginfo] target(s) in 11.14s
[INFO] running `Command { std: "docker" "inspect" "7df7c45ce558b5702854694d0d78187ff3cde74afd2fdeb4cd7cbcfba86e0d30", kill_on_drop: false }`
[INFO] running `Command { std: "docker" "rm" "-f" "7df7c45ce558b5702854694d0d78187ff3cde74afd2fdeb4cd7cbcfba86e0d30", kill_on_drop: false }`
[INFO] [stdout] 7df7c45ce558b5702854694d0d78187ff3cde74afd2fdeb4cd7cbcfba86e0d30
[INFO] running `Command { std: "docker" "create" "-v" "/var/lib/crater-agent-workspace/builds/worker-24/target:/opt/rustwide/target:rw,Z" "-v" "/var/lib/crater-agent-workspace/builds/worker-24/source:/opt/rustwide/workdir:ro,Z" "-v" "/var/lib/crater-agent-workspace/cargo-home:/opt/rustwide/cargo-home:ro,Z" "-v" "/var/lib/crater-agent-workspace/rustup-home:/opt/rustwide/rustup-home:ro,Z" "-e" "SOURCE_DIR=/opt/rustwide/workdir" "-e" "CARGO_TARGET_DIR=/opt/rustwide/target" "-e" "CARGO_INCREMENTAL=0" "-e" "RUST_BACKTRACE=full" "-e" "RUSTFLAGS=--cap-lints=warn" "-e" "CARGO_HOME=/opt/rustwide/cargo-home" "-e" "RUSTUP_HOME=/opt/rustwide/rustup-home" "-w" "/opt/rustwide/workdir" "-m" "1610612736" "--user" "0:0" "--network" "none" "ghcr.io/rust-lang/crates-build-env/linux@sha256:34b6a614d2c27851fe6cbf88fbd1137609cefab8b10d0615aaeb6fd47975d74e" "/opt/rustwide/cargo-home/bin/cargo" "+1.54.0" "test" "--frozen", kill_on_drop: false }`
[INFO] [stdout] e000dd74427e0213951f081b6c7d39223914304a961c5c4df228ea1f065dc8b0
[INFO] running `Command { std: "docker" "start" "-a" "e000dd74427e0213951f081b6c7d39223914304a961c5c4df228ea1f065dc8b0", kill_on_drop: false }`
[INFO] [stderr]     Blocking waiting for file lock on package cache
[INFO] [stderr] warning: an associated function with this name may be added to the standard library in the future
[INFO] [stderr]     --> src/main.rs:1080:14
[INFO] [stderr]      |
[INFO] [stderr] 1080 |             .zip(channels.as_mut_array())
[INFO] [stderr]      |              ^^^
[INFO] [stderr]      |
[INFO] [stderr]      = note: `#[warn(unstable_name_collisions)]` on by default
[INFO] [stderr]      = warning: once this associated item is added to the standard library, the ambiguity may cause an error or change in behavior!
[INFO] [stderr]      = note: for more information, see issue #48919 <https://github.com/rust-lang/rust/issues/48919>
[INFO] [stderr]      = help: call with fully qualified syntax `arraytools::ArrayTools::zip(...)` to keep using the current method
[INFO] [stderr] 
[INFO] [stderr] warning: an associated function with this name may be added to the standard library in the future
[INFO] [stderr]     --> src/main.rs:1081:14
[INFO] [stderr]      |
[INFO] [stderr] 1081 |             .map(move |(i, channel)| channel.events_between(i as u8, start, end));
[INFO] [stderr]      |              ^^^
[INFO] [stderr]      |
[INFO] [stderr]      = warning: once this associated item is added to the standard library, the ambiguity may cause an error or change in behavior!
[INFO] [stderr]      = note: for more information, see issue #48919 <https://github.com/rust-lang/rust/issues/48919>
[INFO] [stderr]      = help: call with fully qualified syntax `arraytools::ArrayTools::map(...)` to keep using the current method
[INFO] [stderr] 
[INFO] [stderr] warning: an associated function with this name may be added to the standard library in the future
[INFO] [stderr]     --> src/main.rs:1083:58
[INFO] [stderr]      |
[INFO] [stderr] 1083 |         let mut messages = inner_messages.as_mut_array().map(|iter| iter.next());
[INFO] [stderr]      |                                                          ^^^
[INFO] [stderr]      |
[INFO] [stderr]      = warning: once this associated item is added to the standard library, the ambiguity may cause an error or change in behavior!
[INFO] [stderr]      = note: for more information, see issue #48919 <https://github.com/rust-lang/rust/issues/48919>
[INFO] [stderr]      = help: call with fully qualified syntax `arraytools::ArrayTools::map(...)` to keep using the current method
[INFO] [stderr] 
[INFO] [stderr] warning: 3 warnings emitted
[INFO] [stderr] 
[INFO] [stderr]     Finished test [unoptimized + debuginfo] target(s) in 1.78s
[INFO] [stderr]      Running unittests (/opt/rustwide/target/debug/deps/elektron_sequencer-b96411714265fd08)
[INFO] [stdout] 
[INFO] [stdout] running 1 test
[INFO] [stderr] error: test failed, to rerun pass '--bin elektron-sequencer'
[INFO] [stdout] test tests::filetests ... FAILED
[INFO] [stdout] 
[INFO] [stdout] failures:
[INFO] [stdout] 
[INFO] [stdout] ---- tests::filetests stdout ----
[INFO] [stdout] thread 'tests::filetests' panicked at 'called `Result::unwrap()` on an `Err` value: Os { code: 30, kind: Other, message: "Read-only file system" }', src/main.rs:1162:41
[INFO] [stdout] stack backtrace:
[INFO] [stdout]    0:     0x5557efc54030 - std::backtrace_rs::backtrace::libunwind::trace::h34055254b57d8e79
[INFO] [stdout]                                at /rustc/a178d0322ce20e33eac124758e837cbd80a6f633/library/std/src/../../backtrace/src/backtrace/libunwind.rs:90:5
[INFO] [stdout]    1:     0x5557efc54030 - std::backtrace_rs::backtrace::trace_unsynchronized::h8f1e3fbd9afff6ec
[INFO] [stdout]                                at /rustc/a178d0322ce20e33eac124758e837cbd80a6f633/library/std/src/../../backtrace/src/backtrace/mod.rs:66:5
[INFO] [stdout]    2:     0x5557efc54030 - std::sys_common::backtrace::_print_fmt::h3a99a796b770c360
[INFO] [stdout]                                at /rustc/a178d0322ce20e33eac124758e837cbd80a6f633/library/std/src/sys_common/backtrace.rs:67:5
[INFO] [stdout]    3:     0x5557efc54030 - <std::sys_common::backtrace::_print::DisplayBacktrace as core::fmt::Display>::fmt::h32d1f94a80615d18
[INFO] [stdout]                                at /rustc/a178d0322ce20e33eac124758e837cbd80a6f633/library/std/src/sys_common/backtrace.rs:46:22
[INFO] [stdout]    4:     0x5557efc789ac - core::fmt::write::h306731c068f7162c
[INFO] [stdout]                                at /rustc/a178d0322ce20e33eac124758e837cbd80a6f633/library/core/src/fmt/mod.rs:1110:17
[INFO] [stdout]    5:     0x5557efc50945 - std::io::Write::write_fmt::h87f19b0a2cd190bc
[INFO] [stdout]                                at /rustc/a178d0322ce20e33eac124758e837cbd80a6f633/library/std/src/io/mod.rs:1588:15
[INFO] [stdout]    6:     0x5557efc565eb - std::sys_common::backtrace::_print::h5abaa2601a852287
[INFO] [stdout]                                at /rustc/a178d0322ce20e33eac124758e837cbd80a6f633/library/std/src/sys_common/backtrace.rs:49:5
[INFO] [stdout]    7:     0x5557efc565eb - std::sys_common::backtrace::print::h8d81445442bb638f
[INFO] [stdout]                                at /rustc/a178d0322ce20e33eac124758e837cbd80a6f633/library/std/src/sys_common/backtrace.rs:36:9
[INFO] [stdout]    8:     0x5557efc565eb - std::panicking::default_hook::{{closure}}::hcfe804496a9fa747
[INFO] [stdout]                                at /rustc/a178d0322ce20e33eac124758e837cbd80a6f633/library/std/src/panicking.rs:208:50
[INFO] [stdout]    9:     0x5557efc560fc - std::panicking::default_hook::hbea8e3ccf2ba8901
[INFO] [stdout]                                at /rustc/a178d0322ce20e33eac124758e837cbd80a6f633/library/std/src/panicking.rs:222:9
[INFO] [stdout]   10:     0x5557efc56cb4 - std::panicking::rust_panic_with_hook::h7ee9e1a2d0f8975a
[INFO] [stdout]                                at /rustc/a178d0322ce20e33eac124758e837cbd80a6f633/library/std/src/panicking.rs:622:17
[INFO] [stdout]   11:     0x5557efc56797 - std::panicking::begin_panic_handler::{{closure}}::h8ab3b4491718b2c7
[INFO] [stdout]                                at /rustc/a178d0322ce20e33eac124758e837cbd80a6f633/library/std/src/panicking.rs:519:13
[INFO] [stdout]   12:     0x5557efc5452c - std::sys_common::backtrace::__rust_end_short_backtrace::hd489062ffa586a9f
[INFO] [stdout]                                at /rustc/a178d0322ce20e33eac124758e837cbd80a6f633/library/std/src/sys_common/backtrace.rs:141:18
[INFO] [stdout]   13:     0x5557efc566f9 - rust_begin_unwind
[INFO] [stdout]                                at /rustc/a178d0322ce20e33eac124758e837cbd80a6f633/library/std/src/panicking.rs:515:5
[INFO] [stdout]   14:     0x5557efb8d6e1 - core::panicking::panic_fmt::hca6330e3e14086b4
[INFO] [stdout]                                at /rustc/a178d0322ce20e33eac124758e837cbd80a6f633/library/core/src/panicking.rs:92:14
[INFO] [stdout]   15:     0x5557efb8d7d3 - core::result::unwrap_failed::h6160d2b4bfbb0e87
[INFO] [stdout]                                at /rustc/a178d0322ce20e33eac124758e837cbd80a6f633/library/core/src/result.rs:1355:5
[INFO] [stdout]   16:     0x5557efbbaa47 - core::result::Result<T,E>::unwrap::h317f34722586784b
[INFO] [stdout]                                at /rustc/a178d0322ce20e33eac124758e837cbd80a6f633/library/core/src/result.rs:1037:23
[INFO] [stdout]   17:     0x5557efbcb2d3 - elektron_sequencer::tests::filetests::h4a2756e2ece53883
[INFO] [stdout]                                at /opt/rustwide/workdir/src/main.rs:1162:9
[INFO] [stdout]   18:     0x5557efbcb06a - elektron_sequencer::tests::filetests::{{closure}}::h87cad0ab0a1e8ffd
[INFO] [stdout]                                at /opt/rustwide/workdir/src/main.rs:1149:5
[INFO] [stdout]   19:     0x5557efbc8f1e - core::ops::function::FnOnce::call_once::hbec054e27ed31fff
[INFO] [stdout]                                at /rustc/a178d0322ce20e33eac124758e837cbd80a6f633/library/core/src/ops/function.rs:227:5
[INFO] [stdout]   20:     0x5557efc16413 - core::ops::function::FnOnce::call_once::h152e7e439ff59e19
[INFO] [stdout]                                at /rustc/a178d0322ce20e33eac124758e837cbd80a6f633/library/core/src/ops/function.rs:227:5
[INFO] [stdout]   21:     0x5557efc16413 - test::__rust_begin_short_backtrace::h0908f3b1fdbb72ab
[INFO] [stdout]                                at /rustc/a178d0322ce20e33eac124758e837cbd80a6f633/library/test/src/lib.rs:577:5
[INFO] [stdout]   22:     0x5557efc14ed0 - <alloc::boxed::Box<F,A> as core::ops::function::FnOnce<Args>>::call_once::hf6d2a51e5587546c
[INFO] [stdout]                                at /rustc/a178d0322ce20e33eac124758e837cbd80a6f633/library/alloc/src/boxed.rs:1575:9
[INFO] [stdout]   23:     0x5557efc14ed0 - <std::panic::AssertUnwindSafe<F> as core::ops::function::FnOnce<()>>::call_once::h8af660f3a89ef593
[INFO] [stdout]                                at /rustc/a178d0322ce20e33eac124758e837cbd80a6f633/library/std/src/panic.rs:347:9
[INFO] [stdout]   24:     0x5557efc14ed0 - std::panicking::try::do_call::hd36aef60f84b6d36
[INFO] [stdout]                                at /rustc/a178d0322ce20e33eac124758e837cbd80a6f633/library/std/src/panicking.rs:401:40
[INFO] [stdout]   25:     0x5557efc14ed0 - std::panicking::try::h9932b4480e69817c
[INFO] [stdout]                                at /rustc/a178d0322ce20e33eac124758e837cbd80a6f633/library/std/src/panicking.rs:365:19
[INFO] [stdout]   26:     0x5557efc14ed0 - std::panic::catch_unwind::h6aa177099cfff5f8
[INFO] [stdout]                                at /rustc/a178d0322ce20e33eac124758e837cbd80a6f633/library/std/src/panic.rs:434:14
[INFO] [stdout]   27:     0x5557efc14ed0 - test::run_test_in_process::h5884d6f2d99e20c3
[INFO] [stdout]                                at /rustc/a178d0322ce20e33eac124758e837cbd80a6f633/library/test/src/lib.rs:600:18
[INFO] [stdout]   28:     0x5557efc14ed0 - test::run_test::run_test_inner::{{closure}}::h6fdc58c6d5f5b6e3
[INFO] [stdout]                                at /rustc/a178d0322ce20e33eac124758e837cbd80a6f633/library/test/src/lib.rs:492:39
[INFO] [stdout]   29:     0x5557efbee582 - test::run_test::run_test_inner::{{closure}}::h408365d67a78ade8
[INFO] [stdout]                                at /rustc/a178d0322ce20e33eac124758e837cbd80a6f633/library/test/src/lib.rs:519:37
[INFO] [stdout]   30:     0x5557efbee582 - std::sys_common::backtrace::__rust_begin_short_backtrace::hb560b77c4f701523
[INFO] [stdout]                                at /rustc/a178d0322ce20e33eac124758e837cbd80a6f633/library/std/src/sys_common/backtrace.rs:125:18
[INFO] [stdout]   31:     0x5557efbf2138 - std::thread::Builder::spawn_unchecked::{{closure}}::{{closure}}::hf2e7831dad93c597
[INFO] [stdout]                                at /rustc/a178d0322ce20e33eac124758e837cbd80a6f633/library/std/src/thread/mod.rs:481:17
[INFO] [stdout]   32:     0x5557efbf2138 - <std::panic::AssertUnwindSafe<F> as core::ops::function::FnOnce<()>>::call_once::hd2e08783d8be4d02
[INFO] [stdout]                                at /rustc/a178d0322ce20e33eac124758e837cbd80a6f633/library/std/src/panic.rs:347:9
[INFO] [stdout]   33:     0x5557efbf2138 - std::panicking::try::do_call::h062597b7acfd6b82
[INFO] [stdout]                                at /rustc/a178d0322ce20e33eac124758e837cbd80a6f633/library/std/src/panicking.rs:401:40
[INFO] [stdout]   34:     0x5557efbf2138 - std::panicking::try::h0d7b79db04c14552
[INFO] [stdout]                                at /rustc/a178d0322ce20e33eac124758e837cbd80a6f633/library/std/src/panicking.rs:365:19
[INFO] [stdout]   35:     0x5557efbf2138 - std::panic::catch_unwind::hb01a0b5e7c8cd43b
[INFO] [stdout]                                at /rustc/a178d0322ce20e33eac124758e837cbd80a6f633/library/std/src/panic.rs:434:14
[INFO] [stdout]   36:     0x5557efbf2138 - std::thread::Builder::spawn_unchecked::{{closure}}::h5bde48cc887e0d1e
[INFO] [stdout]                                at /rustc/a178d0322ce20e33eac124758e837cbd80a6f633/library/std/src/thread/mod.rs:480:30
[INFO] [stdout]   37:     0x5557efbf2138 - core::ops::function::FnOnce::call_once{{vtable.shim}}::h745ea30807a29e55
[INFO] [stdout]                                at /rustc/a178d0322ce20e33eac124758e837cbd80a6f633/library/core/src/ops/function.rs:227:5
[INFO] [stdout]   38:     0x5557efc5c317 - <alloc::boxed::Box<F,A> as core::ops::function::FnOnce<Args>>::call_once::h7ece6cfefaff1005
[INFO] [stdout]                                at /rustc/a178d0322ce20e33eac124758e837cbd80a6f633/library/alloc/src/boxed.rs:1575:9
[INFO] [stdout]   39:     0x5557efc5c317 - <alloc::boxed::Box<F,A> as core::ops::function::FnOnce<Args>>::call_once::hb8b48e55c21f193e
[INFO] [stdout]                                at /rustc/a178d0322ce20e33eac124758e837cbd80a6f633/library/alloc/src/boxed.rs:1575:9
[INFO] [stdout]   40:     0x5557efc5c317 - std::sys::unix::thread::Thread::new::thread_start::h8c7c4450dba62914
[INFO] [stdout]                                at /rustc/a178d0322ce20e33eac124758e837cbd80a6f633/library/std/src/sys/unix/thread.rs:71:17
[INFO] [stdout]   41:     0x7faab00b7609 - start_thread
[INFO] [stdout]   42:     0x7faaafe89293 - clone
[INFO] [stdout]   43:                0x0 - <unknown>
[INFO] [stdout] 
[INFO] [stdout] 
[INFO] [stdout] failures:
[INFO] [stdout]     tests::filetests
[INFO] [stdout] 
[INFO] [stdout] test result: FAILED. 0 passed; 1 failed; 0 ignored; 0 measured; 0 filtered out; finished in 0.03s
[INFO] [stdout] 
[INFO] running `Command { std: "docker" "inspect" "e000dd74427e0213951f081b6c7d39223914304a961c5c4df228ea1f065dc8b0", kill_on_drop: false }`
[INFO] running `Command { std: "docker" "rm" "-f" "e000dd74427e0213951f081b6c7d39223914304a961c5c4df228ea1f065dc8b0", kill_on_drop: false }`
[INFO] [stdout] e000dd74427e0213951f081b6c7d39223914304a961c5c4df228ea1f065dc8b0
