[INFO] cloning repository https://github.com/Vest/adventofcode
[INFO] running `Command { std: "git" "-c" "credential.helper=" "-c" "credential.helper=/workspace/cargo-home/bin/git-credential-null" "clone" "--bare" "https://github.com/Vest/adventofcode" "/workspace/cache/git-repos/https%3A%2F%2Fgithub.com%2FVest%2Fadventofcode", kill_on_drop: false }`
[INFO] [stderr] Cloning into bare repository '/workspace/cache/git-repos/https%3A%2F%2Fgithub.com%2FVest%2Fadventofcode'...
[INFO] running `Command { std: "git" "rev-parse" "HEAD", kill_on_drop: false }`
[INFO] [stdout] f969c4d8f77b897a844fdef3f5845f617752db48
[INFO] testing Vest/adventofcode against 1.54.0 for beta-1.55-1
[INFO] running `Command { std: "git" "clone" "/workspace/cache/git-repos/https%3A%2F%2Fgithub.com%2FVest%2Fadventofcode" "/workspace/builds/worker-118/source", kill_on_drop: false }`
[INFO] [stderr] Cloning into '/workspace/builds/worker-118/source'...
[INFO] [stderr] done.
[INFO] validating manifest of git repo https://github.com/Vest/adventofcode on toolchain 1.54.0
[INFO] running `Command { std: "/workspace/cargo-home/bin/cargo" "+1.54.0" "metadata" "--manifest-path" "Cargo.toml" "--no-deps", kill_on_drop: false }`
[INFO] started tweaking git repo https://github.com/Vest/adventofcode
[INFO] finished tweaking git repo https://github.com/Vest/adventofcode
[INFO] tweaked toml for git repo https://github.com/Vest/adventofcode written to /workspace/builds/worker-118/source/Cargo.toml
[INFO] crate git repo https://github.com/Vest/adventofcode already has a lockfile, it will not be regenerated
[INFO] running `Command { std: "/workspace/cargo-home/bin/cargo" "+1.54.0" "fetch" "--manifest-path" "Cargo.toml", kill_on_drop: false }`
[INFO] [stderr]     Blocking waiting for file lock on package cache
[INFO] [stderr]     Blocking waiting for file lock on package cache
[INFO] running `Command { std: "docker" "create" "-v" "/var/lib/crater-agent-workspace/builds/worker-118/target:/opt/rustwide/target:rw,Z" "-v" "/var/lib/crater-agent-workspace/builds/worker-118/source:/opt/rustwide/workdir:ro,Z" "-v" "/var/lib/crater-agent-workspace/cargo-home:/opt/rustwide/cargo-home:ro,Z" "-v" "/var/lib/crater-agent-workspace/rustup-home:/opt/rustwide/rustup-home:ro,Z" "-e" "SOURCE_DIR=/opt/rustwide/workdir" "-e" "CARGO_TARGET_DIR=/opt/rustwide/target" "-e" "CARGO_HOME=/opt/rustwide/cargo-home" "-e" "RUSTUP_HOME=/opt/rustwide/rustup-home" "-w" "/opt/rustwide/workdir" "-m" "1610612736" "--user" "0:0" "--network" "none" "ghcr.io/rust-lang/crates-build-env/linux@sha256:34b6a614d2c27851fe6cbf88fbd1137609cefab8b10d0615aaeb6fd47975d74e" "/opt/rustwide/cargo-home/bin/cargo" "+1.54.0" "metadata" "--no-deps" "--format-version=1", kill_on_drop: false }`
[INFO] [stdout] 413f77081beb5f1195aca2f3137feca0def97fe451cdf7269b096ee78962115b
[INFO] running `Command { std: "docker" "start" "-a" "413f77081beb5f1195aca2f3137feca0def97fe451cdf7269b096ee78962115b", kill_on_drop: false }`
[INFO] running `Command { std: "docker" "inspect" "413f77081beb5f1195aca2f3137feca0def97fe451cdf7269b096ee78962115b", kill_on_drop: false }`
[INFO] running `Command { std: "docker" "rm" "-f" "413f77081beb5f1195aca2f3137feca0def97fe451cdf7269b096ee78962115b", kill_on_drop: false }`
[INFO] [stdout] 413f77081beb5f1195aca2f3137feca0def97fe451cdf7269b096ee78962115b
[INFO] running `Command { std: "docker" "create" "-v" "/var/lib/crater-agent-workspace/builds/worker-118/target:/opt/rustwide/target:rw,Z" "-v" "/var/lib/crater-agent-workspace/builds/worker-118/source:/opt/rustwide/workdir:ro,Z" "-v" "/var/lib/crater-agent-workspace/cargo-home:/opt/rustwide/cargo-home:ro,Z" "-v" "/var/lib/crater-agent-workspace/rustup-home:/opt/rustwide/rustup-home:ro,Z" "-e" "SOURCE_DIR=/opt/rustwide/workdir" "-e" "CARGO_TARGET_DIR=/opt/rustwide/target" "-e" "CARGO_INCREMENTAL=0" "-e" "RUST_BACKTRACE=full" "-e" "RUSTFLAGS=--cap-lints=warn" "-e" "CARGO_HOME=/opt/rustwide/cargo-home" "-e" "RUSTUP_HOME=/opt/rustwide/rustup-home" "-w" "/opt/rustwide/workdir" "-m" "1610612736" "--user" "0:0" "--network" "none" "ghcr.io/rust-lang/crates-build-env/linux@sha256:34b6a614d2c27851fe6cbf88fbd1137609cefab8b10d0615aaeb6fd47975d74e" "/opt/rustwide/cargo-home/bin/cargo" "+1.54.0" "build" "--frozen" "--message-format=json", kill_on_drop: false }`
[INFO] [stdout] a275b511c5635d4a230822b15c67bfe4d29aa860bd7ed6a72666954980bd81e9
[INFO] running `Command { std: "docker" "start" "-a" "a275b511c5635d4a230822b15c67bfe4d29aa860bd7ed6a72666954980bd81e9", kill_on_drop: false }`
[INFO] [stderr]     Blocking waiting for file lock on package cache
[INFO] [stderr]    Compiling libc v0.2.71
[INFO] [stderr]    Compiling memchr v2.3.3
[INFO] [stderr]    Compiling pkg-config v0.3.17
[INFO] [stderr]    Compiling cc v1.0.54
[INFO] [stderr]    Compiling bytes v0.5.5
[INFO] [stderr]    Compiling syn v1.0.32
[INFO] [stderr]    Compiling futures-core v0.3.5
[INFO] [stderr]    Compiling pin-project-internal v0.4.22
[INFO] [stderr]    Compiling itoa v0.4.6
[INFO] [stderr]    Compiling version_check v0.9.2
[INFO] [stderr]    Compiling pin-project-lite v0.1.7
[INFO] [stderr]    Compiling once_cell v1.4.0
[INFO] [stderr]    Compiling openssl v0.10.29
[INFO] [stderr]    Compiling foreign-types-shared v0.1.1
[INFO] [stderr]    Compiling httparse v1.3.4
[INFO] [stderr]    Compiling tinyvec v0.3.3
[INFO] [stderr]    Compiling pin-utils v0.1.0
[INFO] [stderr]    Compiling matches v0.1.8
[INFO] [stderr]    Compiling futures-io v0.3.5
[INFO] [stderr]    Compiling futures-sink v0.3.5
[INFO] [stderr]    Compiling native-tls v0.2.4
[INFO] [stderr]    Compiling try-lock v0.2.2
[INFO] [stderr]    Compiling serde v1.0.113
[INFO] [stderr]    Compiling openssl-probe v0.1.2
[INFO] [stderr]    Compiling tower-service v0.3.0
[INFO] [stderr]    Compiling ppv-lite86 v0.2.8
[INFO] [stderr]    Compiling encoding_rs v0.8.23
[INFO] [stderr]    Compiling dtoa v0.4.6
[INFO] [stderr]    Compiling regex-syntax v0.6.21
[INFO] [stderr]    Compiling mime v0.3.16
[INFO] [stderr]    Compiling unicode-width v0.1.8
[INFO] [stderr]    Compiling combinations v0.1.0
[INFO] [stderr]    Compiling md5 v0.7.0
[INFO] [stderr]    Compiling base64 v0.12.2
[INFO] [stderr]    Compiling vec_map v0.8.2
[INFO] [stderr]    Compiling permute v0.1.0
[INFO] [stderr]    Compiling ipnet v2.3.0
[INFO] [stderr]    Compiling num-traits v0.2.14
[INFO] [stderr]    Compiling num-integer v0.1.44
[INFO] [stderr]    Compiling num-bigint v0.2.6
[INFO] [stderr]    Compiling indexmap v1.4.0
[INFO] [stderr]    Compiling num-iter v0.1.42
[INFO] [stderr]    Compiling num-complex v0.2.4
[INFO] [stderr]    Compiling num-rational v0.2.4
[INFO] [stderr]    Compiling thread_local v1.0.1
[INFO] [stderr]    Compiling itertools v0.9.0
[INFO] [stderr]    Compiling quote v1.0.7
[INFO] [stderr]    Compiling want v0.3.0
[INFO] [stderr]    Compiling textwrap v0.11.0
[INFO] [stderr]    Compiling foreign-types v0.3.2
[INFO] [stderr]    Compiling openssl-sys v0.9.58
[INFO] [stderr]    Compiling futures-task v0.3.5
[INFO] [stderr]    Compiling futures-channel v0.3.5
[INFO] [stderr]    Compiling http v0.2.1
[INFO] [stderr]    Compiling unicode-bidi v0.3.4
[INFO] [stderr]    Compiling unicase v2.6.0
[INFO] [stderr]    Compiling unicode-normalization v0.1.13
[INFO] [stderr]    Compiling adv2020 v0.17.0 (/opt/rustwide/workdir/adv2020)
[INFO] [stderr]    Compiling idna v0.2.0
[INFO] [stderr]    Compiling http-body v0.3.1
[INFO] [stderr]    Compiling url v2.1.1
[INFO] [stderr]    Compiling aho-corasick v0.7.13
[INFO] [stderr]    Compiling net2 v0.2.34
[INFO] [stderr]    Compiling iovec v0.1.4
[INFO] [stderr]    Compiling num_cpus v1.13.0
[INFO] [stderr]    Compiling getrandom v0.1.14
[INFO] [stderr]    Compiling socket2 v0.3.12
[INFO] [stderr]    Compiling time v0.1.43
[INFO] [stderr]    Compiling atty v0.2.14
[INFO] [stderr]    Compiling regex v1.4.2
[INFO] [stderr]    Compiling clap v2.33.3
[INFO] [stderr]    Compiling rand_core v0.5.1
[INFO] [stderr]    Compiling mio v0.6.22
[INFO] [stderr]    Compiling rand_chacha v0.2.2
[INFO] [stderr]    Compiling mime_guess v2.0.3
[INFO] [stderr]    Compiling rand v0.7.3
[INFO] [stderr]    Compiling tokio v0.2.21
[INFO] [stderr]    Compiling serde_urlencoded v0.6.1
[INFO] [stderr]    Compiling num v0.2.1
[INFO] [stderr]    Compiling divisors v0.2.1
[INFO] [stderr]    Compiling adv2015 v0.25.0 (/opt/rustwide/workdir/adv2015)
[INFO] [stderr]    Compiling tokio-util v0.3.1
[INFO] [stderr]    Compiling tokio-tls v0.3.1
[INFO] [stderr]    Compiling pin-project v0.4.22
[INFO] [stderr]    Compiling futures-util v0.3.5
[INFO] [stderr]    Compiling h2 v0.2.5
[INFO] [stderr]    Compiling hyper v0.13.6
[INFO] [stderr]    Compiling hyper-tls v0.4.1
[INFO] [stderr]    Compiling reqwest v0.10.8
[INFO] [stderr]    Compiling adventofcode v0.2.17 (/opt/rustwide/workdir/adventofcode)
[INFO] [stderr]     Finished dev [unoptimized + debuginfo] target(s) in 1m 14s
[INFO] running `Command { std: "docker" "inspect" "a275b511c5635d4a230822b15c67bfe4d29aa860bd7ed6a72666954980bd81e9", kill_on_drop: false }`
[INFO] running `Command { std: "docker" "rm" "-f" "a275b511c5635d4a230822b15c67bfe4d29aa860bd7ed6a72666954980bd81e9", kill_on_drop: false }`
[INFO] [stdout] a275b511c5635d4a230822b15c67bfe4d29aa860bd7ed6a72666954980bd81e9
[INFO] running `Command { std: "docker" "create" "-v" "/var/lib/crater-agent-workspace/builds/worker-118/target:/opt/rustwide/target:rw,Z" "-v" "/var/lib/crater-agent-workspace/builds/worker-118/source:/opt/rustwide/workdir:ro,Z" "-v" "/var/lib/crater-agent-workspace/cargo-home:/opt/rustwide/cargo-home:ro,Z" "-v" "/var/lib/crater-agent-workspace/rustup-home:/opt/rustwide/rustup-home:ro,Z" "-e" "SOURCE_DIR=/opt/rustwide/workdir" "-e" "CARGO_TARGET_DIR=/opt/rustwide/target" "-e" "CARGO_INCREMENTAL=0" "-e" "RUST_BACKTRACE=full" "-e" "RUSTFLAGS=--cap-lints=warn" "-e" "CARGO_HOME=/opt/rustwide/cargo-home" "-e" "RUSTUP_HOME=/opt/rustwide/rustup-home" "-w" "/opt/rustwide/workdir" "-m" "1610612736" "--user" "0:0" "--network" "none" "ghcr.io/rust-lang/crates-build-env/linux@sha256:34b6a614d2c27851fe6cbf88fbd1137609cefab8b10d0615aaeb6fd47975d74e" "/opt/rustwide/cargo-home/bin/cargo" "+1.54.0" "test" "--frozen" "--no-run" "--message-format=json", kill_on_drop: false }`
[INFO] [stdout] 894e1b359a98c01230074c91662330d39f4529450752184ae3af6f4937db2023
[INFO] running `Command { std: "docker" "start" "-a" "894e1b359a98c01230074c91662330d39f4529450752184ae3af6f4937db2023", kill_on_drop: false }`
[INFO] [stderr]     Blocking waiting for file lock on package cache
[INFO] [stderr]     Blocking waiting for file lock on package cache
[INFO] [stderr]    Compiling adv2020 v0.17.0 (/opt/rustwide/workdir/adv2020)
[INFO] [stderr]    Compiling adv2015 v0.25.0 (/opt/rustwide/workdir/adv2015)
[INFO] [stderr]    Compiling adventofcode v0.2.17 (/opt/rustwide/workdir/adventofcode)
[INFO] [stderr]     Finished test [unoptimized + debuginfo] target(s) in 9.66s
[INFO] running `Command { std: "docker" "inspect" "894e1b359a98c01230074c91662330d39f4529450752184ae3af6f4937db2023", kill_on_drop: false }`
[INFO] running `Command { std: "docker" "rm" "-f" "894e1b359a98c01230074c91662330d39f4529450752184ae3af6f4937db2023", kill_on_drop: false }`
[INFO] [stdout] 894e1b359a98c01230074c91662330d39f4529450752184ae3af6f4937db2023
[INFO] running `Command { std: "docker" "create" "-v" "/var/lib/crater-agent-workspace/builds/worker-118/target:/opt/rustwide/target:rw,Z" "-v" "/var/lib/crater-agent-workspace/builds/worker-118/source:/opt/rustwide/workdir:ro,Z" "-v" "/var/lib/crater-agent-workspace/cargo-home:/opt/rustwide/cargo-home:ro,Z" "-v" "/var/lib/crater-agent-workspace/rustup-home:/opt/rustwide/rustup-home:ro,Z" "-e" "SOURCE_DIR=/opt/rustwide/workdir" "-e" "CARGO_TARGET_DIR=/opt/rustwide/target" "-e" "CARGO_INCREMENTAL=0" "-e" "RUST_BACKTRACE=full" "-e" "RUSTFLAGS=--cap-lints=warn" "-e" "CARGO_HOME=/opt/rustwide/cargo-home" "-e" "RUSTUP_HOME=/opt/rustwide/rustup-home" "-w" "/opt/rustwide/workdir" "-m" "1610612736" "--user" "0:0" "--network" "none" "ghcr.io/rust-lang/crates-build-env/linux@sha256:34b6a614d2c27851fe6cbf88fbd1137609cefab8b10d0615aaeb6fd47975d74e" "/opt/rustwide/cargo-home/bin/cargo" "+1.54.0" "test" "--frozen", kill_on_drop: false }`
[INFO] [stdout] e4d629792c178345b4fc4b463b1836dbdae55c14b5e0b28f9ac353b9d666d55f
[INFO] running `Command { std: "docker" "start" "-a" "e4d629792c178345b4fc4b463b1836dbdae55c14b5e0b28f9ac353b9d666d55f", kill_on_drop: false }`
[INFO] [stderr]     Blocking waiting for file lock on package cache
[INFO] [stderr]     Finished test [unoptimized + debuginfo] target(s) in 4.51s
[INFO] [stderr]      Running unittests (/opt/rustwide/target/debug/deps/adv2015-45636583b1a51ed7)
[INFO] [stdout] 
[INFO] [stdout] running 210 tests
[INFO] [stdout] test day11::tests::test_find_next_slow ... ignored
[INFO] [stdout] test day10::tests::test_convert_to_look ... ok
[INFO] [stdout] test day11::tests::test_is_increased ... ok
[INFO] [stdout] test day11::tests::test_is_not_confusing ... ok
[INFO] [stdout] test day11::tests::test_password_inc ... ok
[INFO] [stdout] test day11::tests::test_password_iter ... ok
[INFO] [stdout] test day11::tests::test_password_inc_close_to_max ... ok
[INFO] [stdout] test day11::tests::test_password_new ... ok
[INFO] [stdout] test day12::tests::test_extract_numbers_1 ... ok
[INFO] [stdout] test day11::tests::test_has_pairs ... ok
[INFO] [stdout] test day13::tests::test_parse_line_2 ... ok
[INFO] [stdout] test day15::tests::test_find_spoons ... ok
[INFO] [stdout] test day15::tests::test_get_answer ... ok
[INFO] [stdout] test day15::tests::test_find_spoons_with_calories ... ok
[INFO] [stdout] test day12::tests::test_extract_numbers_5 ... ok
[INFO] [stdout] test day15::tests::test_parse_line ... ok
[INFO] [stdout] test day15::tests::test_get_answer_with_calories ... ok
[INFO] [stdout] test day12::tests::test_extract_numbers_2 ... ok
[INFO] [stdout] test day15::tests::test_parse_lines ... ok
[INFO] [stdout] test day16::tests::test_things_from_str ... ok
[INFO] [stdout] test day12::tests::test_extract_numbers_3 ... ok
[INFO] [stdout] test day15::tests::test_calc_spoons ... ok
[INFO] [stdout] test day17::tests::test_find_cans_combination_count ... ok
[INFO] [stdout] test day17::tests::test_parse_to_available_cans ... ok
[INFO] [stdout] test day13::tests::test_parse_line_1 ... ok
[INFO] [stdout] test day17::tests::test_impossible ... ok
[INFO] [stdout] test day17::tests::test_zeroes ... ok
[INFO] [stdout] test day1::tests::test_count_wrong_position ... ok
[INFO] [stdout] test day18::tests::test_break_circuit ... ok
[INFO] [stdout] test day20::tests::test_get_richest_house_slow ... ignored
[INFO] [stdout] test day18::tests::test_parse_grid ... ok
[INFO] [stdout] test day18::tests::test_build_grid ... ok
[INFO] [stdout] test day14::tests::test_parse_line ... ok
[INFO] [stdout] test day12::tests::test_sum_numbers_1 ... ok
[INFO] [stdout] test day12::tests::test_find_json_object ... ok
[INFO] [stdout] test day12::tests::test_extract_numbers_8 ... ok
[INFO] [stdout] test day19::tests::test_build_molecules ... ok
[INFO] [stdout] test day19::tests::test_parse_single_replace ... ok
[INFO] [stdout] test day1::tests::test_count_brackets ... ok
[INFO] [stdout] test day19::tests::test_build_molecule_from_e ... ok
[INFO] [stdout] test day10::tests::test_calc_length ... ok
[INFO] [stdout] test day12::tests::test_sum_numbers_2 ... ok
[INFO] [stdout] test day13::tests::test_calculate_happiness ... ok
[INFO] [stdout] test day19::tests::test_parse_all ... ok
[INFO] [stdout] test day22::tests::test_simulate_draw ... ok
[INFO] [stdout] test day13::tests::test_build_relationships ... ok
[INFO] [stdout] test day18::tests::test_neighbors_count_middle ... ok
[INFO] [stdout] test day13::tests::test_extract_names ... ok
[INFO] [stdout] test day18::tests::test_neighbors_count_top_left ... ok
[INFO] [stdout] test day13::tests::test_parse_input ... ok
[INFO] [stdout] test day13::tests::test_calculate_everyone ... ok
[INFO] [stdout] test day21::tests::test_parse_enemy ... ok
[INFO] [stdout] test day14::tests::test_calculate_deer ... ok
[INFO] [stdout] test day18::tests::test_neighbors_count_top_right ... ok
[INFO] [stdout] test day14::tests::test_find_fastest_deer ... ok
[INFO] [stdout] test day14::tests::test_deer_race ... ok
[INFO] [stdout] test day17::tests::test_get_total_count_of_combinations ... ok
[INFO] [stdout] test day19::tests::test_build_santa_molecule_from_e ... ok
[INFO] [stdout] test day12::tests::test_extract_numbers_7 ... ok
[INFO] [stdout] test day12::tests::test_extract_numbers_6 ... ok
[INFO] [stdout] test day18::tests::test_neighbors_count_zero ... ok
[INFO] [stdout] test day11::tests::test_password_inc_max ... ok
[INFO] [stdout] test day17::tests::test_find_k ... ok
[INFO] [stdout] test day16::tests::test_aunt_from_str ... ok
[INFO] [stdout] test day17::tests::test_get_minimal_count_of_cans ... ok
[INFO] [stdout] test day16::tests::test_aunt_from_str_error_aunt ... ok
[INFO] [stdout] test day16::tests::test_aunt_from_str_error_token ... ok
[INFO] [stdout] test day16::tests::test_cannot_find_ideal_aunt ... ok
[INFO] [stdout] test day16::tests::test_cannot_get_answer ... ok
[INFO] [stdout] test day16::tests::test_cannot_get_answer_from_retroencabulator ... ok
[INFO] [stdout] test day19::tests::test_count_unique_molecules ... ok
[INFO] [stdout] test day16::tests::test_find_ideal_aunt ... ok
[INFO] [stdout] test day21::tests::test_attack ... ok
[INFO] [stdout] test day16::tests::test_get_answer ... ok
[INFO] [stdout] test day21::tests::test_coverage ... ok
[INFO] [stdout] test day16::tests::test_get_answer_from_retroencabulator ... ok
[INFO] [stdout] test day16::tests::test_get_empty_answer ... ok
[INFO] [stdout] test day16::tests::test_parse_aunts ... ok
[INFO] [stdout] test day18::tests::test_evolve ... ok
[INFO] [stdout] test day22::tests::test_is_queue_valid ... ok
[INFO] [stdout] test day22::tests::test_parse_enemy ... ok
[INFO] [stdout] test day16::tests::test_parse_ideal_aunt ... ok
[INFO] [stdout] test day12::tests::test_extract_numbers_4 ... ok
[INFO] [stdout] test day21::tests::test_human_death ... ok
[INFO] [stdout] test day22::tests::test_battle_eq ... ok
[INFO] [stdout] test day22::tests::test_find_possible_actions ... ok
[INFO] [stdout] test day18::tests::test_parse_empty_grid ... ok
[INFO] [stdout] test day19::tests::test_count_unique_molecules_empty ... ok
[INFO] [stdout] test day1::tests::test_count_position ... ok
[INFO] [stdout] test day1::tests::test_count_unexpected_char_position ... ok
[INFO] [stdout] test day20::tests::test_count_presents ... ok
[INFO] [stdout] test day20::tests::test_count_strike_presents ... ok
[INFO] [stdout] test day20::tests::test_find_house ... ok
[INFO] [stdout] test day21::tests::test_fight_to_death ... ok
[INFO] [stdout] test day22::tests::test_from_u8 ... ok
[INFO] [stdout] test day12::tests::test_scan_deep ... ok
[INFO] [stdout] test day19::tests::test_split_molecule ... ok
[INFO] [stdout] test day19::tests::test_count_molecules_from_electron ... ok
[INFO] [stdout] test day19::tests::test_build_molecules_santa ... ok
[INFO] [stdout] test day21::tests::test_fight_with_uber_boss ... ok
[INFO] [stdout] test day21::tests::test_find_expensive_loser ... ok
[INFO] [stdout] test day22::tests::test_simulate_easy_battle_1 ... ok
[INFO] [stdout] test day22::tests::test_simulate_hard_battle_1 ... ok
[INFO] [stdout] test day23::tests::test_machine_4 ... ok
[INFO] [stdout] test day23::tests::test_machine_4_overflow ... ok
[INFO] [stdout] test day22::tests::test_structs ... ok
[INFO] [stdout] test day22::tests::test_simulate_easy_battle_3 ... ok
[INFO] [stdout] test day24::tests::test_parse_packages ... ok
[INFO] [stdout] test day25::tests::test_find_code ... ok
[INFO] [stdout] test day24::tests::test_subtract_vectors ... ok
[INFO] [stdout] test day25::tests::test_parse_bad_input ... ok
[INFO] [stdout] test day25::tests::test_parse_input ... ok
[INFO] [stdout] test day2::tests::test_calc_packs ... ok
[INFO] [stdout] test day2::tests::test_calc_paper_max ... ok
[INFO] [stdout] test day2::tests::test_calc_paper_random ... ok
[INFO] [stdout] test day2::tests::test_calc_paper_simple ... ok
[INFO] [stdout] test day23::tests::test_machine_6b ... ok
[INFO] [stdout] test day23::tests::test_machine_6a ... ok
[INFO] [stdout] test day23::tests::test_debug ... ok
[INFO] [stdout] test day23::tests::test_machine_5 ... ok
[INFO] [stdout] test day22::tests::test_simulate_easy_battle_2 ... ok
[INFO] [stdout] test day23::tests::test_machine_7a ... ok
[INFO] [stdout] test day2::tests::test_calc_ribbon ... ok
[INFO] [stdout] test day2::tests::test_parse_line ... ok
[INFO] [stdout] test day3::tests::test_circle ... ok
[INFO] [stdout] test day2::tests::test_calc_ribbons ... ok
[INFO] [stdout] test day4::tests::test_calc_md5 ... ok
[INFO] [stdout] test day22::tests::test_simulate_easy_battle_4 ... ok
[INFO] [stdout] test day23::tests::test_machine_1 ... ok
[INFO] [stdout] test day23::tests::test_machine_3 ... ok
[INFO] [stdout] test day23::tests::test_parse_code ... ok
[INFO] [stdout] test day24::tests::test_find_optimal_qe ... ok
[INFO] [stdout] test day25::tests::test_list_codes ... ok
[INFO] [stdout] test day3::tests::test_count_houses ... ok
[INFO] [stdout] test day25::tests::test_find_next_code ... ok
[INFO] [stdout] test day24::tests::test_calc_qe ... ok
[INFO] [stdout] test day23::tests::test_machine_7b ... ok
[INFO] [stdout] test day23::tests::test_instruction_from_str ... ok
[INFO] [stdout] test day23::tests::test_machine_2 ... ok
[INFO] [stdout] test day3::tests::test_two_steps ... ok
[INFO] [stdout] test day3::tests::test_count_houses_together ... ok
[INFO] [stdout] test day4::tests::test_mine_suffix_slow ... ignored
[INFO] [stdout] test day4::tests::test_is_adventcoin ... ok
[INFO] [stdout] test day5::tests::test_count_nice_lines_advanced ... ok
[INFO] [stdout] test day5::tests::test_naughty ... ok
[INFO] [stdout] test day5::tests::test_is_naughty_advanced_bugfix ... ok
[INFO] [stdout] test day5::tests::test_is_nice_advanced ... ok
[INFO] [stdout] test day5::tests::test_count_nice ... ok
[INFO] [stdout] test day5::tests::test_is_naughty_advanced ... ok
[INFO] [stdout] test day6::tests::test_debug ... ok
[INFO] [stdout] test day4::tests::test_mine_suffix_fast ... ok
[INFO] [stdout] test day6::tests::test_get_token_turn_off ... ok
[INFO] [stdout] test day21::tests::test_generator ... ok
[INFO] [stdout] test day5::tests::test_nice ... ok
[INFO] [stdout] test day6::tests::test_multiline_parser ... ok
[INFO] [stdout] test day6::tests::test_get_token_turn_on ... ok
[INFO] [stdout] test day6::tests::test_parser ... ok
[INFO] [stdout] test day7::tests::test_get_token_assign ... ok
[INFO] [stdout] test day6::tests::test_lexer ... ok
[INFO] [stdout] test day7::tests::test_interpreter ... ok
[INFO] [stdout] test day7::tests::test_bobby_interpreter_empty ... ok
[INFO] [stdout] test day7::tests::test_lexer_eof ... ok
[INFO] [stdout] test day7::tests::test_debug ... ok
[INFO] [stdout] test day6::tests::test_invalid_parser ... ok
[INFO] [stdout] test day6::tests::test_partial_eq ... ok
[INFO] [stdout] test day7::tests::test_display ... ok
[INFO] [stdout] test day7::tests::test_get_token_and ... ok
[INFO] [stdout] test day7::tests::test_get_token_lshift ... ok
[INFO] [stdout] test day6::tests::test_lexer_unexpected_token ... ok
[INFO] [stdout] test day7::tests::test_bobby_interpreter ... ok
[INFO] [stdout] test day5::tests::test_is_nice_advanced_bugfix ... ok
[INFO] [stdout] test day6::tests::test_display ... ok
[INFO] [stdout] test day8::tests::test_count_literals ... ok
[INFO] [stdout] test day7::tests::test_parser_with_const ... ok
[INFO] [stdout] test day8::tests::test_calc_difference ... ok
[INFO] [stdout] test day8::tests::test_count_chars ... ok
[INFO] [stdout] test day8::tests::test_unescape ... ok
[INFO] [stdout] test day9::tests::test_routes ... ok
[INFO] [stdout] test day8::tests::test_escape ... ok
[INFO] [stdout] test day8::tests::test_count_escaped_chars ... ok
[INFO] [stdout] test day9::tests::test_parse_to_path ... ok
[INFO] [stdout] test day9::tests::test_santa ... ok
[INFO] [stdout] test day21::tests::test_find_cheapest_warrior ... ok
[INFO] [stdout] test day7::tests::test_answers ... ok
[INFO] [stdout] test day11::tests::test_find_next_fast ... ok
[INFO] [stdout] test day7::tests::test_get_token_or ... ok
[INFO] [stdout] test day7::tests::test_get_token_rshift ... ok
[INFO] [stdout] test day7::tests::test_lexer ... ok
[INFO] [stdout] test day7::tests::test_get_token_not ... ok
[INFO] [stdout] test day7::tests::test_parser_errors ... ok
[INFO] [stdout] test day7::tests::test_parser ... ok
[INFO] [stdout] test day8::tests::test_calc_new_difference ... ok
[INFO] [stdout] test day6::tests::test_get_token_toggle ... ok
[INFO] [stdout] test day6::tests::test_count_bulbs ... ok
[INFO] [stdout] test day6::tests::test_wrong_syntax ... ok
[INFO] [stdout] test day20::tests::test_get_richest_house_fast ... ok
[INFO] [stdout] test day6::tests::test_santa_interpreter ... ok
[INFO] [stdout] test day6::tests::test_santa_better_interpreter_one_toggle ... ok
[INFO] [stdout] test day6::tests::test_count_brightness ... ok
[INFO] [stdout] test day6::tests::test_santa_reset ... ok
[INFO] [stdout] test day6::tests::test_santa_interpreter_all_off ... ok
[INFO] [stdout] test day6::tests::test_santa_better_reset ... ok
[INFO] [stdout] test day6::tests::test_santa_interpreter_all_on ... ok
[INFO] [stdout] test day6::tests::test_santa_better_interpreter_all_toggle ... ok
[INFO] [stdout] test day6::tests::test_santa_better_interpreter_all_on ... ok
[INFO] [stdout] test day6::tests::test_santa_interpreter_all_toggle ... ok
[INFO] [stdout] test day6::tests::test_santa_better_interpreter_all_off ... ok
[INFO] [stdout] test day18::tests::test_empty_get_answer_broken ... ok
[INFO] [stdout] test day18::tests::test_empty_get_answer_normal ... ok
[INFO] [stdout] test tests::test_print_answers has been running for over 60 seconds
[INFO] [stdout] test tests::test_print_answers ... ok
[INFO] [stdout] 
[INFO] [stdout] test result: ok. 207 passed; 0 failed; 3 ignored; 0 measured; 0 filtered out; finished in 63.78s
[INFO] [stdout] 
[INFO] [stderr]      Running unittests (/opt/rustwide/target/debug/deps/adv2020-e3d85c0c5c7d2fdc)
[INFO] [stdout] 
[INFO] [stdout] running 88 tests
[INFO] [stdout] test day10::tests::test_count_one_diff_joints ... ok
[INFO] [stdout] test day10::tests::test_count_possible_valid_chains ... ok
[INFO] [stdout] test day10::tests::test_empty_answers ... ok
[INFO] [stdout] test day10::tests::test_find_one_by_three ... ok
[INFO] [stdout] test day10::tests::test_group_by_difference ... ok
[INFO] [stdout] test day10::tests::test_parse_as_sorted ... ok
[INFO] [stdout] test day11::tests::test_empty_answers ... ok
[INFO] [stdout] test day15::tests::test_find_number_30000000 ... ignored
[INFO] [stdout] test day14::tests::test_apply_mask ... ok
[INFO] [stdout] test day14::tests::test_bit_to_usize ... ok
[INFO] [stdout] test day11::tests::test_seat_debug ... ok
[INFO] [stdout] test day10::tests::test_is_chain_valid ... ok
[INFO] [stdout] test day14::tests::test_find_answer1 ... ok
[INFO] [stdout] test day13::tests::test_chinese_remainder_theorem ... ok
[INFO] [stdout] test day11::tests::test_plane ... ok
[INFO] [stdout] test day14::tests::test_find_answer2 ... ok
[INFO] [stdout] test day11::tests::test_plane_direct_evolution ... ok
[INFO] [stdout] test day11::tests::test_plane_visible_evolution ... ok
[INFO] [stdout] test day14::tests::test_create_mask ... ok
[INFO] [stdout] test day13::tests::test_find_earliest_bus ... ok
[INFO] [stdout] test day13::tests::test_find_earliest_timestamp ... ok
[INFO] [stdout] test day14::tests::test_extract_address_value ... ok
[INFO] [stdout] test day14::tests::test_extract_mask ... ok
[INFO] [stdout] test day14::tests::test_empty_answers ... ok
[INFO] [stdout] test day13::tests::test_empty_answers ... ok
[INFO] [stdout] test day13::tests::test_find_next_bus ... ok
[INFO] [stdout] test day11::tests::test_count_visible_neighbours ... ok
[INFO] [stdout] test day14::tests::test_generate_addresses ... ok
[INFO] [stdout] test day15::tests::test_game_new ... ok
[INFO] [stdout] test day12::tests::test_empty_answers ... ok
[INFO] [stdout] test day15::tests::test_empty_answers ... ok
[INFO] [stdout] test day16::tests::test_map_rule ... ok
[INFO] [stdout] test day1::tests::test_parse_input ... ok
[INFO] [stdout] test day15::tests::test_simulate_rounds ... ok
[INFO] [stdout] test day16::tests::test_validate_all_rules ... ok
[INFO] [stdout] test day1::tests::test_find_no_pair_with_sum ... ok
[INFO] [stdout] test day1::tests::test_find_pair_with_sum ... ok
[INFO] [stdout] test day16::tests::test_find_invalid_tickets ... ok
[INFO] [stdout] test day2::tests::test_count_complex_passwords ... ok
[INFO] [stdout] test day16::tests::test_is_number_correct ... ok
[INFO] [stdout] test day16::tests::test_parse_numbers ... ok
[INFO] [stdout] test day17::tests::test_cube_set ... ok
[INFO] [stdout] test day1::tests::test_find_expenses ... ok
[INFO] [stdout] test day1::tests::test_find_more_expenses ... ok
[INFO] [stdout] test day16::tests::test_find_validation_combination ... ok
[INFO] [stdout] test day16::tests::test_extract_rules ... ok
[INFO] [stdout] test day16::tests::test_find_departure_tickets ... ok
[INFO] [stdout] test day1::tests::test_find_triple_with_sum ... ok
[INFO] [stdout] test day15::tests::test_find_number_2020 ... ok
[INFO] [stdout] test day16::tests::test_empty_answers ... ok
[INFO] [stdout] test day3::tests::test_answers ... ok
[INFO] [stdout] test day3::tests::test_cell_debug ... ok
[INFO] [stdout] test day2::tests::test_count_simple_passwords ... ok
[INFO] [stdout] test day2::tests::test_is_password_simple ... ok
[INFO] [stdout] test day2::tests::test_parse_input ... ok
[INFO] [stdout] test day2::tests::test_is_password_complex ... ok
[INFO] [stdout] test day3::tests::test_count_multiple_slopes ... ok
[INFO] [stdout] test day3::tests::test_count_trees ... ok
[INFO] [stdout] test day3::tests::test_count_single_slope ... ok
[INFO] [stdout] test day17::tests::test_load_from_string ... ok
[INFO] [stdout] test day3::tests::test_count_trees_advanced ... ok
[INFO] [stdout] test day8::tests::test_parse_program ... ok
[INFO] [stdout] test day5::tests::test_parse_seat ... ok
[INFO] [stdout] test day9::tests::test_find_weak_number ... ok
[INFO] [stdout] test day4::tests::test_parse_input ... ok
[INFO] [stdout] test day7::tests::test_empty_answers ... ok
[INFO] [stdout] test day6::tests::test_empty_answers ... ok
[INFO] [stdout] test day5::tests::test_empty_answers ... ok
[INFO] [stdout] test day4::tests::test_is_height ... ok
[INFO] [stdout] test day8::tests::test_execute_programs ... ok
[INFO] [stdout] test day4::tests::test_has_all_data ... ok
[INFO] [stdout] test day5::tests::test_find_maximum_seat_id ... ok
[INFO] [stdout] test day4::tests::test_is_pid ... ok
[INFO] [stdout] test day8::tests::test_parse_line ... ok
[INFO] [stdout] test day4::tests::test_is_hex_color ... ok
[INFO] [stdout] test day5::tests::test_find_your_seat ... ok
[INFO] [stdout] test day9::tests::test_empty_answers ... ok
[INFO] [stdout] test day5::tests::test_parse_seats ... ok
[INFO] [stdout] test day8::tests::test_execute_program ... ok
[INFO] [stdout] test day9::tests::test_find_possible_sum ... ok
[INFO] [stdout] test day17::tests::test_empty_answers ... ok
[INFO] [stdout] test day3::tests::test_parse_input ... ok
[INFO] [stdout] test day4::tests::test_is_valid_advanced ... ok
[INFO] [stdout] test day4::tests::test_answers ... ok
[INFO] [stdout] test day9::tests::test_parse_input ... ok
[INFO] [stdout] test tests::test_print_answers ... ok
[INFO] [stdout] test day17::tests::test_evolve ... ok
[INFO] [stderr]      Running unittests (/opt/rustwide/target/debug/deps/adventofcode-990d0adfe697ebec)
[INFO] [stdout] test day17::tests::test_evolve_hyper_cube ... ok
[INFO] [stdout] 
[INFO] [stdout] test result: ok. 87 passed; 0 failed; 1 ignored; 0 measured; 0 filtered out; finished in 5.78s
[INFO] [stdout] 
[INFO] [stdout] 
[INFO] [stdout] running 1 test
[INFO] [stdout] test advent::tests::test_get_input ... FAILED
[INFO] [stdout] 
[INFO] [stdout] failures:
[INFO] [stdout] 
[INFO] [stdout] ---- advent::tests::test_get_input stdout ----
[INFO] [stdout] thread 'advent::tests::test_get_input' panicked at 'The input response is not successful', adventofcode/src/advent.rs:55:9
[INFO] [stdout] stack backtrace:
[INFO] [stdout]    0:     0x55afff9077c0 - std::backtrace_rs::backtrace::libunwind::trace::h34055254b57d8e79
[INFO] [stdout]                                at /rustc/a178d0322ce20e33eac124758e837cbd80a6f633/library/std/src/../../backtrace/src/backtrace/libunwind.rs:90:5
[INFO] [stdout]    1:     0x55afff9077c0 - std::backtrace_rs::backtrace::trace_unsynchronized::h8f1e3fbd9afff6ec
[INFO] [stdout]                                at /rustc/a178d0322ce20e33eac124758e837cbd80a6f633/library/std/src/../../backtrace/src/backtrace/mod.rs:66:5
[INFO] [stdout]    2:     0x55afff9077c0 - std::sys_common::backtrace::_print_fmt::h3a99a796b770c360
[INFO] [stdout]                                at /rustc/a178d0322ce20e33eac124758e837cbd80a6f633/library/std/src/sys_common/backtrace.rs:67:5
[INFO] [stdout]    3:     0x55afff9077c0 - <std::sys_common::backtrace::_print::DisplayBacktrace as core::fmt::Display>::fmt::h32d1f94a80615d18
[INFO] [stdout]                                at /rustc/a178d0322ce20e33eac124758e837cbd80a6f633/library/std/src/sys_common/backtrace.rs:46:22
[INFO] [stdout]    4:     0x55afff92ae7c - core::fmt::write::h306731c068f7162c
[INFO] [stdout]                                at /rustc/a178d0322ce20e33eac124758e837cbd80a6f633/library/core/src/fmt/mod.rs:1110:17
[INFO] [stdout]    5:     0x55afff9012f5 - std::io::Write::write_fmt::h87f19b0a2cd190bc
[INFO] [stdout]                                at /rustc/a178d0322ce20e33eac124758e837cbd80a6f633/library/std/src/io/mod.rs:1588:15
[INFO] [stdout]    6:     0x55afff90999b - std::sys_common::backtrace::_print::h5abaa2601a852287
[INFO] [stdout]                                at /rustc/a178d0322ce20e33eac124758e837cbd80a6f633/library/std/src/sys_common/backtrace.rs:49:5
[INFO] [stdout]    7:     0x55afff90999b - std::sys_common::backtrace::print::h8d81445442bb638f
[INFO] [stdout]                                at /rustc/a178d0322ce20e33eac124758e837cbd80a6f633/library/std/src/sys_common/backtrace.rs:36:9
[INFO] [stdout]    8:     0x55afff90999b - std::panicking::default_hook::{{closure}}::hcfe804496a9fa747
[INFO] [stdout]                                at /rustc/a178d0322ce20e33eac124758e837cbd80a6f633/library/std/src/panicking.rs:208:50
[INFO] [stdout]    9:     0x55afff9094ac - std::panicking::default_hook::hbea8e3ccf2ba8901
[INFO] [stdout]                                at /rustc/a178d0322ce20e33eac124758e837cbd80a6f633/library/std/src/panicking.rs:222:9
[INFO] [stdout]   10:     0x55afff90a064 - std::panicking::rust_panic_with_hook::h7ee9e1a2d0f8975a
[INFO] [stdout]                                at /rustc/a178d0322ce20e33eac124758e837cbd80a6f633/library/std/src/panicking.rs:622:17
[INFO] [stdout]   11:     0x55afff4b8613 - std::panicking::begin_panic::{{closure}}::hcd822801ca06d3b4
[INFO] [stdout]                                at /rustc/a178d0322ce20e33eac124758e837cbd80a6f633/library/std/src/panicking.rs:542:9
[INFO] [stdout]   12:     0x55afff4b83f9 - std::sys_common::backtrace::__rust_end_short_backtrace::h089a740bc66993de
[INFO] [stdout]                                at /rustc/a178d0322ce20e33eac124758e837cbd80a6f633/library/std/src/sys_common/backtrace.rs:141:18
[INFO] [stdout]   13:     0x55afff4b8549 - std::panicking::begin_panic::h2acd827e8d7b248f
[INFO] [stdout]                                at /rustc/a178d0322ce20e33eac124758e837cbd80a6f633/library/std/src/panicking.rs:541:12
[INFO] [stdout]   14:     0x55afff4b7ba4 - adventofcode::advent::tests::test_get_input::hab09c80039a52bcc
[INFO] [stdout]                                at /opt/rustwide/workdir/adventofcode/src/advent.rs:55:9
[INFO] [stdout]   15:     0x55afff4b7aaa - adventofcode::advent::tests::test_get_input::{{closure}}::h35f2e2a05eafc36a
[INFO] [stdout]                                at /opt/rustwide/workdir/adventofcode/src/advent.rs:53:5
[INFO] [stdout]   16:     0x55afff4b6d0e - core::ops::function::FnOnce::call_once::h7c286a3475527e97
[INFO] [stdout]                                at /rustc/a178d0322ce20e33eac124758e837cbd80a6f633/library/core/src/ops/function.rs:227:5
[INFO] [stdout]   17:     0x55afff4e1f13 - core::ops::function::FnOnce::call_once::h152e7e439ff59e19
[INFO] [stdout]                                at /rustc/a178d0322ce20e33eac124758e837cbd80a6f633/library/core/src/ops/function.rs:227:5
[INFO] [stdout]   18:     0x55afff4e1f13 - test::__rust_begin_short_backtrace::h0908f3b1fdbb72ab
[INFO] [stdout]                                at /rustc/a178d0322ce20e33eac124758e837cbd80a6f633/library/test/src/lib.rs:577:5
[INFO] [stdout]   19:     0x55afff4e09d0 - <alloc::boxed::Box<F,A> as core::ops::function::FnOnce<Args>>::call_once::hf6d2a51e5587546c
[INFO] [stdout]                                at /rustc/a178d0322ce20e33eac124758e837cbd80a6f633/library/alloc/src/boxed.rs:1575:9
[INFO] [stdout]   20:     0x55afff4e09d0 - <std::panic::AssertUnwindSafe<F> as core::ops::function::FnOnce<()>>::call_once::h8af660f3a89ef593
[INFO] [stdout]                                at /rustc/a178d0322ce20e33eac124758e837cbd80a6f633/library/std/src/panic.rs:347:9
[INFO] [stdout]   21:     0x55afff4e09d0 - std::panicking::try::do_call::hd36aef60f84b6d36
[INFO] [stdout]                                at /rustc/a178d0322ce20e33eac124758e837cbd80a6f633/library/std/src/panicking.rs:401:40
[INFO] [stdout]   22:     0x55afff4e09d0 - std::panicking::try::h9932b4480e69817c
[INFO] [stdout]                                at /rustc/a178d0322ce20e33eac124758e837cbd80a6f633/library/std/src/panicking.rs:365:19
[INFO] [stdout]   23:     0x55afff4e09d0 - std::panic::catch_unwind::h6aa177099cfff5f8
[INFO] [stdout]                                at /rustc/a178d0322ce20e33eac124758e837cbd80a6f633/library/std/src/panic.rs:434:14
[INFO] [stdout]   24:     0x55afff4e09d0 - test::run_test_in_process::h5884d6f2d99e20c3
[INFO] [stdout]                                at /rustc/a178d0322ce20e33eac124758e837cbd80a6f633/library/test/src/lib.rs:600:18
[INFO] [stdout]   25:     0x55afff4e09d0 - test::run_test::run_test_inner::{{closure}}::h6fdc58c6d5f5b6e3
[INFO] [stdout]                                at /rustc/a178d0322ce20e33eac124758e837cbd80a6f633/library/test/src/lib.rs:492:39
[INFO] [stdout]   26:     0x55afff4ba082 - test::run_test::run_test_inner::{{closure}}::h408365d67a78ade8
[INFO] [stdout]                                at /rustc/a178d0322ce20e33eac124758e837cbd80a6f633/library/test/src/lib.rs:519:37
[INFO] [stdout]   27:     0x55afff4ba082 - std::sys_common::backtrace::__rust_begin_short_backtrace::hb560b77c4f701523
[INFO] [stdout]                                at /rustc/a178d0322ce20e33eac124758e837cbd80a6f633/library/std/src/sys_common/backtrace.rs:125:18
[INFO] [stdout]   28:     0x55afff4bdc38 - std::thread::Builder::spawn_unchecked::{{closure}}::{{closure}}::hf2e7831dad93c597
[INFO] [stdout]                                at /rustc/a178d0322ce20e33eac124758e837cbd80a6f633/library/std/src/thread/mod.rs:481:17
[INFO] [stdout]   29:     0x55afff4bdc38 - <std::panic::AssertUnwindSafe<F> as core::ops::function::FnOnce<()>>::call_once::hd2e08783d8be4d02
[INFO] [stdout]                                at /rustc/a178d0322ce20e33eac124758e837cbd80a6f633/library/std/src/panic.rs:347:9
[INFO] [stdout]   30:     0x55afff4bdc38 - std::panicking::try::do_call::h062597b7acfd6b82
[INFO] [stdout]                                at /rustc/a178d0322ce20e33eac124758e837cbd80a6f633/library/std/src/panicking.rs:401:40
[INFO] [stdout]   31:     0x55afff4bdc38 - std::panicking::try::h0d7b79db04c14552
[INFO] [stdout]                                at /rustc/a178d0322ce20e33eac124758e837cbd80a6f633/library/std/src/panicking.rs:365:19
[INFO] [stdout]   32:     0x55afff4bdc38 - std::panic::catch_unwind::hb01a0b5e7c8cd43b
[INFO] [stdout]                                at /rustc/a178d0322ce20e33eac124758e837cbd80a6f633/library/std/src/panic.rs:434:14
[INFO] [stdout]   33:     0x55afff4bdc38 - std::thread::Builder::spawn_unchecked::{{closure}}::h5bde48cc887e0d1e
[INFO] [stdout]                                at /rustc/a178d0322ce20e33eac124758e837cbd80a6f633/library/std/src/thread/mod.rs:480:30
[INFO] [stdout]   34:     0x55afff4bdc38 - core::ops::function::FnOnce::call_once{{vtable.shim}}::h745ea30807a29e55
[INFO] [stdout]                                at /rustc/a178d0322ce20e33eac124758e837cbd80a6f633/library/core/src/ops/function.rs:227:5
[INFO] [stdout]   35:     0x55afff90f427 - <alloc::boxed::Box<F,A> as core::ops::function::FnOnce<Args>>::call_once::h7ece6cfefaff1005
[INFO] [stdout]                                at /rustc/a178d0322ce20e33eac124758e837cbd80a6f633/library/alloc/src/boxed.rs:1575:9
[INFO] [stdout]   36:     0x55afff90f427 - <alloc::boxed::Box<F,A> as core::ops::function::FnOnce<Args>>::call_once::hb8b48e55c21f193e
[INFO] [stdout]                                at /rustc/a178d0322ce20e33eac124758e837cbd80a6f633/library/alloc/src/boxed.rs:1575:9
[INFO] [stdout]   37:     0x55afff90f427 - std::sys::unix::thread::Thread::new::thread_start::h8c7c4450dba62914
[INFO] [stdout]                                at /rustc/a178d0322ce20e33eac124758e837cbd80a6f633/library/std/src/sys/unix/thread.rs:71:17
[INFO] [stdout]   38:     0x7f24af32e609 - start_thread
[INFO] [stdout]   39:     0x7f24af104293 - clone
[INFO] [stdout]   40:                0x0 - <unknown>
[INFO] [stdout] 
[INFO] [stdout] 
[INFO] [stdout] failures:
[INFO] [stdout]     advent::tests::test_get_input
[INFO] [stdout] 
[INFO] [stdout] test result: FAILED. 0 passed; 1 failed; 0 ignored; 0 measured; 0 filtered out; finished in 0.77s
[INFO] [stdout] 
[INFO] [stderr] error: test failed, to rerun pass '-p adventofcode --bin adventofcode'
[INFO] running `Command { std: "docker" "inspect" "e4d629792c178345b4fc4b463b1836dbdae55c14b5e0b28f9ac353b9d666d55f", kill_on_drop: false }`
[INFO] running `Command { std: "docker" "rm" "-f" "e4d629792c178345b4fc4b463b1836dbdae55c14b5e0b28f9ac353b9d666d55f", kill_on_drop: false }`
[INFO] [stdout] e4d629792c178345b4fc4b463b1836dbdae55c14b5e0b28f9ac353b9d666d55f
