[INFO] cloning repository https://github.com/Velfi/i-ching
[INFO] running `Command { std: "git" "-c" "credential.helper=" "-c" "credential.helper=/workspace/cargo-home/bin/git-credential-null" "clone" "--bare" "https://github.com/Velfi/i-ching" "/workspace/cache/git-repos/https%3A%2F%2Fgithub.com%2FVelfi%2Fi-ching", kill_on_drop: false }`
[INFO] [stderr] Cloning into bare repository '/workspace/cache/git-repos/https%3A%2F%2Fgithub.com%2FVelfi%2Fi-ching'...
[INFO] running `Command { std: "git" "rev-parse" "HEAD", kill_on_drop: false }`
[INFO] [stdout] 1d3c5f719c69396bf4f47fa7ef2593ed7fe60441
[INFO] testing Velfi/i-ching against beta-2021-08-01 for beta-1.55-1
[INFO] running `Command { std: "git" "clone" "/workspace/cache/git-repos/https%3A%2F%2Fgithub.com%2FVelfi%2Fi-ching" "/workspace/builds/worker-77/source", kill_on_drop: false }`
[INFO] [stderr] Cloning into '/workspace/builds/worker-77/source'...
[INFO] [stderr] done.
[INFO] validating manifest of git repo https://github.com/Velfi/i-ching on toolchain beta-2021-08-01
[INFO] running `Command { std: "/workspace/cargo-home/bin/cargo" "+beta-2021-08-01" "metadata" "--manifest-path" "Cargo.toml" "--no-deps", kill_on_drop: false }`
[INFO] started tweaking git repo https://github.com/Velfi/i-ching
[INFO] finished tweaking git repo https://github.com/Velfi/i-ching
[INFO] tweaked toml for git repo https://github.com/Velfi/i-ching written to /workspace/builds/worker-77/source/Cargo.toml
[INFO] crate git repo https://github.com/Velfi/i-ching already has a lockfile, it will not be regenerated
[INFO] running `Command { std: "/workspace/cargo-home/bin/cargo" "+beta-2021-08-01" "fetch" "--manifest-path" "Cargo.toml", kill_on_drop: false }`
[INFO] [stderr]     Blocking waiting for file lock on package cache
[INFO] [stderr]     Blocking waiting for file lock on package cache
[INFO] running `Command { std: "docker" "create" "-v" "/var/lib/crater-agent-workspace/builds/worker-77/target:/opt/rustwide/target:rw,Z" "-v" "/var/lib/crater-agent-workspace/builds/worker-77/source:/opt/rustwide/workdir:ro,Z" "-v" "/var/lib/crater-agent-workspace/cargo-home:/opt/rustwide/cargo-home:ro,Z" "-v" "/var/lib/crater-agent-workspace/rustup-home:/opt/rustwide/rustup-home:ro,Z" "-e" "SOURCE_DIR=/opt/rustwide/workdir" "-e" "CARGO_TARGET_DIR=/opt/rustwide/target" "-e" "CARGO_HOME=/opt/rustwide/cargo-home" "-e" "RUSTUP_HOME=/opt/rustwide/rustup-home" "-w" "/opt/rustwide/workdir" "-m" "1610612736" "--user" "0:0" "--network" "none" "ghcr.io/rust-lang/crates-build-env/linux@sha256:34b6a614d2c27851fe6cbf88fbd1137609cefab8b10d0615aaeb6fd47975d74e" "/opt/rustwide/cargo-home/bin/cargo" "+beta-2021-08-01" "metadata" "--no-deps" "--format-version=1", kill_on_drop: false }`
[INFO] [stdout] 921cb505e12d57c3661b60fb7caceebac908233bd88c79ed6f9f8a2bdc5955fb
[INFO] running `Command { std: "docker" "start" "-a" "921cb505e12d57c3661b60fb7caceebac908233bd88c79ed6f9f8a2bdc5955fb", kill_on_drop: false }`
[INFO] running `Command { std: "docker" "inspect" "921cb505e12d57c3661b60fb7caceebac908233bd88c79ed6f9f8a2bdc5955fb", kill_on_drop: false }`
[INFO] running `Command { std: "docker" "rm" "-f" "921cb505e12d57c3661b60fb7caceebac908233bd88c79ed6f9f8a2bdc5955fb", kill_on_drop: false }`
[INFO] [stdout] 921cb505e12d57c3661b60fb7caceebac908233bd88c79ed6f9f8a2bdc5955fb
[INFO] running `Command { std: "docker" "create" "-v" "/var/lib/crater-agent-workspace/builds/worker-77/target:/opt/rustwide/target:rw,Z" "-v" "/var/lib/crater-agent-workspace/builds/worker-77/source:/opt/rustwide/workdir:ro,Z" "-v" "/var/lib/crater-agent-workspace/cargo-home:/opt/rustwide/cargo-home:ro,Z" "-v" "/var/lib/crater-agent-workspace/rustup-home:/opt/rustwide/rustup-home:ro,Z" "-e" "SOURCE_DIR=/opt/rustwide/workdir" "-e" "CARGO_TARGET_DIR=/opt/rustwide/target" "-e" "CARGO_INCREMENTAL=0" "-e" "RUST_BACKTRACE=full" "-e" "RUSTFLAGS=--cap-lints=warn" "-e" "CARGO_HOME=/opt/rustwide/cargo-home" "-e" "RUSTUP_HOME=/opt/rustwide/rustup-home" "-w" "/opt/rustwide/workdir" "-m" "1610612736" "--user" "0:0" "--network" "none" "ghcr.io/rust-lang/crates-build-env/linux@sha256:34b6a614d2c27851fe6cbf88fbd1137609cefab8b10d0615aaeb6fd47975d74e" "/opt/rustwide/cargo-home/bin/cargo" "+beta-2021-08-01" "build" "--frozen" "--message-format=json", kill_on_drop: false }`
[INFO] [stdout] fd7441e319a849d7a6e932a901189f6de31119b848c6d2f022863423bfd2d924
[INFO] running `Command { std: "docker" "start" "-a" "fd7441e319a849d7a6e932a901189f6de31119b848c6d2f022863423bfd2d924", kill_on_drop: false }`
[INFO] [stderr]     Blocking waiting for file lock on package cache
[INFO] [stderr]    Compiling libc v0.2.47
[INFO] [stderr]    Compiling proc-macro2 v0.4.25
[INFO] [stderr]    Compiling ryu v0.2.7
[INFO] [stderr]    Compiling serde v1.0.85
[INFO] [stderr]    Compiling unicode-width v0.1.5
[INFO] [stderr]    Compiling either v1.5.0
[INFO] [stderr]    Compiling rand_core v0.3.0
[INFO] [stderr]    Compiling bitflags v1.0.4
[INFO] [stderr]    Compiling vec_map v0.8.1
[INFO] [stderr]    Compiling strsim v0.8.0
[INFO] [stderr]    Compiling ansi_term v0.11.0
[INFO] [stderr]    Compiling itoa v0.4.3
[INFO] [stderr]    Compiling itertools v0.8.0
[INFO] [stderr]    Compiling textwrap v0.11.0
[INFO] [stderr]    Compiling serde_json v1.0.36
[INFO] [stderr]    Compiling atty v0.2.11
[INFO] [stderr]    Compiling rand v0.5.6
[INFO] [stderr]    Compiling quote v0.6.10
[INFO] [stderr]    Compiling clap v2.33.0
[INFO] [stderr]    Compiling syn v0.15.26
[INFO] [stderr]    Compiling serde_derive v1.0.85
[INFO] [stderr]    Compiling iching v0.4.0 (/opt/rustwide/workdir)
[INFO] [stderr]     Finished dev [unoptimized + debuginfo] target(s) in 34.89s
[INFO] running `Command { std: "docker" "inspect" "fd7441e319a849d7a6e932a901189f6de31119b848c6d2f022863423bfd2d924", kill_on_drop: false }`
[INFO] running `Command { std: "docker" "rm" "-f" "fd7441e319a849d7a6e932a901189f6de31119b848c6d2f022863423bfd2d924", kill_on_drop: false }`
[INFO] [stdout] fd7441e319a849d7a6e932a901189f6de31119b848c6d2f022863423bfd2d924
[INFO] running `Command { std: "docker" "create" "-v" "/var/lib/crater-agent-workspace/builds/worker-77/target:/opt/rustwide/target:rw,Z" "-v" "/var/lib/crater-agent-workspace/builds/worker-77/source:/opt/rustwide/workdir:ro,Z" "-v" "/var/lib/crater-agent-workspace/cargo-home:/opt/rustwide/cargo-home:ro,Z" "-v" "/var/lib/crater-agent-workspace/rustup-home:/opt/rustwide/rustup-home:ro,Z" "-e" "SOURCE_DIR=/opt/rustwide/workdir" "-e" "CARGO_TARGET_DIR=/opt/rustwide/target" "-e" "CARGO_INCREMENTAL=0" "-e" "RUST_BACKTRACE=full" "-e" "RUSTFLAGS=--cap-lints=warn" "-e" "CARGO_HOME=/opt/rustwide/cargo-home" "-e" "RUSTUP_HOME=/opt/rustwide/rustup-home" "-w" "/opt/rustwide/workdir" "-m" "1610612736" "--user" "0:0" "--network" "none" "ghcr.io/rust-lang/crates-build-env/linux@sha256:34b6a614d2c27851fe6cbf88fbd1137609cefab8b10d0615aaeb6fd47975d74e" "/opt/rustwide/cargo-home/bin/cargo" "+beta-2021-08-01" "test" "--frozen" "--no-run" "--message-format=json", kill_on_drop: false }`
[INFO] [stdout] 42daf7f00391f6c4c1de2c1b8e240f6ec26893e41b7487112d1fc763ac47611d
[INFO] running `Command { std: "docker" "start" "-a" "42daf7f00391f6c4c1de2c1b8e240f6ec26893e41b7487112d1fc763ac47611d", kill_on_drop: false }`
[INFO] [stderr]     Blocking waiting for file lock on package cache
[INFO] [stderr]    Compiling iching v0.4.0 (/opt/rustwide/workdir)
[INFO] [stderr]     Finished test [unoptimized + debuginfo] target(s) in 7.62s
[INFO] running `Command { std: "docker" "inspect" "42daf7f00391f6c4c1de2c1b8e240f6ec26893e41b7487112d1fc763ac47611d", kill_on_drop: false }`
[INFO] running `Command { std: "docker" "rm" "-f" "42daf7f00391f6c4c1de2c1b8e240f6ec26893e41b7487112d1fc763ac47611d", kill_on_drop: false }`
[INFO] [stdout] 42daf7f00391f6c4c1de2c1b8e240f6ec26893e41b7487112d1fc763ac47611d
[INFO] running `Command { std: "docker" "create" "-v" "/var/lib/crater-agent-workspace/builds/worker-77/target:/opt/rustwide/target:rw,Z" "-v" "/var/lib/crater-agent-workspace/builds/worker-77/source:/opt/rustwide/workdir:ro,Z" "-v" "/var/lib/crater-agent-workspace/cargo-home:/opt/rustwide/cargo-home:ro,Z" "-v" "/var/lib/crater-agent-workspace/rustup-home:/opt/rustwide/rustup-home:ro,Z" "-e" "SOURCE_DIR=/opt/rustwide/workdir" "-e" "CARGO_TARGET_DIR=/opt/rustwide/target" "-e" "CARGO_INCREMENTAL=0" "-e" "RUST_BACKTRACE=full" "-e" "RUSTFLAGS=--cap-lints=warn" "-e" "CARGO_HOME=/opt/rustwide/cargo-home" "-e" "RUSTUP_HOME=/opt/rustwide/rustup-home" "-w" "/opt/rustwide/workdir" "-m" "1610612736" "--user" "0:0" "--network" "none" "ghcr.io/rust-lang/crates-build-env/linux@sha256:34b6a614d2c27851fe6cbf88fbd1137609cefab8b10d0615aaeb6fd47975d74e" "/opt/rustwide/cargo-home/bin/cargo" "+beta-2021-08-01" "test" "--frozen", kill_on_drop: false }`
[INFO] [stdout] c0f3b9492158b1c356154d6cfd378dea8252458c710041ebe8735cd1dd1fc557
[INFO] running `Command { std: "docker" "start" "-a" "c0f3b9492158b1c356154d6cfd378dea8252458c710041ebe8735cd1dd1fc557", kill_on_drop: false }`
[INFO] [stderr]     Blocking waiting for file lock on package cache
[INFO] [stdout] 
[INFO] [stderr]     Finished test [unoptimized + debuginfo] target(s) in 0.28s
[INFO] [stdout] running 0 tests
[INFO] [stderr]      Running unittests (/opt/rustwide/target/debug/deps/iching-acaba47e2b2a0a3a)
[INFO] [stdout] 
[INFO] [stderr]      Running unittests (/opt/rustwide/target/debug/deps/iching-8563a0295ad81215)
[INFO] [stdout] test result: ok. 0 passed; 0 failed; 0 ignored; 0 measured; 0 filtered out; finished in 0.00s
[INFO] [stderr]    Doc-tests iching
[INFO] [stdout] 
[INFO] [stdout] 
[INFO] [stdout] running 0 tests
[INFO] [stdout] 
[INFO] [stdout] test result: ok. 0 passed; 0 failed; 0 ignored; 0 measured; 0 filtered out; finished in 0.00s
[INFO] [stdout] 
[INFO] [stdout] 
[INFO] [stdout] running 3 tests
[INFO] [stdout] test src/lib.rs - (line 14) ... FAILED
[INFO] [stdout] test src/lib.rs - (line 26) - compile ... FAILED
[INFO] [stdout] test src/lib.rs - (line 18) ... FAILED
[INFO] [stdout] 
[INFO] [stdout] failures:
[INFO] [stdout] 
[INFO] [stdout] ---- src/lib.rs - (line 14) stdout ----
[INFO] [stdout] error: expected one of `!`, `.`, `::`, `;`, `?`, `{`, `}`, or an operator, found `install`
[INFO] [stdout]  --> src/lib.rs:15:7
[INFO] [stdout]   |
[INFO] [stdout] 4 | cargo install iching
[INFO] [stdout]   |       ^^^^^^^ expected one of 8 possible tokens
[INFO] [stdout] 
[INFO] [stdout] error: aborting due to previous error
[INFO] [stdout] 
[INFO] [stdout] Couldn't compile the test.
[INFO] [stdout] ---- src/lib.rs - (line 26) stdout ----
[INFO] [stdout] error[E0433]: failed to resolve: use of undeclared type `HexagramJson`
[INFO] [stdout]  --> src/lib.rs:30:41
[INFO] [stdout]   |
[INFO] [stdout] 6 | let mut hexagrams: HexagramRepository = HexagramJson::new();
[INFO] [stdout]   |                                         ^^^^^^^^^^^^ use of undeclared type `HexagramJson`
[INFO] [stdout] 
[INFO] [stdout] error[E0433]: failed to resolve: use of undeclared type `HexagramOrdering`
[INFO] [stdout]   --> src/lib.rs:39:56
[INFO] [stdout]    |
[INFO] [stdout] 15 |    let hexagram_number = new_hexagram.as_number(false, HexagramOrdering::KingWen);
[INFO] [stdout]    |                                                        ^^^^^^^^^^^^^^^^ use of undeclared type `HexagramOrdering`
[INFO] [stdout] 
[INFO] [stdout] error[E0412]: cannot find type `HexagramRepository` in this scope
[INFO] [stdout]  --> src/lib.rs:30:20
[INFO] [stdout]   |
[INFO] [stdout] 6 | let mut hexagrams: HexagramRepository = HexagramJson::new();
[INFO] [stdout]   |                    ^^^^^^^^^^^^^^^^^^ not found in this scope
[INFO] [stdout]   |
[INFO] [stdout] help: consider importing this trait
[INFO] [stdout]   |
[INFO] [stdout] 5 | use iching::hexagram_repository::HexagramRepository;
[INFO] [stdout]   |
[INFO] [stdout] 
[INFO] [stdout] error[E0433]: failed to resolve: use of undeclared type `Hexagram`
[INFO] [stdout]   --> src/lib.rs:37:23
[INFO] [stdout]    |
[INFO] [stdout] 13 |    let new_hexagram = Hexagram::from_coin_tosses();
[INFO] [stdout]    |                       ^^^^^^^^ not found in this scope
[INFO] [stdout]    |
[INFO] [stdout] help: consider importing this struct
[INFO] [stdout]    |
[INFO] [stdout] 5  | use iching::hexagram::Hexagram;
[INFO] [stdout]    |
[INFO] [stdout] 
[INFO] [stdout] error: aborting due to 4 previous errors
[INFO] [stdout] 
[INFO] [stdout] Some errors have detailed explanations: E0412, E0433.
[INFO] [stdout] For more information about an error, try `rustc --explain E0412`.
[INFO] [stdout] Couldn't compile the test.
[INFO] [stdout] ---- src/lib.rs - (line 18) stdout ----
[INFO] [stdout] error[E0423]: expected value, found crate `iching`
[INFO] [stdout]  --> src/lib.rs:19:1
[INFO] [stdout]   |
[INFO] [stdout] 4 | iching --help
[INFO] [stdout]   | ^^^^^^ not a value
[INFO] [stdout] 
[INFO] [stdout] error[E0425]: cannot find value `help` in this scope
[INFO] [stdout]  --> src/lib.rs:19:10
[INFO] [stdout]   |
[INFO] [stdout] 4 | iching --help
[INFO] [stdout]   |          ^^^^ not found in this scope
[INFO] [stdout] 
[INFO] [stdout] error: aborting due to 2 previous errors
[INFO] [stdout] 
[INFO] [stdout] Some errors have detailed explanations: E0423, E0425.
[INFO] [stdout] For more information about an error, try `rustc --explain E0423`.
[INFO] [stdout] Couldn't compile the test.
[INFO] [stdout] 
[INFO] [stdout] failures:
[INFO] [stdout]     src/lib.rs - (line 14)
[INFO] [stdout]     src/lib.rs - (line 18)
[INFO] [stdout]     src/lib.rs - (line 26)
[INFO] [stdout] 
[INFO] [stdout] test result: FAILED. 0 passed; 3 failed; 0 ignored; 0 measured; 0 filtered out; finished in 0.17s
[INFO] [stdout] 
[INFO] [stderr] error: test failed, to rerun pass '--doc'
[INFO] running `Command { std: "docker" "inspect" "c0f3b9492158b1c356154d6cfd378dea8252458c710041ebe8735cd1dd1fc557", kill_on_drop: false }`
[INFO] running `Command { std: "docker" "rm" "-f" "c0f3b9492158b1c356154d6cfd378dea8252458c710041ebe8735cd1dd1fc557", kill_on_drop: false }`
[INFO] [stdout] c0f3b9492158b1c356154d6cfd378dea8252458c710041ebe8735cd1dd1fc557
