[INFO] cloning repository https://github.com/Uriopass/inline_tweak
[INFO] running `Command { std: "git" "-c" "credential.helper=" "-c" "credential.helper=/workspace/cargo-home/bin/git-credential-null" "clone" "--bare" "https://github.com/Uriopass/inline_tweak" "/workspace/cache/git-repos/https%3A%2F%2Fgithub.com%2FUriopass%2Finline_tweak", kill_on_drop: false }`
[INFO] [stderr] Cloning into bare repository '/workspace/cache/git-repos/https%3A%2F%2Fgithub.com%2FUriopass%2Finline_tweak'...
[INFO] running `Command { std: "git" "rev-parse" "HEAD", kill_on_drop: false }`
[INFO] [stdout] 8ef340ea259854e21edfe2374c1237d1bf07a5e5
[INFO] testing Uriopass/inline_tweak against beta-2021-08-01 for beta-1.55-1
[INFO] running `Command { std: "git" "clone" "/workspace/cache/git-repos/https%3A%2F%2Fgithub.com%2FUriopass%2Finline_tweak" "/workspace/builds/worker-1/source", kill_on_drop: false }`
[INFO] [stderr] Cloning into '/workspace/builds/worker-1/source'...
[INFO] [stderr] done.
[INFO] validating manifest of git repo https://github.com/Uriopass/inline_tweak on toolchain beta-2021-08-01
[INFO] running `Command { std: "/workspace/cargo-home/bin/cargo" "+beta-2021-08-01" "metadata" "--manifest-path" "Cargo.toml" "--no-deps", kill_on_drop: false }`
[INFO] started tweaking git repo https://github.com/Uriopass/inline_tweak
[INFO] removed 0 missing examples
[INFO] finished tweaking git repo https://github.com/Uriopass/inline_tweak
[INFO] tweaked toml for git repo https://github.com/Uriopass/inline_tweak written to /workspace/builds/worker-1/source/Cargo.toml
[INFO] crate git repo https://github.com/Uriopass/inline_tweak already has a lockfile, it will not be regenerated
[INFO] running `Command { std: "/workspace/cargo-home/bin/cargo" "+beta-2021-08-01" "fetch" "--manifest-path" "Cargo.toml", kill_on_drop: false }`
[INFO] [stderr]     Blocking waiting for file lock on package cache
[INFO] [stderr]     Blocking waiting for file lock on package cache
[INFO] running `Command { std: "docker" "create" "-v" "/var/lib/crater-agent-workspace/builds/worker-1/target:/opt/rustwide/target:rw,Z" "-v" "/var/lib/crater-agent-workspace/builds/worker-1/source:/opt/rustwide/workdir:ro,Z" "-v" "/var/lib/crater-agent-workspace/cargo-home:/opt/rustwide/cargo-home:ro,Z" "-v" "/var/lib/crater-agent-workspace/rustup-home:/opt/rustwide/rustup-home:ro,Z" "-e" "SOURCE_DIR=/opt/rustwide/workdir" "-e" "CARGO_TARGET_DIR=/opt/rustwide/target" "-e" "CARGO_HOME=/opt/rustwide/cargo-home" "-e" "RUSTUP_HOME=/opt/rustwide/rustup-home" "-w" "/opt/rustwide/workdir" "-m" "1610612736" "--user" "0:0" "--network" "none" "ghcr.io/rust-lang/crates-build-env/linux@sha256:34b6a614d2c27851fe6cbf88fbd1137609cefab8b10d0615aaeb6fd47975d74e" "/opt/rustwide/cargo-home/bin/cargo" "+beta-2021-08-01" "metadata" "--no-deps" "--format-version=1", kill_on_drop: false }`
[INFO] [stdout] 2480da8b77691ee915fdfa3328c50776395c171794993f99c26bef39ccd5999b
[INFO] running `Command { std: "docker" "start" "-a" "2480da8b77691ee915fdfa3328c50776395c171794993f99c26bef39ccd5999b", kill_on_drop: false }`
[INFO] running `Command { std: "docker" "inspect" "2480da8b77691ee915fdfa3328c50776395c171794993f99c26bef39ccd5999b", kill_on_drop: false }`
[INFO] running `Command { std: "docker" "rm" "-f" "2480da8b77691ee915fdfa3328c50776395c171794993f99c26bef39ccd5999b", kill_on_drop: false }`
[INFO] [stdout] 2480da8b77691ee915fdfa3328c50776395c171794993f99c26bef39ccd5999b
[INFO] running `Command { std: "docker" "create" "-v" "/var/lib/crater-agent-workspace/builds/worker-1/target:/opt/rustwide/target:rw,Z" "-v" "/var/lib/crater-agent-workspace/builds/worker-1/source:/opt/rustwide/workdir:ro,Z" "-v" "/var/lib/crater-agent-workspace/cargo-home:/opt/rustwide/cargo-home:ro,Z" "-v" "/var/lib/crater-agent-workspace/rustup-home:/opt/rustwide/rustup-home:ro,Z" "-e" "SOURCE_DIR=/opt/rustwide/workdir" "-e" "CARGO_TARGET_DIR=/opt/rustwide/target" "-e" "CARGO_INCREMENTAL=0" "-e" "RUST_BACKTRACE=full" "-e" "RUSTFLAGS=--cap-lints=warn" "-e" "CARGO_HOME=/opt/rustwide/cargo-home" "-e" "RUSTUP_HOME=/opt/rustwide/rustup-home" "-w" "/opt/rustwide/workdir" "-m" "1610612736" "--user" "0:0" "--network" "none" "ghcr.io/rust-lang/crates-build-env/linux@sha256:34b6a614d2c27851fe6cbf88fbd1137609cefab8b10d0615aaeb6fd47975d74e" "/opt/rustwide/cargo-home/bin/cargo" "+beta-2021-08-01" "build" "--frozen" "--message-format=json", kill_on_drop: false }`
[INFO] [stdout] 55a397d4069731a1c651b841f6ec2e9e701067982231047b8bd2027c277ec5cb
[INFO] running `Command { std: "docker" "start" "-a" "55a397d4069731a1c651b841f6ec2e9e701067982231047b8bd2027c277ec5cb", kill_on_drop: false }`
[INFO] [stderr]    Compiling inline_tweak v1.0.8 (/opt/rustwide/workdir)
[INFO] [stderr]     Finished dev [unoptimized + debuginfo] target(s) in 0.88s
[INFO] running `Command { std: "docker" "inspect" "55a397d4069731a1c651b841f6ec2e9e701067982231047b8bd2027c277ec5cb", kill_on_drop: false }`
[INFO] running `Command { std: "docker" "rm" "-f" "55a397d4069731a1c651b841f6ec2e9e701067982231047b8bd2027c277ec5cb", kill_on_drop: false }`
[INFO] [stdout] 55a397d4069731a1c651b841f6ec2e9e701067982231047b8bd2027c277ec5cb
[INFO] running `Command { std: "docker" "create" "-v" "/var/lib/crater-agent-workspace/builds/worker-1/target:/opt/rustwide/target:rw,Z" "-v" "/var/lib/crater-agent-workspace/builds/worker-1/source:/opt/rustwide/workdir:ro,Z" "-v" "/var/lib/crater-agent-workspace/cargo-home:/opt/rustwide/cargo-home:ro,Z" "-v" "/var/lib/crater-agent-workspace/rustup-home:/opt/rustwide/rustup-home:ro,Z" "-e" "SOURCE_DIR=/opt/rustwide/workdir" "-e" "CARGO_TARGET_DIR=/opt/rustwide/target" "-e" "CARGO_INCREMENTAL=0" "-e" "RUST_BACKTRACE=full" "-e" "RUSTFLAGS=--cap-lints=warn" "-e" "CARGO_HOME=/opt/rustwide/cargo-home" "-e" "RUSTUP_HOME=/opt/rustwide/rustup-home" "-w" "/opt/rustwide/workdir" "-m" "1610612736" "--user" "0:0" "--network" "none" "ghcr.io/rust-lang/crates-build-env/linux@sha256:34b6a614d2c27851fe6cbf88fbd1137609cefab8b10d0615aaeb6fd47975d74e" "/opt/rustwide/cargo-home/bin/cargo" "+beta-2021-08-01" "test" "--frozen" "--no-run" "--message-format=json", kill_on_drop: false }`
[INFO] [stdout] 9f435ea117ec9a17548fd8b45b425babb5d4a44a9f8c84d8de1de869229801fa
[INFO] running `Command { std: "docker" "start" "-a" "9f435ea117ec9a17548fd8b45b425babb5d4a44a9f8c84d8de1de869229801fa", kill_on_drop: false }`
[INFO] [stderr]    Compiling inline_tweak v1.0.8 (/opt/rustwide/workdir)
[INFO] [stderr]     Finished test [unoptimized + debuginfo] target(s) in 2.08s
[INFO] running `Command { std: "docker" "inspect" "9f435ea117ec9a17548fd8b45b425babb5d4a44a9f8c84d8de1de869229801fa", kill_on_drop: false }`
[INFO] running `Command { std: "docker" "rm" "-f" "9f435ea117ec9a17548fd8b45b425babb5d4a44a9f8c84d8de1de869229801fa", kill_on_drop: false }`
[INFO] [stdout] 9f435ea117ec9a17548fd8b45b425babb5d4a44a9f8c84d8de1de869229801fa
[INFO] running `Command { std: "docker" "create" "-v" "/var/lib/crater-agent-workspace/builds/worker-1/target:/opt/rustwide/target:rw,Z" "-v" "/var/lib/crater-agent-workspace/builds/worker-1/source:/opt/rustwide/workdir:ro,Z" "-v" "/var/lib/crater-agent-workspace/cargo-home:/opt/rustwide/cargo-home:ro,Z" "-v" "/var/lib/crater-agent-workspace/rustup-home:/opt/rustwide/rustup-home:ro,Z" "-e" "SOURCE_DIR=/opt/rustwide/workdir" "-e" "CARGO_TARGET_DIR=/opt/rustwide/target" "-e" "CARGO_INCREMENTAL=0" "-e" "RUST_BACKTRACE=full" "-e" "RUSTFLAGS=--cap-lints=warn" "-e" "CARGO_HOME=/opt/rustwide/cargo-home" "-e" "RUSTUP_HOME=/opt/rustwide/rustup-home" "-w" "/opt/rustwide/workdir" "-m" "1610612736" "--user" "0:0" "--network" "none" "ghcr.io/rust-lang/crates-build-env/linux@sha256:34b6a614d2c27851fe6cbf88fbd1137609cefab8b10d0615aaeb6fd47975d74e" "/opt/rustwide/cargo-home/bin/cargo" "+beta-2021-08-01" "test" "--frozen", kill_on_drop: false }`
[INFO] [stdout] 71e76861793b3b40547a62dbdd222c9b488ece442be7831abbea148b5660b2be
[INFO] running `Command { std: "docker" "start" "-a" "71e76861793b3b40547a62dbdd222c9b488ece442be7831abbea148b5660b2be", kill_on_drop: false }`
[INFO] [stderr]     Finished test [unoptimized + debuginfo] target(s) in 0.04s
[INFO] [stderr]      Running unittests (/opt/rustwide/target/debug/deps/inline_tweak-7511b217d9d14056)
[INFO] [stdout] 
[INFO] [stdout] running 0 tests
[INFO] [stdout] 
[INFO] [stdout] test result: ok. 0 passed; 0 failed; 0 ignored; 0 measured; 0 filtered out; finished in 0.00s
[INFO] [stdout] 
[INFO] [stderr]    Doc-tests inline_tweak
[INFO] [stdout] 
[INFO] [stdout] running 4 tests
[INFO] [stdout] test src/lib.rs - (line 32) ... FAILED
[INFO] [stdout] test src/lib.rs - (line 37) ... FAILED
[INFO] [stdout] test src/lib.rs - (line 21) ... FAILED
[INFO] [stdout] test src/lib.rs - (line 9) has been running for over 60 seconds
[ERROR] error running command: no output for 300 seconds
[INFO] running `Command { std: "docker" "inspect" "71e76861793b3b40547a62dbdd222c9b488ece442be7831abbea148b5660b2be", kill_on_drop: false }`
[INFO] running `Command { std: "docker" "rm" "-f" "71e76861793b3b40547a62dbdd222c9b488ece442be7831abbea148b5660b2be", kill_on_drop: false }`
[INFO] [stdout] 71e76861793b3b40547a62dbdd222c9b488ece442be7831abbea148b5660b2be
