[INFO] cloning repository https://github.com/Trivernis/serenity-rich-interactions
[INFO] running `Command { std: "git" "-c" "credential.helper=" "-c" "credential.helper=/workspace/cargo-home/bin/git-credential-null" "clone" "--bare" "https://github.com/Trivernis/serenity-rich-interactions" "/workspace/cache/git-repos/https%3A%2F%2Fgithub.com%2FTrivernis%2Fserenity-rich-interactions", kill_on_drop: false }`
[INFO] [stderr] Cloning into bare repository '/workspace/cache/git-repos/https%3A%2F%2Fgithub.com%2FTrivernis%2Fserenity-rich-interactions'...
[INFO] running `Command { std: "git" "rev-parse" "HEAD", kill_on_drop: false }`
[INFO] [stdout] 52fabcc1af2f01668b5691607422d607baa109fb
[INFO] testing Trivernis/serenity-rich-interactions against beta-2021-08-01 for beta-1.55-1
[INFO] running `Command { std: "git" "clone" "/workspace/cache/git-repos/https%3A%2F%2Fgithub.com%2FTrivernis%2Fserenity-rich-interactions" "/workspace/builds/worker-5/source", kill_on_drop: false }`
[INFO] [stderr] Cloning into '/workspace/builds/worker-5/source'...
[INFO] [stderr] done.
[INFO] validating manifest of git repo https://github.com/Trivernis/serenity-rich-interactions on toolchain beta-2021-08-01
[INFO] running `Command { std: "/workspace/cargo-home/bin/cargo" "+beta-2021-08-01" "metadata" "--manifest-path" "Cargo.toml" "--no-deps", kill_on_drop: false }`
[INFO] started tweaking git repo https://github.com/Trivernis/serenity-rich-interactions
[INFO] finished tweaking git repo https://github.com/Trivernis/serenity-rich-interactions
[INFO] tweaked toml for git repo https://github.com/Trivernis/serenity-rich-interactions written to /workspace/builds/worker-5/source/Cargo.toml
[INFO] crate git repo https://github.com/Trivernis/serenity-rich-interactions already has a lockfile, it will not be regenerated
[INFO] running `Command { std: "/workspace/cargo-home/bin/cargo" "+beta-2021-08-01" "fetch" "--manifest-path" "Cargo.toml", kill_on_drop: false }`
[INFO] [stderr]  Downloading crates ...
[INFO] [stderr]   Downloaded hyper v0.14.6
[INFO] running `Command { std: "docker" "create" "-v" "/var/lib/crater-agent-workspace/builds/worker-5/target:/opt/rustwide/target:rw,Z" "-v" "/var/lib/crater-agent-workspace/builds/worker-5/source:/opt/rustwide/workdir:ro,Z" "-v" "/var/lib/crater-agent-workspace/cargo-home:/opt/rustwide/cargo-home:ro,Z" "-v" "/var/lib/crater-agent-workspace/rustup-home:/opt/rustwide/rustup-home:ro,Z" "-e" "SOURCE_DIR=/opt/rustwide/workdir" "-e" "CARGO_TARGET_DIR=/opt/rustwide/target" "-e" "CARGO_HOME=/opt/rustwide/cargo-home" "-e" "RUSTUP_HOME=/opt/rustwide/rustup-home" "-w" "/opt/rustwide/workdir" "-m" "1610612736" "--user" "0:0" "--network" "none" "ghcr.io/rust-lang/crates-build-env/linux@sha256:34b6a614d2c27851fe6cbf88fbd1137609cefab8b10d0615aaeb6fd47975d74e" "/opt/rustwide/cargo-home/bin/cargo" "+beta-2021-08-01" "metadata" "--no-deps" "--format-version=1", kill_on_drop: false }`
[INFO] [stdout] 945825b27c220c6a68a0f70f4a7d2de11fadd4a49ed4c3b3cf4d8ab2a2343a47
[INFO] running `Command { std: "docker" "start" "-a" "945825b27c220c6a68a0f70f4a7d2de11fadd4a49ed4c3b3cf4d8ab2a2343a47", kill_on_drop: false }`
[INFO] running `Command { std: "docker" "inspect" "945825b27c220c6a68a0f70f4a7d2de11fadd4a49ed4c3b3cf4d8ab2a2343a47", kill_on_drop: false }`
[INFO] running `Command { std: "docker" "rm" "-f" "945825b27c220c6a68a0f70f4a7d2de11fadd4a49ed4c3b3cf4d8ab2a2343a47", kill_on_drop: false }`
[INFO] [stdout] 945825b27c220c6a68a0f70f4a7d2de11fadd4a49ed4c3b3cf4d8ab2a2343a47
[INFO] running `Command { std: "docker" "create" "-v" "/var/lib/crater-agent-workspace/builds/worker-5/target:/opt/rustwide/target:rw,Z" "-v" "/var/lib/crater-agent-workspace/builds/worker-5/source:/opt/rustwide/workdir:ro,Z" "-v" "/var/lib/crater-agent-workspace/cargo-home:/opt/rustwide/cargo-home:ro,Z" "-v" "/var/lib/crater-agent-workspace/rustup-home:/opt/rustwide/rustup-home:ro,Z" "-e" "SOURCE_DIR=/opt/rustwide/workdir" "-e" "CARGO_TARGET_DIR=/opt/rustwide/target" "-e" "CARGO_INCREMENTAL=0" "-e" "RUST_BACKTRACE=full" "-e" "RUSTFLAGS=--cap-lints=warn" "-e" "CARGO_HOME=/opt/rustwide/cargo-home" "-e" "RUSTUP_HOME=/opt/rustwide/rustup-home" "-w" "/opt/rustwide/workdir" "-m" "1610612736" "--user" "0:0" "--network" "none" "ghcr.io/rust-lang/crates-build-env/linux@sha256:34b6a614d2c27851fe6cbf88fbd1137609cefab8b10d0615aaeb6fd47975d74e" "/opt/rustwide/cargo-home/bin/cargo" "+beta-2021-08-01" "build" "--frozen" "--message-format=json", kill_on_drop: false }`
[INFO] [stdout] 70873b596ef51e8b2cca268deed0e252ee5bfe07da8222e590a42ddbe3765e61
[INFO] running `Command { std: "docker" "start" "-a" "70873b596ef51e8b2cca268deed0e252ee5bfe07da8222e590a42ddbe3765e61", kill_on_drop: false }`
[INFO] [stderr]    Compiling syn v1.0.69
[INFO] [stderr]    Compiling libc v0.2.93
[INFO] [stderr]    Compiling futures-core v0.3.14
[INFO] [stderr]    Compiling futures-sink v0.3.14
[INFO] [stderr]    Compiling typenum v1.13.0
[INFO] [stderr]    Compiling openssl v0.10.33
[INFO] [stderr]    Compiling httparse v1.4.0
[INFO] [stderr]    Compiling openssl-probe v0.1.2
[INFO] [stderr]    Compiling httpdate v1.0.0
[INFO] [stderr]    Compiling async-trait v0.1.48
[INFO] [stderr]    Compiling utf-8 v0.7.6
[INFO] [stderr]    Compiling serenity v0.10.5
[INFO] [stderr]    Compiling ipnet v2.3.0
[INFO] [stderr]    Compiling typemap_rev v0.1.5
[INFO] [stderr]    Compiling tokio v1.4.0
[INFO] [stderr]    Compiling indexmap v1.6.2
[INFO] [stderr]    Compiling openssl-sys v0.9.61
[INFO] [stderr]    Compiling generic-array v0.14.4
[INFO] [stderr]    Compiling unicase v2.6.0
[INFO] [stderr]    Compiling input_buffer v0.3.1
[INFO] [stderr]    Compiling http-body v0.4.1
[INFO] [stderr]    Compiling unicode-normalization v0.1.17
[INFO] [stderr]    Compiling futures-channel v0.3.14
[INFO] [stderr]    Compiling native-tls v0.2.7
[INFO] [stderr]    Compiling mime_guess v2.0.3
[INFO] [stderr]    Compiling idna v0.2.2
[INFO] [stderr]    Compiling mio v0.7.11
[INFO] [stderr]    Compiling getrandom v0.1.16
[INFO] [stderr]    Compiling socket2 v0.4.0
[INFO] [stderr]    Compiling time v0.1.44
[INFO] [stderr]    Compiling flate2 v1.0.20
[INFO] [stderr]    Compiling rand_core v0.5.1
[INFO] [stderr]    Compiling block-buffer v0.9.0
[INFO] [stderr]    Compiling digest v0.9.0
[INFO] [stderr]    Compiling rand_chacha v0.2.2
[INFO] [stderr]    Compiling url v2.2.1
[INFO] [stderr]    Compiling sha-1 v0.9.4
[INFO] [stderr]    Compiling rand v0.7.3
[INFO] [stderr]    Compiling tungstenite v0.11.1
[INFO] [stderr]    Compiling futures-macro v0.3.14
[INFO] [stderr]    Compiling tokio-macros v1.1.0
[INFO] [stderr]    Compiling tracing-attributes v0.1.15
[INFO] [stderr]    Compiling pin-project-internal v1.0.7
[INFO] [stderr]    Compiling serde_derive v1.0.125
[INFO] [stderr]    Compiling thiserror-impl v1.0.24
[INFO] [stderr]    Compiling futures-util v0.3.14
[INFO] [stderr]    Compiling pin-project v1.0.7
[INFO] [stderr]    Compiling thiserror v1.0.24
[INFO] [stderr]    Compiling tracing v0.1.25
[INFO] [stderr]    Compiling serde v1.0.125
[INFO] [stderr]    Compiling futures-executor v0.3.14
[INFO] [stderr]    Compiling tokio-util v0.6.6
[INFO] [stderr]    Compiling tokio-native-tls v0.3.0
[INFO] [stderr]    Compiling async-tungstenite v0.11.0
[INFO] [stderr]    Compiling futures v0.3.14
[INFO] [stderr]    Compiling h2 v0.3.2
[INFO] [stderr]    Compiling serde_json v1.0.64
[INFO] [stderr]    Compiling serde_urlencoded v0.7.0
[INFO] [stderr]    Compiling chrono v0.4.19
[INFO] [stderr]    Compiling hyper v0.14.6
[INFO] [stderr]    Compiling hyper-tls v0.5.0
[INFO] [stderr]    Compiling reqwest v0.11.3
[INFO] [stderr]    Compiling serenity-rich-interaction v0.2.3 (/opt/rustwide/workdir)
[INFO] [stderr]     Finished dev [unoptimized + debuginfo] target(s) in 1m 52s
[INFO] running `Command { std: "docker" "inspect" "70873b596ef51e8b2cca268deed0e252ee5bfe07da8222e590a42ddbe3765e61", kill_on_drop: false }`
[INFO] running `Command { std: "docker" "rm" "-f" "70873b596ef51e8b2cca268deed0e252ee5bfe07da8222e590a42ddbe3765e61", kill_on_drop: false }`
[INFO] [stdout] 70873b596ef51e8b2cca268deed0e252ee5bfe07da8222e590a42ddbe3765e61
[INFO] running `Command { std: "docker" "create" "-v" "/var/lib/crater-agent-workspace/builds/worker-5/target:/opt/rustwide/target:rw,Z" "-v" "/var/lib/crater-agent-workspace/builds/worker-5/source:/opt/rustwide/workdir:ro,Z" "-v" "/var/lib/crater-agent-workspace/cargo-home:/opt/rustwide/cargo-home:ro,Z" "-v" "/var/lib/crater-agent-workspace/rustup-home:/opt/rustwide/rustup-home:ro,Z" "-e" "SOURCE_DIR=/opt/rustwide/workdir" "-e" "CARGO_TARGET_DIR=/opt/rustwide/target" "-e" "CARGO_INCREMENTAL=0" "-e" "RUST_BACKTRACE=full" "-e" "RUSTFLAGS=--cap-lints=warn" "-e" "CARGO_HOME=/opt/rustwide/cargo-home" "-e" "RUSTUP_HOME=/opt/rustwide/rustup-home" "-w" "/opt/rustwide/workdir" "-m" "1610612736" "--user" "0:0" "--network" "none" "ghcr.io/rust-lang/crates-build-env/linux@sha256:34b6a614d2c27851fe6cbf88fbd1137609cefab8b10d0615aaeb6fd47975d74e" "/opt/rustwide/cargo-home/bin/cargo" "+beta-2021-08-01" "test" "--frozen" "--no-run" "--message-format=json", kill_on_drop: false }`
[INFO] [stdout] 3ac2785b80f7c81f92d23625c4e54e7089a210854b568c70fe515df068314384
[INFO] running `Command { std: "docker" "start" "-a" "3ac2785b80f7c81f92d23625c4e54e7089a210854b568c70fe515df068314384", kill_on_drop: false }`
[INFO] [stderr]    Compiling serenity-rich-interaction v0.2.3 (/opt/rustwide/workdir)
[INFO] [stderr]     Finished test [unoptimized + debuginfo] target(s) in 3.64s
[INFO] running `Command { std: "docker" "inspect" "3ac2785b80f7c81f92d23625c4e54e7089a210854b568c70fe515df068314384", kill_on_drop: false }`
[INFO] running `Command { std: "docker" "rm" "-f" "3ac2785b80f7c81f92d23625c4e54e7089a210854b568c70fe515df068314384", kill_on_drop: false }`
[INFO] [stdout] 3ac2785b80f7c81f92d23625c4e54e7089a210854b568c70fe515df068314384
[INFO] running `Command { std: "docker" "create" "-v" "/var/lib/crater-agent-workspace/builds/worker-5/target:/opt/rustwide/target:rw,Z" "-v" "/var/lib/crater-agent-workspace/builds/worker-5/source:/opt/rustwide/workdir:ro,Z" "-v" "/var/lib/crater-agent-workspace/cargo-home:/opt/rustwide/cargo-home:ro,Z" "-v" "/var/lib/crater-agent-workspace/rustup-home:/opt/rustwide/rustup-home:ro,Z" "-e" "SOURCE_DIR=/opt/rustwide/workdir" "-e" "CARGO_TARGET_DIR=/opt/rustwide/target" "-e" "CARGO_INCREMENTAL=0" "-e" "RUST_BACKTRACE=full" "-e" "RUSTFLAGS=--cap-lints=warn" "-e" "CARGO_HOME=/opt/rustwide/cargo-home" "-e" "RUSTUP_HOME=/opt/rustwide/rustup-home" "-w" "/opt/rustwide/workdir" "-m" "1610612736" "--user" "0:0" "--network" "none" "ghcr.io/rust-lang/crates-build-env/linux@sha256:34b6a614d2c27851fe6cbf88fbd1137609cefab8b10d0615aaeb6fd47975d74e" "/opt/rustwide/cargo-home/bin/cargo" "+beta-2021-08-01" "test" "--frozen", kill_on_drop: false }`
[INFO] [stdout] 87d9ee786f04b4f99f777ddcac5df42fb166decbff90749ddf323337d0cba564
[INFO] running `Command { std: "docker" "start" "-a" "87d9ee786f04b4f99f777ddcac5df42fb166decbff90749ddf323337d0cba564", kill_on_drop: false }`
[INFO] [stdout] 
[INFO] [stderr]     Finished test [unoptimized + debuginfo] target(s) in 0.12s
[INFO] [stdout] running 0 tests
[INFO] [stderr]      Running unittests (/opt/rustwide/target/debug/deps/serenity_rich_interaction-04d7f4feeabc65fb)
[INFO] [stdout] 
[INFO] [stdout] test result: ok. 0 passed; 0 failed; 0 ignored; 0 measured; 0 filtered out; finished in 0.00s
[INFO] [stdout] 
[INFO] [stderr]    Doc-tests serenity-rich-interaction
[INFO] [stdout] 
[INFO] [stdout] running 1 test
[INFO] [stdout] test src/events/handler.rs - events::handler::RichEventHandler (line 32) ... FAILED
[INFO] [stdout] 
[INFO] [stdout] failures:
[INFO] [stdout] 
[INFO] [stdout] ---- src/events/handler.rs - events::handler::RichEventHandler (line 32) stdout ----
[INFO] [stdout] error[E0728]: `await` is only allowed inside `async` functions and blocks
[INFO] [stdout]   --> src/events/handler.rs:43:14
[INFO] [stdout]    |
[INFO] [stdout] 3  | fn main() { #[allow(non_snake_case)] fn _doctest_main_src_events_handler_rs_32_0() {
[INFO] [stdout]    |                                         ---------------------------------------- this is not `async`
[INFO] [stdout] ...
[INFO] [stdout] 14 | let client = Client::builder("TOKEN").register_rich_interactions_with(handler).await?;
[INFO] [stdout]    |              ^^^^^^^^^^^^^^^^^^^^^^^^^^^^^^^^^^^^^^^^^^^^^^^^^^^^^^^^^^^^^^^^^^^^^^^ only allowed inside `async` functions and blocks
[INFO] [stdout] 
[INFO] [stdout] error[E0277]: the `?` operator can only be used in a function that returns `Result` or `Option` (or another type that implements `FromResidual`)
[INFO] [stdout]    --> src/events/handler.rs:43:85
[INFO] [stdout]     |
[INFO] [stdout] 3   |   fn main() { #[allow(non_snake_case)] fn _doctest_main_src_events_handler_rs_32_0() {
[INFO] [stdout]     |  ______________________________________-
[INFO] [stdout] 4   | | use serenity_rich_interaction::events::RichEventHandler;
[INFO] [stdout] 5   | | use serenity::model::event;
[INFO] [stdout] 6   | | use serenity::client::Client;
[INFO] [stdout] ...   |
[INFO] [stdout] 14  | | let client = Client::builder("TOKEN").register_rich_interactions_with(handler).await?;
[INFO] [stdout]     | |                                                                                     ^ cannot use the `?` operator in a function that returns `()`
[INFO] [stdout] 15  | | // ...
[INFO] [stdout] 16  | | } _doctest_main_src_events_handler_rs_32_0() }
[INFO] [stdout]     | |_- this function should return `Result` or `Option` to accept `?`
[INFO] [stdout]     |
[INFO] [stdout]     = help: the trait `FromResidual<Result<Infallible, serenity::Error>>` is not implemented for `()`
[INFO] [stdout] note: required by `from_residual`
[INFO] [stdout] 
[INFO] [stdout] error: aborting due to 2 previous errors
[INFO] [stdout] 
[INFO] [stdout] Some errors have detailed explanations: E0277, E0728.
[INFO] [stdout] For more information about an error, try `rustc --explain E0277`.
[INFO] [stdout] Couldn't compile the test.
[INFO] [stdout] 
[INFO] [stdout] failures:
[INFO] [stdout]     src/events/handler.rs - events::handler::RichEventHandler (line 32)
[INFO] [stdout] 
[INFO] [stdout] test result: FAILED. 0 passed; 1 failed; 0 ignored; 0 measured; 0 filtered out; finished in 0.55s
[INFO] [stdout] 
[INFO] [stderr] error: test failed, to rerun pass '--doc'
[INFO] running `Command { std: "docker" "inspect" "87d9ee786f04b4f99f777ddcac5df42fb166decbff90749ddf323337d0cba564", kill_on_drop: false }`
[INFO] running `Command { std: "docker" "rm" "-f" "87d9ee786f04b4f99f777ddcac5df42fb166decbff90749ddf323337d0cba564", kill_on_drop: false }`
[INFO] [stdout] 87d9ee786f04b4f99f777ddcac5df42fb166decbff90749ddf323337d0cba564
