[INFO] cloning repository https://github.com/Tirka/advent-of-code-2018
[INFO] running `Command { std: "git" "-c" "credential.helper=" "-c" "credential.helper=/workspace/cargo-home/bin/git-credential-null" "clone" "--bare" "https://github.com/Tirka/advent-of-code-2018" "/workspace/cache/git-repos/https%3A%2F%2Fgithub.com%2FTirka%2Fadvent-of-code-2018", kill_on_drop: false }`
[INFO] [stderr] Cloning into bare repository '/workspace/cache/git-repos/https%3A%2F%2Fgithub.com%2FTirka%2Fadvent-of-code-2018'...
[INFO] running `Command { std: "git" "rev-parse" "HEAD", kill_on_drop: false }`
[INFO] [stdout] 1c3de8b5c51e9d89e7397c513532cd2f742f5af9
[INFO] testing Tirka/advent-of-code-2018 against 1.54.0 for beta-1.55-1
[INFO] running `Command { std: "git" "clone" "/workspace/cache/git-repos/https%3A%2F%2Fgithub.com%2FTirka%2Fadvent-of-code-2018" "/workspace/builds/worker-0/source", kill_on_drop: false }`
[INFO] [stderr] Cloning into '/workspace/builds/worker-0/source'...
[INFO] [stderr] done.
[INFO] validating manifest of git repo https://github.com/Tirka/advent-of-code-2018 on toolchain 1.54.0
[INFO] running `Command { std: "/workspace/cargo-home/bin/cargo" "+1.54.0" "metadata" "--manifest-path" "Cargo.toml" "--no-deps", kill_on_drop: false }`
[INFO] started tweaking git repo https://github.com/Tirka/advent-of-code-2018
[INFO] finished tweaking git repo https://github.com/Tirka/advent-of-code-2018
[INFO] tweaked toml for git repo https://github.com/Tirka/advent-of-code-2018 written to /workspace/builds/worker-0/source/Cargo.toml
[INFO] crate git repo https://github.com/Tirka/advent-of-code-2018 already has a lockfile, it will not be regenerated
[INFO] running `Command { std: "/workspace/cargo-home/bin/cargo" "+1.54.0" "fetch" "--manifest-path" "Cargo.toml", kill_on_drop: false }`
[INFO] running `Command { std: "docker" "create" "-v" "/var/lib/crater-agent-workspace/builds/worker-0/target:/opt/rustwide/target:rw,Z" "-v" "/var/lib/crater-agent-workspace/builds/worker-0/source:/opt/rustwide/workdir:ro,Z" "-v" "/var/lib/crater-agent-workspace/cargo-home:/opt/rustwide/cargo-home:ro,Z" "-v" "/var/lib/crater-agent-workspace/rustup-home:/opt/rustwide/rustup-home:ro,Z" "-e" "SOURCE_DIR=/opt/rustwide/workdir" "-e" "CARGO_TARGET_DIR=/opt/rustwide/target" "-e" "CARGO_HOME=/opt/rustwide/cargo-home" "-e" "RUSTUP_HOME=/opt/rustwide/rustup-home" "-w" "/opt/rustwide/workdir" "-m" "1610612736" "--user" "0:0" "--network" "none" "ghcr.io/rust-lang/crates-build-env/linux@sha256:34b6a614d2c27851fe6cbf88fbd1137609cefab8b10d0615aaeb6fd47975d74e" "/opt/rustwide/cargo-home/bin/cargo" "+1.54.0" "metadata" "--no-deps" "--format-version=1", kill_on_drop: false }`
[INFO] [stdout] 34ce63036da96740ae5499b7cbf86e40c95f85fa36c2cf078c4544f7ee2a4c6c
[INFO] running `Command { std: "docker" "start" "-a" "34ce63036da96740ae5499b7cbf86e40c95f85fa36c2cf078c4544f7ee2a4c6c", kill_on_drop: false }`
[INFO] running `Command { std: "docker" "inspect" "34ce63036da96740ae5499b7cbf86e40c95f85fa36c2cf078c4544f7ee2a4c6c", kill_on_drop: false }`
[INFO] running `Command { std: "docker" "rm" "-f" "34ce63036da96740ae5499b7cbf86e40c95f85fa36c2cf078c4544f7ee2a4c6c", kill_on_drop: false }`
[INFO] [stdout] 34ce63036da96740ae5499b7cbf86e40c95f85fa36c2cf078c4544f7ee2a4c6c
[INFO] running `Command { std: "docker" "create" "-v" "/var/lib/crater-agent-workspace/builds/worker-0/target:/opt/rustwide/target:rw,Z" "-v" "/var/lib/crater-agent-workspace/builds/worker-0/source:/opt/rustwide/workdir:ro,Z" "-v" "/var/lib/crater-agent-workspace/cargo-home:/opt/rustwide/cargo-home:ro,Z" "-v" "/var/lib/crater-agent-workspace/rustup-home:/opt/rustwide/rustup-home:ro,Z" "-e" "SOURCE_DIR=/opt/rustwide/workdir" "-e" "CARGO_TARGET_DIR=/opt/rustwide/target" "-e" "CARGO_INCREMENTAL=0" "-e" "RUST_BACKTRACE=full" "-e" "RUSTFLAGS=--cap-lints=warn" "-e" "CARGO_HOME=/opt/rustwide/cargo-home" "-e" "RUSTUP_HOME=/opt/rustwide/rustup-home" "-w" "/opt/rustwide/workdir" "-m" "1610612736" "--user" "0:0" "--network" "none" "ghcr.io/rust-lang/crates-build-env/linux@sha256:34b6a614d2c27851fe6cbf88fbd1137609cefab8b10d0615aaeb6fd47975d74e" "/opt/rustwide/cargo-home/bin/cargo" "+1.54.0" "build" "--frozen" "--message-format=json", kill_on_drop: false }`
[INFO] [stdout] 48afc4f0210cd22ff11390993216ec02e251c6c745599e4d574babf23d1e26b3
[INFO] running `Command { std: "docker" "start" "-a" "48afc4f0210cd22ff11390993216ec02e251c6c745599e4d574babf23d1e26b3", kill_on_drop: false }`
[INFO] [stderr]    Compiling memchr v2.2.1
[INFO] [stderr]    Compiling lazy_static v1.3.0
[INFO] [stderr]    Compiling regex-syntax v0.6.11
[INFO] [stderr]    Compiling either v1.5.2
[INFO] [stderr]    Compiling thread_local v0.3.6
[INFO] [stderr]    Compiling itertools v0.8.0
[INFO] [stderr]    Compiling aho-corasick v0.7.6
[INFO] [stderr]    Compiling regex v1.2.1
[INFO] [stderr]    Compiling advent2018 v0.1.0 (/opt/rustwide/workdir)
[INFO] [stdout] warning: unused import: `std::cell::RefCell`
[INFO] [stdout]  --> src/day15.rs:3:5
[INFO] [stdout]   |
[INFO] [stdout] 3 | use std::cell::RefCell;
[INFO] [stdout]   |     ^^^^^^^^^^^^^^^^^^
[INFO] [stdout]   |
[INFO] [stdout]   = note: `#[warn(unused_imports)]` on by default
[INFO] [stdout] 
[INFO] [stdout] 
[INFO] [stdout] warning: 1 warning emitted
[INFO] [stdout] 
[INFO] [stdout] 
[INFO] [stderr]     Finished dev [optimized + debuginfo] target(s) in 23.62s
[INFO] running `Command { std: "docker" "inspect" "48afc4f0210cd22ff11390993216ec02e251c6c745599e4d574babf23d1e26b3", kill_on_drop: false }`
[INFO] running `Command { std: "docker" "rm" "-f" "48afc4f0210cd22ff11390993216ec02e251c6c745599e4d574babf23d1e26b3", kill_on_drop: false }`
[INFO] [stdout] 48afc4f0210cd22ff11390993216ec02e251c6c745599e4d574babf23d1e26b3
[INFO] running `Command { std: "docker" "create" "-v" "/var/lib/crater-agent-workspace/builds/worker-0/target:/opt/rustwide/target:rw,Z" "-v" "/var/lib/crater-agent-workspace/builds/worker-0/source:/opt/rustwide/workdir:ro,Z" "-v" "/var/lib/crater-agent-workspace/cargo-home:/opt/rustwide/cargo-home:ro,Z" "-v" "/var/lib/crater-agent-workspace/rustup-home:/opt/rustwide/rustup-home:ro,Z" "-e" "SOURCE_DIR=/opt/rustwide/workdir" "-e" "CARGO_TARGET_DIR=/opt/rustwide/target" "-e" "CARGO_INCREMENTAL=0" "-e" "RUST_BACKTRACE=full" "-e" "RUSTFLAGS=--cap-lints=warn" "-e" "CARGO_HOME=/opt/rustwide/cargo-home" "-e" "RUSTUP_HOME=/opt/rustwide/rustup-home" "-w" "/opt/rustwide/workdir" "-m" "1610612736" "--user" "0:0" "--network" "none" "ghcr.io/rust-lang/crates-build-env/linux@sha256:34b6a614d2c27851fe6cbf88fbd1137609cefab8b10d0615aaeb6fd47975d74e" "/opt/rustwide/cargo-home/bin/cargo" "+1.54.0" "test" "--frozen" "--no-run" "--message-format=json", kill_on_drop: false }`
[INFO] [stdout] 94a451e00e077ed1f00da261d9573372431afbb86bc4177c95a47f661d9ab0ae
[INFO] running `Command { std: "docker" "start" "-a" "94a451e00e077ed1f00da261d9573372431afbb86bc4177c95a47f661d9ab0ae", kill_on_drop: false }`
[INFO] [stderr]    Compiling advent2018 v0.1.0 (/opt/rustwide/workdir)
[INFO] [stdout] warning: unused import: `std::cell::RefCell`
[INFO] [stdout]  --> src/day15.rs:3:5
[INFO] [stdout]   |
[INFO] [stdout] 3 | use std::cell::RefCell;
[INFO] [stdout]   |     ^^^^^^^^^^^^^^^^^^
[INFO] [stdout]   |
[INFO] [stdout]   = note: `#[warn(unused_imports)]` on by default
[INFO] [stdout] 
[INFO] [stdout] 
[INFO] [stdout] warning: this method call currently resolves to `<&[T; N] as IntoIterator>::into_iter` (due to autoref coercions), but that might change in the future when `IntoIterator` impls for arrays are added.
[INFO] [stdout]    --> src/day16.rs:334:7
[INFO] [stdout]     |
[INFO] [stdout] 334 |     ].into_iter().cloned().collect();
[INFO] [stdout]     |       ^^^^^^^^^ help: use `.iter()` instead of `.into_iter()` to avoid ambiguity: `iter`
[INFO] [stdout]     |
[INFO] [stdout]     = note: `#[warn(array_into_iter)]` on by default
[INFO] [stdout]     = warning: this was previously accepted by the compiler but is being phased out; it will become a hard error in a future release!
[INFO] [stdout]     = note: for more information, see issue #66145 <https://github.com/rust-lang/rust/issues/66145>
[INFO] [stdout] 
[INFO] [stdout] 
[INFO] [stdout] warning: 2 warnings emitted
[INFO] [stdout] 
[INFO] [stdout] 
[INFO] [stderr]     Finished test [optimized + debuginfo] target(s) in 11.66s
[INFO] running `Command { std: "docker" "inspect" "94a451e00e077ed1f00da261d9573372431afbb86bc4177c95a47f661d9ab0ae", kill_on_drop: false }`
[INFO] running `Command { std: "docker" "rm" "-f" "94a451e00e077ed1f00da261d9573372431afbb86bc4177c95a47f661d9ab0ae", kill_on_drop: false }`
[INFO] [stdout] 94a451e00e077ed1f00da261d9573372431afbb86bc4177c95a47f661d9ab0ae
[INFO] running `Command { std: "docker" "create" "-v" "/var/lib/crater-agent-workspace/builds/worker-0/target:/opt/rustwide/target:rw,Z" "-v" "/var/lib/crater-agent-workspace/builds/worker-0/source:/opt/rustwide/workdir:ro,Z" "-v" "/var/lib/crater-agent-workspace/cargo-home:/opt/rustwide/cargo-home:ro,Z" "-v" "/var/lib/crater-agent-workspace/rustup-home:/opt/rustwide/rustup-home:ro,Z" "-e" "SOURCE_DIR=/opt/rustwide/workdir" "-e" "CARGO_TARGET_DIR=/opt/rustwide/target" "-e" "CARGO_INCREMENTAL=0" "-e" "RUST_BACKTRACE=full" "-e" "RUSTFLAGS=--cap-lints=warn" "-e" "CARGO_HOME=/opt/rustwide/cargo-home" "-e" "RUSTUP_HOME=/opt/rustwide/rustup-home" "-w" "/opt/rustwide/workdir" "-m" "1610612736" "--user" "0:0" "--network" "none" "ghcr.io/rust-lang/crates-build-env/linux@sha256:34b6a614d2c27851fe6cbf88fbd1137609cefab8b10d0615aaeb6fd47975d74e" "/opt/rustwide/cargo-home/bin/cargo" "+1.54.0" "test" "--frozen", kill_on_drop: false }`
[INFO] [stdout] 8bf6b4fc8b8d635ef7a64231e74bee2f8f10c4a385f0860a9e04feb9ccd73e14
[INFO] running `Command { std: "docker" "start" "-a" "8bf6b4fc8b8d635ef7a64231e74bee2f8f10c4a385f0860a9e04feb9ccd73e14", kill_on_drop: false }`
[INFO] [stdout] 
[INFO] [stdout] running 37 tests
[INFO] [stderr] warning: unused import: `std::cell::RefCell`
[INFO] [stdout] test day02::test_example_part_1 ... ok
[INFO] [stderr]  --> src/day15.rs:3:5
[INFO] [stdout] test day04::test_strategies ... ok
[INFO] [stderr]   |
[INFO] [stdout] test day05::test_example ... ok
[INFO] [stderr] 3 | use std::cell::RefCell;
[INFO] [stdout] test day06::test_example ... ok
[INFO] [stderr]   |     ^^^^^^^^^^^^^^^^^^
[INFO] [stdout] test day08::test_parse_raw_string ... ok
[INFO] [stderr]   |
[INFO] [stdout] test day09::test_marble_game_3 ... ok
[INFO] [stderr]   = note: `#[warn(unused_imports)]` on by default
[INFO] [stdout] test day07::test_parsing ... ok
[INFO] [stderr] 
[INFO] [stdout] test day06::test_parsing ... ok
[INFO] [stderr] warning: this method call currently resolves to `<&[T; N] as IntoIterator>::into_iter` (due to autoref coercions), but that might change in the future when `IntoIterator` impls for arrays are added.
[INFO] [stderr]    --> src/day16.rs:334:7
[INFO] [stderr]     |
[INFO] [stderr] 334 |     ].into_iter().cloned().collect();
[INFO] [stderr]     |       ^^^^^^^^^ help: use `.iter()` instead of `.into_iter()` to avoid ambiguity: `iter`
[INFO] [stderr]     |
[INFO] [stderr]     = note: `#[warn(array_into_iter)]` on by default
[INFO] [stderr]     = warning: this was previously accepted by the compiler but is being phased out; it will become a hard error in a future release!
[INFO] [stderr]     = note: for more information, see issue #66145 <https://github.com/rust-lang/rust/issues/66145>
[INFO] [stderr] 
[INFO] [stderr] warning: 2 warnings emitted
[INFO] [stderr] 
[INFO] [stderr]     Finished test [optimized + debuginfo] target(s) in 0.02s
[INFO] [stderr]      Running unittests (/opt/rustwide/target/debug/deps/advent2018-e00d7c7125933a32)
[INFO] [stdout] test day01::test_example ... ok
[INFO] [stdout] test day09::test_marble_game_5 ... ok
[INFO] [stdout] test day09::test_parsing ... ok
[INFO] [stdout] test day04::test_parsing ... ok
[INFO] [stdout] test day11::test_hundreds_extractor ... ok
[INFO] [stdout] test day13::test_parsing ... ok
[INFO] [stdout] test day14::test_recipe_backwards_1 ... ok
[INFO] [stdout] test day14::test_recipe_score ... ok
[INFO] [stdout] test day14::test_recipe_backwards_4 ... ok
[INFO] [stdout] test day16::test_op_sample ... ok
[INFO] [stdout] test day08::test_tree_building ... ok
[INFO] [stdout] test day15::babikas ... ok
[INFO] [stdout] test day14::test_recipe_backwards_2 ... ok
[INFO] [stdout] test day11::test_power_level ... ok
[INFO] [stdout] test day09::test_marble_game_2 ... ok
[INFO] [stdout] test day03::test_parsing ... ok
[INFO] [stdout] test day02::test_example_part_2 ... ok
[INFO] [stdout] test day10::test_parsing ... ok
[INFO] [stdout] test day09::test_marble_game_4 ... ok
[INFO] [stdout] test day13::test_collision ... ok
[INFO] [stdout] test day12::test_life ... ok
[INFO] [stdout] test day14::test_recipe_backwards_3 ... ok
[INFO] [stdout] test day11::test_grid_fixed ... ok
[INFO] [stdout] test day12::test_parsing ... ok
[INFO] [stdout] test day07::test_sequence_processing ... FAILED
[INFO] [stdout] test day09::test_marble_game_1 ... ok
[INFO] [stdout] test day03::test_example ... ok
[INFO] [stdout] test day11::test_grid_absolute_2 ... ok
[INFO] [stdout] test day11::test_grid_absolute_1 ... ok
[INFO] [stdout] 
[INFO] [stdout] failures:
[INFO] [stdout] 
[INFO] [stdout] ---- day07::test_sequence_processing stdout ----
[INFO] [stdout] Runtime { instructions: Instructions({'B': {'A'}, 'A': {'C'}, 'D': {'A'}, 'C': {}, 'E': {'F', 'B', 'D'}, 'F': {'C'}}), workers: [0, 0], time_spent: 0 }
[INFO] [stdout] 
[INFO] [stdout] Runtime { instructions: Instructions({'B': {}, 'D': {}, 'E': {'F', 'B', 'D'}, 'F': {}}), workers: [2, 0], time_spent: 1 }
[INFO] [stdout] 
[INFO] [stdout] Runtime { instructions: Instructions({'D': {}, 'E': {'F', 'D'}, 'F': {}}), workers: [1, -1], time_spent: 2 }
[INFO] [stdout] 
[INFO] [stdout] Runtime { instructions: Instructions({'E': {'F'}, 'F': {}}), workers: [3, -2], time_spent: 3 }
[INFO] [stdout] 
[INFO] [stdout] Runtime { instructions: Instructions({'E': {}}), workers: [5, -3], time_spent: 4 }
[INFO] [stdout] 
[INFO] [stdout] Runtime { instructions: Instructions({}), workers: [4, -4], time_spent: 5 }
[INFO] [stdout] 
[INFO] [stdout] Runtime { instructions: Instructions({}), workers: [3, -5], time_spent: 6 }
[INFO] [stdout] 
[INFO] [stdout] Runtime { instructions: Instructions({}), workers: [2, -6], time_spent: 7 }
[INFO] [stdout] 
[INFO] [stdout] Runtime { instructions: Instructions({}), workers: [1, -7], time_spent: 8 }
[INFO] [stdout] 
[INFO] [stdout] thread 'day07::test_sequence_processing' panicked at 'assertion failed: `(left == right)`
[INFO] [stdout]   left: `9`,
[INFO] [stdout]  right: `15`', src/day07.rs:140:5
[INFO] [stdout] stack backtrace:
[INFO] [stdout]    0:     0x564ff68a9d40 - std::backtrace_rs::backtrace::libunwind::trace::h34055254b57d8e79
[INFO] [stdout]                                at /rustc/a178d0322ce20e33eac124758e837cbd80a6f633/library/std/src/../../backtrace/src/backtrace/libunwind.rs:90:5
[INFO] [stdout]    1:     0x564ff68a9d40 - std::backtrace_rs::backtrace::trace_unsynchronized::h8f1e3fbd9afff6ec
[INFO] [stdout]                                at /rustc/a178d0322ce20e33eac124758e837cbd80a6f633/library/std/src/../../backtrace/src/backtrace/mod.rs:66:5
[INFO] [stdout]    2:     0x564ff68a9d40 - std::sys_common::backtrace::_print_fmt::h3a99a796b770c360
[INFO] [stdout]                                at /rustc/a178d0322ce20e33eac124758e837cbd80a6f633/library/std/src/sys_common/backtrace.rs:67:5
[INFO] [stdout]    3:     0x564ff68a9d40 - <std::sys_common::backtrace::_print::DisplayBacktrace as core::fmt::Display>::fmt::h32d1f94a80615d18
[INFO] [stdout]                                at /rustc/a178d0322ce20e33eac124758e837cbd80a6f633/library/std/src/sys_common/backtrace.rs:46:22
[INFO] [stdout]    4:     0x564ff68cc9cc - core::fmt::write::h306731c068f7162c
[INFO] [stdout]                                at /rustc/a178d0322ce20e33eac124758e837cbd80a6f633/library/core/src/fmt/mod.rs:1110:17
[INFO] [stdout]    5:     0x564ff68a6c65 - std::io::Write::write_fmt::h87f19b0a2cd190bc
[INFO] [stdout]                                at /rustc/a178d0322ce20e33eac124758e837cbd80a6f633/library/std/src/io/mod.rs:1588:15
[INFO] [stdout]    6:     0x564ff68abeab - std::sys_common::backtrace::_print::h5abaa2601a852287
[INFO] [stdout]                                at /rustc/a178d0322ce20e33eac124758e837cbd80a6f633/library/std/src/sys_common/backtrace.rs:49:5
[INFO] [stdout]    7:     0x564ff68abeab - std::sys_common::backtrace::print::h8d81445442bb638f
[INFO] [stdout]                                at /rustc/a178d0322ce20e33eac124758e837cbd80a6f633/library/std/src/sys_common/backtrace.rs:36:9
[INFO] [stdout]    8:     0x564ff68abeab - std::panicking::default_hook::{{closure}}::hcfe804496a9fa747
[INFO] [stdout]                                at /rustc/a178d0322ce20e33eac124758e837cbd80a6f633/library/std/src/panicking.rs:208:50
[INFO] [stdout]    9:     0x564ff68ab9bc - std::panicking::default_hook::hbea8e3ccf2ba8901
[INFO] [stdout]                                at /rustc/a178d0322ce20e33eac124758e837cbd80a6f633/library/std/src/panicking.rs:222:9
[INFO] [stdout]   10:     0x564ff68ac574 - std::panicking::rust_panic_with_hook::h7ee9e1a2d0f8975a
[INFO] [stdout]                                at /rustc/a178d0322ce20e33eac124758e837cbd80a6f633/library/std/src/panicking.rs:622:17
[INFO] [stdout]   11:     0x564ff68ac057 - std::panicking::begin_panic_handler::{{closure}}::h8ab3b4491718b2c7
[INFO] [stdout]                                at /rustc/a178d0322ce20e33eac124758e837cbd80a6f633/library/std/src/panicking.rs:519:13
[INFO] [stdout]   12:     0x564ff68aa23c - std::sys_common::backtrace::__rust_end_short_backtrace::hd489062ffa586a9f
[INFO] [stdout]                                at /rustc/a178d0322ce20e33eac124758e837cbd80a6f633/library/std/src/sys_common/backtrace.rs:141:18
[INFO] [stdout]   13:     0x564ff68abfb9 - rust_begin_unwind
[INFO] [stdout]                                at /rustc/a178d0322ce20e33eac124758e837cbd80a6f633/library/std/src/panicking.rs:515:5
[INFO] [stdout]   14:     0x564ff67b98d1 - core::panicking::panic_fmt::hca6330e3e14086b4
[INFO] [stdout]                                at /rustc/a178d0322ce20e33eac124758e837cbd80a6f633/library/core/src/panicking.rs:92:14
[INFO] [stdout]   15:     0x564ff68cb008 - core::panicking::assert_failed_inner::h33b45280069a80ed
[INFO] [stdout]   16:     0x564ff67b089b - core::panicking::assert_failed::h5837dd6d500f5743
[INFO] [stdout]                                at /rustc/a178d0322ce20e33eac124758e837cbd80a6f633/library/core/src/panicking.rs:117:5
[INFO] [stdout]   17:     0x564ff67db2e9 - advent2018::day07::test_sequence_processing::h0dca95b8413d5b5b
[INFO] [stdout]                                at /opt/rustwide/workdir/src/day07.rs:140:5
[INFO] [stdout]   18:     0x564ff6805383 - core::ops::function::FnOnce::call_once::h152e7e439ff59e19
[INFO] [stdout]                                at /rustc/a178d0322ce20e33eac124758e837cbd80a6f633/library/core/src/ops/function.rs:227:5
[INFO] [stdout]   19:     0x564ff6805383 - test::__rust_begin_short_backtrace::h0908f3b1fdbb72ab
[INFO] [stdout]                                at /rustc/a178d0322ce20e33eac124758e837cbd80a6f633/library/test/src/lib.rs:577:5
[INFO] [stdout]   20:     0x564ff6803e40 - <alloc::boxed::Box<F,A> as core::ops::function::FnOnce<Args>>::call_once::hf6d2a51e5587546c
[INFO] [stdout]                                at /rustc/a178d0322ce20e33eac124758e837cbd80a6f633/library/alloc/src/boxed.rs:1575:9
[INFO] [stdout]   21:     0x564ff6803e40 - <std::panic::AssertUnwindSafe<F> as core::ops::function::FnOnce<()>>::call_once::h8af660f3a89ef593
[INFO] [stdout]                                at /rustc/a178d0322ce20e33eac124758e837cbd80a6f633/library/std/src/panic.rs:347:9
[INFO] [stdout]   22:     0x564ff6803e40 - std::panicking::try::do_call::hd36aef60f84b6d36
[INFO] [stdout]                                at /rustc/a178d0322ce20e33eac124758e837cbd80a6f633/library/std/src/panicking.rs:401:40
[INFO] [stdout]   23:     0x564ff6803e40 - std::panicking::try::h9932b4480e69817c
[INFO] [stdout]                                at /rustc/a178d0322ce20e33eac124758e837cbd80a6f633/library/std/src/panicking.rs:365:19
[INFO] [stdout]   24:     0x564ff6803e40 - std::panic::catch_unwind::h6aa177099cfff5f8
[INFO] [stdout]                                at /rustc/a178d0322ce20e33eac124758e837cbd80a6f633/library/std/src/panic.rs:434:14
[INFO] [stdout]   25:     0x564ff6803e40 - test::run_test_in_process::h5884d6f2d99e20c3
[INFO] [stdout]                                at /rustc/a178d0322ce20e33eac124758e837cbd80a6f633/library/test/src/lib.rs:600:18
[INFO] [stdout]   26:     0x564ff6803e40 - test::run_test::run_test_inner::{{closure}}::h6fdc58c6d5f5b6e3
[INFO] [stdout]                                at /rustc/a178d0322ce20e33eac124758e837cbd80a6f633/library/test/src/lib.rs:492:39
[INFO] [stdout]   27:     0x564ff67dd4f2 - test::run_test::run_test_inner::{{closure}}::h408365d67a78ade8
[INFO] [stdout]                                at /rustc/a178d0322ce20e33eac124758e837cbd80a6f633/library/test/src/lib.rs:519:37
[INFO] [stdout]   28:     0x564ff67dd4f2 - std::sys_common::backtrace::__rust_begin_short_backtrace::hb560b77c4f701523
[INFO] [stdout]                                at /rustc/a178d0322ce20e33eac124758e837cbd80a6f633/library/std/src/sys_common/backtrace.rs:125:18
[INFO] [stdout]   29:     0x564ff67e10a8 - std::thread::Builder::spawn_unchecked::{{closure}}::{{closure}}::hf2e7831dad93c597
[INFO] [stdout]                                at /rustc/a178d0322ce20e33eac124758e837cbd80a6f633/library/std/src/thread/mod.rs:481:17
[INFO] [stdout]   30:     0x564ff67e10a8 - <std::panic::AssertUnwindSafe<F> as core::ops::function::FnOnce<()>>::call_once::hd2e08783d8be4d02
[INFO] [stdout]                                at /rustc/a178d0322ce20e33eac124758e837cbd80a6f633/library/std/src/panic.rs:347:9
[INFO] [stdout]   31:     0x564ff67e10a8 - std::panicking::try::do_call::h062597b7acfd6b82
[INFO] [stdout]                                at /rustc/a178d0322ce20e33eac124758e837cbd80a6f633/library/std/src/panicking.rs:401:40
[INFO] [stdout]   32:     0x564ff67e10a8 - std::panicking::try::h0d7b79db04c14552
[INFO] [stdout]                                at /rustc/a178d0322ce20e33eac124758e837cbd80a6f633/library/std/src/panicking.rs:365:19
[INFO] [stdout]   33:     0x564ff67e10a8 - std::panic::catch_unwind::hb01a0b5e7c8cd43b
[INFO] [stdout]                                at /rustc/a178d0322ce20e33eac124758e837cbd80a6f633/library/std/src/panic.rs:434:14
[INFO] [stdout]   34:     0x564ff67e10a8 - std::thread::Builder::spawn_unchecked::{{closure}}::h5bde48cc887e0d1e
[INFO] [stdout]                                at /rustc/a178d0322ce20e33eac124758e837cbd80a6f633/library/std/src/thread/mod.rs:480:30
[INFO] [stdout]   35:     0x564ff67e10a8 - core::ops::function::FnOnce::call_once{{vtable.shim}}::h745ea30807a29e55
[INFO] [stdout]                                at /rustc/a178d0322ce20e33eac124758e837cbd80a6f633/library/core/src/ops/function.rs:227:5
[INFO] [stdout]   36:     0x564ff68b1037 - <alloc::boxed::Box<F,A> as core::ops::function::FnOnce<Args>>::call_once::h7ece6cfefaff1005
[INFO] [stdout]                                at /rustc/a178d0322ce20e33eac124758e837cbd80a6f633/library/alloc/src/boxed.rs:1575:9
[INFO] [stdout]   37:     0x564ff68b1037 - <alloc::boxed::Box<F,A> as core::ops::function::FnOnce<Args>>::call_once::hb8b48e55c21f193e
[INFO] [stdout]                                at /rustc/a178d0322ce20e33eac124758e837cbd80a6f633/library/alloc/src/boxed.rs:1575:9
[INFO] [stdout]   38:     0x564ff68b1037 - std::sys::unix::thread::Thread::new::thread_start::h8c7c4450dba62914
[INFO] [stdout]                                at /rustc/a178d0322ce20e33eac124758e837cbd80a6f633/library/std/src/sys/unix/thread.rs:71:17
[INFO] [stdout]   39:     0x7f15c42bd609 - start_thread
[INFO] [stdout]   40:     0x7f15c408f293 - clone
[INFO] [stdout]   41:                0x0 - <unknown>
[INFO] [stdout] 
[INFO] [stderr] error: test failed, to rerun pass '--bin advent2018'
[INFO] [stdout] 
[INFO] [stdout] failures:
[INFO] [stdout]     day07::test_sequence_processing
[INFO] [stdout] 
[INFO] [stdout] test result: FAILED. 36 passed; 1 failed; 0 ignored; 0 measured; 0 filtered out; finished in 2.06s
[INFO] [stdout] 
[INFO] running `Command { std: "docker" "inspect" "8bf6b4fc8b8d635ef7a64231e74bee2f8f10c4a385f0860a9e04feb9ccd73e14", kill_on_drop: false }`
[INFO] running `Command { std: "docker" "rm" "-f" "8bf6b4fc8b8d635ef7a64231e74bee2f8f10c4a385f0860a9e04feb9ccd73e14", kill_on_drop: false }`
[INFO] [stdout] 8bf6b4fc8b8d635ef7a64231e74bee2f8f10c4a385f0860a9e04feb9ccd73e14
