[INFO] cloning repository https://github.com/Thierry61/safe_vault_unlink
[INFO] running `Command { std: "git" "-c" "credential.helper=" "-c" "credential.helper=/workspace/cargo-home/bin/git-credential-null" "clone" "--bare" "https://github.com/Thierry61/safe_vault_unlink" "/workspace/cache/git-repos/https%3A%2F%2Fgithub.com%2FThierry61%2Fsafe_vault_unlink", kill_on_drop: false }`
[INFO] [stderr] Cloning into bare repository '/workspace/cache/git-repos/https%3A%2F%2Fgithub.com%2FThierry61%2Fsafe_vault_unlink'...
[INFO] running `Command { std: "git" "rev-parse" "HEAD", kill_on_drop: false }`
[INFO] [stdout] efbe8d8de35df73f1428e05a1fc7e35dcbfe4615
[INFO] testing Thierry61/safe_vault_unlink against beta-2021-08-01 for beta-1.55-1
[INFO] running `Command { std: "git" "clone" "/workspace/cache/git-repos/https%3A%2F%2Fgithub.com%2FThierry61%2Fsafe_vault_unlink" "/workspace/builds/worker-11/source", kill_on_drop: false }`
[INFO] [stderr] Cloning into '/workspace/builds/worker-11/source'...
[INFO] [stderr] done.
[INFO] validating manifest of git repo https://github.com/Thierry61/safe_vault_unlink on toolchain beta-2021-08-01
[INFO] running `Command { std: "/workspace/cargo-home/bin/cargo" "+beta-2021-08-01" "metadata" "--manifest-path" "Cargo.toml" "--no-deps", kill_on_drop: false }`
[INFO] started tweaking git repo https://github.com/Thierry61/safe_vault_unlink
[INFO] finished tweaking git repo https://github.com/Thierry61/safe_vault_unlink
[INFO] tweaked toml for git repo https://github.com/Thierry61/safe_vault_unlink written to /workspace/builds/worker-11/source/Cargo.toml
[INFO] crate git repo https://github.com/Thierry61/safe_vault_unlink already has a lockfile, it will not be regenerated
[INFO] running `Command { std: "/workspace/cargo-home/bin/cargo" "+beta-2021-08-01" "fetch" "--manifest-path" "Cargo.toml", kill_on_drop: false }`
[INFO] [stderr]  Downloading crates ...
[INFO] [stderr]   Downloaded rand04 v0.1.1
[INFO] [stderr]   Downloaded quinn-proto v0.3.0
[INFO] [stderr]   Downloaded self_update v0.5.1
[INFO] [stderr]   Downloaded yasna v0.2.2
[INFO] [stderr]   Downloaded rcgen v0.2.1
[INFO] [stderr]   Downloaded pickledb v0.4.0
[INFO] [stderr]   Downloaded rand04_compat v0.1.1
[INFO] [stderr]   Downloaded hyper-old-types v0.11.0
[INFO] [stderr]   Downloaded threshold_crypto v0.3.2
[INFO] [stderr]   Downloaded safe-nd v0.4.0
[INFO] [stderr]   Downloaded quic-p2p v0.2.1
[INFO] [stderr]   Downloaded mach_o_sys v0.1.1
[INFO] [stderr]   Downloaded memsec v0.5.6
[INFO] [stderr]   Downloaded quinn v0.3.0
[INFO] [stderr]   Downloaded pairing v0.14.2
[INFO] [stderr]   Downloaded pem v0.6.1
[INFO] running `Command { std: "docker" "create" "-v" "/var/lib/crater-agent-workspace/builds/worker-11/target:/opt/rustwide/target:rw,Z" "-v" "/var/lib/crater-agent-workspace/builds/worker-11/source:/opt/rustwide/workdir:ro,Z" "-v" "/var/lib/crater-agent-workspace/cargo-home:/opt/rustwide/cargo-home:ro,Z" "-v" "/var/lib/crater-agent-workspace/rustup-home:/opt/rustwide/rustup-home:ro,Z" "-e" "SOURCE_DIR=/opt/rustwide/workdir" "-e" "CARGO_TARGET_DIR=/opt/rustwide/target" "-e" "CARGO_HOME=/opt/rustwide/cargo-home" "-e" "RUSTUP_HOME=/opt/rustwide/rustup-home" "-w" "/opt/rustwide/workdir" "-m" "1610612736" "--user" "0:0" "--network" "none" "ghcr.io/rust-lang/crates-build-env/linux@sha256:34b6a614d2c27851fe6cbf88fbd1137609cefab8b10d0615aaeb6fd47975d74e" "/opt/rustwide/cargo-home/bin/cargo" "+beta-2021-08-01" "metadata" "--no-deps" "--format-version=1", kill_on_drop: false }`
[INFO] [stdout] 7a3d35cd463a1cdfde42be98f7ee1b8a6e670d64d749422b49461112ed6ffbe8
[INFO] running `Command { std: "docker" "start" "-a" "7a3d35cd463a1cdfde42be98f7ee1b8a6e670d64d749422b49461112ed6ffbe8", kill_on_drop: false }`
[INFO] running `Command { std: "docker" "inspect" "7a3d35cd463a1cdfde42be98f7ee1b8a6e670d64d749422b49461112ed6ffbe8", kill_on_drop: false }`
[INFO] running `Command { std: "docker" "rm" "-f" "7a3d35cd463a1cdfde42be98f7ee1b8a6e670d64d749422b49461112ed6ffbe8", kill_on_drop: false }`
[INFO] [stdout] 7a3d35cd463a1cdfde42be98f7ee1b8a6e670d64d749422b49461112ed6ffbe8
[INFO] running `Command { std: "docker" "create" "-v" "/var/lib/crater-agent-workspace/builds/worker-11/target:/opt/rustwide/target:rw,Z" "-v" "/var/lib/crater-agent-workspace/builds/worker-11/source:/opt/rustwide/workdir:ro,Z" "-v" "/var/lib/crater-agent-workspace/cargo-home:/opt/rustwide/cargo-home:ro,Z" "-v" "/var/lib/crater-agent-workspace/rustup-home:/opt/rustwide/rustup-home:ro,Z" "-e" "SOURCE_DIR=/opt/rustwide/workdir" "-e" "CARGO_TARGET_DIR=/opt/rustwide/target" "-e" "CARGO_INCREMENTAL=0" "-e" "RUST_BACKTRACE=full" "-e" "RUSTFLAGS=--cap-lints=warn" "-e" "CARGO_HOME=/opt/rustwide/cargo-home" "-e" "RUSTUP_HOME=/opt/rustwide/rustup-home" "-w" "/opt/rustwide/workdir" "-m" "1610612736" "--user" "0:0" "--network" "none" "ghcr.io/rust-lang/crates-build-env/linux@sha256:34b6a614d2c27851fe6cbf88fbd1137609cefab8b10d0615aaeb6fd47975d74e" "/opt/rustwide/cargo-home/bin/cargo" "+beta-2021-08-01" "build" "--frozen" "--message-format=json", kill_on_drop: false }`
[INFO] [stdout] 8a43edea1e3a6662c4a0dc466fa21ea56cad70ec2ff94439a2cf64139501f77b
[INFO] running `Command { std: "docker" "start" "-a" "8a43edea1e3a6662c4a0dc466fa21ea56cad70ec2ff94439a2cf64139501f77b", kill_on_drop: false }`
[INFO] [stderr]    Compiling cc v1.0.40
[INFO] [stderr]    Compiling proc-macro2 v1.0.1
[INFO] [stderr]    Compiling syn v1.0.3
[INFO] [stderr]    Compiling either v1.5.2
[INFO] [stderr]    Compiling typenum v1.10.0
[INFO] [stderr]    Compiling spin v0.5.1
[INFO] [stderr]    Compiling pkg-config v0.3.15
[INFO] [stderr]    Compiling openssl v0.10.24
[INFO] [stderr]    Compiling getrandom v0.1.10
[INFO] [stderr]    Compiling adler32 v1.0.3
[INFO] [stderr]    Compiling subtle v2.1.1
[INFO] [stderr]    Compiling slog v2.5.2
[INFO] [stderr]    Compiling indexmap v1.1.0
[INFO] [stderr]    Compiling crunchy v0.2.2
[INFO] [stderr]    Compiling memsec v0.5.6
[INFO] [stderr]    Compiling encoding_rs v0.8.17
[INFO] [stderr]    Compiling bit-vec v0.5.1
[INFO] [stderr]    Compiling safemem v0.3.2
[INFO] [stderr]    Compiling half v1.3.0
[INFO] [stderr]    Compiling podio v0.1.6
[INFO] [stderr]    Compiling base-x v0.2.5
[INFO] [stderr]    Compiling hex_fmt v0.3.0
[INFO] [stderr]    Compiling unwrap v1.2.1
[INFO] [stderr]    Compiling crossbeam-utils v0.6.6
[INFO] [stderr]    Compiling tokio-sync v0.1.6
[INFO] [stderr]    Compiling num-traits v0.2.8
[INFO] [stderr]    Compiling error-chain v0.12.1
[INFO] [stderr]    Compiling num-integer v0.1.41
[INFO] [stderr]    Compiling bincode v1.1.4
[INFO] [stderr]    Compiling try_from v0.3.2
[INFO] [stderr]    Compiling textwrap v0.11.0
[INFO] [stderr]    Compiling humantime v1.2.0
[INFO] [stderr]    Compiling log v0.4.8
[INFO] [stderr]    Compiling crc32fast v1.2.0
[INFO] [stderr]    Compiling miniz_oxide v0.3.2
[INFO] [stderr]    Compiling iovec v0.1.2
[INFO] [stderr]    Compiling net2 v0.2.33
[INFO] [stderr]    Compiling errno v0.2.4
[INFO] [stderr]    Compiling filetime v0.2.7
[INFO] [stderr]    Compiling xattr v0.2.2
[INFO] [stderr]    Compiling directories v1.0.2
[INFO] [stderr]    Compiling dirs-sys v0.3.4
[INFO] [stderr]    Compiling base64 v0.10.1
[INFO] [stderr]    Compiling err-derive v0.1.5
[INFO] [stderr]    Compiling hyper v0.12.33
[INFO] [stderr]    Compiling base64 v0.9.3
[INFO] [stderr]    Compiling rand_chacha v0.1.1
[INFO] [stderr]    Compiling nix v0.14.1
[INFO] [stderr]    Compiling url v1.7.2
[INFO] [stderr]    Compiling futures-cpupool v0.1.8
[INFO] [stderr]    Compiling pbr v1.0.1
[INFO] [stderr]    Compiling multibase v0.6.0
[INFO] [stderr]    Compiling rand04 v0.1.1
[INFO] [stderr]    Compiling pairing v0.14.2
[INFO] [stderr]    Compiling tempdir v0.3.7
[INFO] [stderr]    Compiling want v0.2.0
[INFO] [stderr]    Compiling clap v2.33.0
[INFO] [stderr]    Compiling regex v1.2.1
[INFO] [stderr]    Compiling mime_guess v2.0.1
[INFO] [stderr]    Compiling mime v0.3.13
[INFO] [stderr]    Compiling tokio-executor v0.1.8
[INFO] [stderr]    Compiling crossbeam-queue v0.1.2
[INFO] [stderr]    Compiling crossbeam-channel v0.3.9
[INFO] [stderr]    Compiling tar v0.4.26
[INFO] [stderr]    Compiling rand v0.6.5
[INFO] [stderr]    Compiling synstructure v0.10.2
[INFO] [stderr]    Compiling structopt-derive v0.2.18
[INFO] [stderr]    Compiling directories v2.0.2
[INFO] [stderr]    Compiling crossbeam-epoch v0.7.2
[INFO] [stderr]    Compiling mio v0.6.19
[INFO] [stderr]    Compiling tokio-timer v0.2.11
[INFO] [stderr]    Compiling tokio-current-thread v0.1.6
[INFO] [stderr]    Compiling cookie v0.12.0
[INFO] [stderr]    Compiling tiny-keccak v1.5.0
[INFO] [stderr]    Compiling crossbeam-deque v0.7.1
[INFO] [stderr]    Compiling quote v1.0.2
[INFO] [stderr]    Compiling parking_lot_core v0.4.0
[INFO] [stderr]    Compiling tokio-threadpool v0.1.15
[INFO] [stderr]    Compiling rand04_compat v0.1.1
[INFO] [stderr]    Compiling uuid v0.7.4
[INFO] [stderr]    Compiling parking_lot v0.7.1
[INFO] [stderr]    Compiling generic-array v0.12.3
[INFO] [stderr]    Compiling mio-uds v0.6.7
[INFO] [stderr]    Compiling env_logger v0.6.2
[INFO] [stderr]    Compiling backtrace-sys v0.1.31
[INFO] [stderr]    Compiling ring v0.14.6
[INFO] [stderr]    Compiling openssl-sys v0.9.49
[INFO] [stderr]    Compiling clear_on_drop v0.2.3
[INFO] [stderr]    Compiling miniz-sys v0.1.12
[INFO] [stderr]    Compiling bzip2-sys v0.1.7
[INFO] [stderr]    Compiling failure_derive v0.1.5
[INFO] [stderr]    Compiling digest v0.8.1
[INFO] [stderr]    Compiling block-buffer v0.7.3
[INFO] [stderr]    Compiling chrono v0.4.7
[INFO] [stderr]    Compiling sha3 v0.8.2
[INFO] [stderr]    Compiling flate2 v1.0.11
[INFO] [stderr]    Compiling curve25519-dalek v1.2.3
[INFO] [stderr]    Compiling structopt v0.2.18
[INFO] [stderr]    Compiling ctrlc v3.1.3
[INFO] [stderr]    Compiling native-tls v0.2.3
[INFO] [stderr]    Compiling bzip2 v0.3.3
[INFO] [stderr]    Compiling backtrace v0.3.35
[INFO] [stderr]    Compiling zip v0.5.3
[INFO] [stderr]    Compiling yasna v0.2.2
[INFO] [stderr]    Compiling failure v0.1.5
[INFO] [stderr]    Compiling publicsuffix v1.5.2
[INFO] [stderr]    Compiling pem v0.6.1
[INFO] [stderr]    Compiling serde_derive v1.0.99
[INFO] [stderr]    Compiling sct v0.5.0
[INFO] [stderr]    Compiling webpki v0.19.1
[INFO] [stderr]    Compiling rcgen v0.2.1
[INFO] [stderr]    Compiling ct-logs v0.5.1
[INFO] [stderr]    Compiling rustls v0.15.2
[INFO] [stderr]    Compiling webpki-roots v0.16.0
[INFO] [stderr]    Compiling serde v1.0.99
[INFO] [stderr]    Compiling bytes v0.4.12
[INFO] [stderr]    Compiling serde_json v1.0.40
[INFO] [stderr]    Compiling serde_urlencoded v0.5.5
[INFO] [stderr]    Compiling threshold_crypto v0.3.2
[INFO] [stderr]    Compiling ed25519-dalek v0.9.1
[INFO] [stderr]    Compiling serde_cbor v0.9.0
[INFO] [stderr]    Compiling serde_yaml v0.8.9
[INFO] [stderr]    Compiling safe-nd v0.4.0
[INFO] [stderr]    Compiling tokio-io v0.1.12
[INFO] [stderr]    Compiling http v0.1.18
[INFO] [stderr]    Compiling string v0.2.1
[INFO] [stderr]    Compiling tokio-buf v0.1.1
[INFO] [stderr]    Compiling quinn-proto v0.3.0
[INFO] [stderr]    Compiling hyper-old-types v0.11.0
[INFO] [stderr]    Compiling cookie_store v0.7.0
[INFO] [stderr]    Compiling pickledb v0.4.0
[INFO] [stderr]    Compiling tokio-reactor v0.1.9
[INFO] [stderr]    Compiling tokio-codec v0.1.1
[INFO] [stderr]    Compiling tokio-fs v0.1.6
[INFO] [stderr]    Compiling tokio-udp v0.1.3
[INFO] [stderr]    Compiling tokio-uds v0.2.5
[INFO] [stderr]    Compiling tokio-tcp v0.1.3
[INFO] [stderr]    Compiling tokio v0.1.22
[INFO] [stderr]    Compiling quinn v0.3.0
[INFO] [stderr]    Compiling quic-p2p v0.2.1
[INFO] [stderr]    Compiling h2 v0.1.26
[INFO] [stderr]    Compiling http-body v0.1.0
[INFO] [stderr]    Compiling hyper-tls v0.3.2
[INFO] [stderr]    Compiling reqwest v0.9.20
[INFO] [stderr]    Compiling self_update v0.5.1
[INFO] [stderr]    Compiling safe_vault v0.19.2 (/opt/rustwide/workdir)
[INFO] [stdout] warning: use of deprecated associated function `std::error::Error::description`: use the Display impl or to_string()
[INFO] [stdout]   --> src/error.rs:15:1
[INFO] [stdout]    |
[INFO] [stdout] 15 | / quick_error! {
[INFO] [stdout] 16 | |     #[allow(clippy::large_enum_variant)]
[INFO] [stdout] 17 | |     #[derive(Debug)]
[INFO] [stdout] 18 | |     /// Vault error variants.
[INFO] [stdout] ...  |
[INFO] [stdout] 86 | |     }
[INFO] [stdout] 87 | | }
[INFO] [stdout]    | |_^
[INFO] [stdout]    |
[INFO] [stdout]    = note: `#[warn(deprecated)]` on by default
[INFO] [stdout]    = note: this warning originates in the macro `quick_error` (in Nightly builds, run with -Z macro-backtrace for more info)
[INFO] [stdout] 
[INFO] [stdout] 
[INFO] [stdout] warning: use of deprecated associated function `std::error::Error::description`: use the Display impl or to_string()
[INFO] [stdout]   --> src/error.rs:15:1
[INFO] [stdout]    |
[INFO] [stdout] 15 | / quick_error! {
[INFO] [stdout] 16 | |     #[allow(clippy::large_enum_variant)]
[INFO] [stdout] 17 | |     #[derive(Debug)]
[INFO] [stdout] 18 | |     /// Vault error variants.
[INFO] [stdout] ...  |
[INFO] [stdout] 86 | |     }
[INFO] [stdout] 87 | | }
[INFO] [stdout]    | |_^
[INFO] [stdout]    |
[INFO] [stdout]    = note: this warning originates in the macro `quick_error` (in Nightly builds, run with -Z macro-backtrace for more info)
[INFO] [stdout] 
[INFO] [stdout] 
[INFO] [stdout] warning: use of deprecated associated function `std::error::Error::description`: use the Display impl or to_string()
[INFO] [stdout]   --> src/error.rs:15:1
[INFO] [stdout]    |
[INFO] [stdout] 15 | / quick_error! {
[INFO] [stdout] 16 | |     #[allow(clippy::large_enum_variant)]
[INFO] [stdout] 17 | |     #[derive(Debug)]
[INFO] [stdout] 18 | |     /// Vault error variants.
[INFO] [stdout] ...  |
[INFO] [stdout] 86 | |     }
[INFO] [stdout] 87 | | }
[INFO] [stdout]    | |_^
[INFO] [stdout]    |
[INFO] [stdout]    = note: this warning originates in the macro `quick_error` (in Nightly builds, run with -Z macro-backtrace for more info)
[INFO] [stdout] 
[INFO] [stdout] 
[INFO] [stdout] warning: use of deprecated associated function `std::error::Error::description`: use the Display impl or to_string()
[INFO] [stdout]   --> src/chunk_store/error.rs:19:31
[INFO] [stdout]    |
[INFO] [stdout] 19 |             description(error.description())
[INFO] [stdout]    |                               ^^^^^^^^^^^
[INFO] [stdout] 
[INFO] [stdout] 
[INFO] [stdout] warning: use of deprecated associated function `std::error::Error::description`: use the Display impl or to_string()
[INFO] [stdout]   --> src/chunk_store/error.rs:26:31
[INFO] [stdout]    |
[INFO] [stdout] 26 |             description(error.description())
[INFO] [stdout]    |                               ^^^^^^^^^^^
[INFO] [stdout] 
[INFO] [stdout] 
[INFO] [stdout] warning: use of deprecated associated function `std::error::Error::description`: use the Display impl or to_string()
[INFO] [stdout]   --> src/error.rs:23:31
[INFO] [stdout]    |
[INFO] [stdout] 23 |             description(error.description())
[INFO] [stdout]    |                               ^^^^^^^^^^^
[INFO] [stdout] 
[INFO] [stdout] 
[INFO] [stdout] warning: use of deprecated associated function `std::error::Error::description`: use the Display impl or to_string()
[INFO] [stdout]   --> src/error.rs:30:31
[INFO] [stdout]    |
[INFO] [stdout] 30 |             description(error.description())
[INFO] [stdout]    |                               ^^^^^^^^^^^
[INFO] [stdout] 
[INFO] [stdout] 
[INFO] [stdout] warning: use of deprecated associated function `std::error::Error::description`: use the Display impl or to_string()
[INFO] [stdout]   --> src/error.rs:37:31
[INFO] [stdout]    |
[INFO] [stdout] 37 |             description(error.description())
[INFO] [stdout]    |                               ^^^^^^^^^^^
[INFO] [stdout] 
[INFO] [stdout] 
[INFO] [stdout] warning: use of deprecated associated function `std::error::Error::description`: use the Display impl or to_string()
[INFO] [stdout]   --> src/error.rs:44:31
[INFO] [stdout]    |
[INFO] [stdout] 44 |             description(error.description())
[INFO] [stdout]    |                               ^^^^^^^^^^^
[INFO] [stdout] 
[INFO] [stdout] 
[INFO] [stdout] warning: use of deprecated associated function `std::error::Error::description`: use the Display impl or to_string()
[INFO] [stdout]   --> src/error.rs:56:31
[INFO] [stdout]    |
[INFO] [stdout] 56 |             description(error.description())
[INFO] [stdout]    |                               ^^^^^^^^^^^
[INFO] [stdout] 
[INFO] [stdout] 
[INFO] [stdout] warning: use of deprecated associated function `std::error::Error::description`: use the Display impl or to_string()
[INFO] [stdout]   --> src/error.rs:63:31
[INFO] [stdout]    |
[INFO] [stdout] 63 |             description(error.description())
[INFO] [stdout]    |                               ^^^^^^^^^^^
[INFO] [stdout] 
[INFO] [stdout] 
[INFO] [stdout] warning: 11 warnings emitted
[INFO] [stdout] 
[INFO] [stdout] 
[INFO] [stderr]     Finished dev [unoptimized + debuginfo] target(s) in 1m 40s
[INFO] running `Command { std: "docker" "inspect" "8a43edea1e3a6662c4a0dc466fa21ea56cad70ec2ff94439a2cf64139501f77b", kill_on_drop: false }`
[INFO] running `Command { std: "docker" "rm" "-f" "8a43edea1e3a6662c4a0dc466fa21ea56cad70ec2ff94439a2cf64139501f77b", kill_on_drop: false }`
[INFO] [stdout] 8a43edea1e3a6662c4a0dc466fa21ea56cad70ec2ff94439a2cf64139501f77b
[INFO] running `Command { std: "docker" "create" "-v" "/var/lib/crater-agent-workspace/builds/worker-11/target:/opt/rustwide/target:rw,Z" "-v" "/var/lib/crater-agent-workspace/builds/worker-11/source:/opt/rustwide/workdir:ro,Z" "-v" "/var/lib/crater-agent-workspace/cargo-home:/opt/rustwide/cargo-home:ro,Z" "-v" "/var/lib/crater-agent-workspace/rustup-home:/opt/rustwide/rustup-home:ro,Z" "-e" "SOURCE_DIR=/opt/rustwide/workdir" "-e" "CARGO_TARGET_DIR=/opt/rustwide/target" "-e" "CARGO_INCREMENTAL=0" "-e" "RUST_BACKTRACE=full" "-e" "RUSTFLAGS=--cap-lints=warn" "-e" "CARGO_HOME=/opt/rustwide/cargo-home" "-e" "RUSTUP_HOME=/opt/rustwide/rustup-home" "-w" "/opt/rustwide/workdir" "-m" "1610612736" "--user" "0:0" "--network" "none" "ghcr.io/rust-lang/crates-build-env/linux@sha256:34b6a614d2c27851fe6cbf88fbd1137609cefab8b10d0615aaeb6fd47975d74e" "/opt/rustwide/cargo-home/bin/cargo" "+beta-2021-08-01" "test" "--frozen" "--no-run" "--message-format=json", kill_on_drop: false }`
[INFO] [stdout] c695c62f406427bb70c5233987f78c868fe6892bbc12c53c42156fa29e24dcc2
[INFO] running `Command { std: "docker" "start" "-a" "c695c62f406427bb70c5233987f78c868fe6892bbc12c53c42156fa29e24dcc2", kill_on_drop: false }`
[INFO] [stderr]    Compiling maplit v1.0.1
[INFO] [stdout] warning: use of deprecated associated function `std::error::Error::description`: use the Display impl or to_string()
[INFO] [stdout]   --> src/error.rs:15:1
[INFO] [stdout]    |
[INFO] [stdout] 15 | / quick_error! {
[INFO] [stdout] 16 | |     #[allow(clippy::large_enum_variant)]
[INFO] [stdout] 17 | |     #[derive(Debug)]
[INFO] [stdout] 18 | |     /// Vault error variants.
[INFO] [stdout] ...  |
[INFO] [stdout] 86 | |     }
[INFO] [stdout] 87 | | }
[INFO] [stdout]    | |_^
[INFO] [stdout]    |
[INFO] [stdout]    = note: `#[warn(deprecated)]` on by default
[INFO] [stdout]    = note: this warning originates in the macro `quick_error` (in Nightly builds, run with -Z macro-backtrace for more info)
[INFO] [stdout] 
[INFO] [stdout] 
[INFO] [stdout] warning: use of deprecated associated function `std::error::Error::description`: use the Display impl or to_string()
[INFO] [stdout]   --> src/error.rs:15:1
[INFO] [stdout]    |
[INFO] [stdout] 15 | / quick_error! {
[INFO] [stdout] 16 | |     #[allow(clippy::large_enum_variant)]
[INFO] [stdout] 17 | |     #[derive(Debug)]
[INFO] [stdout] 18 | |     /// Vault error variants.
[INFO] [stdout] ...  |
[INFO] [stdout] 86 | |     }
[INFO] [stdout] 87 | | }
[INFO] [stdout]    | |_^
[INFO] [stdout]    |
[INFO] [stdout]    = note: this warning originates in the macro `quick_error` (in Nightly builds, run with -Z macro-backtrace for more info)
[INFO] [stdout] 
[INFO] [stdout] 
[INFO] [stdout] warning: use of deprecated associated function `std::error::Error::description`: use the Display impl or to_string()
[INFO] [stdout]   --> src/error.rs:15:1
[INFO] [stdout]    |
[INFO] [stdout] 15 | / quick_error! {
[INFO] [stdout] 16 | |     #[allow(clippy::large_enum_variant)]
[INFO] [stdout] 17 | |     #[derive(Debug)]
[INFO] [stdout] 18 | |     /// Vault error variants.
[INFO] [stdout] ...  |
[INFO] [stdout] 86 | |     }
[INFO] [stdout] 87 | | }
[INFO] [stdout]    | |_^
[INFO] [stdout]    |
[INFO] [stdout]    = note: this warning originates in the macro `quick_error` (in Nightly builds, run with -Z macro-backtrace for more info)
[INFO] [stdout] 
[INFO] [stdout] 
[INFO] [stderr]    Compiling safe_vault v0.19.2 (/opt/rustwide/workdir)
[INFO] [stdout] warning: use of deprecated associated function `std::error::Error::description`: use the Display impl or to_string()
[INFO] [stdout]   --> src/chunk_store/error.rs:19:31
[INFO] [stdout]    |
[INFO] [stdout] 19 |             description(error.description())
[INFO] [stdout]    |                               ^^^^^^^^^^^
[INFO] [stdout] 
[INFO] [stdout] 
[INFO] [stdout] warning: use of deprecated associated function `std::error::Error::description`: use the Display impl or to_string()
[INFO] [stdout]   --> src/chunk_store/error.rs:26:31
[INFO] [stdout]    |
[INFO] [stdout] 26 |             description(error.description())
[INFO] [stdout]    |                               ^^^^^^^^^^^
[INFO] [stdout] 
[INFO] [stdout] 
[INFO] [stdout] warning: use of deprecated associated function `std::error::Error::description`: use the Display impl or to_string()
[INFO] [stdout]   --> src/error.rs:23:31
[INFO] [stdout]    |
[INFO] [stdout] 23 |             description(error.description())
[INFO] [stdout]    |                               ^^^^^^^^^^^
[INFO] [stdout] 
[INFO] [stdout] 
[INFO] [stdout] warning: use of deprecated associated function `std::error::Error::description`: use the Display impl or to_string()
[INFO] [stdout]   --> src/error.rs:30:31
[INFO] [stdout]    |
[INFO] [stdout] 30 |             description(error.description())
[INFO] [stdout]    |                               ^^^^^^^^^^^
[INFO] [stdout] 
[INFO] [stdout] 
[INFO] [stdout] warning: use of deprecated associated function `std::error::Error::description`: use the Display impl or to_string()
[INFO] [stdout]   --> src/error.rs:37:31
[INFO] [stdout]    |
[INFO] [stdout] 37 |             description(error.description())
[INFO] [stdout]    |                               ^^^^^^^^^^^
[INFO] [stdout] 
[INFO] [stdout] 
[INFO] [stdout] warning: use of deprecated associated function `std::error::Error::description`: use the Display impl or to_string()
[INFO] [stdout]   --> src/error.rs:44:31
[INFO] [stdout]    |
[INFO] [stdout] 44 |             description(error.description())
[INFO] [stdout]    |                               ^^^^^^^^^^^
[INFO] [stdout] 
[INFO] [stdout] 
[INFO] [stdout] warning: use of deprecated associated function `std::error::Error::description`: use the Display impl or to_string()
[INFO] [stdout]   --> src/error.rs:56:31
[INFO] [stdout]    |
[INFO] [stdout] 56 |             description(error.description())
[INFO] [stdout]    |                               ^^^^^^^^^^^
[INFO] [stdout] 
[INFO] [stdout] 
[INFO] [stdout] warning: use of deprecated associated function `std::error::Error::description`: use the Display impl or to_string()
[INFO] [stdout]   --> src/error.rs:63:31
[INFO] [stdout]    |
[INFO] [stdout] 63 |             description(error.description())
[INFO] [stdout]    |                               ^^^^^^^^^^^
[INFO] [stdout] 
[INFO] [stdout] 
[INFO] [stdout] warning: 11 warnings emitted
[INFO] [stdout] 
[INFO] [stdout] 
[INFO] [stdout] warning: use of deprecated associated function `std::error::Error::description`: use the Display impl or to_string()
[INFO] [stdout]   --> src/error.rs:15:1
[INFO] [stdout]    |
[INFO] [stdout] 15 | / quick_error! {
[INFO] [stdout] 16 | |     #[allow(clippy::large_enum_variant)]
[INFO] [stdout] 17 | |     #[derive(Debug)]
[INFO] [stdout] 18 | |     /// Vault error variants.
[INFO] [stdout] ...  |
[INFO] [stdout] 86 | |     }
[INFO] [stdout] 87 | | }
[INFO] [stdout]    | |_^
[INFO] [stdout]    |
[INFO] [stdout]    = note: `#[warn(deprecated)]` on by default
[INFO] [stdout]    = note: this warning originates in the macro `quick_error` (in Nightly builds, run with -Z macro-backtrace for more info)
[INFO] [stdout] 
[INFO] [stdout] 
[INFO] [stdout] warning: use of deprecated associated function `std::error::Error::description`: use the Display impl or to_string()
[INFO] [stdout]   --> src/error.rs:15:1
[INFO] [stdout]    |
[INFO] [stdout] 15 | / quick_error! {
[INFO] [stdout] 16 | |     #[allow(clippy::large_enum_variant)]
[INFO] [stdout] 17 | |     #[derive(Debug)]
[INFO] [stdout] 18 | |     /// Vault error variants.
[INFO] [stdout] ...  |
[INFO] [stdout] 86 | |     }
[INFO] [stdout] 87 | | }
[INFO] [stdout]    | |_^
[INFO] [stdout]    |
[INFO] [stdout]    = note: this warning originates in the macro `quick_error` (in Nightly builds, run with -Z macro-backtrace for more info)
[INFO] [stdout] 
[INFO] [stdout] 
[INFO] [stdout] warning: use of deprecated associated function `std::error::Error::description`: use the Display impl or to_string()
[INFO] [stdout]   --> src/error.rs:15:1
[INFO] [stdout]    |
[INFO] [stdout] 15 | / quick_error! {
[INFO] [stdout] 16 | |     #[allow(clippy::large_enum_variant)]
[INFO] [stdout] 17 | |     #[derive(Debug)]
[INFO] [stdout] 18 | |     /// Vault error variants.
[INFO] [stdout] ...  |
[INFO] [stdout] 86 | |     }
[INFO] [stdout] 87 | | }
[INFO] [stdout]    | |_^
[INFO] [stdout]    |
[INFO] [stdout]    = note: this warning originates in the macro `quick_error` (in Nightly builds, run with -Z macro-backtrace for more info)
[INFO] [stdout] 
[INFO] [stdout] 
[INFO] [stdout] warning: use of deprecated associated function `std::error::Error::description`: use the Display impl or to_string()
[INFO] [stdout]   --> src/chunk_store/error.rs:19:31
[INFO] [stdout]    |
[INFO] [stdout] 19 |             description(error.description())
[INFO] [stdout]    |                               ^^^^^^^^^^^
[INFO] [stdout] 
[INFO] [stdout] 
[INFO] [stdout] warning: use of deprecated associated function `std::error::Error::description`: use the Display impl or to_string()
[INFO] [stdout]   --> src/chunk_store/error.rs:26:31
[INFO] [stdout]    |
[INFO] [stdout] 26 |             description(error.description())
[INFO] [stdout]    |                               ^^^^^^^^^^^
[INFO] [stdout] 
[INFO] [stdout] 
[INFO] [stdout] warning: use of deprecated associated function `std::error::Error::description`: use the Display impl or to_string()
[INFO] [stdout]   --> src/error.rs:23:31
[INFO] [stdout]    |
[INFO] [stdout] 23 |             description(error.description())
[INFO] [stdout]    |                               ^^^^^^^^^^^
[INFO] [stdout] 
[INFO] [stdout] 
[INFO] [stdout] warning: use of deprecated associated function `std::error::Error::description`: use the Display impl or to_string()
[INFO] [stdout]   --> src/error.rs:30:31
[INFO] [stdout]    |
[INFO] [stdout] 30 |             description(error.description())
[INFO] [stdout]    |                               ^^^^^^^^^^^
[INFO] [stdout] 
[INFO] [stdout] 
[INFO] [stdout] warning: use of deprecated associated function `std::error::Error::description`: use the Display impl or to_string()
[INFO] [stdout]   --> src/error.rs:37:31
[INFO] [stdout]    |
[INFO] [stdout] 37 |             description(error.description())
[INFO] [stdout]    |                               ^^^^^^^^^^^
[INFO] [stdout] 
[INFO] [stdout] 
[INFO] [stdout] warning: use of deprecated associated function `std::error::Error::description`: use the Display impl or to_string()
[INFO] [stdout]   --> src/error.rs:44:31
[INFO] [stdout]    |
[INFO] [stdout] 44 |             description(error.description())
[INFO] [stdout]    |                               ^^^^^^^^^^^
[INFO] [stdout] 
[INFO] [stdout] 
[INFO] [stdout] warning: use of deprecated associated function `std::error::Error::description`: use the Display impl or to_string()
[INFO] [stdout]   --> src/error.rs:56:31
[INFO] [stdout]    |
[INFO] [stdout] 56 |             description(error.description())
[INFO] [stdout]    |                               ^^^^^^^^^^^
[INFO] [stdout] 
[INFO] [stdout] 
[INFO] [stdout] warning: use of deprecated associated function `std::error::Error::description`: use the Display impl or to_string()
[INFO] [stdout]   --> src/error.rs:63:31
[INFO] [stdout]    |
[INFO] [stdout] 63 |             description(error.description())
[INFO] [stdout]    |                               ^^^^^^^^^^^
[INFO] [stdout] 
[INFO] [stdout] 
[INFO] [stdout] warning: 11 warnings emitted
[INFO] [stdout] 
[INFO] [stdout] 
[INFO] [stderr]     Finished test [unoptimized + debuginfo] target(s) in 11.26s
[INFO] running `Command { std: "docker" "inspect" "c695c62f406427bb70c5233987f78c868fe6892bbc12c53c42156fa29e24dcc2", kill_on_drop: false }`
[INFO] running `Command { std: "docker" "rm" "-f" "c695c62f406427bb70c5233987f78c868fe6892bbc12c53c42156fa29e24dcc2", kill_on_drop: false }`
[INFO] [stdout] c695c62f406427bb70c5233987f78c868fe6892bbc12c53c42156fa29e24dcc2
[INFO] running `Command { std: "docker" "create" "-v" "/var/lib/crater-agent-workspace/builds/worker-11/target:/opt/rustwide/target:rw,Z" "-v" "/var/lib/crater-agent-workspace/builds/worker-11/source:/opt/rustwide/workdir:ro,Z" "-v" "/var/lib/crater-agent-workspace/cargo-home:/opt/rustwide/cargo-home:ro,Z" "-v" "/var/lib/crater-agent-workspace/rustup-home:/opt/rustwide/rustup-home:ro,Z" "-e" "SOURCE_DIR=/opt/rustwide/workdir" "-e" "CARGO_TARGET_DIR=/opt/rustwide/target" "-e" "CARGO_INCREMENTAL=0" "-e" "RUST_BACKTRACE=full" "-e" "RUSTFLAGS=--cap-lints=warn" "-e" "CARGO_HOME=/opt/rustwide/cargo-home" "-e" "RUSTUP_HOME=/opt/rustwide/rustup-home" "-w" "/opt/rustwide/workdir" "-m" "1610612736" "--user" "0:0" "--network" "none" "ghcr.io/rust-lang/crates-build-env/linux@sha256:34b6a614d2c27851fe6cbf88fbd1137609cefab8b10d0615aaeb6fd47975d74e" "/opt/rustwide/cargo-home/bin/cargo" "+beta-2021-08-01" "test" "--frozen", kill_on_drop: false }`
[INFO] [stdout] f98a649e9dd21d169689511038144974ceb546e638845a7fcbdad30ac9644be6
[INFO] running `Command { std: "docker" "start" "-a" "f98a649e9dd21d169689511038144974ceb546e638845a7fcbdad30ac9644be6", kill_on_drop: false }`
[INFO] [stderr] warning: use of deprecated associated function `std::error::Error::description`: use the Display impl or to_string()
[INFO] [stderr]   --> src/error.rs:15:1
[INFO] [stderr]    |
[INFO] [stderr] 15 | / quick_error! {
[INFO] [stderr] 16 | |     #[allow(clippy::large_enum_variant)]
[INFO] [stderr] 17 | |     #[derive(Debug)]
[INFO] [stderr] 18 | |     /// Vault error variants.
[INFO] [stderr] ...  |
[INFO] [stderr] 86 | |     }
[INFO] [stderr] 87 | | }
[INFO] [stderr]    | |_^
[INFO] [stderr]    |
[INFO] [stderr]    = note: `#[warn(deprecated)]` on by default
[INFO] [stderr]    = note: this warning originates in the macro `quick_error` (in Nightly builds, run with -Z macro-backtrace for more info)
[INFO] [stderr] 
[INFO] [stderr] warning: use of deprecated associated function `std::error::Error::description`: use the Display impl or to_string()
[INFO] [stderr]   --> src/error.rs:15:1
[INFO] [stderr]    |
[INFO] [stderr] 15 | / quick_error! {
[INFO] [stderr] 16 | |     #[allow(clippy::large_enum_variant)]
[INFO] [stderr] 17 | |     #[derive(Debug)]
[INFO] [stderr] 18 | |     /// Vault error variants.
[INFO] [stderr] ...  |
[INFO] [stderr] 86 | |     }
[INFO] [stderr] 87 | | }
[INFO] [stderr]    | |_^
[INFO] [stderr]    |
[INFO] [stderr]    = note: this warning originates in the macro `quick_error` (in Nightly builds, run with -Z macro-backtrace for more info)
[INFO] [stderr] 
[INFO] [stderr] warning: use of deprecated associated function `std::error::Error::description`: use the Display impl or to_string()
[INFO] [stderr]   --> src/chunk_store/error.rs:19:31
[INFO] [stderr]    |
[INFO] [stderr] 19 |             description(error.description())
[INFO] [stderr]    |                               ^^^^^^^^^^^
[INFO] [stderr] 
[INFO] [stderr] warning: use of deprecated associated function `std::error::Error::description`: use the Display impl or to_string()
[INFO] [stderr]   --> src/chunk_store/error.rs:26:31
[INFO] [stderr]    |
[INFO] [stderr] 26 |             description(error.description())
[INFO] [stderr]    |                               ^^^^^^^^^^^
[INFO] [stderr] 
[INFO] [stderr] warning: use of deprecated associated function `std::error::Error::description`: use the Display impl or to_string()
[INFO] [stderr]   --> src/error.rs:23:31
[INFO] [stderr]    |
[INFO] [stderr] 23 |             description(error.description())
[INFO] [stderr]    |                               ^^^^^^^^^^^
[INFO] [stderr] 
[INFO] [stderr] warning: use of deprecated associated function `std::error::Error::description`: use the Display impl or to_string()
[INFO] [stderr]   --> src/error.rs:30:31
[INFO] [stderr]    |
[INFO] [stderr] 30 |             description(error.description())
[INFO] [stderr]    |                               ^^^^^^^^^^^
[INFO] [stderr] 
[INFO] [stderr] warning: use of deprecated associated function `std::error::Error::description`: use the Display impl or to_string()
[INFO] [stderr]   --> src/error.rs:37:31
[INFO] [stderr]    |
[INFO] [stderr] 37 |             description(error.description())
[INFO] [stderr]    |                               ^^^^^^^^^^^
[INFO] [stderr] 
[INFO] [stderr] warning: use of deprecated associated function `std::error::Error::description`: use the Display impl or to_string()
[INFO] [stderr]   --> src/error.rs:44:31
[INFO] [stderr]    |
[INFO] [stderr] 44 |             description(error.description())
[INFO] [stderr]    |                               ^^^^^^^^^^^
[INFO] [stderr] 
[INFO] [stderr] warning: use of deprecated associated function `std::error::Error::description`: use the Display impl or to_string()
[INFO] [stderr]   --> src/error.rs:56:31
[INFO] [stderr]    |
[INFO] [stderr] 56 |             description(error.description())
[INFO] [stderr]    |                               ^^^^^^^^^^^
[INFO] [stderr] 
[INFO] [stderr] warning: use of deprecated associated function `std::error::Error::description`: use the Display impl or to_string()
[INFO] [stderr]   --> src/error.rs:63:31
[INFO] [stderr]    |
[INFO] [stderr] 63 |             description(error.description())
[INFO] [stderr]    |                               ^^^^^^^^^^^
[INFO] [stderr] 
[INFO] [stdout] 
[INFO] [stderr] warning: `safe_vault` (lib) generated 11 warnings (1 duplicate)
[INFO] [stdout] running 9 tests
[INFO] [stderr] warning: `safe_vault` (lib test) generated 11 warnings (11 duplicates)
[INFO] [stdout] test config_handler::test::parse_sample_config_file ... ignored
[INFO] [stderr]     Finished test [unoptimized + debuginfo] target(s) in 0.35s
[INFO] [stderr]      Running unittests (/opt/rustwide/target/debug/deps/safe_vault-7537b737e6330cf3)
[INFO] [stdout] test chunk_store::tests::get_fails_when_key_does_not_exist ... ok
[INFO] [stdout] test chunk_store::tests::failed_put_when_not_enough_space ... ok
[INFO] [stdout] test chunk_store::tests::delete ... ok
[INFO] [stdout] test config_handler::test::smoke ... FAILED
[INFO] [stdout] test chunk_store::tests::successful_put ... ok
[INFO] [stdout] test chunk_store::tests::keys ... ok
[INFO] [stdout] test chunk_store::tests::overwrite_value ... ok
[INFO] [stdout] test chunk_store::tests::put_and_get_value_should_be_same ... ok
[INFO] [stdout] 
[INFO] [stdout] failures:
[INFO] [stdout] 
[INFO] [stdout] ---- config_handler::test::smoke stdout ----
[INFO] [stdout] thread 'config_handler::test::smoke' panicked at 'assertion failed: `(left == right)`
[INFO] [stdout]   left: `240`,
[INFO] [stdout]  right: `232`: Ensure that any changes to `Config` are reflected in `ARGS`.', src/config_handler.rs:286:9
[INFO] [stdout] stack backtrace:
[INFO] [stdout]    0:     0x55dc11c86ab0 - std::backtrace_rs::backtrace::libunwind::trace::hff4d1766e93f64f1
[INFO] [stdout]                                at /rustc/53fd98ca776cb875bc9e5514f56b52eb74f9e7a9/library/std/src/../../backtrace/src/backtrace/libunwind.rs:90:5
[INFO] [stdout]    1:     0x55dc11c86ab0 - std::backtrace_rs::backtrace::trace_unsynchronized::h56bbc8eb78770bcb
[INFO] [stdout]                                at /rustc/53fd98ca776cb875bc9e5514f56b52eb74f9e7a9/library/std/src/../../backtrace/src/backtrace/mod.rs:66:5
[INFO] [stdout]    2:     0x55dc11c86ab0 - std::sys_common::backtrace::_print_fmt::h5c8e75464faca780
[INFO] [stdout]                                at /rustc/53fd98ca776cb875bc9e5514f56b52eb74f9e7a9/library/std/src/sys_common/backtrace.rs:67:5
[INFO] [stdout]    3:     0x55dc11c86ab0 - <std::sys_common::backtrace::_print::DisplayBacktrace as core::fmt::Display>::fmt::h48b88277def8b362
[INFO] [stdout]                                at /rustc/53fd98ca776cb875bc9e5514f56b52eb74f9e7a9/library/std/src/sys_common/backtrace.rs:46:22
[INFO] [stdout]    4:     0x55dc11cabaec - core::fmt::write::h3381b3176fe2b3d3
[INFO] [stdout]                                at /rustc/53fd98ca776cb875bc9e5514f56b52eb74f9e7a9/library/core/src/fmt/mod.rs:1115:17
[INFO] [stdout]    5:     0x55dc11c80425 - std::io::Write::write_fmt::h5f34a676f60246b5
[INFO] [stdout]                                at /rustc/53fd98ca776cb875bc9e5514f56b52eb74f9e7a9/library/std/src/io/mod.rs:1665:15
[INFO] [stdout]    6:     0x55dc11c8918b - std::sys_common::backtrace::_print::ha537687d6c17dd0d
[INFO] [stdout]                                at /rustc/53fd98ca776cb875bc9e5514f56b52eb74f9e7a9/library/std/src/sys_common/backtrace.rs:49:5
[INFO] [stdout]    7:     0x55dc11c8918b - std::sys_common::backtrace::print::h61376ae57d131d72
[INFO] [stdout]                                at /rustc/53fd98ca776cb875bc9e5514f56b52eb74f9e7a9/library/std/src/sys_common/backtrace.rs:36:9
[INFO] [stdout]    8:     0x55dc11c8918b - std::panicking::default_hook::{{closure}}::h0f7208c0b9644a54
[INFO] [stdout]                                at /rustc/53fd98ca776cb875bc9e5514f56b52eb74f9e7a9/library/std/src/panicking.rs:208:50
[INFO] [stdout]    9:     0x55dc11c88c9c - std::panicking::default_hook::hdac7fc06578c14ce
[INFO] [stdout]                                at /rustc/53fd98ca776cb875bc9e5514f56b52eb74f9e7a9/library/std/src/panicking.rs:222:9
[INFO] [stdout]   10:     0x55dc11c89854 - std::panicking::rust_panic_with_hook::h72b21c283da3d1ef
[INFO] [stdout]                                at /rustc/53fd98ca776cb875bc9e5514f56b52eb74f9e7a9/library/std/src/panicking.rs:622:17
[INFO] [stdout]   11:     0x55dc11c89337 - std::panicking::begin_panic_handler::{{closure}}::he5778f1729cff84a
[INFO] [stdout]                                at /rustc/53fd98ca776cb875bc9e5514f56b52eb74f9e7a9/library/std/src/panicking.rs:519:13
[INFO] [stdout]   12:     0x55dc11c86f8c - std::sys_common::backtrace::__rust_end_short_backtrace::h2d11ca8b453b4b1d
[INFO] [stdout]                                at /rustc/53fd98ca776cb875bc9e5514f56b52eb74f9e7a9/library/std/src/sys_common/backtrace.rs:141:18
[INFO] [stdout]   13:     0x55dc11c89299 - rust_begin_unwind
[INFO] [stdout]                                at /rustc/53fd98ca776cb875bc9e5514f56b52eb74f9e7a9/library/std/src/panicking.rs:515:5
[INFO] [stdout]   14:     0x55dc11998611 - core::panicking::panic_fmt::hf9de31d4acbce4db
[INFO] [stdout]                                at /rustc/53fd98ca776cb875bc9e5514f56b52eb74f9e7a9/library/core/src/panicking.rs:92:14
[INFO] [stdout]   15:     0x55dc11caa4ee - core::panicking::assert_failed_inner::h62e8cb2847a6e7ec
[INFO] [stdout]   16:     0x55dc11ac47da - core::panicking::assert_failed::h5afbf7130bb02771
[INFO] [stdout]                                at /rustc/53fd98ca776cb875bc9e5514f56b52eb74f9e7a9/library/core/src/panicking.rs:117:5
[INFO] [stdout]   17:     0x55dc119f5aa1 - safe_vault::config_handler::test::smoke::h13b99810c691f33e
[INFO] [stdout]                                at /opt/rustwide/workdir/src/config_handler.rs:286:9
[INFO] [stdout]   18:     0x55dc119f596a - safe_vault::config_handler::test::smoke::{{closure}}::hde80591b198df337
[INFO] [stdout]                                at /opt/rustwide/workdir/src/config_handler.rs:280:5
[INFO] [stdout]   19:     0x55dc119e896e - core::ops::function::FnOnce::call_once::h1c44156561251391
[INFO] [stdout]                                at /rustc/53fd98ca776cb875bc9e5514f56b52eb74f9e7a9/library/core/src/ops/function.rs:227:5
[INFO] [stdout]   20:     0x55dc11a302c3 - core::ops::function::FnOnce::call_once::hbb52c4519d3137b0
[INFO] [stdout]                                at /rustc/53fd98ca776cb875bc9e5514f56b52eb74f9e7a9/library/core/src/ops/function.rs:227:5
[INFO] [stdout]   21:     0x55dc11a302c3 - test::__rust_begin_short_backtrace::h86fe3a2a5a5121af
[INFO] [stdout]                                at /rustc/53fd98ca776cb875bc9e5514f56b52eb74f9e7a9/library/test/src/lib.rs:578:5
[INFO] [stdout]   22:     0x55dc11a2ed78 - <alloc::boxed::Box<F,A> as core::ops::function::FnOnce<Args>>::call_once::hfd956bc3d57399be
[INFO] [stdout]                                at /rustc/53fd98ca776cb875bc9e5514f56b52eb74f9e7a9/library/alloc/src/boxed.rs:1572:9
[INFO] [stdout]   23:     0x55dc11a2ed78 - <std::panic::AssertUnwindSafe<F> as core::ops::function::FnOnce<()>>::call_once::h40dc93e0ddb5938a
[INFO] [stdout]                                at /rustc/53fd98ca776cb875bc9e5514f56b52eb74f9e7a9/library/std/src/panic.rs:347:9
[INFO] [stdout]   24:     0x55dc11a2ed78 - std::panicking::try::do_call::h90d07750cb47c562
[INFO] [stdout]                                at /rustc/53fd98ca776cb875bc9e5514f56b52eb74f9e7a9/library/std/src/panicking.rs:401:40
[INFO] [stdout]   25:     0x55dc11a2ed78 - std::panicking::try::h063c84733ad2a629
[INFO] [stdout]                                at /rustc/53fd98ca776cb875bc9e5514f56b52eb74f9e7a9/library/std/src/panicking.rs:365:19
[INFO] [stdout]   26:     0x55dc11a2ed78 - std::panic::catch_unwind::h0c464836a84e7c08
[INFO] [stdout]                                at /rustc/53fd98ca776cb875bc9e5514f56b52eb74f9e7a9/library/std/src/panic.rs:434:14
[INFO] [stdout]   27:     0x55dc11a2ed78 - test::run_test_in_process::h5cb06ef620b157fc
[INFO] [stdout]                                at /rustc/53fd98ca776cb875bc9e5514f56b52eb74f9e7a9/library/test/src/lib.rs:601:18
[INFO] [stdout]   28:     0x55dc11a2ed78 - test::run_test::run_test_inner::{{closure}}::h76f677f4b93f9828
[INFO] [stdout]                                at /rustc/53fd98ca776cb875bc9e5514f56b52eb74f9e7a9/library/test/src/lib.rs:493:39
[INFO] [stdout]   29:     0x55dc119fd50d - test::run_test::run_test_inner::{{closure}}::h366d01fe04f4d67a
[INFO] [stdout]                                at /rustc/53fd98ca776cb875bc9e5514f56b52eb74f9e7a9/library/test/src/lib.rs:520:37
[INFO] [stdout]   30:     0x55dc119fd50d - std::sys_common::backtrace::__rust_begin_short_backtrace::h7dfa0de4eb395af2
[INFO] [stdout]                                at /rustc/53fd98ca776cb875bc9e5514f56b52eb74f9e7a9/library/std/src/sys_common/backtrace.rs:125:18
[INFO] [stdout]   31:     0x55dc11a01cd8 - std::thread::Builder::spawn_unchecked::{{closure}}::{{closure}}::hf0a74bb58798037f
[INFO] [stdout]                                at /rustc/53fd98ca776cb875bc9e5514f56b52eb74f9e7a9/library/std/src/thread/mod.rs:476:17
[INFO] [stdout]   32:     0x55dc11a01cd8 - <std::panic::AssertUnwindSafe<F> as core::ops::function::FnOnce<()>>::call_once::hb024e854818586ac
[INFO] [stdout]                                at /rustc/53fd98ca776cb875bc9e5514f56b52eb74f9e7a9/library/std/src/panic.rs:347:9
[INFO] [stdout]   33:     0x55dc11a01cd8 - std::panicking::try::do_call::hb2dd9f1d0d48e41d
[INFO] [stdout]                                at /rustc/53fd98ca776cb875bc9e5514f56b52eb74f9e7a9/library/std/src/panicking.rs:401:40
[INFO] [stdout]   34:     0x55dc11a01cd8 - std::panicking::try::h4717ae7bac8b2bf3
[INFO] [stdout]                                at /rustc/53fd98ca776cb875bc9e5514f56b52eb74f9e7a9/library/std/src/panicking.rs:365:19
[INFO] [stdout]   35:     0x55dc11a01cd8 - std::panic::catch_unwind::h0dc8a061326ce8d8
[INFO] [stdout]                                at /rustc/53fd98ca776cb875bc9e5514f56b52eb74f9e7a9/library/std/src/panic.rs:434:14
[INFO] [stdout]   36:     0x55dc11a01cd8 - std::thread::Builder::spawn_unchecked::{{closure}}::haa369e2d6fd00aa1
[INFO] [stdout]                                at /rustc/53fd98ca776cb875bc9e5514f56b52eb74f9e7a9/library/std/src/thread/mod.rs:475:30
[INFO] [stdout]   37:     0x55dc11a01cd8 - core::ops::function::FnOnce::call_once{{vtable.shim}}::h36dcf3de8b056f17
[INFO] [stdout]                                at /rustc/53fd98ca776cb875bc9e5514f56b52eb74f9e7a9/library/core/src/ops/function.rs:227:5
[INFO] [stdout]   38:     0x55dc11c8f027 - <alloc::boxed::Box<F,A> as core::ops::function::FnOnce<Args>>::call_once::h65c29e4642be2358
[INFO] [stdout]                                at /rustc/53fd98ca776cb875bc9e5514f56b52eb74f9e7a9/library/alloc/src/boxed.rs:1572:9
[INFO] [stdout]   39:     0x55dc11c8f027 - <alloc::boxed::Box<F,A> as core::ops::function::FnOnce<Args>>::call_once::hd0f8f7fbbd9fffbf
[INFO] [stdout]                                at /rustc/53fd98ca776cb875bc9e5514f56b52eb74f9e7a9/library/alloc/src/boxed.rs:1572:9
[INFO] [stdout]   40:     0x55dc11c8f027 - std::sys::unix::thread::Thread::new::thread_start::h2fd22fee3ca77b65
[INFO] [stdout]                                at /rustc/53fd98ca776cb875bc9e5514f56b52eb74f9e7a9/library/std/src/sys/unix/thread.rs:74:17
[INFO] [stdout]   41:     0x7fe98393e609 - start_thread
[INFO] [stdout]   42:     0x7fe983710293 - clone
[INFO] [stdout]   43:                0x0 - <unknown>
[INFO] [stdout] 
[INFO] [stdout] 
[INFO] [stdout] failures:
[INFO] [stdout]     config_handler::test::smoke
[INFO] [stdout] 
[INFO] [stdout] test result: FAILED. 7 passed; 1 failed; 1 ignored; 0 measured; 0 filtered out; finished in 1.30s
[INFO] [stdout] 
[INFO] [stderr] error: test failed, to rerun pass '--lib'
[INFO] running `Command { std: "docker" "inspect" "f98a649e9dd21d169689511038144974ceb546e638845a7fcbdad30ac9644be6", kill_on_drop: false }`
[INFO] running `Command { std: "docker" "rm" "-f" "f98a649e9dd21d169689511038144974ceb546e638845a7fcbdad30ac9644be6", kill_on_drop: false }`
[INFO] [stdout] f98a649e9dd21d169689511038144974ceb546e638845a7fcbdad30ac9644be6
