[INFO] cloning repository https://github.com/Szetty/advent_of_code_2020
[INFO] running `Command { std: "git" "-c" "credential.helper=" "-c" "credential.helper=/workspace/cargo-home/bin/git-credential-null" "clone" "--bare" "https://github.com/Szetty/advent_of_code_2020" "/workspace/cache/git-repos/https%3A%2F%2Fgithub.com%2FSzetty%2Fadvent_of_code_2020", kill_on_drop: false }`
[INFO] [stderr] Cloning into bare repository '/workspace/cache/git-repos/https%3A%2F%2Fgithub.com%2FSzetty%2Fadvent_of_code_2020'...
[INFO] running `Command { std: "git" "rev-parse" "HEAD", kill_on_drop: false }`
[INFO] [stdout] 34d0d32e12b4fd2315c24a8b5e66ca50937d3cae
[INFO] testing Szetty/advent_of_code_2020 against beta-2021-08-01 for beta-1.55-1
[INFO] running `Command { std: "git" "clone" "/workspace/cache/git-repos/https%3A%2F%2Fgithub.com%2FSzetty%2Fadvent_of_code_2020" "/workspace/builds/worker-27/source", kill_on_drop: false }`
[INFO] [stderr] Cloning into '/workspace/builds/worker-27/source'...
[INFO] [stderr] done.
[INFO] validating manifest of git repo https://github.com/Szetty/advent_of_code_2020 on toolchain beta-2021-08-01
[INFO] running `Command { std: "/workspace/cargo-home/bin/cargo" "+beta-2021-08-01" "metadata" "--manifest-path" "Cargo.toml" "--no-deps", kill_on_drop: false }`
[INFO] started tweaking git repo https://github.com/Szetty/advent_of_code_2020
[INFO] finished tweaking git repo https://github.com/Szetty/advent_of_code_2020
[INFO] tweaked toml for git repo https://github.com/Szetty/advent_of_code_2020 written to /workspace/builds/worker-27/source/Cargo.toml
[INFO] crate git repo https://github.com/Szetty/advent_of_code_2020 already has a lockfile, it will not be regenerated
[INFO] running `Command { std: "/workspace/cargo-home/bin/cargo" "+beta-2021-08-01" "fetch" "--manifest-path" "Cargo.toml", kill_on_drop: false }`
[INFO] [stderr]     Blocking waiting for file lock on package cache
[INFO] [stderr]     Blocking waiting for file lock on package cache
[INFO] [stderr]  Downloading crates ...
[INFO] [stderr]   Downloaded nalgebra v0.10.1
[INFO] [stderr]   Downloaded modpow v1.0.1
[INFO] running `Command { std: "docker" "create" "-v" "/var/lib/crater-agent-workspace/builds/worker-27/target:/opt/rustwide/target:rw,Z" "-v" "/var/lib/crater-agent-workspace/builds/worker-27/source:/opt/rustwide/workdir:ro,Z" "-v" "/var/lib/crater-agent-workspace/cargo-home:/opt/rustwide/cargo-home:ro,Z" "-v" "/var/lib/crater-agent-workspace/rustup-home:/opt/rustwide/rustup-home:ro,Z" "-e" "SOURCE_DIR=/opt/rustwide/workdir" "-e" "CARGO_TARGET_DIR=/opt/rustwide/target" "-e" "CARGO_HOME=/opt/rustwide/cargo-home" "-e" "RUSTUP_HOME=/opt/rustwide/rustup-home" "-w" "/opt/rustwide/workdir" "-m" "1610612736" "--user" "0:0" "--network" "none" "ghcr.io/rust-lang/crates-build-env/linux@sha256:34b6a614d2c27851fe6cbf88fbd1137609cefab8b10d0615aaeb6fd47975d74e" "/opt/rustwide/cargo-home/bin/cargo" "+beta-2021-08-01" "metadata" "--no-deps" "--format-version=1", kill_on_drop: false }`
[INFO] [stdout] 3dfef4b3d5be3a186587c88c2dc694f5ff9e297e26cd3dde7c2f18329b378eb8
[INFO] running `Command { std: "docker" "start" "-a" "3dfef4b3d5be3a186587c88c2dc694f5ff9e297e26cd3dde7c2f18329b378eb8", kill_on_drop: false }`
[INFO] running `Command { std: "docker" "inspect" "3dfef4b3d5be3a186587c88c2dc694f5ff9e297e26cd3dde7c2f18329b378eb8", kill_on_drop: false }`
[INFO] running `Command { std: "docker" "rm" "-f" "3dfef4b3d5be3a186587c88c2dc694f5ff9e297e26cd3dde7c2f18329b378eb8", kill_on_drop: false }`
[INFO] [stdout] 3dfef4b3d5be3a186587c88c2dc694f5ff9e297e26cd3dde7c2f18329b378eb8
[INFO] running `Command { std: "docker" "create" "-v" "/var/lib/crater-agent-workspace/builds/worker-27/target:/opt/rustwide/target:rw,Z" "-v" "/var/lib/crater-agent-workspace/builds/worker-27/source:/opt/rustwide/workdir:ro,Z" "-v" "/var/lib/crater-agent-workspace/cargo-home:/opt/rustwide/cargo-home:ro,Z" "-v" "/var/lib/crater-agent-workspace/rustup-home:/opt/rustwide/rustup-home:ro,Z" "-e" "SOURCE_DIR=/opt/rustwide/workdir" "-e" "CARGO_TARGET_DIR=/opt/rustwide/target" "-e" "CARGO_INCREMENTAL=0" "-e" "RUST_BACKTRACE=full" "-e" "RUSTFLAGS=--cap-lints=warn" "-e" "CARGO_HOME=/opt/rustwide/cargo-home" "-e" "RUSTUP_HOME=/opt/rustwide/rustup-home" "-w" "/opt/rustwide/workdir" "-m" "1610612736" "--user" "0:0" "--network" "none" "ghcr.io/rust-lang/crates-build-env/linux@sha256:34b6a614d2c27851fe6cbf88fbd1137609cefab8b10d0615aaeb6fd47975d74e" "/opt/rustwide/cargo-home/bin/cargo" "+beta-2021-08-01" "build" "--frozen" "--message-format=json", kill_on_drop: false }`
[INFO] [stdout] 626136ecea9cd20dd6eae3ac20cbbe5820566e6ab98efd6f5f4b1620910869ce
[INFO] running `Command { std: "docker" "start" "-a" "626136ecea9cd20dd6eae3ac20cbbe5820566e6ab98efd6f5f4b1620910869ce", kill_on_drop: false }`
[INFO] [stderr]    Compiling libc v0.2.80
[INFO] [stderr]    Compiling autocfg v0.1.7
[INFO] [stderr]    Compiling rand_core v0.4.2
[INFO] [stderr]    Compiling proc-macro2 v0.4.30
[INFO] [stderr]    Compiling unicode-xid v0.1.0
[INFO] [stderr]    Compiling rustc-serialize v0.3.24
[INFO] [stderr]    Compiling siphasher v0.2.3
[INFO] [stderr]    Compiling memchr v2.3.4
[INFO] [stderr]    Compiling syn v0.15.44
[INFO] [stderr]    Compiling regex-syntax v0.6.21
[INFO] [stderr]    Compiling either v1.6.1
[INFO] [stderr]    Compiling numtoa v0.2.3
[INFO] [stderr]    Compiling num-traits v0.2.14
[INFO] [stderr]    Compiling num-integer v0.1.44
[INFO] [stderr]    Compiling num-iter v0.1.42
[INFO] [stderr]    Compiling num-bigint v0.2.6
[INFO] [stderr]    Compiling num-rational v0.2.4
[INFO] [stderr]    Compiling num-bigint v0.3.1
[INFO] [stderr]    Compiling num-complex v0.2.4
[INFO] [stderr]    Compiling num-rational v0.3.2
[INFO] [stderr]    Compiling thread_local v1.0.1
[INFO] [stderr]    Compiling itertools v0.9.0
[INFO] [stderr]    Compiling rand_core v0.3.1
[INFO] [stderr]    Compiling rand_jitter v0.1.4
[INFO] [stderr]    Compiling phf_shared v0.7.24
[INFO] [stderr]    Compiling rand_pcg v0.1.2
[INFO] [stderr]    Compiling rand_chacha v0.1.1
[INFO] [stderr]    Compiling rand v0.6.5
[INFO] [stderr]    Compiling rand_xorshift v0.1.1
[INFO] [stderr]    Compiling rand_hc v0.1.0
[INFO] [stderr]    Compiling rand_isaac v0.1.1
[INFO] [stderr]    Compiling aho-corasick v0.7.15
[INFO] [stderr]    Compiling rand v0.4.6
[INFO] [stderr]    Compiling rand_os v0.1.3
[INFO] [stderr]    Compiling quote v0.6.13
[INFO] [stderr]    Compiling num-complex v0.3.1
[INFO] [stderr]    Compiling num-complex v0.1.43
[INFO] [stderr]    Compiling modinverse v0.1.1
[INFO] [stderr]    Compiling regex v1.4.2
[INFO] [stderr]    Compiling num-bigint v0.1.44
[INFO] [stderr]    Compiling rand v0.3.23
[INFO] [stderr]    Compiling phf_generator v0.7.24
[INFO] [stderr]    Compiling num-rational v0.1.42
[INFO] [stderr]    Compiling num v0.2.1
[INFO] [stderr]    Compiling modpow v1.0.1
[INFO] [stderr]    Compiling num v0.1.42
[INFO] [stderr]    Compiling nalgebra v0.10.1
[INFO] [stderr]    Compiling num v0.3.1
[INFO] [stderr]    Compiling phf_macros v0.7.24
[INFO] [stderr]    Compiling phf v0.7.24
[INFO] [stderr]    Compiling advent_of_code_2020 v1.0.0 (/opt/rustwide/workdir)
[INFO] [stdout] warning: an associated function with this name may be added to the standard library in the future
[INFO] [stdout]    --> src/day14.rs:143:10
[INFO] [stdout]     |
[INFO] [stdout] 143 |         .intersperse("")
[INFO] [stdout]     |          ^^^^^^^^^^^
[INFO] [stdout]     |
[INFO] [stdout]     = note: `#[warn(unstable_name_collisions)]` on by default
[INFO] [stdout]     = warning: once this associated item is added to the standard library, the ambiguity may cause an error or change in behavior!
[INFO] [stdout]     = note: for more information, see issue #48919 <https://github.com/rust-lang/rust/issues/48919>
[INFO] [stdout]     = help: call with fully qualified syntax `itertools::Itertools::intersperse(...)` to keep using the current method
[INFO] [stdout] 
[INFO] [stdout] 
[INFO] [stdout] warning: 1 warning emitted
[INFO] [stdout] 
[INFO] [stdout] 
[INFO] [stderr]     Finished dev [unoptimized + debuginfo] target(s) in 16.34s
[INFO] running `Command { std: "docker" "inspect" "626136ecea9cd20dd6eae3ac20cbbe5820566e6ab98efd6f5f4b1620910869ce", kill_on_drop: false }`
[INFO] running `Command { std: "docker" "rm" "-f" "626136ecea9cd20dd6eae3ac20cbbe5820566e6ab98efd6f5f4b1620910869ce", kill_on_drop: false }`
[INFO] [stdout] 626136ecea9cd20dd6eae3ac20cbbe5820566e6ab98efd6f5f4b1620910869ce
[INFO] running `Command { std: "docker" "create" "-v" "/var/lib/crater-agent-workspace/builds/worker-27/target:/opt/rustwide/target:rw,Z" "-v" "/var/lib/crater-agent-workspace/builds/worker-27/source:/opt/rustwide/workdir:ro,Z" "-v" "/var/lib/crater-agent-workspace/cargo-home:/opt/rustwide/cargo-home:ro,Z" "-v" "/var/lib/crater-agent-workspace/rustup-home:/opt/rustwide/rustup-home:ro,Z" "-e" "SOURCE_DIR=/opt/rustwide/workdir" "-e" "CARGO_TARGET_DIR=/opt/rustwide/target" "-e" "CARGO_INCREMENTAL=0" "-e" "RUST_BACKTRACE=full" "-e" "RUSTFLAGS=--cap-lints=warn" "-e" "CARGO_HOME=/opt/rustwide/cargo-home" "-e" "RUSTUP_HOME=/opt/rustwide/rustup-home" "-w" "/opt/rustwide/workdir" "-m" "1610612736" "--user" "0:0" "--network" "none" "ghcr.io/rust-lang/crates-build-env/linux@sha256:34b6a614d2c27851fe6cbf88fbd1137609cefab8b10d0615aaeb6fd47975d74e" "/opt/rustwide/cargo-home/bin/cargo" "+beta-2021-08-01" "test" "--frozen" "--no-run" "--message-format=json", kill_on_drop: false }`
[INFO] [stdout] 03ba88972321e15e4a4fb301d9c84d2c5a9261f1be125bd756f235953d8b33bb
[INFO] running `Command { std: "docker" "start" "-a" "03ba88972321e15e4a4fb301d9c84d2c5a9261f1be125bd756f235953d8b33bb", kill_on_drop: false }`
[INFO] [stderr]    Compiling advent_of_code_2020 v1.0.0 (/opt/rustwide/workdir)
[INFO] [stdout] warning: an associated function with this name may be added to the standard library in the future
[INFO] [stdout]    --> src/day14.rs:143:10
[INFO] [stdout]     |
[INFO] [stdout] 143 |         .intersperse("")
[INFO] [stdout]     |          ^^^^^^^^^^^
[INFO] [stdout]     |
[INFO] [stdout]     = note: `#[warn(unstable_name_collisions)]` on by default
[INFO] [stdout]     = warning: once this associated item is added to the standard library, the ambiguity may cause an error or change in behavior!
[INFO] [stdout]     = note: for more information, see issue #48919 <https://github.com/rust-lang/rust/issues/48919>
[INFO] [stdout]     = help: call with fully qualified syntax `itertools::Itertools::intersperse(...)` to keep using the current method
[INFO] [stdout] 
[INFO] [stdout] 
[INFO] [stdout] warning: 1 warning emitted
[INFO] [stdout] 
[INFO] [stdout] 
[INFO] [stderr]     Finished test [unoptimized + debuginfo] target(s) in 2.53s
[INFO] running `Command { std: "docker" "inspect" "03ba88972321e15e4a4fb301d9c84d2c5a9261f1be125bd756f235953d8b33bb", kill_on_drop: false }`
[INFO] running `Command { std: "docker" "rm" "-f" "03ba88972321e15e4a4fb301d9c84d2c5a9261f1be125bd756f235953d8b33bb", kill_on_drop: false }`
[INFO] [stdout] 03ba88972321e15e4a4fb301d9c84d2c5a9261f1be125bd756f235953d8b33bb
[INFO] running `Command { std: "docker" "create" "-v" "/var/lib/crater-agent-workspace/builds/worker-27/target:/opt/rustwide/target:rw,Z" "-v" "/var/lib/crater-agent-workspace/builds/worker-27/source:/opt/rustwide/workdir:ro,Z" "-v" "/var/lib/crater-agent-workspace/cargo-home:/opt/rustwide/cargo-home:ro,Z" "-v" "/var/lib/crater-agent-workspace/rustup-home:/opt/rustwide/rustup-home:ro,Z" "-e" "SOURCE_DIR=/opt/rustwide/workdir" "-e" "CARGO_TARGET_DIR=/opt/rustwide/target" "-e" "CARGO_INCREMENTAL=0" "-e" "RUST_BACKTRACE=full" "-e" "RUSTFLAGS=--cap-lints=warn" "-e" "CARGO_HOME=/opt/rustwide/cargo-home" "-e" "RUSTUP_HOME=/opt/rustwide/rustup-home" "-w" "/opt/rustwide/workdir" "-m" "1610612736" "--user" "0:0" "--network" "none" "ghcr.io/rust-lang/crates-build-env/linux@sha256:34b6a614d2c27851fe6cbf88fbd1137609cefab8b10d0615aaeb6fd47975d74e" "/opt/rustwide/cargo-home/bin/cargo" "+beta-2021-08-01" "test" "--frozen", kill_on_drop: false }`
[INFO] [stdout] 01ffe28fb4cd6ed9fb0824b6bf0ef7ee754b87068717a477ffb79939d397d779
[INFO] running `Command { std: "docker" "start" "-a" "01ffe28fb4cd6ed9fb0824b6bf0ef7ee754b87068717a477ffb79939d397d779", kill_on_drop: false }`
[INFO] [stderr] warning: an associated function with this name may be added to the standard library in the future
[INFO] [stderr]    --> src/day14.rs:143:10
[INFO] [stderr]     |
[INFO] [stderr] 143 |         .intersperse("")
[INFO] [stderr]     |          ^^^^^^^^^^^
[INFO] [stderr]     |
[INFO] [stderr]     = note: `#[warn(unstable_name_collisions)]` on by default
[INFO] [stderr]     = warning: once this associated item is added to the standard library, the ambiguity may cause an error or change in behavior!
[INFO] [stderr]     = note: for more information, see issue #48919 <https://github.com/rust-lang/rust/issues/48919>
[INFO] [stderr]     = help: call with fully qualified syntax `itertools::Itertools::intersperse(...)` to keep using the current method
[INFO] [stderr] 
[INFO] [stderr] warning: `advent_of_code_2020` (bin "advent_of_code_2020" test) generated 1 warning
[INFO] [stderr]     Finished test [unoptimized + debuginfo] target(s) in 0.03s
[INFO] [stderr]      Running unittests (/opt/rustwide/target/debug/deps/advent_of_code_2020-f5dbfd3391a2429a)
[INFO] [stdout] 
[INFO] [stdout] running 31 tests
[INFO] [stdout] test days::day05::test_decode_boarding_pass ... ok
[INFO] [stdout] test days::day04::test_validate_pid ... ok
[INFO] [stdout] test days::day06::test_count_all_chars_in_groups ... ok
[INFO] [stdout] test days::day06::test_count_any_chars_in_groups ... ok
[INFO] [stdout] test days::day10::test_compute_distinct_ways ... ok
[INFO] [stdout] test days::day12::test_turn_direction ... ok
[INFO] [stdout] test days::day11::test_simulate_and_count_occupied_seats1 ... ok
[INFO] [stdout] test days::day14::test_apply_mask_on_index ... ok
[INFO] [stdout] test days::day13::test_parse_input_and_find_time ... ok
[INFO] [stdout] test days::day14::test_apply_mask_on_value ... ok
[INFO] [stdout] test days::day04::test_validate_hcl ... ok
[INFO] [stdout] test days::day18::test_parse_line_and_compute_result1 ... ok
[INFO] [stdout] test days::day18::test_parse_line_and_compute_result2 ... ok
[INFO] [stdout] test days::day11::test_simulate_and_count_occupied_seats2 ... ok
[INFO] [stdout] test days::day22::test_parse_player_decks_and_simulate_combat_and_compute_score ... ok
[INFO] [stdout] test days::day23::test_parse_input_and_simulate_moves_and_compute_result ... ok
[INFO] [stdout] test days::day04::test_validate_hgt ... ok
[INFO] [stdout] test days::day24::test_parse_input_and_flip_initial_tiles ... ok
[INFO] [stdout] test days::day25::test_parse_input_and_find_encryption_key ... ok
[INFO] [stdout] test days::day21::test_parse_input_and_compute_non_allergen_count ... ok
[INFO] [stdout] test days::day21::test_parse_input_and_compute_canonical_dangerous_ingredients ... ok
[INFO] [stdout] test days::day19::test_parse_input_and_count_matching_messages ... ok
[INFO] [stdout] test days::day15::test_compute_numbers_until ... ok
[INFO] [stdout] test days::day12::test_apply_commands1 ... FAILED
[INFO] [stdout] test days::day12::test_apply_commands2 ... FAILED
[INFO] [stdout] test days::day17::test_parse_input_and_simulate_cycles1 ... ok
[INFO] [stdout] test days::day20::test_parse_tiles_and_compute_border_product_of_matching ... ok
[INFO] [stdout] test days::day20::test_parse_tiles_and_reconstruct_image_and_compute_water_roughness ... ok
[INFO] [stdout] test days::day17::test_parse_input_and_simulate_cycles2 ... ok
[INFO] [stdout] test days::day24::test_parse_input_and_flip_tiles ... ok
[INFO] [stdout] test days::day23::test_parse_input_and_extend_cups_and_simulate_moves_and_compute_product_of_cups_with_star has been running for over 60 seconds
[INFO] [stdout] test days::day23::test_parse_input_and_extend_cups_and_simulate_moves_and_compute_product_of_cups_with_star ... ok
[INFO] [stdout] 
[INFO] [stdout] failures:
[INFO] [stdout] 
[INFO] [stdout] ---- days::day12::test_apply_commands1 stdout ----
[INFO] [stdout] thread 'days::day12::test_apply_commands1' panicked at 'assertion failed: `(left == right)`
[INFO] [stdout]   left: `Ship1 { pos: Complex { re: -17, im: -8 }, dir: Complex { re: 0, im: -1 } }`,
[INFO] [stdout]  right: `Ship1 { pos: Complex { re: -17, im: 14 }, dir: Complex { re: 0, im: 1 } }`', src/day12.rs:70:5
[INFO] [stdout] stack backtrace:
[INFO] [stdout]    0:     0x563daa2302a0 - std::backtrace_rs::backtrace::libunwind::trace::hff4d1766e93f64f1
[INFO] [stdout]                                at /rustc/53fd98ca776cb875bc9e5514f56b52eb74f9e7a9/library/std/src/../../backtrace/src/backtrace/libunwind.rs:90:5
[INFO] [stdout]    1:     0x563daa2302a0 - std::backtrace_rs::backtrace::trace_unsynchronized::h56bbc8eb78770bcb
[INFO] [stdout]                                at /rustc/53fd98ca776cb875bc9e5514f56b52eb74f9e7a9/library/std/src/../../backtrace/src/backtrace/mod.rs:66:5
[INFO] [stdout]    2:     0x563daa2302a0 - std::sys_common::backtrace::_print_fmt::h5c8e75464faca780
[INFO] [stdout]                                at /rustc/53fd98ca776cb875bc9e5514f56b52eb74f9e7a9/library/std/src/sys_common/backtrace.rs:67:5
[INFO] [stdout]    3:     0x563daa2302a0 - <std::sys_common::backtrace::_print::DisplayBacktrace as core::fmt::Display>::fmt::h48b88277def8b362
[INFO] [stdout]                                at /rustc/53fd98ca776cb875bc9e5514f56b52eb74f9e7a9/library/std/src/sys_common/backtrace.rs:46:22
[INFO] [stdout]    4:     0x563daa252e5c - core::fmt::write::h3381b3176fe2b3d3
[INFO] [stdout]                                at /rustc/53fd98ca776cb875bc9e5514f56b52eb74f9e7a9/library/core/src/fmt/mod.rs:1115:17
[INFO] [stdout]    5:     0x563daa22d205 - std::io::Write::write_fmt::h5f34a676f60246b5
[INFO] [stdout]                                at /rustc/53fd98ca776cb875bc9e5514f56b52eb74f9e7a9/library/std/src/io/mod.rs:1665:15
[INFO] [stdout]    6:     0x563daa23241b - std::sys_common::backtrace::_print::ha537687d6c17dd0d
[INFO] [stdout]                                at /rustc/53fd98ca776cb875bc9e5514f56b52eb74f9e7a9/library/std/src/sys_common/backtrace.rs:49:5
[INFO] [stdout]    7:     0x563daa23241b - std::sys_common::backtrace::print::h61376ae57d131d72
[INFO] [stdout]                                at /rustc/53fd98ca776cb875bc9e5514f56b52eb74f9e7a9/library/std/src/sys_common/backtrace.rs:36:9
[INFO] [stdout]    8:     0x563daa23241b - std::panicking::default_hook::{{closure}}::h0f7208c0b9644a54
[INFO] [stdout]                                at /rustc/53fd98ca776cb875bc9e5514f56b52eb74f9e7a9/library/std/src/panicking.rs:208:50
[INFO] [stdout]    9:     0x563daa231f2c - std::panicking::default_hook::hdac7fc06578c14ce
[INFO] [stdout]                                at /rustc/53fd98ca776cb875bc9e5514f56b52eb74f9e7a9/library/std/src/panicking.rs:222:9
[INFO] [stdout]   10:     0x563daa232ae4 - std::panicking::rust_panic_with_hook::h72b21c283da3d1ef
[INFO] [stdout]                                at /rustc/53fd98ca776cb875bc9e5514f56b52eb74f9e7a9/library/std/src/panicking.rs:622:17
[INFO] [stdout]   11:     0x563daa2325c7 - std::panicking::begin_panic_handler::{{closure}}::he5778f1729cff84a
[INFO] [stdout]                                at /rustc/53fd98ca776cb875bc9e5514f56b52eb74f9e7a9/library/std/src/panicking.rs:519:13
[INFO] [stdout]   12:     0x563daa23077c - std::sys_common::backtrace::__rust_end_short_backtrace::h2d11ca8b453b4b1d
[INFO] [stdout]                                at /rustc/53fd98ca776cb875bc9e5514f56b52eb74f9e7a9/library/std/src/sys_common/backtrace.rs:141:18
[INFO] [stdout]   13:     0x563daa232529 - rust_begin_unwind
[INFO] [stdout]                                at /rustc/53fd98ca776cb875bc9e5514f56b52eb74f9e7a9/library/std/src/panicking.rs:515:5
[INFO] [stdout]   14:     0x563da9f4a8c1 - core::panicking::panic_fmt::hf9de31d4acbce4db
[INFO] [stdout]                                at /rustc/53fd98ca776cb875bc9e5514f56b52eb74f9e7a9/library/core/src/panicking.rs:92:14
[INFO] [stdout]   15:     0x563daa251778 - core::panicking::assert_failed_inner::h62e8cb2847a6e7ec
[INFO] [stdout]   16:     0x563da9ff3a7a - core::panicking::assert_failed::hd32cc41228dc7b75
[INFO] [stdout]                                at /rustc/53fd98ca776cb875bc9e5514f56b52eb74f9e7a9/library/core/src/panicking.rs:117:5
[INFO] [stdout]   17:     0x563da9ff6e05 - advent_of_code_2020::days::day12::test_apply_commands1::h49bed1fcc00f54a0
[INFO] [stdout]                                at /opt/rustwide/workdir/src/day12.rs:70:5
[INFO] [stdout]   18:     0x563da9ff6afa - advent_of_code_2020::days::day12::test_apply_commands1::{{closure}}::h88b869b081078e8a
[INFO] [stdout]                                at /opt/rustwide/workdir/src/day12.rs:69:1
[INFO] [stdout]   19:     0x563da9f8e29e - core::ops::function::FnOnce::call_once::h7ffea5820c932243
[INFO] [stdout]                                at /rustc/53fd98ca776cb875bc9e5514f56b52eb74f9e7a9/library/core/src/ops/function.rs:227:5
[INFO] [stdout]   20:     0x563daa037b03 - core::ops::function::FnOnce::call_once::hbb52c4519d3137b0
[INFO] [stdout]                                at /rustc/53fd98ca776cb875bc9e5514f56b52eb74f9e7a9/library/core/src/ops/function.rs:227:5
[INFO] [stdout]   21:     0x563daa037b03 - test::__rust_begin_short_backtrace::h86fe3a2a5a5121af
[INFO] [stdout]                                at /rustc/53fd98ca776cb875bc9e5514f56b52eb74f9e7a9/library/test/src/lib.rs:578:5
[INFO] [stdout]   22:     0x563daa0365b8 - <alloc::boxed::Box<F,A> as core::ops::function::FnOnce<Args>>::call_once::hfd956bc3d57399be
[INFO] [stdout]                                at /rustc/53fd98ca776cb875bc9e5514f56b52eb74f9e7a9/library/alloc/src/boxed.rs:1572:9
[INFO] [stdout]   23:     0x563daa0365b8 - <std::panic::AssertUnwindSafe<F> as core::ops::function::FnOnce<()>>::call_once::h40dc93e0ddb5938a
[INFO] [stdout]                                at /rustc/53fd98ca776cb875bc9e5514f56b52eb74f9e7a9/library/std/src/panic.rs:347:9
[INFO] [stdout]   24:     0x563daa0365b8 - std::panicking::try::do_call::h90d07750cb47c562
[INFO] [stdout]                                at /rustc/53fd98ca776cb875bc9e5514f56b52eb74f9e7a9/library/std/src/panicking.rs:401:40
[INFO] [stdout]   25:     0x563daa0365b8 - std::panicking::try::h063c84733ad2a629
[INFO] [stdout]                                at /rustc/53fd98ca776cb875bc9e5514f56b52eb74f9e7a9/library/std/src/panicking.rs:365:19
[INFO] [stdout]   26:     0x563daa0365b8 - std::panic::catch_unwind::h0c464836a84e7c08
[INFO] [stdout]                                at /rustc/53fd98ca776cb875bc9e5514f56b52eb74f9e7a9/library/std/src/panic.rs:434:14
[INFO] [stdout]   27:     0x563daa0365b8 - test::run_test_in_process::h5cb06ef620b157fc
[INFO] [stdout]                                at /rustc/53fd98ca776cb875bc9e5514f56b52eb74f9e7a9/library/test/src/lib.rs:601:18
[INFO] [stdout]   28:     0x563daa0365b8 - test::run_test::run_test_inner::{{closure}}::h76f677f4b93f9828
[INFO] [stdout]                                at /rustc/53fd98ca776cb875bc9e5514f56b52eb74f9e7a9/library/test/src/lib.rs:493:39
[INFO] [stdout]   29:     0x563daa004d4d - test::run_test::run_test_inner::{{closure}}::h366d01fe04f4d67a
[INFO] [stdout]                                at /rustc/53fd98ca776cb875bc9e5514f56b52eb74f9e7a9/library/test/src/lib.rs:520:37
[INFO] [stdout]   30:     0x563daa004d4d - std::sys_common::backtrace::__rust_begin_short_backtrace::h7dfa0de4eb395af2
[INFO] [stdout]                                at /rustc/53fd98ca776cb875bc9e5514f56b52eb74f9e7a9/library/std/src/sys_common/backtrace.rs:125:18
[INFO] [stdout]   31:     0x563daa009518 - std::thread::Builder::spawn_unchecked::{{closure}}::{{closure}}::hf0a74bb58798037f
[INFO] [stdout]                                at /rustc/53fd98ca776cb875bc9e5514f56b52eb74f9e7a9/library/std/src/thread/mod.rs:476:17
[INFO] [stdout]   32:     0x563daa009518 - <std::panic::AssertUnwindSafe<F> as core::ops::function::FnOnce<()>>::call_once::hb024e854818586ac
[INFO] [stdout]                                at /rustc/53fd98ca776cb875bc9e5514f56b52eb74f9e7a9/library/std/src/panic.rs:347:9
[INFO] [stdout]   33:     0x563daa009518 - std::panicking::try::do_call::hb2dd9f1d0d48e41d
[INFO] [stdout]                                at /rustc/53fd98ca776cb875bc9e5514f56b52eb74f9e7a9/library/std/src/panicking.rs:401:40
[INFO] [stdout]   34:     0x563daa009518 - std::panicking::try::h4717ae7bac8b2bf3
[INFO] [stdout]                                at /rustc/53fd98ca776cb875bc9e5514f56b52eb74f9e7a9/library/std/src/panicking.rs:365:19
[INFO] [stdout]   35:     0x563daa009518 - std::panic::catch_unwind::h0dc8a061326ce8d8
[INFO] [stdout]                                at /rustc/53fd98ca776cb875bc9e5514f56b52eb74f9e7a9/library/std/src/panic.rs:434:14
[INFO] [stdout]   36:     0x563daa009518 - std::thread::Builder::spawn_unchecked::{{closure}}::haa369e2d6fd00aa1
[INFO] [stdout]                                at /rustc/53fd98ca776cb875bc9e5514f56b52eb74f9e7a9/library/std/src/thread/mod.rs:475:30
[INFO] [stdout]   37:     0x563daa009518 - core::ops::function::FnOnce::call_once{{vtable.shim}}::h36dcf3de8b056f17
[INFO] [stdout]                                at /rustc/53fd98ca776cb875bc9e5514f56b52eb74f9e7a9/library/core/src/ops/function.rs:227:5
[INFO] [stdout]   38:     0x563daa237657 - <alloc::boxed::Box<F,A> as core::ops::function::FnOnce<Args>>::call_once::h65c29e4642be2358
[INFO] [stdout]                                at /rustc/53fd98ca776cb875bc9e5514f56b52eb74f9e7a9/library/alloc/src/boxed.rs:1572:9
[INFO] [stdout]   39:     0x563daa237657 - <alloc::boxed::Box<F,A> as core::ops::function::FnOnce<Args>>::call_once::hd0f8f7fbbd9fffbf
[INFO] [stdout]                                at /rustc/53fd98ca776cb875bc9e5514f56b52eb74f9e7a9/library/alloc/src/boxed.rs:1572:9
[INFO] [stdout]   40:     0x563daa237657 - std::sys::unix::thread::Thread::new::thread_start::h2fd22fee3ca77b65
[INFO] [stdout]                                at /rustc/53fd98ca776cb875bc9e5514f56b52eb74f9e7a9/library/std/src/sys/unix/thread.rs:74:17
[INFO] [stdout]   41:     0x7f0b006cc609 - start_thread
[INFO] [stdout]   42:     0x7f0b0049e293 - clone
[INFO] [stdout]   43:                0x0 - <unknown>
[INFO] [stdout] 
[INFO] [stdout] ---- days::day12::test_apply_commands2 stdout ----
[INFO] [stdout] thread 'days::day12::test_apply_commands2' panicked at 'assertion failed: `(left == right)`
[INFO] [stdout]   left: `Ship2 { pos: Complex { re: -214, im: -72 }, waypoint: Complex { re: -4, im: -10 } }`,
[INFO] [stdout]  right: `Ship2 { pos: Complex { re: -126, im: 148 }, waypoint: Complex { re: 4, im: 10 } }`', src/day12.rs:166:5
[INFO] [stdout] stack backtrace:
[INFO] [stdout]    0:     0x563daa2302a0 - std::backtrace_rs::backtrace::libunwind::trace::hff4d1766e93f64f1
[INFO] [stdout]                                at /rustc/53fd98ca776cb875bc9e5514f56b52eb74f9e7a9/library/std/src/../../backtrace/src/backtrace/libunwind.rs:90:5
[INFO] [stdout]    1:     0x563daa2302a0 - std::backtrace_rs::backtrace::trace_unsynchronized::h56bbc8eb78770bcb
[INFO] [stdout]                                at /rustc/53fd98ca776cb875bc9e5514f56b52eb74f9e7a9/library/std/src/../../backtrace/src/backtrace/mod.rs:66:5
[INFO] [stdout]    2:     0x563daa2302a0 - std::sys_common::backtrace::_print_fmt::h5c8e75464faca780
[INFO] [stdout]                                at /rustc/53fd98ca776cb875bc9e5514f56b52eb74f9e7a9/library/std/src/sys_common/backtrace.rs:67:5
[INFO] [stdout]    3:     0x563daa2302a0 - <std::sys_common::backtrace::_print::DisplayBacktrace as core::fmt::Display>::fmt::h48b88277def8b362
[INFO] [stdout]                                at /rustc/53fd98ca776cb875bc9e5514f56b52eb74f9e7a9/library/std/src/sys_common/backtrace.rs:46:22
[INFO] [stdout]    4:     0x563daa252e5c - core::fmt::write::h3381b3176fe2b3d3
[INFO] [stdout]                                at /rustc/53fd98ca776cb875bc9e5514f56b52eb74f9e7a9/library/core/src/fmt/mod.rs:1115:17
[INFO] [stdout]    5:     0x563daa22d205 - std::io::Write::write_fmt::h5f34a676f60246b5
[INFO] [stdout]                                at /rustc/53fd98ca776cb875bc9e5514f56b52eb74f9e7a9/library/std/src/io/mod.rs:1665:15
[INFO] [stdout]    6:     0x563daa23241b - std::sys_common::backtrace::_print::ha537687d6c17dd0d
[INFO] [stdout]                                at /rustc/53fd98ca776cb875bc9e5514f56b52eb74f9e7a9/library/std/src/sys_common/backtrace.rs:49:5
[INFO] [stdout]    7:     0x563daa23241b - std::sys_common::backtrace::print::h61376ae57d131d72
[INFO] [stdout]                                at /rustc/53fd98ca776cb875bc9e5514f56b52eb74f9e7a9/library/std/src/sys_common/backtrace.rs:36:9
[INFO] [stdout]    8:     0x563daa23241b - std::panicking::default_hook::{{closure}}::h0f7208c0b9644a54
[INFO] [stdout]                                at /rustc/53fd98ca776cb875bc9e5514f56b52eb74f9e7a9/library/std/src/panicking.rs:208:50
[INFO] [stdout]    9:     0x563daa231f2c - std::panicking::default_hook::hdac7fc06578c14ce
[INFO] [stdout]                                at /rustc/53fd98ca776cb875bc9e5514f56b52eb74f9e7a9/library/std/src/panicking.rs:222:9
[INFO] [stdout]   10:     0x563daa232ae4 - std::panicking::rust_panic_with_hook::h72b21c283da3d1ef
[INFO] [stdout]                                at /rustc/53fd98ca776cb875bc9e5514f56b52eb74f9e7a9/library/std/src/panicking.rs:622:17
[INFO] [stdout]   11:     0x563daa2325c7 - std::panicking::begin_panic_handler::{{closure}}::he5778f1729cff84a
[INFO] [stdout]                                at /rustc/53fd98ca776cb875bc9e5514f56b52eb74f9e7a9/library/std/src/panicking.rs:519:13
[INFO] [stdout]   12:     0x563daa23077c - std::sys_common::backtrace::__rust_end_short_backtrace::h2d11ca8b453b4b1d
[INFO] [stdout]                                at /rustc/53fd98ca776cb875bc9e5514f56b52eb74f9e7a9/library/std/src/sys_common/backtrace.rs:141:18
[INFO] [stdout]   13:     0x563daa232529 - rust_begin_unwind
[INFO] [stdout]                                at /rustc/53fd98ca776cb875bc9e5514f56b52eb74f9e7a9/library/std/src/panicking.rs:515:5
[INFO] [stdout]   14:     0x563da9f4a8c1 - core::panicking::panic_fmt::hf9de31d4acbce4db
[INFO] [stdout]                                at /rustc/53fd98ca776cb875bc9e5514f56b52eb74f9e7a9/library/core/src/panicking.rs:92:14
[INFO] [stdout]   15:     0x563daa251778 - core::panicking::assert_failed_inner::h62e8cb2847a6e7ec
[INFO] [stdout]   16:     0x563da9ff377a - core::panicking::assert_failed::h1ba251a95fe2d6ee
[INFO] [stdout]                                at /rustc/53fd98ca776cb875bc9e5514f56b52eb74f9e7a9/library/core/src/panicking.rs:117:5
[INFO] [stdout]   17:     0x563da9ff777b - advent_of_code_2020::days::day12::test_apply_commands2::hc2d50e2e489bebe5
[INFO] [stdout]                                at /opt/rustwide/workdir/src/day12.rs:166:5
[INFO] [stdout]   18:     0x563da9ff746a - advent_of_code_2020::days::day12::test_apply_commands2::{{closure}}::h367cb35e171ae3dc
[INFO] [stdout]                                at /opt/rustwide/workdir/src/day12.rs:165:1
[INFO] [stdout]   19:     0x563da9f8e0ce - core::ops::function::FnOnce::call_once::h5813ef4f6faf8b88
[INFO] [stdout]                                at /rustc/53fd98ca776cb875bc9e5514f56b52eb74f9e7a9/library/core/src/ops/function.rs:227:5
[INFO] [stdout]   20:     0x563daa037b03 - core::ops::function::FnOnce::call_once::hbb52c4519d3137b0
[INFO] [stdout]                                at /rustc/53fd98ca776cb875bc9e5514f56b52eb74f9e7a9/library/core/src/ops/function.rs:227:5
[INFO] [stdout]   21:     0x563daa037b03 - test::__rust_begin_short_backtrace::h86fe3a2a5a5121af
[INFO] [stdout]                                at /rustc/53fd98ca776cb875bc9e5514f56b52eb74f9e7a9/library/test/src/lib.rs:578:5
[INFO] [stdout]   22:     0x563daa0365b8 - <alloc::boxed::Box<F,A> as core::ops::function::FnOnce<Args>>::call_once::hfd956bc3d57399be
[INFO] [stdout]                                at /rustc/53fd98ca776cb875bc9e5514f56b52eb74f9e7a9/library/alloc/src/boxed.rs:1572:9
[INFO] [stdout]   23:     0x563daa0365b8 - <std::panic::AssertUnwindSafe<F> as core::ops::function::FnOnce<()>>::call_once::h40dc93e0ddb5938a
[INFO] [stdout]                                at /rustc/53fd98ca776cb875bc9e5514f56b52eb74f9e7a9/library/std/src/panic.rs:347:9
[INFO] [stdout]   24:     0x563daa0365b8 - std::panicking::try::do_call::h90d07750cb47c562
[INFO] [stdout]                                at /rustc/53fd98ca776cb875bc9e5514f56b52eb74f9e7a9/library/std/src/panicking.rs:401:40
[INFO] [stdout]   25:     0x563daa0365b8 - std::panicking::try::h063c84733ad2a629
[INFO] [stdout]                                at /rustc/53fd98ca776cb875bc9e5514f56b52eb74f9e7a9/library/std/src/panicking.rs:365:19
[INFO] [stdout]   26:     0x563daa0365b8 - std::panic::catch_unwind::h0c464836a84e7c08
[INFO] [stdout]                                at /rustc/53fd98ca776cb875bc9e5514f56b52eb74f9e7a9/library/std/src/panic.rs:434:14
[INFO] [stdout]   27:     0x563daa0365b8 - test::run_test_in_process::h5cb06ef620b157fc
[INFO] [stdout]                                at /rustc/53fd98ca776cb875bc9e5514f56b52eb74f9e7a9/library/test/src/lib.rs:601:18
[INFO] [stdout]   28:     0x563daa0365b8 - test::run_test::run_test_inner::{{closure}}::h76f677f4b93f9828
[INFO] [stdout]                                at /rustc/53fd98ca776cb875bc9e5514f56b52eb74f9e7a9/library/test/src/lib.rs:493:39
[INFO] [stdout]   29:     0x563daa004d4d - test::run_test::run_test_inner::{{closure}}::h366d01fe04f4d67a
[INFO] [stdout]                                at /rustc/53fd98ca776cb875bc9e5514f56b52eb74f9e7a9/library/test/src/lib.rs:520:37
[INFO] [stdout]   30:     0x563daa004d4d - std::sys_common::backtrace::__rust_begin_short_backtrace::h7dfa0de4eb395af2
[INFO] [stdout]                                at /rustc/53fd98ca776cb875bc9e5514f56b52eb74f9e7a9/library/std/src/sys_common/backtrace.rs:125:18
[INFO] [stdout]   31:     0x563daa009518 - std::thread::Builder::spawn_unchecked::{{closure}}::{{closure}}::hf0a74bb58798037f
[INFO] [stdout]                                at /rustc/53fd98ca776cb875bc9e5514f56b52eb74f9e7a9/library/std/src/thread/mod.rs:476:17
[INFO] [stdout]   32:     0x563daa009518 - <std::panic::AssertUnwindSafe<F> as core::ops::function::FnOnce<()>>::call_once::hb024e854818586ac
[INFO] [stdout]                                at /rustc/53fd98ca776cb875bc9e5514f56b52eb74f9e7a9/library/std/src/panic.rs:347:9
[INFO] [stdout]   33:     0x563daa009518 - std::panicking::try::do_call::hb2dd9f1d0d48e41d
[INFO] [stdout]                                at /rustc/53fd98ca776cb875bc9e5514f56b52eb74f9e7a9/library/std/src/panicking.rs:401:40
[INFO] [stdout]   34:     0x563daa009518 - std::panicking::try::h4717ae7bac8b2bf3
[INFO] [stdout]                                at /rustc/53fd98ca776cb875bc9e5514f56b52eb74f9e7a9/library/std/src/panicking.rs:365:19
[INFO] [stdout]   35:     0x563daa009518 - std::panic::catch_unwind::h0dc8a061326ce8d8
[INFO] [stdout]                                at /rustc/53fd98ca776cb875bc9e5514f56b52eb74f9e7a9/library/std/src/panic.rs:434:14
[INFO] [stdout]   36:     0x563daa009518 - std::thread::Builder::spawn_unchecked::{{closure}}::haa369e2d6fd00aa1
[INFO] [stdout]                                at /rustc/53fd98ca776cb875bc9e5514f56b52eb74f9e7a9/library/std/src/thread/mod.rs:475:30
[INFO] [stdout]   37:     0x563daa009518 - core::ops::function::FnOnce::call_once{{vtable.shim}}::h36dcf3de8b056f17
[INFO] [stdout]                                at /rustc/53fd98ca776cb875bc9e5514f56b52eb74f9e7a9/library/core/src/ops/function.rs:227:5
[INFO] [stdout]   38:     0x563daa237657 - <alloc::boxed::Box<F,A> as core::ops::function::FnOnce<Args>>::call_once::h65c29e4642be2358
[INFO] [stdout]                                at /rustc/53fd98ca776cb875bc9e5514f56b52eb74f9e7a9/library/alloc/src/boxed.rs:1572:9
[INFO] [stdout]   39:     0x563daa237657 - <alloc::boxed::Box<F,A> as core::ops::function::FnOnce<Args>>::call_once::hd0f8f7fbbd9fffbf
[INFO] [stdout]                                at /rustc/53fd98ca776cb875bc9e5514f56b52eb74f9e7a9/library/alloc/src/boxed.rs:1572:9
[INFO] [stdout]   40:     0x563daa237657 - std::sys::unix::thread::Thread::new::thread_start::h2fd22fee3ca77b65
[INFO] [stdout]                                at /rustc/53fd98ca776cb875bc9e5514f56b52eb74f9e7a9/library/std/src/sys/unix/thread.rs:74:17
[INFO] [stdout]   41:     0x7f0b006cc609 - start_thread
[INFO] [stdout]   42:     0x7f0b0049e293 - clone
[INFO] [stdout]   43:                0x0 - <unknown>
[INFO] [stdout] 
[INFO] [stdout] 
[INFO] [stdout] failures:
[INFO] [stdout]     days::day12::test_apply_commands1
[INFO] [stdout]     days::day12::test_apply_commands2
[INFO] [stdout] 
[INFO] [stdout] test result: FAILED. 29 passed; 2 failed; 0 ignored; 0 measured; 0 filtered out; finished in 180.98s
[INFO] [stdout] 
[INFO] [stderr] error: test failed, to rerun pass '--bin advent_of_code_2020'
[INFO] running `Command { std: "docker" "inspect" "01ffe28fb4cd6ed9fb0824b6bf0ef7ee754b87068717a477ffb79939d397d779", kill_on_drop: false }`
[INFO] running `Command { std: "docker" "rm" "-f" "01ffe28fb4cd6ed9fb0824b6bf0ef7ee754b87068717a477ffb79939d397d779", kill_on_drop: false }`
[INFO] [stdout] 01ffe28fb4cd6ed9fb0824b6bf0ef7ee754b87068717a477ffb79939d397d779
