[INFO] cloning repository https://github.com/Spunge/octothorpe
[INFO] running `Command { std: "git" "-c" "credential.helper=" "-c" "credential.helper=/workspace/cargo-home/bin/git-credential-null" "clone" "--bare" "https://github.com/Spunge/octothorpe" "/workspace/cache/git-repos/https%3A%2F%2Fgithub.com%2FSpunge%2Foctothorpe", kill_on_drop: false }`
[INFO] [stderr] Cloning into bare repository '/workspace/cache/git-repos/https%3A%2F%2Fgithub.com%2FSpunge%2Foctothorpe'...
[INFO] running `Command { std: "git" "rev-parse" "HEAD", kill_on_drop: false }`
[INFO] [stdout] c6d0fb486ce0b944556b666bbbdb1019021cce38
[INFO] testing Spunge/octothorpe against 1.54.0 for beta-1.55-1
[INFO] running `Command { std: "git" "clone" "/workspace/cache/git-repos/https%3A%2F%2Fgithub.com%2FSpunge%2Foctothorpe" "/workspace/builds/worker-98/source", kill_on_drop: false }`
[INFO] [stderr] Cloning into '/workspace/builds/worker-98/source'...
[INFO] [stderr] done.
[INFO] validating manifest of git repo https://github.com/Spunge/octothorpe on toolchain 1.54.0
[INFO] running `Command { std: "/workspace/cargo-home/bin/cargo" "+1.54.0" "metadata" "--manifest-path" "Cargo.toml" "--no-deps", kill_on_drop: false }`
[INFO] started tweaking git repo https://github.com/Spunge/octothorpe
[INFO] finished tweaking git repo https://github.com/Spunge/octothorpe
[INFO] tweaked toml for git repo https://github.com/Spunge/octothorpe written to /workspace/builds/worker-98/source/Cargo.toml
[INFO] crate git repo https://github.com/Spunge/octothorpe already has a lockfile, it will not be regenerated
[INFO] running `Command { std: "/workspace/cargo-home/bin/cargo" "+1.54.0" "fetch" "--manifest-path" "Cargo.toml", kill_on_drop: false }`
[INFO] [stderr]     Blocking waiting for file lock on package cache
[INFO] [stderr]     Blocking waiting for file lock on package cache
[INFO] running `Command { std: "docker" "create" "-v" "/var/lib/crater-agent-workspace/builds/worker-98/target:/opt/rustwide/target:rw,Z" "-v" "/var/lib/crater-agent-workspace/builds/worker-98/source:/opt/rustwide/workdir:ro,Z" "-v" "/var/lib/crater-agent-workspace/cargo-home:/opt/rustwide/cargo-home:ro,Z" "-v" "/var/lib/crater-agent-workspace/rustup-home:/opt/rustwide/rustup-home:ro,Z" "-e" "SOURCE_DIR=/opt/rustwide/workdir" "-e" "CARGO_TARGET_DIR=/opt/rustwide/target" "-e" "CARGO_HOME=/opt/rustwide/cargo-home" "-e" "RUSTUP_HOME=/opt/rustwide/rustup-home" "-w" "/opt/rustwide/workdir" "-m" "1610612736" "--user" "0:0" "--network" "none" "ghcr.io/rust-lang/crates-build-env/linux@sha256:34b6a614d2c27851fe6cbf88fbd1137609cefab8b10d0615aaeb6fd47975d74e" "/opt/rustwide/cargo-home/bin/cargo" "+1.54.0" "metadata" "--no-deps" "--format-version=1", kill_on_drop: false }`
[INFO] [stdout] 98cd312ed24af974cf09a7eff7cb44b394f63265e91f9ca9b2fb6a128b3b635d
[INFO] running `Command { std: "docker" "start" "-a" "98cd312ed24af974cf09a7eff7cb44b394f63265e91f9ca9b2fb6a128b3b635d", kill_on_drop: false }`
[INFO] running `Command { std: "docker" "inspect" "98cd312ed24af974cf09a7eff7cb44b394f63265e91f9ca9b2fb6a128b3b635d", kill_on_drop: false }`
[INFO] running `Command { std: "docker" "rm" "-f" "98cd312ed24af974cf09a7eff7cb44b394f63265e91f9ca9b2fb6a128b3b635d", kill_on_drop: false }`
[INFO] [stdout] 98cd312ed24af974cf09a7eff7cb44b394f63265e91f9ca9b2fb6a128b3b635d
[INFO] running `Command { std: "docker" "create" "-v" "/var/lib/crater-agent-workspace/builds/worker-98/target:/opt/rustwide/target:rw,Z" "-v" "/var/lib/crater-agent-workspace/builds/worker-98/source:/opt/rustwide/workdir:ro,Z" "-v" "/var/lib/crater-agent-workspace/cargo-home:/opt/rustwide/cargo-home:ro,Z" "-v" "/var/lib/crater-agent-workspace/rustup-home:/opt/rustwide/rustup-home:ro,Z" "-e" "SOURCE_DIR=/opt/rustwide/workdir" "-e" "CARGO_TARGET_DIR=/opt/rustwide/target" "-e" "CARGO_INCREMENTAL=0" "-e" "RUST_BACKTRACE=full" "-e" "RUSTFLAGS=--cap-lints=warn" "-e" "CARGO_HOME=/opt/rustwide/cargo-home" "-e" "RUSTUP_HOME=/opt/rustwide/rustup-home" "-w" "/opt/rustwide/workdir" "-m" "1610612736" "--user" "0:0" "--network" "none" "ghcr.io/rust-lang/crates-build-env/linux@sha256:34b6a614d2c27851fe6cbf88fbd1137609cefab8b10d0615aaeb6fd47975d74e" "/opt/rustwide/cargo-home/bin/cargo" "+1.54.0" "build" "--frozen" "--message-format=json", kill_on_drop: false }`
[INFO] [stdout] 469d5fbf69dba203bb394e2f0a411f07519b362fc314f49a558d02b470c77a0d
[INFO] running `Command { std: "docker" "start" "-a" "469d5fbf69dba203bb394e2f0a411f07519b362fc314f49a558d02b470c77a0d", kill_on_drop: false }`
[INFO] [stderr]     Blocking waiting for file lock on package cache
[INFO] [stderr]    Compiling libc v0.2.51
[INFO] [stderr]    Compiling libloading v0.4.3
[INFO] [stderr]    Compiling lazy_static v1.3.0
[INFO] [stderr]    Compiling bitflags v1.0.4
[INFO] [stderr]    Compiling matches v0.1.8
[INFO] [stderr]    Compiling jack-sys v0.2.0 (https://github.com/spunge/rust-jack.git#c645e0b1)
[INFO] [stderr]    Compiling jack-sys v0.2.0
[INFO] [stderr]    Compiling jack v0.6.0-rc1 (https://github.com/spunge/rust-jack.git#c645e0b1)
[INFO] [stderr]    Compiling octothorpe v0.1.0 (/opt/rustwide/workdir)
[INFO] [stdout] warning: unused import: `std::ops::Range`
[INFO] [stdout]  --> src/hardware/apc40.rs:2:5
[INFO] [stdout]   |
[INFO] [stdout] 2 | use std::ops::Range;
[INFO] [stdout]   |     ^^^^^^^^^^^^^^^
[INFO] [stdout]   |
[INFO] [stdout]   = note: `#[warn(unused_imports)]` on by default
[INFO] [stdout] 
[INFO] [stdout] 
[INFO] [stdout] warning: unused imports: `Message`, `TimedMessage`
[INFO] [stdout]  --> src/hardware/apc40.rs:4:29
[INFO] [stdout]   |
[INFO] [stdout] 4 | use super::super::message::{TimedMessage, Message};
[INFO] [stdout]   |                             ^^^^^^^^^^^^  ^^^^^^^
[INFO] [stdout] 
[INFO] [stdout] 
[INFO] [stdout] warning: unused import: `super::super::TimebaseHandler`
[INFO] [stdout]   --> src/hardware/apc40.rs:10:5
[INFO] [stdout]    |
[INFO] [stdout] 10 | use super::super::TimebaseHandler;
[INFO] [stdout]    |     ^^^^^^^^^^^^^^^^^^^^^^^^^^^^^
[INFO] [stdout] 
[INFO] [stdout] 
[INFO] [stdout] warning: unused import: `std::ops::Range`
[INFO] [stdout]  --> src/hardware/apc20.rs:2:5
[INFO] [stdout]   |
[INFO] [stdout] 2 | use std::ops::Range;
[INFO] [stdout]   |     ^^^^^^^^^^^^^^^
[INFO] [stdout] 
[INFO] [stdout] 
[INFO] [stdout] warning: unused imports: `Message`, `TimedMessage`
[INFO] [stdout]  --> src/hardware/apc20.rs:4:29
[INFO] [stdout]   |
[INFO] [stdout] 4 | use super::super::message::{TimedMessage, Message};
[INFO] [stdout]   |                             ^^^^^^^^^^^^  ^^^^^^^
[INFO] [stdout] 
[INFO] [stdout] 
[INFO] [stdout] warning: unused import: `super::super::TimebaseHandler`
[INFO] [stdout]   --> src/hardware/apc20.rs:10:5
[INFO] [stdout]    |
[INFO] [stdout] 10 | use super::super::TimebaseHandler;
[INFO] [stdout]    |     ^^^^^^^^^^^^^^^^^^^^^^^^^^^^^
[INFO] [stdout] 
[INFO] [stdout] 
[INFO] [stdout] warning: unused variable: `value`
[INFO] [stdout]   --> src/controller/lights.rs:98:27
[INFO] [stdout]    |
[INFO] [stdout] 98 |             .map(|(index, value)| (self.buffer_index_to_coordinate(index), self.next_state[index]))
[INFO] [stdout]    |                           ^^^^^ help: if this is intentional, prefix it with an underscore: `_value`
[INFO] [stdout]    |
[INFO] [stdout]    = note: `#[warn(unused_variables)]` on by default
[INFO] [stdout] 
[INFO] [stdout] 
[INFO] [stdout] warning: associated function is never used: `contains`
[INFO] [stdout]   --> src/controller/lights.rs:79:8
[INFO] [stdout]    |
[INFO] [stdout] 79 |     fn contains(&self, coordinate: Coordinate) -> bool {
[INFO] [stdout]    |        ^^^^^^^^
[INFO] [stdout]    |
[INFO] [stdout]    = note: `#[warn(dead_code)]` on by default
[INFO] [stdout] 
[INFO] [stdout] 
[INFO] [stdout] warning: 8 warnings emitted
[INFO] [stdout] 
[INFO] [stdout] 
[INFO] [stderr]     Finished dev [unoptimized + debuginfo] target(s) in 42.16s
[INFO] running `Command { std: "docker" "inspect" "469d5fbf69dba203bb394e2f0a411f07519b362fc314f49a558d02b470c77a0d", kill_on_drop: false }`
[INFO] running `Command { std: "docker" "rm" "-f" "469d5fbf69dba203bb394e2f0a411f07519b362fc314f49a558d02b470c77a0d", kill_on_drop: false }`
[INFO] [stdout] 469d5fbf69dba203bb394e2f0a411f07519b362fc314f49a558d02b470c77a0d
[INFO] running `Command { std: "docker" "create" "-v" "/var/lib/crater-agent-workspace/builds/worker-98/target:/opt/rustwide/target:rw,Z" "-v" "/var/lib/crater-agent-workspace/builds/worker-98/source:/opt/rustwide/workdir:ro,Z" "-v" "/var/lib/crater-agent-workspace/cargo-home:/opt/rustwide/cargo-home:ro,Z" "-v" "/var/lib/crater-agent-workspace/rustup-home:/opt/rustwide/rustup-home:ro,Z" "-e" "SOURCE_DIR=/opt/rustwide/workdir" "-e" "CARGO_TARGET_DIR=/opt/rustwide/target" "-e" "CARGO_INCREMENTAL=0" "-e" "RUST_BACKTRACE=full" "-e" "RUSTFLAGS=--cap-lints=warn" "-e" "CARGO_HOME=/opt/rustwide/cargo-home" "-e" "RUSTUP_HOME=/opt/rustwide/rustup-home" "-w" "/opt/rustwide/workdir" "-m" "1610612736" "--user" "0:0" "--network" "none" "ghcr.io/rust-lang/crates-build-env/linux@sha256:34b6a614d2c27851fe6cbf88fbd1137609cefab8b10d0615aaeb6fd47975d74e" "/opt/rustwide/cargo-home/bin/cargo" "+1.54.0" "test" "--frozen" "--no-run" "--message-format=json", kill_on_drop: false }`
[INFO] [stdout] f3df37c4845043bbb63101e7723ba2eb28e8ba36d23a6bb3a67a11552bc0fb07
[INFO] running `Command { std: "docker" "start" "-a" "f3df37c4845043bbb63101e7723ba2eb28e8ba36d23a6bb3a67a11552bc0fb07", kill_on_drop: false }`
[INFO] [stderr]     Blocking waiting for file lock on package cache
[INFO] [stderr]    Compiling octothorpe v0.1.0 (/opt/rustwide/workdir)
[INFO] [stdout] warning: unused import: `std::ops::Range`
[INFO] [stdout]  --> src/hardware/apc40.rs:2:5
[INFO] [stdout]   |
[INFO] [stdout] 2 | use std::ops::Range;
[INFO] [stdout]   |     ^^^^^^^^^^^^^^^
[INFO] [stdout]   |
[INFO] [stdout]   = note: `#[warn(unused_imports)]` on by default
[INFO] [stdout] 
[INFO] [stdout] 
[INFO] [stdout] warning: unused imports: `Message`, `TimedMessage`
[INFO] [stdout]  --> src/hardware/apc40.rs:4:29
[INFO] [stdout]   |
[INFO] [stdout] 4 | use super::super::message::{TimedMessage, Message};
[INFO] [stdout]   |                             ^^^^^^^^^^^^  ^^^^^^^
[INFO] [stdout] 
[INFO] [stdout] 
[INFO] [stdout] warning: unused import: `super::super::TimebaseHandler`
[INFO] [stdout]   --> src/hardware/apc40.rs:10:5
[INFO] [stdout]    |
[INFO] [stdout] 10 | use super::super::TimebaseHandler;
[INFO] [stdout]    |     ^^^^^^^^^^^^^^^^^^^^^^^^^^^^^
[INFO] [stdout] 
[INFO] [stdout] 
[INFO] [stdout] warning: unused import: `std::ops::Range`
[INFO] [stdout]  --> src/hardware/apc20.rs:2:5
[INFO] [stdout]   |
[INFO] [stdout] 2 | use std::ops::Range;
[INFO] [stdout]   |     ^^^^^^^^^^^^^^^
[INFO] [stdout] 
[INFO] [stdout] 
[INFO] [stdout] warning: unused imports: `Message`, `TimedMessage`
[INFO] [stdout]  --> src/hardware/apc20.rs:4:29
[INFO] [stdout]   |
[INFO] [stdout] 4 | use super::super::message::{TimedMessage, Message};
[INFO] [stdout]   |                             ^^^^^^^^^^^^  ^^^^^^^
[INFO] [stdout] 
[INFO] [stdout] 
[INFO] [stdout] warning: unused import: `super::super::TimebaseHandler`
[INFO] [stdout]   --> src/hardware/apc20.rs:10:5
[INFO] [stdout]    |
[INFO] [stdout] 10 | use super::super::TimebaseHandler;
[INFO] [stdout]    |     ^^^^^^^^^^^^^^^^^^^^^^^^^^^^^
[INFO] [stdout] 
[INFO] [stdout] 
[INFO] [stdout] warning: unused variable: `value`
[INFO] [stdout]   --> src/controller/lights.rs:98:27
[INFO] [stdout]    |
[INFO] [stdout] 98 |             .map(|(index, value)| (self.buffer_index_to_coordinate(index), self.next_state[index]))
[INFO] [stdout]    |                           ^^^^^ help: if this is intentional, prefix it with an underscore: `_value`
[INFO] [stdout]    |
[INFO] [stdout]    = note: `#[warn(unused_variables)]` on by default
[INFO] [stdout] 
[INFO] [stdout] 
[INFO] [stdout] warning: unused variable: `no_end`
[INFO] [stdout]    --> src/events.rs:245:17
[INFO] [stdout]     |
[INFO] [stdout] 245 |         let mut no_end = tests::new(0, None);
[INFO] [stdout]     |                 ^^^^^^ help: if this is intentional, prefix it with an underscore: `_no_end`
[INFO] [stdout] 
[INFO] [stdout] 
[INFO] [stdout] warning: unused variable: `looping`
[INFO] [stdout]    --> src/events.rs:246:17
[INFO] [stdout]     |
[INFO] [stdout] 246 |         let mut looping = tests::new(150, Some(50));
[INFO] [stdout]     |                 ^^^^^^^ help: if this is intentional, prefix it with an underscore: `_looping`
[INFO] [stdout] 
[INFO] [stdout] 
[INFO] [stdout] warning: variable does not need to be mutable
[INFO] [stdout]    --> src/events.rs:245:13
[INFO] [stdout]     |
[INFO] [stdout] 245 |         let mut no_end = tests::new(0, None);
[INFO] [stdout]     |             ----^^^^^^
[INFO] [stdout]     |             |
[INFO] [stdout]     |             help: remove this `mut`
[INFO] [stdout]     |
[INFO] [stdout]     = note: `#[warn(unused_mut)]` on by default
[INFO] [stdout] 
[INFO] [stdout] 
[INFO] [stdout] warning: variable does not need to be mutable
[INFO] [stdout]    --> src/events.rs:246:13
[INFO] [stdout]     |
[INFO] [stdout] 246 |         let mut looping = tests::new(150, Some(50));
[INFO] [stdout]     |             ----^^^^^^^
[INFO] [stdout]     |             |
[INFO] [stdout]     |             help: remove this `mut`
[INFO] [stdout] 
[INFO] [stdout] 
[INFO] [stdout] warning: associated function is never used: `contains`
[INFO] [stdout]   --> src/controller/lights.rs:79:8
[INFO] [stdout]    |
[INFO] [stdout] 79 |     fn contains(&self, coordinate: Coordinate) -> bool {
[INFO] [stdout]    |        ^^^^^^^^
[INFO] [stdout]    |
[INFO] [stdout]    = note: `#[warn(dead_code)]` on by default
[INFO] [stdout] 
[INFO] [stdout] 
[INFO] [stdout] warning: function is never used: `new`
[INFO] [stdout]    --> src/loopable.rs:257:8
[INFO] [stdout]     |
[INFO] [stdout] 257 |     fn new(start: u32, stop: Option<u32>) -> LoopablePatternEvent {
[INFO] [stdout]     |        ^^^
[INFO] [stdout] 
[INFO] [stdout] 
[INFO] [stdout] warning: 13 warnings emitted
[INFO] [stdout] 
[INFO] [stdout] 
[INFO] [stderr]     Finished test [unoptimized + debuginfo] target(s) in 1.39s
[INFO] running `Command { std: "docker" "inspect" "f3df37c4845043bbb63101e7723ba2eb28e8ba36d23a6bb3a67a11552bc0fb07", kill_on_drop: false }`
[INFO] running `Command { std: "docker" "rm" "-f" "f3df37c4845043bbb63101e7723ba2eb28e8ba36d23a6bb3a67a11552bc0fb07", kill_on_drop: false }`
[INFO] [stdout] f3df37c4845043bbb63101e7723ba2eb28e8ba36d23a6bb3a67a11552bc0fb07
[INFO] running `Command { std: "docker" "create" "-v" "/var/lib/crater-agent-workspace/builds/worker-98/target:/opt/rustwide/target:rw,Z" "-v" "/var/lib/crater-agent-workspace/builds/worker-98/source:/opt/rustwide/workdir:ro,Z" "-v" "/var/lib/crater-agent-workspace/cargo-home:/opt/rustwide/cargo-home:ro,Z" "-v" "/var/lib/crater-agent-workspace/rustup-home:/opt/rustwide/rustup-home:ro,Z" "-e" "SOURCE_DIR=/opt/rustwide/workdir" "-e" "CARGO_TARGET_DIR=/opt/rustwide/target" "-e" "CARGO_INCREMENTAL=0" "-e" "RUST_BACKTRACE=full" "-e" "RUSTFLAGS=--cap-lints=warn" "-e" "CARGO_HOME=/opt/rustwide/cargo-home" "-e" "RUSTUP_HOME=/opt/rustwide/rustup-home" "-w" "/opt/rustwide/workdir" "-m" "1610612736" "--user" "0:0" "--network" "none" "ghcr.io/rust-lang/crates-build-env/linux@sha256:34b6a614d2c27851fe6cbf88fbd1137609cefab8b10d0615aaeb6fd47975d74e" "/opt/rustwide/cargo-home/bin/cargo" "+1.54.0" "test" "--frozen", kill_on_drop: false }`
[INFO] [stdout] c55f24287773b931bdf7fb029fda1cf3ed369aba43199070d8be7f914961335a
[INFO] running `Command { std: "docker" "start" "-a" "c55f24287773b931bdf7fb029fda1cf3ed369aba43199070d8be7f914961335a", kill_on_drop: false }`
[INFO] [stderr]     Blocking waiting for file lock on package cache
[INFO] [stderr] warning: unused import: `std::ops::Range`
[INFO] [stderr]  --> src/hardware/apc40.rs:2:5
[INFO] [stderr]   |
[INFO] [stderr] 2 | use std::ops::Range;
[INFO] [stderr]   |     ^^^^^^^^^^^^^^^
[INFO] [stderr]   |
[INFO] [stderr]   = note: `#[warn(unused_imports)]` on by default
[INFO] [stderr] 
[INFO] [stderr] warning: unused imports: `Message`, `TimedMessage`
[INFO] [stderr]  --> src/hardware/apc40.rs:4:29
[INFO] [stderr]   |
[INFO] [stderr] 4 | use super::super::message::{TimedMessage, Message};
[INFO] [stderr]   |                             ^^^^^^^^^^^^  ^^^^^^^
[INFO] [stderr] 
[INFO] [stderr] warning: unused import: `super::super::TimebaseHandler`
[INFO] [stderr]   --> src/hardware/apc40.rs:10:5
[INFO] [stderr]    |
[INFO] [stderr] 10 | use super::super::TimebaseHandler;
[INFO] [stderr]    |     ^^^^^^^^^^^^^^^^^^^^^^^^^^^^^
[INFO] [stderr] 
[INFO] [stderr] warning: unused import: `std::ops::Range`
[INFO] [stderr]  --> src/hardware/apc20.rs:2:5
[INFO] [stderr]   |
[INFO] [stderr] 2 | use std::ops::Range;
[INFO] [stderr]   |     ^^^^^^^^^^^^^^^
[INFO] [stderr] 
[INFO] [stderr] warning: unused imports: `Message`, `TimedMessage`
[INFO] [stderr]  --> src/hardware/apc20.rs:4:29
[INFO] [stderr]   |
[INFO] [stderr] 4 | use super::super::message::{TimedMessage, Message};
[INFO] [stderr]   |                             ^^^^^^^^^^^^  ^^^^^^^
[INFO] [stderr] 
[INFO] [stderr] warning: unused import: `super::super::TimebaseHandler`
[INFO] [stderr]   --> src/hardware/apc20.rs:10:5
[INFO] [stderr]    |
[INFO] [stderr] 10 | use super::super::TimebaseHandler;
[INFO] [stderr]    |     ^^^^^^^^^^^^^^^^^^^^^^^^^^^^^
[INFO] [stderr] 
[INFO] [stderr] warning: unused variable: `value`
[INFO] [stderr]   --> src/controller/lights.rs:98:27
[INFO] [stderr]    |
[INFO] [stderr] 98 |             .map(|(index, value)| (self.buffer_index_to_coordinate(index), self.next_state[index]))
[INFO] [stderr]    |                           ^^^^^ help: if this is intentional, prefix it with an underscore: `_value`
[INFO] [stderr]    |
[INFO] [stderr]    = note: `#[warn(unused_variables)]` on by default
[INFO] [stderr] 
[INFO] [stderr] warning: unused variable: `no_end`
[INFO] [stderr]    --> src/events.rs:245:17
[INFO] [stderr]     |
[INFO] [stderr] 245 |         let mut no_end = tests::new(0, None);
[INFO] [stderr]     |                 ^^^^^^ help: if this is intentional, prefix it with an underscore: `_no_end`
[INFO] [stderr] 
[INFO] [stderr] warning: unused variable: `looping`
[INFO] [stderr]    --> src/events.rs:246:17
[INFO] [stderr]     |
[INFO] [stderr] 246 |         let mut looping = tests::new(150, Some(50));
[INFO] [stderr]     |                 ^^^^^^^ help: if this is intentional, prefix it with an underscore: `_looping`
[INFO] [stderr] 
[INFO] [stderr] warning: variable does not need to be mutable
[INFO] [stderr]    --> src/events.rs:245:13
[INFO] [stderr]     |
[INFO] [stderr] 245 |         let mut no_end = tests::new(0, None);
[INFO] [stderr]     |             ----^^^^^^
[INFO] [stderr]     |             |
[INFO] [stderr]     |             help: remove this `mut`
[INFO] [stderr]     |
[INFO] [stderr]     = note: `#[warn(unused_mut)]` on by default
[INFO] [stderr] 
[INFO] [stderr] warning: variable does not need to be mutable
[INFO] [stderr]    --> src/events.rs:246:13
[INFO] [stderr]     |
[INFO] [stderr] 246 |         let mut looping = tests::new(150, Some(50));
[INFO] [stderr]     |             ----^^^^^^^
[INFO] [stderr]     |             |
[INFO] [stderr]     |             help: remove this `mut`
[INFO] [stderr] 
[INFO] [stderr] warning: associated function is never used: `contains`
[INFO] [stderr]   --> src/controller/lights.rs:79:8
[INFO] [stderr]    |
[INFO] [stderr] 79 |     fn contains(&self, coordinate: Coordinate) -> bool {
[INFO] [stderr]    |        ^^^^^^^^
[INFO] [stderr]    |
[INFO] [stderr]    = note: `#[warn(dead_code)]` on by default
[INFO] [stderr] 
[INFO] [stderr] warning: function is never used: `new`
[INFO] [stderr]    --> src/loopable.rs:257:8
[INFO] [stderr]     |
[INFO] [stderr] 257 |     fn new(start: u32, stop: Option<u32>) -> LoopablePatternEvent {
[INFO] [stderr]     |        ^^^
[INFO] [stderr] 
[INFO] [stderr] warning: 13 warnings emitted
[INFO] [stderr] 
[INFO] [stderr]     Finished test [unoptimized + debuginfo] target(s) in 1.94s
[INFO] [stderr]      Running unittests (/opt/rustwide/target/debug/deps/octothorpe-3438b31cb5159bfd)
[INFO] [stdout] 
[INFO] [stdout] running 3 tests
[INFO] [stdout] test events::tests::contains ... ok
[INFO] [stdout] test events::tests::resize_to_fit ... ok
[INFO] [stderr] error: test failed, to rerun pass '--bin octothorpe'
[INFO] [stdout] test loopable::tests::length ... FAILED
[INFO] [stdout] 
[INFO] [stdout] failures:
[INFO] [stdout] 
[INFO] [stdout] ---- loopable::tests::length stdout ----
[INFO] [stdout] thread 'loopable::tests::length' panicked at 'assertion failed: `(left == right)`
[INFO] [stdout]   left: `19210`,
[INFO] [stdout]  right: `15360`', src/loopable.rs:272:9
[INFO] [stdout] stack backtrace:
[INFO] [stdout]    0:     0x55e49d5ecd30 - std::backtrace_rs::backtrace::libunwind::trace::h34055254b57d8e79
[INFO] [stdout]                                at /rustc/a178d0322ce20e33eac124758e837cbd80a6f633/library/std/src/../../backtrace/src/backtrace/libunwind.rs:90:5
[INFO] [stdout]    1:     0x55e49d5ecd30 - std::backtrace_rs::backtrace::trace_unsynchronized::h8f1e3fbd9afff6ec
[INFO] [stdout]                                at /rustc/a178d0322ce20e33eac124758e837cbd80a6f633/library/std/src/../../backtrace/src/backtrace/mod.rs:66:5
[INFO] [stdout]    2:     0x55e49d5ecd30 - std::sys_common::backtrace::_print_fmt::h3a99a796b770c360
[INFO] [stdout]                                at /rustc/a178d0322ce20e33eac124758e837cbd80a6f633/library/std/src/sys_common/backtrace.rs:67:5
[INFO] [stdout]    3:     0x55e49d5ecd30 - <std::sys_common::backtrace::_print::DisplayBacktrace as core::fmt::Display>::fmt::h32d1f94a80615d18
[INFO] [stdout]                                at /rustc/a178d0322ce20e33eac124758e837cbd80a6f633/library/std/src/sys_common/backtrace.rs:46:22
[INFO] [stdout]    4:     0x55e49d60f52c - core::fmt::write::h306731c068f7162c
[INFO] [stdout]                                at /rustc/a178d0322ce20e33eac124758e837cbd80a6f633/library/core/src/fmt/mod.rs:1110:17
[INFO] [stdout]    5:     0x55e49d5e9c55 - std::io::Write::write_fmt::h87f19b0a2cd190bc
[INFO] [stdout]                                at /rustc/a178d0322ce20e33eac124758e837cbd80a6f633/library/std/src/io/mod.rs:1588:15
[INFO] [stdout]    6:     0x55e49d5eee9b - std::sys_common::backtrace::_print::h5abaa2601a852287
[INFO] [stdout]                                at /rustc/a178d0322ce20e33eac124758e837cbd80a6f633/library/std/src/sys_common/backtrace.rs:49:5
[INFO] [stdout]    7:     0x55e49d5eee9b - std::sys_common::backtrace::print::h8d81445442bb638f
[INFO] [stdout]                                at /rustc/a178d0322ce20e33eac124758e837cbd80a6f633/library/std/src/sys_common/backtrace.rs:36:9
[INFO] [stdout]    8:     0x55e49d5eee9b - std::panicking::default_hook::{{closure}}::hcfe804496a9fa747
[INFO] [stdout]                                at /rustc/a178d0322ce20e33eac124758e837cbd80a6f633/library/std/src/panicking.rs:208:50
[INFO] [stdout]    9:     0x55e49d5ee9ac - std::panicking::default_hook::hbea8e3ccf2ba8901
[INFO] [stdout]                                at /rustc/a178d0322ce20e33eac124758e837cbd80a6f633/library/std/src/panicking.rs:222:9
[INFO] [stdout]   10:     0x55e49d5ef564 - std::panicking::rust_panic_with_hook::h7ee9e1a2d0f8975a
[INFO] [stdout]                                at /rustc/a178d0322ce20e33eac124758e837cbd80a6f633/library/std/src/panicking.rs:622:17
[INFO] [stdout]   11:     0x55e49d5ef047 - std::panicking::begin_panic_handler::{{closure}}::h8ab3b4491718b2c7
[INFO] [stdout]                                at /rustc/a178d0322ce20e33eac124758e837cbd80a6f633/library/std/src/panicking.rs:519:13
[INFO] [stdout]   12:     0x55e49d5ed22c - std::sys_common::backtrace::__rust_end_short_backtrace::hd489062ffa586a9f
[INFO] [stdout]                                at /rustc/a178d0322ce20e33eac124758e837cbd80a6f633/library/std/src/sys_common/backtrace.rs:141:18
[INFO] [stdout]   13:     0x55e49d5eefa9 - rust_begin_unwind
[INFO] [stdout]                                at /rustc/a178d0322ce20e33eac124758e837cbd80a6f633/library/std/src/panicking.rs:515:5
[INFO] [stdout]   14:     0x55e49d58f651 - core::panicking::panic_fmt::hca6330e3e14086b4
[INFO] [stdout]                                at /rustc/a178d0322ce20e33eac124758e837cbd80a6f633/library/core/src/panicking.rs:92:14
[INFO] [stdout]   15:     0x55e49d60de48 - core::panicking::assert_failed_inner::h33b45280069a80ed
[INFO] [stdout]   16:     0x55e49d59a2aa - core::panicking::assert_failed::h1a2e286f2ae04766
[INFO] [stdout]                                at /rustc/a178d0322ce20e33eac124758e837cbd80a6f633/library/core/src/panicking.rs:117:5
[INFO] [stdout]   17:     0x55e49d594782 - octothorpe::loopable::tests::length::h9e5cc9375849d128
[INFO] [stdout]                                at /opt/rustwide/workdir/src/loopable.rs:272:9
[INFO] [stdout]   18:     0x55e49d59453a - octothorpe::loopable::tests::length::{{closure}}::ha26e44738634ede3
[INFO] [stdout]                                at /opt/rustwide/workdir/src/loopable.rs:262:5
[INFO] [stdout]   19:     0x55e49d593c6e - core::ops::function::FnOnce::call_once::h43577ba0ab5bd782
[INFO] [stdout]                                at /rustc/a178d0322ce20e33eac124758e837cbd80a6f633/library/core/src/ops/function.rs:227:5
[INFO] [stdout]   20:     0x55e49d5c2523 - core::ops::function::FnOnce::call_once::h152e7e439ff59e19
[INFO] [stdout]                                at /rustc/a178d0322ce20e33eac124758e837cbd80a6f633/library/core/src/ops/function.rs:227:5
[INFO] [stdout]   21:     0x55e49d5c2523 - test::__rust_begin_short_backtrace::h0908f3b1fdbb72ab
[INFO] [stdout]                                at /rustc/a178d0322ce20e33eac124758e837cbd80a6f633/library/test/src/lib.rs:577:5
[INFO] [stdout]   22:     0x55e49d5c0fe0 - <alloc::boxed::Box<F,A> as core::ops::function::FnOnce<Args>>::call_once::hf6d2a51e5587546c
[INFO] [stdout]                                at /rustc/a178d0322ce20e33eac124758e837cbd80a6f633/library/alloc/src/boxed.rs:1575:9
[INFO] [stdout]   23:     0x55e49d5c0fe0 - <std::panic::AssertUnwindSafe<F> as core::ops::function::FnOnce<()>>::call_once::h8af660f3a89ef593
[INFO] [stdout]                                at /rustc/a178d0322ce20e33eac124758e837cbd80a6f633/library/std/src/panic.rs:347:9
[INFO] [stdout]   24:     0x55e49d5c0fe0 - std::panicking::try::do_call::hd36aef60f84b6d36
[INFO] [stdout]                                at /rustc/a178d0322ce20e33eac124758e837cbd80a6f633/library/std/src/panicking.rs:401:40
[INFO] [stdout]   25:     0x55e49d5c0fe0 - std::panicking::try::h9932b4480e69817c
[INFO] [stdout]                                at /rustc/a178d0322ce20e33eac124758e837cbd80a6f633/library/std/src/panicking.rs:365:19
[INFO] [stdout]   26:     0x55e49d5c0fe0 - std::panic::catch_unwind::h6aa177099cfff5f8
[INFO] [stdout]                                at /rustc/a178d0322ce20e33eac124758e837cbd80a6f633/library/std/src/panic.rs:434:14
[INFO] [stdout]   27:     0x55e49d5c0fe0 - test::run_test_in_process::h5884d6f2d99e20c3
[INFO] [stdout]                                at /rustc/a178d0322ce20e33eac124758e837cbd80a6f633/library/test/src/lib.rs:600:18
[INFO] [stdout]   28:     0x55e49d5c0fe0 - test::run_test::run_test_inner::{{closure}}::h6fdc58c6d5f5b6e3
[INFO] [stdout]                                at /rustc/a178d0322ce20e33eac124758e837cbd80a6f633/library/test/src/lib.rs:492:39
[INFO] [stdout]   29:     0x55e49d59a692 - test::run_test::run_test_inner::{{closure}}::h408365d67a78ade8
[INFO] [stdout]                                at /rustc/a178d0322ce20e33eac124758e837cbd80a6f633/library/test/src/lib.rs:519:37
[INFO] [stdout]   30:     0x55e49d59a692 - std::sys_common::backtrace::__rust_begin_short_backtrace::hb560b77c4f701523
[INFO] [stdout]                                at /rustc/a178d0322ce20e33eac124758e837cbd80a6f633/library/std/src/sys_common/backtrace.rs:125:18
[INFO] [stdout]   31:     0x55e49d59e248 - std::thread::Builder::spawn_unchecked::{{closure}}::{{closure}}::hf2e7831dad93c597
[INFO] [stdout]                                at /rustc/a178d0322ce20e33eac124758e837cbd80a6f633/library/std/src/thread/mod.rs:481:17
[INFO] [stdout]   32:     0x55e49d59e248 - <std::panic::AssertUnwindSafe<F> as core::ops::function::FnOnce<()>>::call_once::hd2e08783d8be4d02
[INFO] [stdout]                                at /rustc/a178d0322ce20e33eac124758e837cbd80a6f633/library/std/src/panic.rs:347:9
[INFO] [stdout]   33:     0x55e49d59e248 - std::panicking::try::do_call::h062597b7acfd6b82
[INFO] [stdout]                                at /rustc/a178d0322ce20e33eac124758e837cbd80a6f633/library/std/src/panicking.rs:401:40
[INFO] [stdout]   34:     0x55e49d59e248 - std::panicking::try::h0d7b79db04c14552
[INFO] [stdout]                                at /rustc/a178d0322ce20e33eac124758e837cbd80a6f633/library/std/src/panicking.rs:365:19
[INFO] [stdout]   35:     0x55e49d59e248 - std::panic::catch_unwind::hb01a0b5e7c8cd43b
[INFO] [stdout]                                at /rustc/a178d0322ce20e33eac124758e837cbd80a6f633/library/std/src/panic.rs:434:14
[INFO] [stdout]   36:     0x55e49d59e248 - std::thread::Builder::spawn_unchecked::{{closure}}::h5bde48cc887e0d1e
[INFO] [stdout]                                at /rustc/a178d0322ce20e33eac124758e837cbd80a6f633/library/std/src/thread/mod.rs:480:30
[INFO] [stdout]   37:     0x55e49d59e248 - core::ops::function::FnOnce::call_once{{vtable.shim}}::h745ea30807a29e55
[INFO] [stdout]                                at /rustc/a178d0322ce20e33eac124758e837cbd80a6f633/library/core/src/ops/function.rs:227:5
[INFO] [stdout]   38:     0x55e49d5f4027 - <alloc::boxed::Box<F,A> as core::ops::function::FnOnce<Args>>::call_once::h7ece6cfefaff1005
[INFO] [stdout]                                at /rustc/a178d0322ce20e33eac124758e837cbd80a6f633/library/alloc/src/boxed.rs:1575:9
[INFO] [stdout]   39:     0x55e49d5f4027 - <alloc::boxed::Box<F,A> as core::ops::function::FnOnce<Args>>::call_once::hb8b48e55c21f193e
[INFO] [stdout]                                at /rustc/a178d0322ce20e33eac124758e837cbd80a6f633/library/alloc/src/boxed.rs:1575:9
[INFO] [stdout]   40:     0x55e49d5f4027 - std::sys::unix::thread::Thread::new::thread_start::h8c7c4450dba62914
[INFO] [stdout]                                at /rustc/a178d0322ce20e33eac124758e837cbd80a6f633/library/std/src/sys/unix/thread.rs:71:17
[INFO] [stdout]   41:     0x7f785931f609 - start_thread
[INFO] [stdout]   42:     0x7f78590f7293 - clone
[INFO] [stdout]   43:                0x0 - <unknown>
[INFO] [stdout] 
[INFO] [stdout] 
[INFO] [stdout] failures:
[INFO] [stdout]     loopable::tests::length
[INFO] [stdout] 
[INFO] [stdout] test result: FAILED. 2 passed; 1 failed; 0 ignored; 0 measured; 0 filtered out; finished in 0.10s
[INFO] [stdout] 
[INFO] running `Command { std: "docker" "inspect" "c55f24287773b931bdf7fb029fda1cf3ed369aba43199070d8be7f914961335a", kill_on_drop: false }`
[INFO] running `Command { std: "docker" "rm" "-f" "c55f24287773b931bdf7fb029fda1cf3ed369aba43199070d8be7f914961335a", kill_on_drop: false }`
[INFO] [stdout] c55f24287773b931bdf7fb029fda1cf3ed369aba43199070d8be7f914961335a
