[INFO] cloning repository https://github.com/Solipath/Solipath
[INFO] running `Command { std: "git" "-c" "credential.helper=" "-c" "credential.helper=/workspace/cargo-home/bin/git-credential-null" "clone" "--bare" "https://github.com/Solipath/Solipath" "/workspace/cache/git-repos/https%3A%2F%2Fgithub.com%2FSolipath%2FSolipath", kill_on_drop: false }`
[INFO] [stderr] Cloning into bare repository '/workspace/cache/git-repos/https%3A%2F%2Fgithub.com%2FSolipath%2FSolipath'...
[INFO] running `Command { std: "git" "rev-parse" "HEAD", kill_on_drop: false }`
[INFO] [stdout] 4a185082df36eb3224e3f171a1c6c0517384278a
[INFO] testing Solipath/Solipath against beta-2021-08-01 for beta-1.55-1
[INFO] running `Command { std: "git" "clone" "/workspace/cache/git-repos/https%3A%2F%2Fgithub.com%2FSolipath%2FSolipath" "/workspace/builds/worker-92/source", kill_on_drop: false }`
[INFO] [stderr] Cloning into '/workspace/builds/worker-92/source'...
[INFO] [stderr] done.
[INFO] validating manifest of git repo https://github.com/Solipath/Solipath on toolchain beta-2021-08-01
[INFO] running `Command { std: "/workspace/cargo-home/bin/cargo" "+beta-2021-08-01" "metadata" "--manifest-path" "Cargo.toml" "--no-deps", kill_on_drop: false }`
[INFO] removed /workspace/builds/worker-92/source/.cargo/config.toml
[INFO] started tweaking git repo https://github.com/Solipath/Solipath
[INFO] finished tweaking git repo https://github.com/Solipath/Solipath
[INFO] tweaked toml for git repo https://github.com/Solipath/Solipath written to /workspace/builds/worker-92/source/Cargo.toml
[INFO] crate git repo https://github.com/Solipath/Solipath already has a lockfile, it will not be regenerated
[INFO] running `Command { std: "/workspace/cargo-home/bin/cargo" "+beta-2021-08-01" "fetch" "--manifest-path" "Cargo.toml", kill_on_drop: false }`
[INFO] [stderr]     Blocking waiting for file lock on package cache
[INFO] [stderr]     Updating git repository `https://github.com/bfrazho/zip.git`
[INFO] [stderr]     Blocking waiting for file lock on package cache
[INFO] running `Command { std: "docker" "create" "-v" "/var/lib/crater-agent-workspace/builds/worker-92/target:/opt/rustwide/target:rw,Z" "-v" "/var/lib/crater-agent-workspace/builds/worker-92/source:/opt/rustwide/workdir:ro,Z" "-v" "/var/lib/crater-agent-workspace/cargo-home:/opt/rustwide/cargo-home:ro,Z" "-v" "/var/lib/crater-agent-workspace/rustup-home:/opt/rustwide/rustup-home:ro,Z" "-e" "SOURCE_DIR=/opt/rustwide/workdir" "-e" "CARGO_TARGET_DIR=/opt/rustwide/target" "-e" "CARGO_HOME=/opt/rustwide/cargo-home" "-e" "RUSTUP_HOME=/opt/rustwide/rustup-home" "-w" "/opt/rustwide/workdir" "-m" "1610612736" "--user" "0:0" "--network" "none" "ghcr.io/rust-lang/crates-build-env/linux@sha256:34b6a614d2c27851fe6cbf88fbd1137609cefab8b10d0615aaeb6fd47975d74e" "/opt/rustwide/cargo-home/bin/cargo" "+beta-2021-08-01" "metadata" "--no-deps" "--format-version=1", kill_on_drop: false }`
[INFO] [stdout] 2c23548b454374b81251729e565d77d3ed42022222ad96b1d1522400cf40bd47
[INFO] running `Command { std: "docker" "start" "-a" "2c23548b454374b81251729e565d77d3ed42022222ad96b1d1522400cf40bd47", kill_on_drop: false }`
[INFO] running `Command { std: "docker" "inspect" "2c23548b454374b81251729e565d77d3ed42022222ad96b1d1522400cf40bd47", kill_on_drop: false }`
[INFO] running `Command { std: "docker" "rm" "-f" "2c23548b454374b81251729e565d77d3ed42022222ad96b1d1522400cf40bd47", kill_on_drop: false }`
[INFO] [stdout] 2c23548b454374b81251729e565d77d3ed42022222ad96b1d1522400cf40bd47
[INFO] running `Command { std: "docker" "create" "-v" "/var/lib/crater-agent-workspace/builds/worker-92/target:/opt/rustwide/target:rw,Z" "-v" "/var/lib/crater-agent-workspace/builds/worker-92/source:/opt/rustwide/workdir:ro,Z" "-v" "/var/lib/crater-agent-workspace/cargo-home:/opt/rustwide/cargo-home:ro,Z" "-v" "/var/lib/crater-agent-workspace/rustup-home:/opt/rustwide/rustup-home:ro,Z" "-e" "SOURCE_DIR=/opt/rustwide/workdir" "-e" "CARGO_TARGET_DIR=/opt/rustwide/target" "-e" "CARGO_INCREMENTAL=0" "-e" "RUST_BACKTRACE=full" "-e" "RUSTFLAGS=--cap-lints=warn" "-e" "CARGO_HOME=/opt/rustwide/cargo-home" "-e" "RUSTUP_HOME=/opt/rustwide/rustup-home" "-w" "/opt/rustwide/workdir" "-m" "1610612736" "--user" "0:0" "--network" "none" "ghcr.io/rust-lang/crates-build-env/linux@sha256:34b6a614d2c27851fe6cbf88fbd1137609cefab8b10d0615aaeb6fd47975d74e" "/opt/rustwide/cargo-home/bin/cargo" "+beta-2021-08-01" "build" "--frozen" "--message-format=json", kill_on_drop: false }`
[INFO] [stdout] cafa1557a2c568a0319fef052e1ac04c5ca39d166295e9a3a8fe65925da64a67
[INFO] running `Command { std: "docker" "start" "-a" "cafa1557a2c568a0319fef052e1ac04c5ca39d166295e9a3a8fe65925da64a67", kill_on_drop: false }`
[INFO] [stderr]     Blocking waiting for file lock on package cache
[INFO] [stderr]    Compiling libc v0.2.86
[INFO] [stderr]    Compiling syn v1.0.60
[INFO] [stderr]    Compiling cc v1.0.67
[INFO] [stderr]    Compiling pin-project-lite v0.2.4
[INFO] [stderr]    Compiling bytes v1.0.1
[INFO] [stderr]    Compiling proc-macro-hack v0.5.19
[INFO] [stderr]    Compiling futures-core v0.3.13
[INFO] [stderr]    Compiling proc-macro-nested v0.1.7
[INFO] [stderr]    Compiling futures-sink v0.3.13
[INFO] [stderr]    Compiling itoa v0.4.7
[INFO] [stderr]    Compiling smallvec v1.6.1
[INFO] [stderr]    Compiling futures-io v0.3.13
[INFO] [stderr]    Compiling once_cell v1.7.0
[INFO] [stderr]    Compiling futures-task v0.3.13
[INFO] [stderr]    Compiling pin-utils v0.1.0
[INFO] [stderr]    Compiling foreign-types-shared v0.1.1
[INFO] [stderr]    Compiling serde_derive v1.0.123
[INFO] [stderr]    Compiling openssl v0.10.32
[INFO] [stderr]    Compiling httparse v1.3.5
[INFO] [stderr]    Compiling native-tls v0.2.7
[INFO] [stderr]    Compiling serde v1.0.123
[INFO] [stderr]    Compiling try-lock v0.2.3
[INFO] [stderr]    Compiling httpdate v0.3.2
[INFO] [stderr]    Compiling openssl-probe v0.1.2
[INFO] [stderr]    Compiling encoding_rs v0.8.28
[INFO] [stderr]    Compiling tower-service v0.3.1
[INFO] [stderr]    Compiling adler32 v1.2.0
[INFO] [stderr]    Compiling mime v0.3.16
[INFO] [stderr]    Compiling hyperx v1.3.0
[INFO] [stderr]    Compiling serde_json v1.0.63
[INFO] [stderr]    Compiling ipnet v2.3.0
[INFO] [stderr]    Compiling remove_dir_all v0.5.3
[INFO] [stderr]    Compiling byteorder v1.4.2
[INFO] [stderr]    Compiling glob v0.3.0
[INFO] [stderr]    Compiling instant v0.1.9
[INFO] [stderr]    Compiling tokio v1.2.0
[INFO] [stderr]    Compiling lock_api v0.4.2
[INFO] [stderr]    Compiling indexmap v1.6.1
[INFO] [stderr]    Compiling tracing-core v0.1.17
[INFO] [stderr]    Compiling unicase v2.6.0
[INFO] [stderr]    Compiling foreign-types v0.3.2
[INFO] [stderr]    Compiling tracing v0.1.25
[INFO] [stderr]    Compiling futures-channel v0.3.13
[INFO] [stderr]    Compiling want v0.3.0
[INFO] [stderr]    Compiling miniz_oxide v0.3.7
[INFO] [stderr]    Compiling http v0.2.3
[INFO] [stderr]    Compiling parking_lot_core v0.8.3
[INFO] [stderr]    Compiling mio v0.7.9
[INFO] [stderr]    Compiling signal-hook-registry v1.3.0
[INFO] [stderr]    Compiling num_cpus v1.13.0
[INFO] [stderr]    Compiling getrandom v0.2.2
[INFO] [stderr]    Compiling socket2 v0.3.19
[INFO] [stderr]    Compiling dirs-sys-next v0.1.2
[INFO] [stderr]    Compiling xattr v0.2.2
[INFO] [stderr]    Compiling time v0.1.43
[INFO] [stderr]    Compiling filetime v0.2.14
[INFO] [stderr]    Compiling tar v0.4.33
[INFO] [stderr]    Compiling rand_core v0.6.2
[INFO] [stderr]    Compiling dirs-next v2.0.0
[INFO] [stderr]    Compiling parking_lot v0.11.1
[INFO] [stderr]    Compiling flate2 v1.0.14
[INFO] [stderr]    Compiling openssl-sys v0.9.60
[INFO] [stderr]    Compiling bzip2-sys v0.1.10+1.0.8
[INFO] [stderr]    Compiling rand_chacha v0.3.0
[INFO] [stderr]    Compiling rand v0.8.3
[INFO] [stderr]    Compiling bzip2 v0.3.3
[INFO] [stderr]    Compiling tempfile v3.2.0
[INFO] [stderr]    Compiling http-body v0.4.0
[INFO] [stderr]    Compiling tokio-macros v1.1.0
[INFO] [stderr]    Compiling futures-macro v0.3.13
[INFO] [stderr]    Compiling pin-project-internal v1.0.5
[INFO] [stderr]    Compiling thiserror-impl v1.0.24
[INFO] [stderr]    Compiling async-trait v0.1.42
[INFO] [stderr]    Compiling futures-util v0.3.13
[INFO] [stderr]    Compiling thiserror v1.0.24
[INFO] [stderr]    Compiling zip v0.5.9 (https://github.com/bfrazho/zip.git#b0f4e989)
[INFO] [stderr]    Compiling pin-project v1.0.5
[INFO] [stderr]    Compiling futures-executor v0.3.13
[INFO] [stderr]    Compiling tokio-util v0.6.3
[INFO] [stderr]    Compiling tokio-native-tls v0.3.0
[INFO] [stderr]    Compiling futures v0.3.13
[INFO] [stderr]    Compiling h2 v0.3.1
[INFO] [stderr]    Compiling serde_urlencoded v0.7.0
[INFO] [stderr]    Compiling hyper v0.14.4
[INFO] [stderr]    Compiling hyper-tls v0.5.0
[INFO] [stderr]    Compiling reqwest v0.11.1
[INFO] [stderr]    Compiling solipath v0.1.0 (/opt/rustwide/workdir)
[INFO] [stdout] warning: panic message is not a string literal
[INFO] [stdout]   --> src/download_verifier/download_checker.rs:24:20
[INFO] [stdout]    |
[INFO] [stdout] 24 |             panic!(failure_message);
[INFO] [stdout]    |                    ^^^^^^^^^^^^^^^
[INFO] [stdout]    |
[INFO] [stdout]    = note: `#[warn(non_fmt_panics)]` on by default
[INFO] [stdout]    = note: this usage of panic!() is deprecated; it will be a hard error in Rust 2021
[INFO] [stdout]    = note: for more information, see <https://doc.rust-lang.org/nightly/edition-guide/rust-2021/panic-macro-consistency.html>
[INFO] [stdout] help: add a "{}" format string to Display the message
[INFO] [stdout]    |
[INFO] [stdout] 24 |             panic!("{}", failure_message);
[INFO] [stdout]    |                    ^^^^^
[INFO] [stdout] help: or use std::panic::panic_any instead
[INFO] [stdout]    |
[INFO] [stdout] 24 |             std::panic::panic_any(failure_message);
[INFO] [stdout]    |             ^^^^^^^^^^^^^^^^^^^^^
[INFO] [stdout] 
[INFO] [stdout] 
[INFO] [stdout] warning: 1 warning emitted
[INFO] [stdout] 
[INFO] [stdout] 
[INFO] [stderr]     Finished dev [unoptimized + debuginfo] target(s) in 52.56s
[INFO] running `Command { std: "docker" "inspect" "cafa1557a2c568a0319fef052e1ac04c5ca39d166295e9a3a8fe65925da64a67", kill_on_drop: false }`
[INFO] running `Command { std: "docker" "rm" "-f" "cafa1557a2c568a0319fef052e1ac04c5ca39d166295e9a3a8fe65925da64a67", kill_on_drop: false }`
[INFO] [stdout] cafa1557a2c568a0319fef052e1ac04c5ca39d166295e9a3a8fe65925da64a67
[INFO] running `Command { std: "docker" "create" "-v" "/var/lib/crater-agent-workspace/builds/worker-92/target:/opt/rustwide/target:rw,Z" "-v" "/var/lib/crater-agent-workspace/builds/worker-92/source:/opt/rustwide/workdir:ro,Z" "-v" "/var/lib/crater-agent-workspace/cargo-home:/opt/rustwide/cargo-home:ro,Z" "-v" "/var/lib/crater-agent-workspace/rustup-home:/opt/rustwide/rustup-home:ro,Z" "-e" "SOURCE_DIR=/opt/rustwide/workdir" "-e" "CARGO_TARGET_DIR=/opt/rustwide/target" "-e" "CARGO_INCREMENTAL=0" "-e" "RUST_BACKTRACE=full" "-e" "RUSTFLAGS=--cap-lints=warn" "-e" "CARGO_HOME=/opt/rustwide/cargo-home" "-e" "RUSTUP_HOME=/opt/rustwide/rustup-home" "-w" "/opt/rustwide/workdir" "-m" "1610612736" "--user" "0:0" "--network" "none" "ghcr.io/rust-lang/crates-build-env/linux@sha256:34b6a614d2c27851fe6cbf88fbd1137609cefab8b10d0615aaeb6fd47975d74e" "/opt/rustwide/cargo-home/bin/cargo" "+beta-2021-08-01" "test" "--frozen" "--no-run" "--message-format=json", kill_on_drop: false }`
[INFO] [stdout] 17d2ddb46530fe6455695b605d6796cbde224431ebb9e135ea063eb7ed9dd760
[INFO] running `Command { std: "docker" "start" "-a" "17d2ddb46530fe6455695b605d6796cbde224431ebb9e135ea063eb7ed9dd760", kill_on_drop: false }`
[INFO] [stderr]    Compiling regex-syntax v0.6.22
[INFO] [stderr]    Compiling predicates-core v1.0.2
[INFO] [stderr]    Compiling treeline v0.1.0
[INFO] [stderr]    Compiling normalize-line-endings v0.3.0
[INFO] [stderr]    Compiling difference v2.0.0
[INFO] [stderr]    Compiling downcast v0.10.0
[INFO] [stderr]    Compiling fragile v1.0.0
[INFO] [stderr]    Compiling thread_local v1.1.3
[INFO] [stderr]    Compiling float-cmp v0.8.0
[INFO] [stderr]    Compiling mockall_derive v0.9.1
[INFO] [stdout] warning: panic message is not a string literal
[INFO] [stdout]   --> src/download_verifier/download_checker.rs:24:20
[INFO] [stdout]    |
[INFO] [stdout] 24 |             panic!(failure_message);
[INFO] [stdout]    |                    ^^^^^^^^^^^^^^^
[INFO] [stdout]    |
[INFO] [stdout]    = note: `#[warn(non_fmt_panics)]` on by default
[INFO] [stdout]    = note: this usage of panic!() is deprecated; it will be a hard error in Rust 2021
[INFO] [stdout]    = note: for more information, see <https://doc.rust-lang.org/nightly/edition-guide/rust-2021/panic-macro-consistency.html>
[INFO] [stdout] help: add a "{}" format string to Display the message
[INFO] [stdout]    |
[INFO] [stdout] 24 |             panic!("{}", failure_message);
[INFO] [stdout]    |                    ^^^^^
[INFO] [stdout] help: or use std::panic::panic_any instead
[INFO] [stdout]    |
[INFO] [stdout] 24 |             std::panic::panic_any(failure_message);
[INFO] [stdout]    |             ^^^^^^^^^^^^^^^^^^^^^
[INFO] [stdout] 
[INFO] [stdout] 
[INFO] [stdout] warning: 1 warning emitted
[INFO] [stdout] 
[INFO] [stdout] 
[INFO] [stderr]    Compiling predicates-tree v1.0.2
[INFO] [stderr]    Compiling regex v1.4.3
[INFO] [stderr]    Compiling predicates v1.0.7
[INFO] [stderr]    Compiling mockall v0.9.1
[INFO] [stderr]    Compiling solipath v0.1.0 (/opt/rustwide/workdir)
[INFO] [stdout] warning: panic message is not a string literal
[INFO] [stdout]   --> src/download_verifier/download_checker.rs:24:20
[INFO] [stdout]    |
[INFO] [stdout] 24 |             panic!(failure_message);
[INFO] [stdout]    |                    ^^^^^^^^^^^^^^^
[INFO] [stdout]    |
[INFO] [stdout]    = note: `#[warn(non_fmt_panics)]` on by default
[INFO] [stdout]    = note: this usage of panic!() is deprecated; it will be a hard error in Rust 2021
[INFO] [stdout]    = note: for more information, see <https://doc.rust-lang.org/nightly/edition-guide/rust-2021/panic-macro-consistency.html>
[INFO] [stdout] help: add a "{}" format string to Display the message
[INFO] [stdout]    |
[INFO] [stdout] 24 |             panic!("{}", failure_message);
[INFO] [stdout]    |                    ^^^^^
[INFO] [stdout] help: or use std::panic::panic_any instead
[INFO] [stdout]    |
[INFO] [stdout] 24 |             std::panic::panic_any(failure_message);
[INFO] [stdout]    |             ^^^^^^^^^^^^^^^^^^^^^
[INFO] [stdout] 
[INFO] [stdout] 
[INFO] [stdout] warning: 1 warning emitted
[INFO] [stdout] 
[INFO] [stdout] 
[INFO] [stderr]     Finished test [unoptimized + debuginfo] target(s) in 23.20s
[INFO] running `Command { std: "docker" "inspect" "17d2ddb46530fe6455695b605d6796cbde224431ebb9e135ea063eb7ed9dd760", kill_on_drop: false }`
[INFO] running `Command { std: "docker" "rm" "-f" "17d2ddb46530fe6455695b605d6796cbde224431ebb9e135ea063eb7ed9dd760", kill_on_drop: false }`
[INFO] [stdout] 17d2ddb46530fe6455695b605d6796cbde224431ebb9e135ea063eb7ed9dd760
[INFO] running `Command { std: "docker" "create" "-v" "/var/lib/crater-agent-workspace/builds/worker-92/target:/opt/rustwide/target:rw,Z" "-v" "/var/lib/crater-agent-workspace/builds/worker-92/source:/opt/rustwide/workdir:ro,Z" "-v" "/var/lib/crater-agent-workspace/cargo-home:/opt/rustwide/cargo-home:ro,Z" "-v" "/var/lib/crater-agent-workspace/rustup-home:/opt/rustwide/rustup-home:ro,Z" "-e" "SOURCE_DIR=/opt/rustwide/workdir" "-e" "CARGO_TARGET_DIR=/opt/rustwide/target" "-e" "CARGO_INCREMENTAL=0" "-e" "RUST_BACKTRACE=full" "-e" "RUSTFLAGS=--cap-lints=warn" "-e" "CARGO_HOME=/opt/rustwide/cargo-home" "-e" "RUSTUP_HOME=/opt/rustwide/rustup-home" "-w" "/opt/rustwide/workdir" "-m" "1610612736" "--user" "0:0" "--network" "none" "ghcr.io/rust-lang/crates-build-env/linux@sha256:34b6a614d2c27851fe6cbf88fbd1137609cefab8b10d0615aaeb6fd47975d74e" "/opt/rustwide/cargo-home/bin/cargo" "+beta-2021-08-01" "test" "--frozen", kill_on_drop: false }`
[INFO] [stdout] e5162c1a75e7899ab9f12e88c554aa110d7c6850228e8bbff0d64df1d292343c
[INFO] running `Command { std: "docker" "start" "-a" "e5162c1a75e7899ab9f12e88c554aa110d7c6850228e8bbff0d64df1d292343c", kill_on_drop: false }`
[INFO] [stderr] warning: panic message is not a string literal
[INFO] [stderr]   --> src/download_verifier/download_checker.rs:24:20
[INFO] [stderr]    |
[INFO] [stderr] 24 |             panic!(failure_message);
[INFO] [stderr]    |                    ^^^^^^^^^^^^^^^
[INFO] [stderr]    |
[INFO] [stderr]    = note: `#[warn(non_fmt_panics)]` on by default
[INFO] [stderr]    = note: this usage of panic!() is deprecated; it will be a hard error in Rust 2021
[INFO] [stderr]    = note: for more information, see <https://doc.rust-lang.org/nightly/edition-guide/rust-2021/panic-macro-consistency.html>
[INFO] [stderr] help: add a "{}" format string to Display the message
[INFO] [stderr]    |
[INFO] [stderr] 24 |             panic!("{}", failure_message);
[INFO] [stderr]    |                    ^^^^^
[INFO] [stderr] help: or use std::panic::panic_any instead
[INFO] [stderr]    |
[INFO] [stderr] 24 |             std::panic::panic_any(failure_message);
[INFO] [stderr]    |             ^^^^^^^^^^^^^^^^^^^^^
[INFO] [stderr] 
[INFO] [stderr] warning: `solipath` (bin "download_verifier") generated 1 warning
[INFO] [stderr] warning: `solipath` (bin "download_verifier" test) generated 1 warning (1 duplicate)
[INFO] [stderr]     Finished test [unoptimized + debuginfo] target(s) in 0.37s
[INFO] [stderr]      Running unittests (/opt/rustwide/target/debug/deps/solipath_lib-a2046459114cf411)
[INFO] [stdout] 
[INFO] [stdout] running 59 tests
[INFO] [stdout] test solipath_commandline::install_command_executor::tests::do_not_run_command_if_rules_fail ... ok
[INFO] [stdout] test solipath_commandline::command_executor::test::run_command ... ok
[INFO] [stdout] test solipath_commandline::install_command_executor::tests::run_command_if_rules_pass ... ok
[INFO] [stdout] test solipath_commandline::looping_install_command_executor::tests::can_set_command_executor ... ok
[INFO] [stdout] test solipath_commandline::looping_install_command_executor::tests::can_set_command_executor_and_filter_result ... ok
[INFO] [stdout] test solipath_commandline::install_command_filter::tests::filter_commands_file_exists_already_on_a_file_does_not_exist_rule_returns_false ... ok
[INFO] [stdout] test solipath_commandline::install_command_filter::tests::filter_commands_file_does_not_exist_on_a_file_does_not_exist_rule_returns_true ... ok
[INFO] [stdout] test solipath_commandline::install_command_filter::tests::filter_commands_no_rules_returns_true ... ok
[INFO] [stdout] test solipath_commandline::looping_install_command_executor::tests::can_set_command_executor_loops ... ok
[INFO] [stdout] test solipath_commandline::command_executor::test::run_single_string_command ... ok
[INFO] [stdout] test solipath_directory::solipath_directory_finder::tests::dependency_downloads_solipath_directory_ends_with_solipath_dependency_name ... ok
[INFO] [stdout] test solipath_dependency_download::looping_dependency_downloader::tests::download_dependencies_single_download ... ok
[INFO] [stdout] test solipath_directory::solipath_directory_finder::tests::base_solipath_directory_ends_with_solipath ... ok
[INFO] [stdout] test solipath_directory::solipath_directory_finder::tests::dependency_solipath_directory_ends_with_solipath_dependency_name_version ... ok
[INFO] [stdout] test solipath_dependency_download::looping_dependency_downloader::tests::download_dependencies_multiple_downloads ... ok
[INFO] [stdout] test solipath_dependency_download::looping_dependency_downloader::tests::download_dependencies_two_downloads_one_is_filtered_out ... ok
[INFO] [stdout] test solipath_dependency_download::dependency_downloader::tests::can_download_dependency ... ok
[INFO] [stdout] test solipath_directory::solipath_directory_finder::tests::dependency_template_solipath_directory_ends_with_solipath_dependency_name ... ok
[INFO] [stdout] test solipath_download::conditional_file_downloader::tests::does_not_call_download_file_if_file_exists ... ok
[INFO] [stdout] test solipath_download::file_decompressor::test::decompresses_zip_file_to_destination_directory ... ok
[INFO] [stdout] test solipath_download::file_name_retriever::tests::get_file_name_from_response_simple_content_disposition_with_file_name ... ok
[INFO] [stdout] test solipath_download::file_name_retriever::tests::get_string_after_last_forward_slash_should_not_include_leading_slash ... ok
[INFO] [stdout] test solipath_download::conditional_file_downloader::tests::does_not_call_download_file_if_directory_exists ... ok
[INFO] [stdout] test solipath_download::file_name_retriever::tests::get_file_name_from_response_no_content_disposition ... ok
[INFO] [stdout] test solipath_download::file_decompressor::test::just_copies_file_to_destination_folder_if_not_zip_or_targz_file ... ok
[INFO] [stdout] test solipath_download::file_name_retriever::tests::get_file_name_from_response_simple_content_disposition_with_only_attachment_should_use_url ... ok
[INFO] [stdout] test solipath_environment_variable::looping_environment_setter::tests::set_multiple_environment_variables ... ok
[INFO] [stdout] test solipath_environment_variable::looping_environment_setter::tests::set_single_environment_variable_one_filtered_out ... ok
[INFO] [stdout] test solipath_platform::platform::test::is_superset_returns_true_for_exact_match ... ok
[INFO] [stdout] test solipath_environment_variable::environment_setter::test::can_set_variable_for_rust_test ... ok
[INFO] [stdout] test solipath_environment_variable::environment_setter::test::can_append_to_path ... ok
[INFO] [stdout] test solipath_template::template_retriever::test::retrieve_instructions_downloads_data_sends_data_to_template_retriever_and_builds_dependency_instructions ... ok
[INFO] [stdout] test solipath_instructions::dependency_instructions_retriever::test::can_retrieve_dependencies_does_not_download_if_exists_already ... ok
[INFO] [stdout] test solipath_platform::current_platform_retriever::test::can_get_current_platform ... ok
[INFO] [stdout] test solipath_platform::platform::test::is_superset_returns_false_for_incorrect_match ... ok
[INFO] [stdout] test solipath_download::file_name_retriever::tests::get_file_name_from_response_simple_content_disposition_with_utf8_file_name ... ok
[INFO] [stdout] test solipath_platform::platform::test::is_superset_returns_true_when_operating_system_matches_and_architecture_is_none_on_left_side ... ok
[INFO] [stdout] test solipath_execute::command_with_path_executor::tests::get_dependency_instructions_downloads_dependencies_sets_environment_variables_then_executes_the_command ... ok
[INFO] [stdout] test solipath_environment_variable::looping_environment_setter::tests::set_single_environment_variable ... ok
[INFO] [stdout] test solipath_platform::platform_filter::test::one_item_that_does_not_match_current_operating_system_returns_false ... ok
[INFO] [stdout] test solipath_platform::platform_filter::test::empty_platform_filter_list_returns_true ... ok
[INFO] [stdout] test solipath_instructions::looping_dependency_instructions_retriever::tests::loops_through_and_filters_out_dependency_if_not_match ... ok
[INFO] [stdout] test solipath_template::looping_template_retriever::test::multiple_template_retriever_different_instructions ... ok
[INFO] [stdout] test solipath_platform::platform_filter::test::two_items_one_match_operating_system_returns_true ... ok
[INFO] [stdout] test solipath_template::looping_template_retriever::test::filtered_template_retriever ... ok
[INFO] [stdout] test solipath_download::conditional_file_downloader::tests::calls_download_file_and_decompress_file_if_directory_does_not_exist ... ok
[INFO] [stdout] test solipath_instructions::looping_dependency_instructions_retriever::tests::loops_through_each_dependency_calls_retrieve_dependency_instructions_for_each ... ok
[INFO] [stdout] test solipath_download::conditional_file_downloader::tests::calls_file_downloader_when_file_does_not_exist ... ok
[INFO] [stdout] test solipath_template::template_variable_replacer::test::multiple_variable_replacement ... ok
[INFO] [stdout] test solipath_download::file_decompressor::test::decompresses_tar_gz_file_to_destination_directory_with_tgz_extension ... ok
[INFO] [stdout] test solipath_template::template_variable_replacer::test::returns_same_string_if_no_variables ... ok
[INFO] [stdout] test solipath_template::template_variable_replacer::test::single_variable_replacement ... ok
[INFO] [stdout] test solipath_template::looping_template_retriever::test::single_template_retriever ... ok
[INFO] [stdout] test solipath_template::looping_template_retriever::test::multiple_template_retriever ... ok
[INFO] [stdout] test solipath_download::file_to_string_downloader::test::can_read_file_after_download ... ok
[INFO] [stdout] test solipath_download::file_decompressor::test::decompresses_tar_gz_file_to_destination_directory ... ok
[INFO] [stdout] test solipath_commandline::install_command_filter::tests::filter_commands_unrecognized_filter_panics - should panic ... ok
[INFO] [stdout] test solipath_download::file_downloader::tests::can_download_a_file_to_directory ... FAILED
[INFO] [stdout] test solipath_download::file_downloader::tests::can_download_a_file ... FAILED
[INFO] [stdout] 
[INFO] [stdout] failures:
[INFO] [stdout] 
[INFO] [stdout] ---- solipath_download::file_downloader::tests::can_download_a_file_to_directory stdout ----
[INFO] [stdout] downloading https://raw.githubusercontent.com/rust-lang/rust/master/LICENSE-MIT...
[INFO] [stdout] thread 'solipath_download::file_downloader::tests::can_download_a_file_to_directory' panicked at 'file download failed!: reqwest::Error { kind: Request, url: Url { scheme: "https", username: "", password: None, host: Some(Domain("raw.githubusercontent.com")), port: None, path: "/rust-lang/rust/master/LICENSE-MIT", query: None, fragment: None }, source: hyper::Error(Connect, ConnectError("dns error", Custom { kind: Uncategorized, error: "failed to lookup address information: Temporary failure in name resolution" })) }', src/solipath_download/file_downloader.rs:38:14
[INFO] [stdout] stack backtrace:
[INFO] [stdout]    0:     0x55f68d0fa080 - std::backtrace_rs::backtrace::libunwind::trace::hff4d1766e93f64f1
[INFO] [stdout]                                at /rustc/53fd98ca776cb875bc9e5514f56b52eb74f9e7a9/library/std/src/../../backtrace/src/backtrace/libunwind.rs:90:5
[INFO] [stdout]    1:     0x55f68d0fa080 - std::backtrace_rs::backtrace::trace_unsynchronized::h56bbc8eb78770bcb
[INFO] [stdout]                                at /rustc/53fd98ca776cb875bc9e5514f56b52eb74f9e7a9/library/std/src/../../backtrace/src/backtrace/mod.rs:66:5
[INFO] [stdout]    2:     0x55f68d0fa080 - std::sys_common::backtrace::_print_fmt::h5c8e75464faca780
[INFO] [stdout]                                at /rustc/53fd98ca776cb875bc9e5514f56b52eb74f9e7a9/library/std/src/sys_common/backtrace.rs:67:5
[INFO] [stdout]    3:     0x55f68d0fa080 - <std::sys_common::backtrace::_print::DisplayBacktrace as core::fmt::Display>::fmt::h48b88277def8b362
[INFO] [stdout]                                at /rustc/53fd98ca776cb875bc9e5514f56b52eb74f9e7a9/library/std/src/sys_common/backtrace.rs:46:22
[INFO] [stdout]    4:     0x55f68d11fbdc - core::fmt::write::h3381b3176fe2b3d3
[INFO] [stdout]                                at /rustc/53fd98ca776cb875bc9e5514f56b52eb74f9e7a9/library/core/src/fmt/mod.rs:1115:17
[INFO] [stdout]    5:     0x55f68d0f3645 - std::io::Write::write_fmt::h5f34a676f60246b5
[INFO] [stdout]                                at /rustc/53fd98ca776cb875bc9e5514f56b52eb74f9e7a9/library/std/src/io/mod.rs:1665:15
[INFO] [stdout]    6:     0x55f68d0fc6ab - std::sys_common::backtrace::_print::ha537687d6c17dd0d
[INFO] [stdout]                                at /rustc/53fd98ca776cb875bc9e5514f56b52eb74f9e7a9/library/std/src/sys_common/backtrace.rs:49:5
[INFO] [stdout]    7:     0x55f68d0fc6ab - std::sys_common::backtrace::print::h61376ae57d131d72
[INFO] [stdout]                                at /rustc/53fd98ca776cb875bc9e5514f56b52eb74f9e7a9/library/std/src/sys_common/backtrace.rs:36:9
[INFO] [stdout]    8:     0x55f68d0fc6ab - std::panicking::default_hook::{{closure}}::h0f7208c0b9644a54
[INFO] [stdout]                                at /rustc/53fd98ca776cb875bc9e5514f56b52eb74f9e7a9/library/std/src/panicking.rs:208:50
[INFO] [stdout]    9:     0x55f68d0fc1bc - std::panicking::default_hook::hdac7fc06578c14ce
[INFO] [stdout]                                at /rustc/53fd98ca776cb875bc9e5514f56b52eb74f9e7a9/library/std/src/panicking.rs:222:9
[INFO] [stdout]   10:     0x55f68d0fcd74 - std::panicking::rust_panic_with_hook::h72b21c283da3d1ef
[INFO] [stdout]                                at /rustc/53fd98ca776cb875bc9e5514f56b52eb74f9e7a9/library/std/src/panicking.rs:622:17
[INFO] [stdout]   11:     0x55f68d0fc857 - std::panicking::begin_panic_handler::{{closure}}::he5778f1729cff84a
[INFO] [stdout]                                at /rustc/53fd98ca776cb875bc9e5514f56b52eb74f9e7a9/library/std/src/panicking.rs:519:13
[INFO] [stdout]   12:     0x55f68d0fa55c - std::sys_common::backtrace::__rust_end_short_backtrace::h2d11ca8b453b4b1d
[INFO] [stdout]                                at /rustc/53fd98ca776cb875bc9e5514f56b52eb74f9e7a9/library/std/src/sys_common/backtrace.rs:141:18
[INFO] [stdout]   13:     0x55f68d0fc7b9 - rust_begin_unwind
[INFO] [stdout]                                at /rustc/53fd98ca776cb875bc9e5514f56b52eb74f9e7a9/library/std/src/panicking.rs:515:5
[INFO] [stdout]   14:     0x55f68c9c1b21 - core::panicking::panic_fmt::hf9de31d4acbce4db
[INFO] [stdout]                                at /rustc/53fd98ca776cb875bc9e5514f56b52eb74f9e7a9/library/core/src/panicking.rs:92:14
[INFO] [stdout]   15:     0x55f68c9c1c13 - core::result::unwrap_failed::ha0c84e81219e5878
[INFO] [stdout]                                at /rustc/53fd98ca776cb875bc9e5514f56b52eb74f9e7a9/library/core/src/result.rs:1599:5
[INFO] [stdout]   16:     0x55f68ca84fbd - core::result::Result<T,E>::expect::h11ca7e0ee678e374
[INFO] [stdout]                                at /rustc/53fd98ca776cb875bc9e5514f56b52eb74f9e7a9/library/core/src/result.rs:1241:23
[INFO] [stdout]   17:     0x55f68cb284c7 - solipath_lib::solipath_download::file_downloader::FileDownloader::make_request::{{closure}}::hba9e9d8b8e31a08e
[INFO] [stdout]                                at /opt/rustwide/workdir/src/solipath_download/file_downloader.rs:34:9
[INFO] [stdout]   18:     0x55f68cb462a7 - <core::future::from_generator::GenFuture<T> as core::future::future::Future>::poll::h870ad111f01d36ce
[INFO] [stdout]                                at /rustc/53fd98ca776cb875bc9e5514f56b52eb74f9e7a9/library/core/src/future/mod.rs:80:19
[INFO] [stdout]   19:     0x55f68cb2ec81 - <solipath_lib::solipath_download::file_downloader::FileDownloader as solipath_lib::solipath_download::file_downloader::FileDownloaderTrait>::download_file_to_directory::__download_file_to_directory::{{closure}}::hbff22d44eb307d2a
[INFO] [stdout]                                at /opt/rustwide/workdir/src/solipath_download/file_downloader.rs:53:28
[INFO] [stdout]   20:     0x55f68cb447d3 - <core::future::from_generator::GenFuture<T> as core::future::future::Future>::poll::h08d53848cf0f1d98
[INFO] [stdout]                                at /rustc/53fd98ca776cb875bc9e5514f56b52eb74f9e7a9/library/core/src/future/mod.rs:80:19
[INFO] [stdout]   21:     0x55f68cb437c5 - <core::pin::Pin<P> as core::future::future::Future>::poll::h5f82693a01e80eeb
[INFO] [stdout]                                at /rustc/53fd98ca776cb875bc9e5514f56b52eb74f9e7a9/library/core/src/future/future.rs:119:9
[INFO] [stdout]   22:     0x55f68c9ff0d4 - solipath_lib::solipath_download::file_downloader::tests::can_download_a_file_to_directory::{{closure}}::hd2214b765af9c2c9
[INFO] [stdout]                                at /opt/rustwide/workdir/src/solipath_download/file_downloader.rs:136:27
[INFO] [stdout]   23:     0x55f68cb46cfb - <core::future::from_generator::GenFuture<T> as core::future::future::Future>::poll::hcbfd4f1ca5894050
[INFO] [stdout]                                at /rustc/53fd98ca776cb875bc9e5514f56b52eb74f9e7a9/library/core/src/future/mod.rs:80:19
[INFO] [stdout]   24:     0x55f68cb4388f - <core::pin::Pin<P> as core::future::future::Future>::poll::h675de17a42b09466
[INFO] [stdout]                                at /rustc/53fd98ca776cb875bc9e5514f56b52eb74f9e7a9/library/core/src/future/future.rs:119:9
[INFO] [stdout]   25:     0x55f68ca14ad0 - tokio::runtime::basic_scheduler::Inner<P>::block_on::{{closure}}::{{closure}}::h2f0e0cc04365ca75
[INFO] [stdout]                                at /opt/rustwide/cargo-home/registry/src/github.com-1ecc6299db9ec823/tokio-1.2.0/src/runtime/basic_scheduler.rs:184:58
[INFO] [stdout]   26:     0x55f68cb21e7c - tokio::coop::with_budget::{{closure}}::h1fc97329df6b9ec7
[INFO] [stdout]                                at /opt/rustwide/cargo-home/registry/src/github.com-1ecc6299db9ec823/tokio-1.2.0/src/coop.rs:121:9
[INFO] [stdout]   27:     0x55f68caa9521 - std::thread::local::LocalKey<T>::try_with::he5e3dc2b08059f75
[INFO] [stdout]                                at /rustc/53fd98ca776cb875bc9e5514f56b52eb74f9e7a9/library/std/src/thread/local.rs:399:16
[INFO] [stdout]   28:     0x55f68caa227d - std::thread::local::LocalKey<T>::with::hec28fa0b5885f6f6
[INFO] [stdout]                                at /rustc/53fd98ca776cb875bc9e5514f56b52eb74f9e7a9/library/std/src/thread/local.rs:375:9
[INFO] [stdout]   29:     0x55f68ca0e834 - tokio::coop::with_budget::h6fa0c748ca00dc10
[INFO] [stdout]                                at /opt/rustwide/cargo-home/registry/src/github.com-1ecc6299db9ec823/tokio-1.2.0/src/coop.rs:114:5
[INFO] [stdout]   30:     0x55f68ca0e834 - tokio::coop::budget::h511f9b81e6c9c1b3
[INFO] [stdout]                                at /opt/rustwide/cargo-home/registry/src/github.com-1ecc6299db9ec823/tokio-1.2.0/src/coop.rs:98:5
[INFO] [stdout]   31:     0x55f68ca0e834 - tokio::runtime::basic_scheduler::Inner<P>::block_on::{{closure}}::h6b32ac80b349e6ae
[INFO] [stdout]                                at /opt/rustwide/cargo-home/registry/src/github.com-1ecc6299db9ec823/tokio-1.2.0/src/runtime/basic_scheduler.rs:184:35
[INFO] [stdout]   32:     0x55f68ca20ec1 - tokio::runtime::basic_scheduler::enter::{{closure}}::h4e7257ea31025e03
[INFO] [stdout]                                at /opt/rustwide/cargo-home/registry/src/github.com-1ecc6299db9ec823/tokio-1.2.0/src/runtime/basic_scheduler.rs:266:29
[INFO] [stdout]   33:     0x55f68ca8a29d - tokio::macros::scoped_tls::ScopedKey<T>::set::h1e9ea874599c35d1
[INFO] [stdout]                                at /opt/rustwide/cargo-home/registry/src/github.com-1ecc6299db9ec823/tokio-1.2.0/src/macros/scoped_tls.rs:61:9
[INFO] [stdout]   34:     0x55f68ca1cbac - tokio::runtime::basic_scheduler::enter::h001c06a2df7b61e2
[INFO] [stdout]                                at /opt/rustwide/cargo-home/registry/src/github.com-1ecc6299db9ec823/tokio-1.2.0/src/runtime/basic_scheduler.rs:266:5
[INFO] [stdout]   35:     0x55f68ca0a2bb - tokio::runtime::basic_scheduler::Inner<P>::block_on::h47601e49353df7e1
[INFO] [stdout]                                at /opt/rustwide/cargo-home/registry/src/github.com-1ecc6299db9ec823/tokio-1.2.0/src/runtime/basic_scheduler.rs:176:9
[INFO] [stdout]   36:     0x55f68ca168e4 - tokio::runtime::basic_scheduler::InnerGuard<P>::block_on::hdc09ac198da1a19c
[INFO] [stdout]                                at /opt/rustwide/cargo-home/registry/src/github.com-1ecc6299db9ec823/tokio-1.2.0/src/runtime/basic_scheduler.rs:405:9
[INFO] [stdout]   37:     0x55f68ca199a8 - tokio::runtime::basic_scheduler::BasicScheduler<P>::block_on::h99ea6fb2108422b2
[INFO] [stdout]                                at /opt/rustwide/cargo-home/registry/src/github.com-1ecc6299db9ec823/tokio-1.2.0/src/runtime/basic_scheduler.rs:136:24
[INFO] [stdout]   38:     0x55f68c9f9bb0 - tokio::runtime::Runtime::block_on::h6c4ce7c342fbdaab
[INFO] [stdout]                                at /opt/rustwide/cargo-home/registry/src/github.com-1ecc6299db9ec823/tokio-1.2.0/src/runtime/mod.rs:450:46
[INFO] [stdout]   39:     0x55f68c9fed5b - solipath_lib::solipath_download::file_downloader::tests::can_download_a_file_to_directory::h30113ac3bcdca716
[INFO] [stdout]                                at /opt/rustwide/workdir/src/solipath_download/file_downloader.rs:131:5
[INFO] [stdout]   40:     0x55f68c9fec8a - solipath_lib::solipath_download::file_downloader::tests::can_download_a_file_to_directory::{{closure}}::h9fb0f7357576af05
[INFO] [stdout]                                at /opt/rustwide/workdir/src/solipath_download/file_downloader.rs:131:5
[INFO] [stdout]   41:     0x55f68c9c4cee - core::ops::function::FnOnce::call_once::hde6f79ee6226ceb7
[INFO] [stdout]                                at /rustc/53fd98ca776cb875bc9e5514f56b52eb74f9e7a9/library/core/src/ops/function.rs:227:5
[INFO] [stdout]   42:     0x55f68cbcaed3 - core::ops::function::FnOnce::call_once::hbb52c4519d3137b0
[INFO] [stdout]                                at /rustc/53fd98ca776cb875bc9e5514f56b52eb74f9e7a9/library/core/src/ops/function.rs:227:5
[INFO] [stdout]   43:     0x55f68cbcaed3 - test::__rust_begin_short_backtrace::h86fe3a2a5a5121af
[INFO] [stdout]                                at /rustc/53fd98ca776cb875bc9e5514f56b52eb74f9e7a9/library/test/src/lib.rs:578:5
[INFO] [stdout]   44:     0x55f68cbc9988 - <alloc::boxed::Box<F,A> as core::ops::function::FnOnce<Args>>::call_once::hfd956bc3d57399be
[INFO] [stdout]                                at /rustc/53fd98ca776cb875bc9e5514f56b52eb74f9e7a9/library/alloc/src/boxed.rs:1572:9
[INFO] [stdout]   45:     0x55f68cbc9988 - <std::panic::AssertUnwindSafe<F> as core::ops::function::FnOnce<()>>::call_once::h40dc93e0ddb5938a
[INFO] [stdout]                                at /rustc/53fd98ca776cb875bc9e5514f56b52eb74f9e7a9/library/std/src/panic.rs:347:9
[INFO] [stdout]   46:     0x55f68cbc9988 - std::panicking::try::do_call::h90d07750cb47c562
[INFO] [stdout]                                at /rustc/53fd98ca776cb875bc9e5514f56b52eb74f9e7a9/library/std/src/panicking.rs:401:40
[INFO] [stdout]   47:     0x55f68cbc9988 - std::panicking::try::h063c84733ad2a629
[INFO] [stdout]                                at /rustc/53fd98ca776cb875bc9e5514f56b52eb74f9e7a9/library/std/src/panicking.rs:365:19
[INFO] [stdout]   48:     0x55f68cbc9988 - std::panic::catch_unwind::h0c464836a84e7c08
[INFO] [stdout]                                at /rustc/53fd98ca776cb875bc9e5514f56b52eb74f9e7a9/library/std/src/panic.rs:434:14
[INFO] [stdout]   49:     0x55f68cbc9988 - test::run_test_in_process::h5cb06ef620b157fc
[INFO] [stdout]                                at /rustc/53fd98ca776cb875bc9e5514f56b52eb74f9e7a9/library/test/src/lib.rs:601:18
[INFO] [stdout]   50:     0x55f68cbc9988 - test::run_test::run_test_inner::{{closure}}::h76f677f4b93f9828
[INFO] [stdout]                                at /rustc/53fd98ca776cb875bc9e5514f56b52eb74f9e7a9/library/test/src/lib.rs:493:39
[INFO] [stdout]   51:     0x55f68cb9811d - test::run_test::run_test_inner::{{closure}}::h366d01fe04f4d67a
[INFO] [stdout]                                at /rustc/53fd98ca776cb875bc9e5514f56b52eb74f9e7a9/library/test/src/lib.rs:520:37
[INFO] [stdout]   52:     0x55f68cb9811d - std::sys_common::backtrace::__rust_begin_short_backtrace::h7dfa0de4eb395af2
[INFO] [stdout]                                at /rustc/53fd98ca776cb875bc9e5514f56b52eb74f9e7a9/library/std/src/sys_common/backtrace.rs:125:18
[INFO] [stdout]   53:     0x55f68cb9c8e8 - std::thread::Builder::spawn_unchecked::{{closure}}::{{closure}}::hf0a74bb58798037f
[INFO] [stdout]                                at /rustc/53fd98ca776cb875bc9e5514f56b52eb74f9e7a9/library/std/src/thread/mod.rs:476:17
[INFO] [stdout]   54:     0x55f68cb9c8e8 - <std::panic::AssertUnwindSafe<F> as core::ops::function::FnOnce<()>>::call_once::hb024e854818586ac
[INFO] [stdout]                                at /rustc/53fd98ca776cb875bc9e5514f56b52eb74f9e7a9/library/std/src/panic.rs:347:9
[INFO] [stdout]   55:     0x55f68cb9c8e8 - std::panicking::try::do_call::hb2dd9f1d0d48e41d
[INFO] [stdout]                                at /rustc/53fd98ca776cb875bc9e5514f56b52eb74f9e7a9/library/std/src/panicking.rs:401:40
[INFO] [stdout]   56:     0x55f68cb9c8e8 - std::panicking::try::h4717ae7bac8b2bf3
[INFO] [stdout]                                at /rustc/53fd98ca776cb875bc9e5514f56b52eb74f9e7a9/library/std/src/panicking.rs:365:19
[INFO] [stdout]   57:     0x55f68cb9c8e8 - std::panic::catch_unwind::h0dc8a061326ce8d8
[INFO] [stdout]                                at /rustc/53fd98ca776cb875bc9e5514f56b52eb74f9e7a9/library/std/src/panic.rs:434:14
[INFO] [stdout]   58:     0x55f68cb9c8e8 - std::thread::Builder::spawn_unchecked::{{closure}}::haa369e2d6fd00aa1
[INFO] [stdout]                                at /rustc/53fd98ca776cb875bc9e5514f56b52eb74f9e7a9/library/std/src/thread/mod.rs:475:30
[INFO] [stdout]   59:     0x55f68cb9c8e8 - core::ops::function::FnOnce::call_once{{vtable.shim}}::h36dcf3de8b056f17
[INFO] [stdout]                                at /rustc/53fd98ca776cb875bc9e5514f56b52eb74f9e7a9/library/core/src/ops/function.rs:227:5
[INFO] [stdout]   60:     0x55f68d104057 - <alloc::boxed::Box<F,A> as core::ops::function::FnOnce<Args>>::call_once::h65c29e4642be2358
[INFO] [stdout]                                at /rustc/53fd98ca776cb875bc9e5514f56b52eb74f9e7a9/library/alloc/src/boxed.rs:1572:9
[INFO] [stdout]   61:     0x55f68d104057 - <alloc::boxed::Box<F,A> as core::ops::function::FnOnce<Args>>::call_once::hd0f8f7fbbd9fffbf
[INFO] [stdout]                                at /rustc/53fd98ca776cb875bc9e5514f56b52eb74f9e7a9/library/alloc/src/boxed.rs:1572:9
[INFO] [stdout]   62:     0x55f68d104057 - std::sys::unix::thread::Thread::new::thread_start::h2fd22fee3ca77b65
[INFO] [stdout]                                at /rustc/53fd98ca776cb875bc9e5514f56b52eb74f9e7a9/library/std/src/sys/unix/thread.rs:74:17
[INFO] [stdout]   63:     0x7fcb2a3b7609 - start_thread
[INFO] [stdout]   64:     0x7fcb2a187293 - clone
[INFO] [stdout]   65:                0x0 - <unknown>
[INFO] [stdout] 
[INFO] [stdout] ---- solipath_download::file_downloader::tests::can_download_a_file stdout ----
[INFO] [stdout] downloading https://raw.githubusercontent.com/rust-lang/rust/master/LICENSE-MIT...
[INFO] [stdout] thread 'solipath_download::file_downloader::tests::can_download_a_file' panicked at 'file download failed!: reqwest::Error { kind: Request, url: Url { scheme: "https", username: "", password: None, host: Some(Domain("raw.githubusercontent.com")), port: None, path: "/rust-lang/rust/master/LICENSE-MIT", query: None, fragment: None }, source: hyper::Error(Connect, ConnectError("dns error", Custom { kind: Uncategorized, error: "failed to lookup address information: Temporary failure in name resolution" })) }', src/solipath_download/file_downloader.rs:38:14
[INFO] [stdout] stack backtrace:
[INFO] [stdout]    0:     0x55f68d0fa080 - std::backtrace_rs::backtrace::libunwind::trace::hff4d1766e93f64f1
[INFO] [stdout]                                at /rustc/53fd98ca776cb875bc9e5514f56b52eb74f9e7a9/library/std/src/../../backtrace/src/backtrace/libunwind.rs:90:5
[INFO] [stdout]    1:     0x55f68d0fa080 - std::backtrace_rs::backtrace::trace_unsynchronized::h56bbc8eb78770bcb
[INFO] [stdout]                                at /rustc/53fd98ca776cb875bc9e5514f56b52eb74f9e7a9/library/std/src/../../backtrace/src/backtrace/mod.rs:66:5
[INFO] [stdout]    2:     0x55f68d0fa080 - std::sys_common::backtrace::_print_fmt::h5c8e75464faca780
[INFO] [stdout]                                at /rustc/53fd98ca776cb875bc9e5514f56b52eb74f9e7a9/library/std/src/sys_common/backtrace.rs:67:5
[INFO] [stdout]    3:     0x55f68d0fa080 - <std::sys_common::backtrace::_print::DisplayBacktrace as core::fmt::Display>::fmt::h48b88277def8b362
[INFO] [stdout]                                at /rustc/53fd98ca776cb875bc9e5514f56b52eb74f9e7a9/library/std/src/sys_common/backtrace.rs:46:22
[INFO] [stdout]    4:     0x55f68d11fbdc - core::fmt::write::h3381b3176fe2b3d3
[INFO] [stdout]                                at /rustc/53fd98ca776cb875bc9e5514f56b52eb74f9e7a9/library/core/src/fmt/mod.rs:1115:17
[INFO] [stdout]    5:     0x55f68d0f3645 - std::io::Write::write_fmt::h5f34a676f60246b5
[INFO] [stdout]                                at /rustc/53fd98ca776cb875bc9e5514f56b52eb74f9e7a9/library/std/src/io/mod.rs:1665:15
[INFO] [stdout]    6:     0x55f68d0fc6ab - std::sys_common::backtrace::_print::ha537687d6c17dd0d
[INFO] [stdout]                                at /rustc/53fd98ca776cb875bc9e5514f56b52eb74f9e7a9/library/std/src/sys_common/backtrace.rs:49:5
[INFO] [stdout]    7:     0x55f68d0fc6ab - std::sys_common::backtrace::print::h61376ae57d131d72
[INFO] [stdout]                                at /rustc/53fd98ca776cb875bc9e5514f56b52eb74f9e7a9/library/std/src/sys_common/backtrace.rs:36:9
[INFO] [stdout]    8:     0x55f68d0fc6ab - std::panicking::default_hook::{{closure}}::h0f7208c0b9644a54
[INFO] [stdout]                                at /rustc/53fd98ca776cb875bc9e5514f56b52eb74f9e7a9/library/std/src/panicking.rs:208:50
[INFO] [stdout]    9:     0x55f68d0fc1bc - std::panicking::default_hook::hdac7fc06578c14ce
[INFO] [stdout]                                at /rustc/53fd98ca776cb875bc9e5514f56b52eb74f9e7a9/library/std/src/panicking.rs:222:9
[INFO] [stdout]   10:     0x55f68d0fcd74 - std::panicking::rust_panic_with_hook::h72b21c283da3d1ef
[INFO] [stdout]                                at /rustc/53fd98ca776cb875bc9e5514f56b52eb74f9e7a9/library/std/src/panicking.rs:622:17
[INFO] [stdout]   11:     0x55f68d0fc857 - std::panicking::begin_panic_handler::{{closure}}::he5778f1729cff84a
[INFO] [stdout]                                at /rustc/53fd98ca776cb875bc9e5514f56b52eb74f9e7a9/library/std/src/panicking.rs:519:13
[INFO] [stdout]   12:     0x55f68d0fa55c - std::sys_common::backtrace::__rust_end_short_backtrace::h2d11ca8b453b4b1d
[INFO] [stdout]                                at /rustc/53fd98ca776cb875bc9e5514f56b52eb74f9e7a9/library/std/src/sys_common/backtrace.rs:141:18
[INFO] [stdout]   13:     0x55f68d0fc7b9 - rust_begin_unwind
[INFO] [stdout]                                at /rustc/53fd98ca776cb875bc9e5514f56b52eb74f9e7a9/library/std/src/panicking.rs:515:5
[INFO] [stdout]   14:     0x55f68c9c1b21 - core::panicking::panic_fmt::hf9de31d4acbce4db
[INFO] [stdout]                                at /rustc/53fd98ca776cb875bc9e5514f56b52eb74f9e7a9/library/core/src/panicking.rs:92:14
[INFO] [stdout]   15:     0x55f68c9c1c13 - core::result::unwrap_failed::ha0c84e81219e5878
[INFO] [stdout]                                at /rustc/53fd98ca776cb875bc9e5514f56b52eb74f9e7a9/library/core/src/result.rs:1599:5
[INFO] [stdout]   16:     0x55f68ca84fbd - core::result::Result<T,E>::expect::h11ca7e0ee678e374
[INFO] [stdout]                                at /rustc/53fd98ca776cb875bc9e5514f56b52eb74f9e7a9/library/core/src/result.rs:1241:23
[INFO] [stdout]   17:     0x55f68cb284c7 - solipath_lib::solipath_download::file_downloader::FileDownloader::make_request::{{closure}}::hba9e9d8b8e31a08e
[INFO] [stdout]                                at /opt/rustwide/workdir/src/solipath_download/file_downloader.rs:34:9
[INFO] [stdout]   18:     0x55f68cb462a7 - <core::future::from_generator::GenFuture<T> as core::future::future::Future>::poll::h870ad111f01d36ce
[INFO] [stdout]                                at /rustc/53fd98ca776cb875bc9e5514f56b52eb74f9e7a9/library/core/src/future/mod.rs:80:19
[INFO] [stdout]   19:     0x55f68cb2fb92 - <solipath_lib::solipath_download::file_downloader::FileDownloader as solipath_lib::solipath_download::file_downloader::FileDownloaderTrait>::download_file::__download_file::{{closure}}::h4fb95aa4fe15ebda
[INFO] [stdout]                                at /opt/rustwide/workdir/src/solipath_download/file_downloader.rs:69:28
[INFO] [stdout]   20:     0x55f68cb467fb - <core::future::from_generator::GenFuture<T> as core::future::future::Future>::poll::ha40bba1b77163ce9
[INFO] [stdout]                                at /rustc/53fd98ca776cb875bc9e5514f56b52eb74f9e7a9/library/core/src/future/mod.rs:80:19
[INFO] [stdout]   21:     0x55f68cb4399a - <core::pin::Pin<P> as core::future::future::Future>::poll::h770ff534bcdd20ce
[INFO] [stdout]                                at /rustc/53fd98ca776cb875bc9e5514f56b52eb74f9e7a9/library/core/src/future/future.rs:119:9
[INFO] [stdout]   22:     0x55f68c9fe905 - solipath_lib::solipath_download::file_downloader::tests::can_download_a_file::{{closure}}::hecc528e6e77e0ec0
[INFO] [stdout]                                at /opt/rustwide/workdir/src/solipath_download/file_downloader.rs:117:9
[INFO] [stdout]   23:     0x55f68cb4605b - <core::future::from_generator::GenFuture<T> as core::future::future::Future>::poll::h819b6e3605dcd621
[INFO] [stdout]                                at /rustc/53fd98ca776cb875bc9e5514f56b52eb74f9e7a9/library/core/src/future/mod.rs:80:19
[INFO] [stdout]   24:     0x55f68cb439ff - <core::pin::Pin<P> as core::future::future::Future>::poll::h853d313c53408611
[INFO] [stdout]                                at /rustc/53fd98ca776cb875bc9e5514f56b52eb74f9e7a9/library/core/src/future/future.rs:119:9
[INFO] [stdout]   25:     0x55f68ca15e10 - tokio::runtime::basic_scheduler::Inner<P>::block_on::{{closure}}::{{closure}}::he8217cef48a009c6
[INFO] [stdout]                                at /opt/rustwide/cargo-home/registry/src/github.com-1ecc6299db9ec823/tokio-1.2.0/src/runtime/basic_scheduler.rs:184:58
[INFO] [stdout]   26:     0x55f68cb2304c - tokio::coop::with_budget::{{closure}}::h5166b11487695117
[INFO] [stdout]                                at /opt/rustwide/cargo-home/registry/src/github.com-1ecc6299db9ec823/tokio-1.2.0/src/coop.rs:121:9
[INFO] [stdout]   27:     0x55f68caa62e1 - std::thread::local::LocalKey<T>::try_with::h6ee571a33567cecf
[INFO] [stdout]                                at /rustc/53fd98ca776cb875bc9e5514f56b52eb74f9e7a9/library/std/src/thread/local.rs:399:16
[INFO] [stdout]   28:     0x55f68caa0bbd - std::thread::local::LocalKey<T>::with::h603e521e1db6dfc2
[INFO] [stdout]                                at /rustc/53fd98ca776cb875bc9e5514f56b52eb74f9e7a9/library/std/src/thread/local.rs:375:9
[INFO] [stdout]   29:     0x55f68ca13974 - tokio::coop::with_budget::hbca1d92a71a88263
[INFO] [stdout]                                at /opt/rustwide/cargo-home/registry/src/github.com-1ecc6299db9ec823/tokio-1.2.0/src/coop.rs:114:5
[INFO] [stdout]   30:     0x55f68ca13974 - tokio::coop::budget::hbc134e9f59e2c4f4
[INFO] [stdout]                                at /opt/rustwide/cargo-home/registry/src/github.com-1ecc6299db9ec823/tokio-1.2.0/src/coop.rs:98:5
[INFO] [stdout]   31:     0x55f68ca13974 - tokio::runtime::basic_scheduler::Inner<P>::block_on::{{closure}}::hf4b462c0e3b23163
[INFO] [stdout]                                at /opt/rustwide/cargo-home/registry/src/github.com-1ecc6299db9ec823/tokio-1.2.0/src/runtime/basic_scheduler.rs:184:35
[INFO] [stdout]   32:     0x55f68ca20e41 - tokio::runtime::basic_scheduler::enter::{{closure}}::h2653dd830efeb5e2
[INFO] [stdout]                                at /opt/rustwide/cargo-home/registry/src/github.com-1ecc6299db9ec823/tokio-1.2.0/src/runtime/basic_scheduler.rs:266:29
[INFO] [stdout]   33:     0x55f68ca8afbd - tokio::macros::scoped_tls::ScopedKey<T>::set::hda3ff29d4693578a
[INFO] [stdout]                                at /opt/rustwide/cargo-home/registry/src/github.com-1ecc6299db9ec823/tokio-1.2.0/src/macros/scoped_tls.rs:61:9
[INFO] [stdout]   34:     0x55f68ca20cfc - tokio::runtime::basic_scheduler::enter::hf3d98d6c7c8f8dd5
[INFO] [stdout]                                at /opt/rustwide/cargo-home/registry/src/github.com-1ecc6299db9ec823/tokio-1.2.0/src/runtime/basic_scheduler.rs:266:5
[INFO] [stdout]   35:     0x55f68ca0a41b - tokio::runtime::basic_scheduler::Inner<P>::block_on::h8fe99a31fc7e9b17
[INFO] [stdout]                                at /opt/rustwide/cargo-home/registry/src/github.com-1ecc6299db9ec823/tokio-1.2.0/src/runtime/basic_scheduler.rs:176:9
[INFO] [stdout]   36:     0x55f68ca16584 - tokio::runtime::basic_scheduler::InnerGuard<P>::block_on::h834ae9656d27b90d
[INFO] [stdout]                                at /opt/rustwide/cargo-home/registry/src/github.com-1ecc6299db9ec823/tokio-1.2.0/src/runtime/basic_scheduler.rs:405:9
[INFO] [stdout]   37:     0x55f68ca18b28 - tokio::runtime::basic_scheduler::BasicScheduler<P>::block_on::h624a0d40a7fa65a4
[INFO] [stdout]                                at /opt/rustwide/cargo-home/registry/src/github.com-1ecc6299db9ec823/tokio-1.2.0/src/runtime/basic_scheduler.rs:136:24
[INFO] [stdout]   38:     0x55f68c9fa030 - tokio::runtime::Runtime::block_on::h7c47f01a8b9b4eeb
[INFO] [stdout]                                at /opt/rustwide/cargo-home/registry/src/github.com-1ecc6299db9ec823/tokio-1.2.0/src/runtime/mod.rs:450:46
[INFO] [stdout]   39:     0x55f68c9fe4cb - solipath_lib::solipath_download::file_downloader::tests::can_download_a_file::haab3005a33ea2c5a
[INFO] [stdout]                                at /opt/rustwide/workdir/src/solipath_download/file_downloader.rs:111:5
[INFO] [stdout]   40:     0x55f68c9fe3fa - solipath_lib::solipath_download::file_downloader::tests::can_download_a_file::{{closure}}::h79c32dc948eac35a
[INFO] [stdout]                                at /opt/rustwide/workdir/src/solipath_download/file_downloader.rs:111:5
[INFO] [stdout]   41:     0x55f68c9c3bae - core::ops::function::FnOnce::call_once::h73a06615b371a089
[INFO] [stdout]                                at /rustc/53fd98ca776cb875bc9e5514f56b52eb74f9e7a9/library/core/src/ops/function.rs:227:5
[INFO] [stdout]   42:     0x55f68cbcaed3 - core::ops::function::FnOnce::call_once::hbb52c4519d3137b0
[INFO] [stdout]                                at /rustc/53fd98ca776cb875bc9e5514f56b52eb74f9e7a9/library/core/src/ops/function.rs:227:5
[INFO] [stdout]   43:     0x55f68cbcaed3 - test::__rust_begin_short_backtrace::h86fe3a2a5a5121af
[INFO] [stdout]                                at /rustc/53fd98ca776cb875bc9e5514f56b52eb74f9e7a9/library/test/src/lib.rs:578:5
[INFO] [stdout]   44:     0x55f68cbc9988 - <alloc::boxed::Box<F,A> as core::ops::function::FnOnce<Args>>::call_once::hfd956bc3d57399be
[INFO] [stdout]                                at /rustc/53fd98ca776cb875bc9e5514f56b52eb74f9e7a9/library/alloc/src/boxed.rs:1572:9
[INFO] [stdout]   45:     0x55f68cbc9988 - <std::panic::AssertUnwindSafe<F> as core::ops::function::FnOnce<()>>::call_once::h40dc93e0ddb5938a
[INFO] [stdout]                                at /rustc/53fd98ca776cb875bc9e5514f56b52eb74f9e7a9/library/std/src/panic.rs:347:9
[INFO] [stdout]   46:     0x55f68cbc9988 - std::panicking::try::do_call::h90d07750cb47c562
[INFO] [stdout]                                at /rustc/53fd98ca776cb875bc9e5514f56b52eb74f9e7a9/library/std/src/panicking.rs:401:40
[INFO] [stdout]   47:     0x55f68cbc9988 - std::panicking::try::h063c84733ad2a629
[INFO] [stdout]                                at /rustc/53fd98ca776cb875bc9e5514f56b52eb74f9e7a9/library/std/src/panicking.rs:365:19
[INFO] [stdout]   48:     0x55f68cbc9988 - std::panic::catch_unwind::h0c464836a84e7c08
[INFO] [stdout]                                at /rustc/53fd98ca776cb875bc9e5514f56b52eb74f9e7a9/library/std/src/panic.rs:434:14
[INFO] [stdout]   49:     0x55f68cbc9988 - test::run_test_in_process::h5cb06ef620b157fc
[INFO] [stdout]                                at /rustc/53fd98ca776cb875bc9e5514f56b52eb74f9e7a9/library/test/src/lib.rs:601:18
[INFO] [stdout]   50:     0x55f68cbc9988 - test::run_test::run_test_inner::{{closure}}::h76f677f4b93f9828
[INFO] [stdout]                                at /rustc/53fd98ca776cb875bc9e5514f56b52eb74f9e7a9/library/test/src/lib.rs:493:39
[INFO] [stdout]   51:     0x55f68cb9811d - test::run_test::run_test_inner::{{closure}}::h366d01fe04f4d67a
[INFO] [stdout]                                at /rustc/53fd98ca776cb875bc9e5514f56b52eb74f9e7a9/library/test/src/lib.rs:520:37
[INFO] [stdout]   52:     0x55f68cb9811d - std::sys_common::backtrace::__rust_begin_short_backtrace::h7dfa0de4eb395af2
[INFO] [stdout]                                at /rustc/53fd98ca776cb875bc9e5514f56b52eb74f9e7a9/library/std/src/sys_common/backtrace.rs:125:18
[INFO] [stdout]   53:     0x55f68cb9c8e8 - std::thread::Builder::spawn_unchecked::{{closure}}::{{closure}}::hf0a74bb58798037f
[INFO] [stdout]                                at /rustc/53fd98ca776cb875bc9e5514f56b52eb74f9e7a9/library/std/src/thread/mod.rs:476:17
[INFO] [stdout]   54:     0x55f68cb9c8e8 - <std::panic::AssertUnwindSafe<F> as core::ops::function::FnOnce<()>>::call_once::hb024e854818586ac
[INFO] [stdout]                                at /rustc/53fd98ca776cb875bc9e5514f56b52eb74f9e7a9/library/std/src/panic.rs:347:9
[INFO] [stdout]   55:     0x55f68cb9c8e8 - std::panicking::try::do_call::hb2dd9f1d0d48e41d
[INFO] [stdout]                                at /rustc/53fd98ca776cb875bc9e5514f56b52eb74f9e7a9/library/std/src/panicking.rs:401:40
[INFO] [stdout]   56:     0x55f68cb9c8e8 - std::panicking::try::h4717ae7bac8b2bf3
[INFO] [stdout]                                at /rustc/53fd98ca776cb875bc9e5514f56b52eb74f9e7a9/library/std/src/panicking.rs:365:19
[INFO] [stdout]   57:     0x55f68cb9c8e8 - std::panic::catch_unwind::h0dc8a061326ce8d8
[INFO] [stdout]                                at /rustc/53fd98ca776cb875bc9e5514f56b52eb74f9e7a9/library/std/src/panic.rs:434:14
[INFO] [stdout]   58:     0x55f68cb9c8e8 - std::thread::Builder::spawn_unchecked::{{closure}}::haa369e2d6fd00aa1
[INFO] [stdout]                                at /rustc/53fd98ca776cb875bc9e5514f56b52eb74f9e7a9/library/std/src/thread/mod.rs:475:30
[INFO] [stdout]   59:     0x55f68cb9c8e8 - core::ops::function::FnOnce::call_once{{vtable.shim}}::h36dcf3de8b056f17
[INFO] [stdout]                                at /rustc/53fd98ca776cb875bc9e5514f56b52eb74f9e7a9/library/core/src/ops/function.rs:227:5
[INFO] [stdout]   60:     0x55f68d104057 - <alloc::boxed::Box<F,A> as core::ops::function::FnOnce<Args>>::call_once::h65c29e4642be2358
[INFO] [stdout]                                at /rustc/53fd98ca776cb875bc9e5514f56b52eb74f9e7a9/library/alloc/src/boxed.rs:1572:9
[INFO] [stdout]   61:     0x55f68d104057 - <alloc::boxed::Box<F,A> as core::ops::function::FnOnce<Args>>::call_once::hd0f8f7fbbd9fffbf
[INFO] [stdout]                                at /rustc/53fd98ca776cb875bc9e5514f56b52eb74f9e7a9/library/alloc/src/boxed.rs:1572:9
[INFO] [stdout]   62:     0x55f68d104057 - std::sys::unix::thread::Thread::new::thread_start::h2fd22fee3ca77b65
[INFO] [stdout]                                at /rustc/53fd98ca776cb875bc9e5514f56b52eb74f9e7a9/library/std/src/sys/unix/thread.rs:74:17
[INFO] [stdout]   63:     0x7fcb2a3b7609 - start_thread
[INFO] [stdout]   64:     0x7fcb2a187293 - clone
[INFO] [stdout]   65:                0x0 - <unknown>
[INFO] [stdout] 
[INFO] [stdout] 
[INFO] [stdout] failures:
[INFO] [stdout]     solipath_download::file_downloader::tests::can_download_a_file
[INFO] [stdout]     solipath_download::file_downloader::tests::can_download_a_file_to_directory
[INFO] [stdout] 
[INFO] [stdout] test result: FAILED. 57 passed; 2 failed; 0 ignored; 0 measured; 0 filtered out; finished in 0.29s
[INFO] [stdout] 
[INFO] [stderr] error: test failed, to rerun pass '--lib'
[INFO] running `Command { std: "docker" "inspect" "e5162c1a75e7899ab9f12e88c554aa110d7c6850228e8bbff0d64df1d292343c", kill_on_drop: false }`
[INFO] running `Command { std: "docker" "rm" "-f" "e5162c1a75e7899ab9f12e88c554aa110d7c6850228e8bbff0d64df1d292343c", kill_on_drop: false }`
[INFO] [stdout] e5162c1a75e7899ab9f12e88c554aa110d7c6850228e8bbff0d64df1d292343c
