[INFO] cloning repository https://github.com/SixArm/sita-rust
[INFO] running `Command { std: "git" "-c" "credential.helper=" "-c" "credential.helper=/workspace/cargo-home/bin/git-credential-null" "clone" "--bare" "https://github.com/SixArm/sita-rust" "/workspace/cache/git-repos/https%3A%2F%2Fgithub.com%2FSixArm%2Fsita-rust", kill_on_drop: false }`
[INFO] [stderr] Cloning into bare repository '/workspace/cache/git-repos/https%3A%2F%2Fgithub.com%2FSixArm%2Fsita-rust'...
[INFO] running `Command { std: "git" "rev-parse" "HEAD", kill_on_drop: false }`
[INFO] [stdout] 529a52a27832097facd4bda3db3bb1f7a0d5c17e
[INFO] testing SixArm/sita-rust against beta-2021-08-01 for beta-1.55-1
[INFO] running `Command { std: "git" "clone" "/workspace/cache/git-repos/https%3A%2F%2Fgithub.com%2FSixArm%2Fsita-rust" "/workspace/builds/worker-79/source", kill_on_drop: false }`
[INFO] [stderr] Cloning into '/workspace/builds/worker-79/source'...
[INFO] [stderr] done.
[INFO] validating manifest of git repo https://github.com/SixArm/sita-rust on toolchain beta-2021-08-01
[INFO] running `Command { std: "/workspace/cargo-home/bin/cargo" "+beta-2021-08-01" "metadata" "--manifest-path" "Cargo.toml" "--no-deps", kill_on_drop: false }`
[INFO] started tweaking git repo https://github.com/SixArm/sita-rust
[INFO] finished tweaking git repo https://github.com/SixArm/sita-rust
[INFO] tweaked toml for git repo https://github.com/SixArm/sita-rust written to /workspace/builds/worker-79/source/Cargo.toml
[INFO] crate git repo https://github.com/SixArm/sita-rust already has a lockfile, it will not be regenerated
[INFO] running `Command { std: "/workspace/cargo-home/bin/cargo" "+beta-2021-08-01" "fetch" "--manifest-path" "Cargo.toml", kill_on_drop: false }`
[INFO] [stderr]     Blocking waiting for file lock on package cache
[INFO] [stderr]     Blocking waiting for file lock on package cache
[INFO] [stderr]  Downloading crates ...
[INFO] [stderr]   Downloaded liquid v0.22.0
[INFO] [stderr]   Downloaded proc-quote-impl v0.3.2
[INFO] [stderr]   Downloaded ammonia v3.1.1
[INFO] [stderr]   Downloaded liquid-core v0.22.0
[INFO] [stderr]   Downloaded handlebars v4.0.1
[INFO] [stderr]   Downloaded ignore v0.4.18
[INFO] [stderr]   Downloaded assertables v3.2.2
[INFO] [stderr]   Downloaded proc-quote v0.3.2
[INFO] [stderr]   Downloaded kstring v1.0.1
[INFO] [stderr]   Downloaded minidom v0.13.0
[INFO] [stderr]   Downloaded liquid-derive v0.22.0
[INFO] [stderr]   Downloaded liquid-lib v0.22.0
[INFO] running `Command { std: "docker" "create" "-v" "/var/lib/crater-agent-workspace/builds/worker-79/target:/opt/rustwide/target:rw,Z" "-v" "/var/lib/crater-agent-workspace/builds/worker-79/source:/opt/rustwide/workdir:ro,Z" "-v" "/var/lib/crater-agent-workspace/cargo-home:/opt/rustwide/cargo-home:ro,Z" "-v" "/var/lib/crater-agent-workspace/rustup-home:/opt/rustwide/rustup-home:ro,Z" "-e" "SOURCE_DIR=/opt/rustwide/workdir" "-e" "CARGO_TARGET_DIR=/opt/rustwide/target" "-e" "CARGO_HOME=/opt/rustwide/cargo-home" "-e" "RUSTUP_HOME=/opt/rustwide/rustup-home" "-w" "/opt/rustwide/workdir" "-m" "1610612736" "--user" "0:0" "--network" "none" "ghcr.io/rust-lang/crates-build-env/linux@sha256:34b6a614d2c27851fe6cbf88fbd1137609cefab8b10d0615aaeb6fd47975d74e" "/opt/rustwide/cargo-home/bin/cargo" "+beta-2021-08-01" "metadata" "--no-deps" "--format-version=1", kill_on_drop: false }`
[INFO] [stdout] cdf552dc06b96f48580779063e18244a35d2e455a738ec12199d7d62290468ba
[INFO] running `Command { std: "docker" "start" "-a" "cdf552dc06b96f48580779063e18244a35d2e455a738ec12199d7d62290468ba", kill_on_drop: false }`
[INFO] running `Command { std: "docker" "inspect" "cdf552dc06b96f48580779063e18244a35d2e455a738ec12199d7d62290468ba", kill_on_drop: false }`
[INFO] running `Command { std: "docker" "rm" "-f" "cdf552dc06b96f48580779063e18244a35d2e455a738ec12199d7d62290468ba", kill_on_drop: false }`
[INFO] [stdout] cdf552dc06b96f48580779063e18244a35d2e455a738ec12199d7d62290468ba
[INFO] running `Command { std: "docker" "create" "-v" "/var/lib/crater-agent-workspace/builds/worker-79/target:/opt/rustwide/target:rw,Z" "-v" "/var/lib/crater-agent-workspace/builds/worker-79/source:/opt/rustwide/workdir:ro,Z" "-v" "/var/lib/crater-agent-workspace/cargo-home:/opt/rustwide/cargo-home:ro,Z" "-v" "/var/lib/crater-agent-workspace/rustup-home:/opt/rustwide/rustup-home:ro,Z" "-e" "SOURCE_DIR=/opt/rustwide/workdir" "-e" "CARGO_TARGET_DIR=/opt/rustwide/target" "-e" "CARGO_INCREMENTAL=0" "-e" "RUST_BACKTRACE=full" "-e" "RUSTFLAGS=--cap-lints=warn" "-e" "CARGO_HOME=/opt/rustwide/cargo-home" "-e" "RUSTUP_HOME=/opt/rustwide/rustup-home" "-w" "/opt/rustwide/workdir" "-m" "1610612736" "--user" "0:0" "--network" "none" "ghcr.io/rust-lang/crates-build-env/linux@sha256:34b6a614d2c27851fe6cbf88fbd1137609cefab8b10d0615aaeb6fd47975d74e" "/opt/rustwide/cargo-home/bin/cargo" "+beta-2021-08-01" "build" "--frozen" "--message-format=json", kill_on_drop: false }`
[INFO] [stdout] 93684350402e6d4bf9ef4691225b278f6456b80df8dfdd4f45607d8dd5f25418
[INFO] running `Command { std: "docker" "start" "-a" "93684350402e6d4bf9ef4691225b278f6456b80df8dfdd4f45607d8dd5f25418", kill_on_drop: false }`
[INFO] [stderr]    Compiling libc v0.2.97
[INFO] [stderr]    Compiling proc-macro2 v1.0.27
[INFO] [stderr]    Compiling unicode-xid v0.2.2
[INFO] [stderr]    Compiling syn v1.0.73
[INFO] [stderr]    Compiling memchr v2.4.0
[INFO] [stderr]    Compiling serde_derive v1.0.126
[INFO] [stderr]    Compiling serde v1.0.126
[INFO] [stderr]    Compiling regex-syntax v0.6.25
[INFO] [stderr]    Compiling siphasher v0.3.5
[INFO] [stderr]    Compiling ucd-trie v0.1.3
[INFO] [stderr]    Compiling new_debug_unreachable v1.0.4
[INFO] [stderr]    Compiling mac v0.1.1
[INFO] [stderr]    Compiling precomputed-hash v0.1.1
[INFO] [stderr]    Compiling utf-8 v0.7.6
[INFO] [stderr]    Compiling once_cell v1.8.0
[INFO] [stderr]    Compiling crossbeam-utils v0.8.5
[INFO] [stderr]    Compiling either v1.6.1
[INFO] [stderr]    Compiling cc v1.0.68
[INFO] [stderr]    Compiling unic-char-range v0.9.0
[INFO] [stderr]    Compiling unic-common v0.9.0
[INFO] [stderr]    Compiling doc-comment v0.3.3
[INFO] [stderr]    Compiling gimli v0.24.0
[INFO] [stderr]    Compiling rustversion v1.0.5
[INFO] [stderr]    Compiling itoa v0.4.7
[INFO] [stderr]    Compiling anymap v0.12.1
[INFO] [stderr]    Compiling deunicode v0.4.3
[INFO] [stderr]    Compiling pulldown-cmark v0.8.0
[INFO] [stderr]    Compiling rustc-demangle v0.1.20
[INFO] [stderr]    Compiling strsim v0.10.0
[INFO] [stderr]    Compiling dtoa v0.4.8
[INFO] [stderr]    Compiling quick-error v2.0.1
[INFO] [stderr]    Compiling os_str_bytes v2.4.0
[INFO] [stderr]    Compiling humansize v1.1.1
[INFO] [stderr]    Compiling unindent v0.1.7
[INFO] [stderr]    Compiling assertables v3.2.2
[INFO] [stderr]    Compiling json v0.12.4
[INFO] [stderr]    Compiling proc-macro-error-attr v1.0.4
[INFO] [stderr]    Compiling proc-macro-error v1.0.4
[INFO] [stderr]    Compiling indexmap v1.6.2
[INFO] [stderr]    Compiling unicode-bidi v0.3.5
[INFO] [stderr]    Compiling heck v0.3.3
[INFO] [stderr]    Compiling error-chain v0.12.4
[INFO] [stderr]    Compiling getopts v0.2.21
[INFO] [stderr]    Compiling unicode-normalization v0.1.19
[INFO] [stderr]    Compiling itertools v0.10.1
[INFO] [stderr]    Compiling futf v0.1.4
[INFO] [stderr]    Compiling phf_shared v0.8.0
[INFO] [stderr]    Compiling pest v2.1.3
[INFO] [stderr]    Compiling unic-ucd-version v0.9.0
[INFO] [stderr]    Compiling indoc v1.0.3
[INFO] [stderr]    Compiling slug v0.1.4
[INFO] [stderr]    Compiling thread_local v1.1.3
[INFO] [stderr]    Compiling unic-char-property v0.9.0
[INFO] [stderr]    Compiling phf v0.8.0
[INFO] [stderr]    Compiling tendril v0.4.2
[INFO] [stderr]    Compiling unic-ucd-segment v0.9.0
[INFO] [stderr]    Compiling aho-corasick v0.7.18
[INFO] [stderr]    Compiling bstr v0.2.16
[INFO] [stderr]    Compiling object v0.25.3
[INFO] [stderr]    Compiling quick-xml v0.20.0
[INFO] [stderr]    Compiling quick-xml v0.22.0
[INFO] [stderr]    Compiling getrandom v0.1.16
[INFO] [stderr]    Compiling time v0.1.43
[INFO] [stderr]    Compiling getrandom v0.2.3
[INFO] [stderr]    Compiling terminal_size v0.1.17
[INFO] [stderr]    Compiling dirs-sys v0.3.6
[INFO] [stderr]    Compiling atty v0.2.14
[INFO] [stderr]    Compiling quote v1.0.9
[INFO] [stderr]    Compiling idna v0.2.3
[INFO] [stderr]    Compiling unic-segment v0.9.0
[INFO] [stderr]    Compiling textwrap v0.12.1
[INFO] [stderr]    Compiling directories v2.0.2
[INFO] [stderr]    Compiling rand_core v0.6.3
[INFO] [stderr]    Compiling minidom v0.13.0
[INFO] [stderr]    Compiling rand_core v0.5.1
[INFO] [stderr]    Compiling chrono v0.4.19
[INFO] [stderr]    Compiling backtrace v0.3.60
[INFO] [stderr]    Compiling rand_chacha v0.3.1
[INFO] [stderr]    Compiling rand_chacha v0.2.2
[INFO] [stderr]    Compiling rand_pcg v0.2.1
[INFO] [stderr]    Compiling proc-quote-impl v0.3.2
[INFO] [stderr]    Compiling pest_meta v2.1.3
[INFO] [stderr]    Compiling url v2.2.2
[INFO] [stderr]    Compiling rand v0.8.4
[INFO] [stderr]    Compiling rand v0.7.3
[INFO] [stderr]    Compiling regex v1.5.4
[INFO] [stderr]    Compiling phf_generator v0.8.0
[INFO] [stderr]    Compiling addr2line v0.15.2
[INFO] [stderr]    Compiling string_cache_codegen v0.5.1
[INFO] [stderr]    Compiling phf_codegen v0.8.0
[INFO] [stderr]    Compiling markup5ever v0.10.1
[INFO] [stderr]    Compiling parse-zoneinfo v0.3.0
[INFO] [stderr]    Compiling globset v0.4.8
[INFO] [stderr]    Compiling env_logger v0.8.4
[INFO] [stderr]    Compiling ignore v0.4.18
[INFO] [stderr]    Compiling chrono-tz v0.5.3
[INFO] [stderr]    Compiling globwalk v0.8.1
[INFO] [stderr]    Compiling pest_generator v2.1.3
[INFO] [stderr]    Compiling proc-quote v0.3.2
[INFO] [stderr]    Compiling pest_derive v2.1.0
[INFO] [stderr]    Compiling html5ever v0.25.1
[INFO] [stderr]    Compiling liquid-derive v0.22.0
[INFO] [stderr]    Compiling loupe-derive v0.1.3
[INFO] [stderr]    Compiling clap_derive v3.0.0-beta.2
[INFO] [stderr]    Compiling loupe v0.1.3
[INFO] [stderr]    Compiling clap v3.0.0-beta.2
[INFO] [stderr]    Compiling string_cache v0.8.1
[INFO] [stderr]    Compiling kstring v1.0.1
[INFO] [stderr]    Compiling serde_json v1.0.64
[INFO] [stderr]    Compiling toml v0.5.8
[INFO] [stderr]    Compiling serde_yaml v0.8.17
[INFO] [stderr]    Compiling liquid-core v0.22.0
[INFO] [stderr]    Compiling confy v0.4.0
[INFO] [stderr]    Compiling tera v1.11.0
[INFO] [stderr]    Compiling handlebars v4.0.1
[INFO] [stderr]    Compiling xml5ever v0.16.1
[INFO] [stderr]    Compiling liquid-lib v0.22.0
[INFO] [stderr]    Compiling markup5ever_rcdom v0.1.0
[INFO] [stderr]    Compiling ammonia v3.1.1
[INFO] [stderr]    Compiling liquid v0.22.0
[INFO] [stderr]    Compiling sita v1.0.0 (/opt/rustwide/workdir)
[INFO] [stdout] warning: type alias is never used: `Templater`
[INFO] [stdout]   --> src/templating/kinds/handlebars.rs:10:1
[INFO] [stdout]    |
[INFO] [stdout] 10 | pub type Templater<'a> = handlebars::Handlebars<'a>;
[INFO] [stdout]    | ^^^^^^^^^^^^^^^^^^^^^^^^^^^^^^^^^^^^^^^^^^^^^^^^^^^^
[INFO] [stdout]    |
[INFO] [stdout]    = note: `#[warn(dead_code)]` on by default
[INFO] [stdout] 
[INFO] [stdout] 
[INFO] [stdout] warning: function is never used: `default`
[INFO] [stdout]   --> src/templating/kinds/handlebars.rs:20:8
[INFO] [stdout]    |
[INFO] [stdout] 20 | pub fn default<'a>() -> Templater<'a> {
[INFO] [stdout]    |        ^^^^^^^
[INFO] [stdout] 
[INFO] [stdout] 
[INFO] [stdout] warning: function is never used: `default_with_args`
[INFO] [stdout]   --> src/templating/kinds/handlebars.rs:33:8
[INFO] [stdout]    |
[INFO] [stdout] 33 | pub fn default_with_args(_args: &Args) -> Templater {
[INFO] [stdout]    |        ^^^^^^^^^^^^^^^^^
[INFO] [stdout] 
[INFO] [stdout] 
[INFO] [stdout] warning: function is never used: `add_template_via_name_and_text`
[INFO] [stdout]   --> src/templating/kinds/handlebars.rs:50:8
[INFO] [stdout]    |
[INFO] [stdout] 50 | pub fn add_template_via_name_and_text(templater: &mut Templater, name: &str, text: &str) -> Result<()> {
[INFO] [stdout]    |        ^^^^^^^^^^^^^^^^^^^^^^^^^^^^^^
[INFO] [stdout] 
[INFO] [stdout] 
[INFO] [stdout] warning: function is never used: `add_template_via_name_and_file`
[INFO] [stdout]   --> src/templating/kinds/handlebars.rs:66:8
[INFO] [stdout]    |
[INFO] [stdout] 66 | pub fn add_template_via_name_and_file(templater: &mut Templater, name: &str, file: &PathBuf) -> Result<()> {
[INFO] [stdout]    |        ^^^^^^^^^^^^^^^^^^^^^^^^^^^^^^
[INFO] [stdout] 
[INFO] [stdout] 
[INFO] [stdout] warning: function is never used: `add_template_files_via_args`
[INFO] [stdout]   --> src/templating/kinds/handlebars.rs:88:8
[INFO] [stdout]    |
[INFO] [stdout] 88 | pub fn add_template_files_via_args(templater: &mut Templater, args: &Args) -> Result<()> {
[INFO] [stdout]    |        ^^^^^^^^^^^^^^^^^^^^^^^^^^^
[INFO] [stdout] 
[INFO] [stdout] 
[INFO] [stdout] warning: function is never used: `add_template_default`
[INFO] [stdout]    --> src/templating/kinds/handlebars.rs:110:8
[INFO] [stdout]     |
[INFO] [stdout] 110 | pub fn add_template_default(templater: &mut Templater) -> Result<()> {
[INFO] [stdout]     |        ^^^^^^^^^^^^^^^^^^^^
[INFO] [stdout] 
[INFO] [stdout] 
[INFO] [stdout] warning: function is never used: `has_template`
[INFO] [stdout]    --> src/templating/kinds/handlebars.rs:135:8
[INFO] [stdout]     |
[INFO] [stdout] 135 | pub fn has_template(templater: &Templater) -> bool {
[INFO] [stdout]     |        ^^^^^^^^^^^^
[INFO] [stdout] 
[INFO] [stdout] 
[INFO] [stdout] warning: function is never used: `template_names_as_set_string`
[INFO] [stdout]    --> src/templating/kinds/handlebars.rs:151:8
[INFO] [stdout]     |
[INFO] [stdout] 151 | pub fn template_names_as_set_string<'a>(templater: &'a Templater) -> Set<&'a String> {
[INFO] [stdout]     |        ^^^^^^^^^^^^^^^^^^^^^^^^^^^^
[INFO] [stdout] 
[INFO] [stdout] 
[INFO] [stdout] warning: function is never used: `best_template_name`
[INFO] [stdout]    --> src/templating/kinds/handlebars.rs:177:8
[INFO] [stdout]     |
[INFO] [stdout] 177 | pub fn best_template_name(templater: &Templater) -> String {
[INFO] [stdout]     |        ^^^^^^^^^^^^^^^^^^
[INFO] [stdout] 
[INFO] [stdout] 
[INFO] [stdout] warning: function is never used: `template_default_name`
[INFO] [stdout]    --> src/templating/kinds/handlebars.rs:192:8
[INFO] [stdout]     |
[INFO] [stdout] 192 | pub fn template_default_name() -> String {
[INFO] [stdout]     |        ^^^^^^^^^^^^^^^^^^^^^
[INFO] [stdout] 
[INFO] [stdout] 
[INFO] [stdout] warning: function is never used: `template_default_content`
[INFO] [stdout]    --> src/templating/kinds/handlebars.rs:203:8
[INFO] [stdout]     |
[INFO] [stdout] 203 | pub fn template_default_content() -> String {
[INFO] [stdout]     |        ^^^^^^^^^^^^^^^^^^^^^^^^
[INFO] [stdout] 
[INFO] [stdout] 
[INFO] [stdout] warning: function is never used: `template_names_as_set_str`
[INFO] [stdout]    --> src/templating/kinds/tera.rs:148:8
[INFO] [stdout]     |
[INFO] [stdout] 148 | pub fn template_names_as_set_str<'a>(templater: &'a Templater) -> Set<&'a str> {
[INFO] [stdout]     |        ^^^^^^^^^^^^^^^^^^^^^^^^^
[INFO] [stdout] 
[INFO] [stdout] 
[INFO] [stdout] warning: 13 warnings emitted
[INFO] [stdout] 
[INFO] [stdout] 
[INFO] [stderr]     Finished dev [unoptimized + debuginfo] target(s) in 45.34s
[INFO] running `Command { std: "docker" "inspect" "93684350402e6d4bf9ef4691225b278f6456b80df8dfdd4f45607d8dd5f25418", kill_on_drop: false }`
[INFO] running `Command { std: "docker" "rm" "-f" "93684350402e6d4bf9ef4691225b278f6456b80df8dfdd4f45607d8dd5f25418", kill_on_drop: false }`
[INFO] [stdout] 93684350402e6d4bf9ef4691225b278f6456b80df8dfdd4f45607d8dd5f25418
[INFO] running `Command { std: "docker" "create" "-v" "/var/lib/crater-agent-workspace/builds/worker-79/target:/opt/rustwide/target:rw,Z" "-v" "/var/lib/crater-agent-workspace/builds/worker-79/source:/opt/rustwide/workdir:ro,Z" "-v" "/var/lib/crater-agent-workspace/cargo-home:/opt/rustwide/cargo-home:ro,Z" "-v" "/var/lib/crater-agent-workspace/rustup-home:/opt/rustwide/rustup-home:ro,Z" "-e" "SOURCE_DIR=/opt/rustwide/workdir" "-e" "CARGO_TARGET_DIR=/opt/rustwide/target" "-e" "CARGO_INCREMENTAL=0" "-e" "RUST_BACKTRACE=full" "-e" "RUSTFLAGS=--cap-lints=warn" "-e" "CARGO_HOME=/opt/rustwide/cargo-home" "-e" "RUSTUP_HOME=/opt/rustwide/rustup-home" "-w" "/opt/rustwide/workdir" "-m" "1610612736" "--user" "0:0" "--network" "none" "ghcr.io/rust-lang/crates-build-env/linux@sha256:34b6a614d2c27851fe6cbf88fbd1137609cefab8b10d0615aaeb6fd47975d74e" "/opt/rustwide/cargo-home/bin/cargo" "+beta-2021-08-01" "test" "--frozen" "--no-run" "--message-format=json", kill_on_drop: false }`
[INFO] [stdout] e57c974f0f5b64982796aa8be2c28c0f536d5b8dc8669ca700a543f311ac1d58
[INFO] running `Command { std: "docker" "start" "-a" "e57c974f0f5b64982796aa8be2c28c0f536d5b8dc8669ca700a543f311ac1d58", kill_on_drop: false }`
[INFO] [stdout] warning: type alias is never used: `Templater`
[INFO] [stdout]   --> src/templating/kinds/handlebars.rs:10:1
[INFO] [stdout]    |
[INFO] [stdout] 10 | pub type Templater<'a> = handlebars::Handlebars<'a>;
[INFO] [stdout]    | ^^^^^^^^^^^^^^^^^^^^^^^^^^^^^^^^^^^^^^^^^^^^^^^^^^^^
[INFO] [stdout]    |
[INFO] [stdout]    = note: `#[warn(dead_code)]` on by default
[INFO] [stdout] 
[INFO] [stdout] 
[INFO] [stdout] warning: function is never used: `default`
[INFO] [stdout]   --> src/templating/kinds/handlebars.rs:20:8
[INFO] [stdout]    |
[INFO] [stdout] 20 | pub fn default<'a>() -> Templater<'a> {
[INFO] [stdout]    |        ^^^^^^^
[INFO] [stdout] 
[INFO] [stdout] 
[INFO] [stdout] warning: function is never used: `default_with_args`
[INFO] [stdout]   --> src/templating/kinds/handlebars.rs:33:8
[INFO] [stdout]    |
[INFO] [stdout] 33 | pub fn default_with_args(_args: &Args) -> Templater {
[INFO] [stdout]    |        ^^^^^^^^^^^^^^^^^
[INFO] [stdout] 
[INFO] [stdout] 
[INFO] [stdout] warning: function is never used: `add_template_via_name_and_text`
[INFO] [stdout]   --> src/templating/kinds/handlebars.rs:50:8
[INFO] [stdout]    |
[INFO] [stdout] 50 | pub fn add_template_via_name_and_text(templater: &mut Templater, name: &str, text: &str) -> Result<()> {
[INFO] [stdout]    |        ^^^^^^^^^^^^^^^^^^^^^^^^^^^^^^
[INFO] [stdout] 
[INFO] [stdout] 
[INFO] [stderr]    Compiling sita v1.0.0 (/opt/rustwide/workdir)
[INFO] [stdout] warning: function is never used: `add_template_via_name_and_file`
[INFO] [stdout]   --> src/templating/kinds/handlebars.rs:66:8
[INFO] [stdout]    |
[INFO] [stdout] 66 | pub fn add_template_via_name_and_file(templater: &mut Templater, name: &str, file: &PathBuf) -> Result<()> {
[INFO] [stdout]    |        ^^^^^^^^^^^^^^^^^^^^^^^^^^^^^^
[INFO] [stdout] 
[INFO] [stdout] 
[INFO] [stdout] warning: function is never used: `add_template_files_via_args`
[INFO] [stdout]   --> src/templating/kinds/handlebars.rs:88:8
[INFO] [stdout]    |
[INFO] [stdout] 88 | pub fn add_template_files_via_args(templater: &mut Templater, args: &Args) -> Result<()> {
[INFO] [stdout]    |        ^^^^^^^^^^^^^^^^^^^^^^^^^^^
[INFO] [stdout] 
[INFO] [stdout] 
[INFO] [stdout] warning: function is never used: `add_template_default`
[INFO] [stdout]    --> src/templating/kinds/handlebars.rs:110:8
[INFO] [stdout]     |
[INFO] [stdout] 110 | pub fn add_template_default(templater: &mut Templater) -> Result<()> {
[INFO] [stdout]     |        ^^^^^^^^^^^^^^^^^^^^
[INFO] [stdout] 
[INFO] [stdout] 
[INFO] [stdout] warning: function is never used: `has_template`
[INFO] [stdout]    --> src/templating/kinds/handlebars.rs:135:8
[INFO] [stdout]     |
[INFO] [stdout] 135 | pub fn has_template(templater: &Templater) -> bool {
[INFO] [stdout]     |        ^^^^^^^^^^^^
[INFO] [stdout] 
[INFO] [stdout] 
[INFO] [stdout] warning: function is never used: `template_names_as_set_string`
[INFO] [stdout]    --> src/templating/kinds/handlebars.rs:151:8
[INFO] [stdout]     |
[INFO] [stdout] 151 | pub fn template_names_as_set_string<'a>(templater: &'a Templater) -> Set<&'a String> {
[INFO] [stdout]     |        ^^^^^^^^^^^^^^^^^^^^^^^^^^^^
[INFO] [stdout] 
[INFO] [stdout] 
[INFO] [stdout] warning: function is never used: `best_template_name`
[INFO] [stdout]    --> src/templating/kinds/handlebars.rs:177:8
[INFO] [stdout]     |
[INFO] [stdout] 177 | pub fn best_template_name(templater: &Templater) -> String {
[INFO] [stdout]     |        ^^^^^^^^^^^^^^^^^^
[INFO] [stdout] 
[INFO] [stdout] 
[INFO] [stdout] warning: function is never used: `template_default_name`
[INFO] [stdout]    --> src/templating/kinds/handlebars.rs:192:8
[INFO] [stdout]     |
[INFO] [stdout] 192 | pub fn template_default_name() -> String {
[INFO] [stdout]     |        ^^^^^^^^^^^^^^^^^^^^^
[INFO] [stdout] 
[INFO] [stdout] 
[INFO] [stdout] warning: function is never used: `template_default_content`
[INFO] [stdout]    --> src/templating/kinds/handlebars.rs:203:8
[INFO] [stdout]     |
[INFO] [stdout] 203 | pub fn template_default_content() -> String {
[INFO] [stdout]     |        ^^^^^^^^^^^^^^^^^^^^^^^^
[INFO] [stdout] 
[INFO] [stdout] 
[INFO] [stdout] warning: function is never used: `template_names_as_set_str`
[INFO] [stdout]    --> src/templating/kinds/tera.rs:148:8
[INFO] [stdout]     |
[INFO] [stdout] 148 | pub fn template_names_as_set_str<'a>(templater: &'a Templater) -> Set<&'a str> {
[INFO] [stdout]     |        ^^^^^^^^^^^^^^^^^^^^^^^^^
[INFO] [stdout] 
[INFO] [stdout] 
[INFO] [stdout] warning: 13 warnings emitted
[INFO] [stdout] 
[INFO] [stdout] 
[INFO] [stdout] warning: function is never used: `add_template_files_via_args`
[INFO] [stdout]   --> src/templating/kinds/handlebars.rs:88:8
[INFO] [stdout]    |
[INFO] [stdout] 88 | pub fn add_template_files_via_args(templater: &mut Templater, args: &Args) -> Result<()> {
[INFO] [stdout]    |        ^^^^^^^^^^^^^^^^^^^^^^^^^^^
[INFO] [stdout]    |
[INFO] [stdout]    = note: `#[warn(dead_code)]` on by default
[INFO] [stdout] 
[INFO] [stdout] 
[INFO] [stdout] warning: unused attribute
[INFO] [stdout]   --> src/markdown/matter/kinds/html.rs:58:5
[INFO] [stdout]    |
[INFO] [stdout] 58 |     #[macro_use] use crate::types::*;
[INFO] [stdout]    |     ^^^^^^^^^^^^
[INFO] [stdout]    |
[INFO] [stdout]    = note: `#[warn(unused_attributes)]` on by default
[INFO] [stdout] 
[INFO] [stdout] 
[INFO] [stdout] warning: unused `std::result::Result` that must be used
[INFO] [stdout]    --> src/templating/kinds/handlebars.rs:238:9
[INFO] [stdout]     |
[INFO] [stdout] 238 |         add_template_via_name_and_text(&mut templater, &name, &text);
[INFO] [stdout]     |         ^^^^^^^^^^^^^^^^^^^^^^^^^^^^^^^^^^^^^^^^^^^^^^^^^^^^^^^^^^^^^
[INFO] [stdout]     |
[INFO] [stdout]     = note: `#[warn(unused_must_use)]` on by default
[INFO] [stdout]     = note: this `Result` may be an `Err` variant, which should be handled
[INFO] [stdout] 
[INFO] [stdout] 
[INFO] [stdout] warning: unused `std::result::Result` that must be used
[INFO] [stdout]    --> src/templating/kinds/handlebars.rs:247:9
[INFO] [stdout]     |
[INFO] [stdout] 247 |         add_template_via_name_and_file(&mut templater, &name, &file);
[INFO] [stdout]     |         ^^^^^^^^^^^^^^^^^^^^^^^^^^^^^^^^^^^^^^^^^^^^^^^^^^^^^^^^^^^^^
[INFO] [stdout]     |
[INFO] [stdout]     = note: this `Result` may be an `Err` variant, which should be handled
[INFO] [stdout] 
[INFO] [stdout] 
[INFO] [stdout] warning: unused `std::result::Result` that must be used
[INFO] [stdout]    --> src/templating/kinds/tera.rs:235:9
[INFO] [stdout]     |
[INFO] [stdout] 235 |         add_template_via_name_and_text(&mut templater, &name, &text);
[INFO] [stdout]     |         ^^^^^^^^^^^^^^^^^^^^^^^^^^^^^^^^^^^^^^^^^^^^^^^^^^^^^^^^^^^^^
[INFO] [stdout]     |
[INFO] [stdout]     = note: this `Result` may be an `Err` variant, which should be handled
[INFO] [stdout] 
[INFO] [stdout] 
[INFO] [stdout] warning: unused `std::result::Result` that must be used
[INFO] [stdout]    --> src/templating/kinds/tera.rs:244:9
[INFO] [stdout]     |
[INFO] [stdout] 244 |         add_template_via_name_and_file(&mut templater, &name, &file);
[INFO] [stdout]     |         ^^^^^^^^^^^^^^^^^^^^^^^^^^^^^^^^^^^^^^^^^^^^^^^^^^^^^^^^^^^^^
[INFO] [stdout]     |
[INFO] [stdout]     = note: this `Result` may be an `Err` variant, which should be handled
[INFO] [stdout] 
[INFO] [stdout] 
[INFO] [stdout] warning: 6 warnings emitted
[INFO] [stdout] 
[INFO] [stdout] 
[INFO] [stderr]     Finished test [unoptimized + debuginfo] target(s) in 9.49s
[INFO] running `Command { std: "docker" "inspect" "e57c974f0f5b64982796aa8be2c28c0f536d5b8dc8669ca700a543f311ac1d58", kill_on_drop: false }`
[INFO] running `Command { std: "docker" "rm" "-f" "e57c974f0f5b64982796aa8be2c28c0f536d5b8dc8669ca700a543f311ac1d58", kill_on_drop: false }`
[INFO] [stdout] e57c974f0f5b64982796aa8be2c28c0f536d5b8dc8669ca700a543f311ac1d58
[INFO] running `Command { std: "docker" "create" "-v" "/var/lib/crater-agent-workspace/builds/worker-79/target:/opt/rustwide/target:rw,Z" "-v" "/var/lib/crater-agent-workspace/builds/worker-79/source:/opt/rustwide/workdir:ro,Z" "-v" "/var/lib/crater-agent-workspace/cargo-home:/opt/rustwide/cargo-home:ro,Z" "-v" "/var/lib/crater-agent-workspace/rustup-home:/opt/rustwide/rustup-home:ro,Z" "-e" "SOURCE_DIR=/opt/rustwide/workdir" "-e" "CARGO_TARGET_DIR=/opt/rustwide/target" "-e" "CARGO_INCREMENTAL=0" "-e" "RUST_BACKTRACE=full" "-e" "RUSTFLAGS=--cap-lints=warn" "-e" "CARGO_HOME=/opt/rustwide/cargo-home" "-e" "RUSTUP_HOME=/opt/rustwide/rustup-home" "-w" "/opt/rustwide/workdir" "-m" "1610612736" "--user" "0:0" "--network" "none" "ghcr.io/rust-lang/crates-build-env/linux@sha256:34b6a614d2c27851fe6cbf88fbd1137609cefab8b10d0615aaeb6fd47975d74e" "/opt/rustwide/cargo-home/bin/cargo" "+beta-2021-08-01" "test" "--frozen", kill_on_drop: false }`
[INFO] [stdout] 3c1abdad7d239799efcb805a3e6786d98aa91040c173938b08fb5a53e199a168
[INFO] running `Command { std: "docker" "start" "-a" "3c1abdad7d239799efcb805a3e6786d98aa91040c173938b08fb5a53e199a168", kill_on_drop: false }`
[INFO] [stderr] warning: type alias is never used: `Templater`
[INFO] [stderr]   --> src/templating/kinds/handlebars.rs:10:1
[INFO] [stderr]    |
[INFO] [stderr] 10 | pub type Templater<'a> = handlebars::Handlebars<'a>;
[INFO] [stderr]    | ^^^^^^^^^^^^^^^^^^^^^^^^^^^^^^^^^^^^^^^^^^^^^^^^^^^^
[INFO] [stderr]    |
[INFO] [stderr]    = note: `#[warn(dead_code)]` on by default
[INFO] [stderr] 
[INFO] [stderr] warning: function is never used: `default`
[INFO] [stderr]   --> src/templating/kinds/handlebars.rs:20:8
[INFO] [stderr]    |
[INFO] [stderr] 20 | pub fn default<'a>() -> Templater<'a> {
[INFO] [stderr]    |        ^^^^^^^
[INFO] [stderr] 
[INFO] [stderr] warning: function is never used: `default_with_args`
[INFO] [stderr]   --> src/templating/kinds/handlebars.rs:33:8
[INFO] [stderr]    |
[INFO] [stderr] 33 | pub fn default_with_args(_args: &Args) -> Templater {
[INFO] [stderr]    |        ^^^^^^^^^^^^^^^^^
[INFO] [stderr] 
[INFO] [stderr] warning: function is never used: `add_template_via_name_and_text`
[INFO] [stderr]   --> src/templating/kinds/handlebars.rs:50:8
[INFO] [stderr]    |
[INFO] [stderr] 50 | pub fn add_template_via_name_and_text(templater: &mut Templater, name: &str, text: &str) -> Result<()> {
[INFO] [stderr]    |        ^^^^^^^^^^^^^^^^^^^^^^^^^^^^^^
[INFO] [stderr] 
[INFO] [stderr] warning: function is never used: `add_template_via_name_and_file`
[INFO] [stderr]   --> src/templating/kinds/handlebars.rs:66:8
[INFO] [stderr]    |
[INFO] [stderr] 66 | pub fn add_template_via_name_and_file(templater: &mut Templater, name: &str, file: &PathBuf) -> Result<()> {
[INFO] [stderr]    |        ^^^^^^^^^^^^^^^^^^^^^^^^^^^^^^
[INFO] [stderr] 
[INFO] [stderr] warning: function is never used: `add_template_files_via_args`
[INFO] [stderr]   --> src/templating/kinds/handlebars.rs:88:8
[INFO] [stderr]    |
[INFO] [stderr] 88 | pub fn add_template_files_via_args(templater: &mut Templater, args: &Args) -> Result<()> {
[INFO] [stderr]    |        ^^^^^^^^^^^^^^^^^^^^^^^^^^^
[INFO] [stderr] 
[INFO] [stderr] warning: function is never used: `add_template_default`
[INFO] [stderr]    --> src/templating/kinds/handlebars.rs:110:8
[INFO] [stderr]     |
[INFO] [stderr] 110 | pub fn add_template_default(templater: &mut Templater) -> Result<()> {
[INFO] [stderr]     |        ^^^^^^^^^^^^^^^^^^^^
[INFO] [stderr] 
[INFO] [stderr] warning: function is never used: `has_template`
[INFO] [stderr]    --> src/templating/kinds/handlebars.rs:135:8
[INFO] [stderr]     |
[INFO] [stderr] 135 | pub fn has_template(templater: &Templater) -> bool {
[INFO] [stderr]     |        ^^^^^^^^^^^^
[INFO] [stderr] 
[INFO] [stderr] warning: function is never used: `template_names_as_set_string`
[INFO] [stderr]    --> src/templating/kinds/handlebars.rs:151:8
[INFO] [stderr]     |
[INFO] [stderr] 151 | pub fn template_names_as_set_string<'a>(templater: &'a Templater) -> Set<&'a String> {
[INFO] [stderr]     |        ^^^^^^^^^^^^^^^^^^^^^^^^^^^^
[INFO] [stderr] 
[INFO] [stderr] warning: function is never used: `best_template_name`
[INFO] [stderr]    --> src/templating/kinds/handlebars.rs:177:8
[INFO] [stderr]     |
[INFO] [stderr] 177 | pub fn best_template_name(templater: &Templater) -> String {
[INFO] [stderr]     |        ^^^^^^^^^^^^^^^^^^
[INFO] [stderr] 
[INFO] [stderr] warning: function is never used: `template_default_name`
[INFO] [stderr]    --> src/templating/kinds/handlebars.rs:192:8
[INFO] [stderr]     |
[INFO] [stderr] 192 | pub fn template_default_name() -> String {
[INFO] [stderr]     |        ^^^^^^^^^^^^^^^^^^^^^
[INFO] [stderr] 
[INFO] [stderr] warning: function is never used: `template_default_content`
[INFO] [stderr]    --> src/templating/kinds/handlebars.rs:203:8
[INFO] [stderr]     |
[INFO] [stderr] 203 | pub fn template_default_content() -> String {
[INFO] [stderr]     |        ^^^^^^^^^^^^^^^^^^^^^^^^
[INFO] [stderr] 
[INFO] [stderr] warning: function is never used: `template_names_as_set_str`
[INFO] [stderr]    --> src/templating/kinds/tera.rs:148:8
[INFO] [stderr]     |
[INFO] [stderr] 148 | pub fn template_names_as_set_str<'a>(templater: &'a Templater) -> Set<&'a str> {
[INFO] [stderr]     |        ^^^^^^^^^^^^^^^^^^^^^^^^^
[INFO] [stderr] 
[INFO] [stderr] warning: function is never used: `add_template_files_via_args`
[INFO] [stderr]   --> src/templating/kinds/handlebars.rs:88:8
[INFO] [stderr]    |
[INFO] [stderr] 88 | pub fn add_template_files_via_args(templater: &mut Templater, args: &Args) -> Result<()> {
[INFO] [stderr]    |        ^^^^^^^^^^^^^^^^^^^^^^^^^^^
[INFO] [stderr]    |
[INFO] [stderr]    = note: `#[warn(dead_code)]` on by default
[INFO] [stderr] 
[INFO] [stderr] warning: unused attribute
[INFO] [stderr]   --> src/markdown/matter/kinds/html.rs:58:5
[INFO] [stderr]    |
[INFO] [stderr] 58 |     #[macro_use] use crate::types::*;
[INFO] [stderr]    |     ^^^^^^^^^^^^
[INFO] [stderr]    |
[INFO] [stderr]    = note: `#[warn(unused_attributes)]` on by default
[INFO] [stderr] 
[INFO] [stderr] warning: unused `std::result::Result` that must be used
[INFO] [stderr]    --> src/templating/kinds/handlebars.rs:238:9
[INFO] [stderr]     |
[INFO] [stderr] 238 |         add_template_via_name_and_text(&mut templater, &name, &text);
[INFO] [stderr]     |         ^^^^^^^^^^^^^^^^^^^^^^^^^^^^^^^^^^^^^^^^^^^^^^^^^^^^^^^^^^^^^
[INFO] [stderr]     |
[INFO] [stderr]     = note: `#[warn(unused_must_use)]` on by default
[INFO] [stderr]     = note: this `Result` may be an `Err` variant, which should be handled
[INFO] [stderr] 
[INFO] [stderr] warning: unused `std::result::Result` that must be used
[INFO] [stderr]    --> src/templating/kinds/handlebars.rs:247:9
[INFO] [stderr]     |
[INFO] [stderr] 247 |         add_template_via_name_and_file(&mut templater, &name, &file);
[INFO] [stderr]     |         ^^^^^^^^^^^^^^^^^^^^^^^^^^^^^^^^^^^^^^^^^^^^^^^^^^^^^^^^^^^^^
[INFO] [stderr]     |
[INFO] [stderr]     = note: this `Result` may be an `Err` variant, which should be handled
[INFO] [stderr] 
[INFO] [stderr] warning: unused `std::result::Result` that must be used
[INFO] [stderr]    --> src/templating/kinds/tera.rs:235:9
[INFO] [stderr]     |
[INFO] [stderr] 235 |         add_template_via_name_and_text(&mut templater, &name, &text);
[INFO] [stderr]     |         ^^^^^^^^^^^^^^^^^^^^^^^^^^^^^^^^^^^^^^^^^^^^^^^^^^^^^^^^^^^^^
[INFO] [stderr]     |
[INFO] [stderr]     = note: this `Result` may be an `Err` variant, which should be handled
[INFO] [stderr] 
[INFO] [stderr] warning: unused `std::result::Result` that must be used
[INFO] [stderr]    --> src/templating/kinds/tera.rs:244:9
[INFO] [stderr]     |
[INFO] [stderr] 244 |         add_template_via_name_and_file(&mut templater, &name, &file);
[INFO] [stderr]     |         ^^^^^^^^^^^^^^^^^^^^^^^^^^^^^^^^^^^^^^^^^^^^^^^^^^^^^^^^^^^^^
[INFO] [stderr]     |
[INFO] [stderr]     = note: this `Result` may be an `Err` variant, which should be handled
[INFO] [stderr] 
[INFO] [stderr] warning: `sita` (bin "sita") generated 13 warnings
[INFO] [stderr] warning: `sita` (bin "sita" test) generated 6 warnings
[INFO] [stderr]     Finished test [unoptimized + debuginfo] target(s) in 0.25s
[INFO] [stderr]      Running unittests (/opt/rustwide/target/debug/deps/sita-48d9e12a83047d06)
[INFO] [stdout] 
[INFO] [stdout] running 78 tests
[INFO] [stdout] test markdown::markdown_parser::tests::test_parser ... ok
[INFO] [stdout] test fun::from_list_str_into_map_string_string::tests::test_from_list_str_into_map_string_string ... ok
[INFO] [stdout] test markdown::matter::kinds::toml::tests::test_absent ... ok
[INFO] [stdout] test markdown::matter::kinds::yaml::tests::test_absent ... ok
[INFO] [stdout] test markdown::matter::kinds::toml::tests::test_present ... ok
[INFO] [stdout] test app::confy::tests::test_confy ... ok
[INFO] [stdout] test fun::from_set_pathable_string_into_set_path_buf::tests::test_from_set_pathable_string_into_set_path_buf ... ok
[INFO] [stdout] test markdown::matter::kinds::yaml::tests::test_present ... ok
[INFO] [stdout] test markdown::matter::kinds::json::tests::test_absent ... ok
[INFO] [stdout] test markdown::matter::kinds::html::tests::test_absent ... ok
[INFO] [stdout] test markdown::matter::util::tests::test_toml ... ok
[INFO] [stdout] test run::tests::test_convert_from_markdown_text_to_html_text ... ok
[INFO] [stdout] test run::tests::test_create_output_file_path_x_output_file_path ... ok
[INFO] [stdout] test run::tests::test_create_output_file_path_x_output_extension ... ok
[INFO] [stdout] test run::tests::test_do_path ... ok
[INFO] [stdout] test run::tests::test_create_output_file_path_x_default ... ok
[INFO] [stdout] test markdown::matter::kinds::html::tests::test_parse_block_to_map ... ok
[INFO] [stdout] test markdown::matter::util::tests::test_json ... ok
[INFO] [stdout] test run::tests::test_read_content_as_markdown_text ... ok
[INFO] [stdout] test run::tests::test_run ... ok
[INFO] [stdout] test markdown::matter::kinds::json::tests::test_present ... ok
[INFO] [stdout] test run::tests::test_select_template_name_x_custom ... ok
[INFO] [stdout] test markdown::matter::util::tests::test_html ... ok
[INFO] [stdout] test markdown::matter::kinds::html::tests::test_present ... ok
[INFO] [stdout] test run::tests::test_select_template_name_x_default ... ok
[INFO] [stdout] test markdown::matter::util::tests::test_yaml ... ok
[INFO] [stdout] test run::tests::test_vet_input_file_path_exists_x_err ... ok
[INFO] [stdout] test run::tests::test_vet_input_file_path_exists_x_ok ... ok
[INFO] [stdout] test run::tests::test_vet_input_file_path_extension_x_custom_x_ok ... ok
[INFO] [stdout] test run::tests::test_vet_input_file_path_extension_x_default_x_err ... ok
[INFO] [stdout] test run::tests::test_vet_input_file_path_extension_x_default_x_ok ... ok
[INFO] [stdout] test run::tests::test_vet_input_file_path_metadata_x_ok ... ok
[INFO] [stdout] test templating::kinds::handlebars::tests::test_default ... ok
[INFO] [stdout] test templating::kinds::handlebars::tests::test_best_template_name_x_default_name ... ok
[INFO] [stdout] test templating::kinds::handlebars::tests::test_new_with_args ... ok
[INFO] [stdout] test templating::kinds::handlebars::tests::test_has_template_x_false ... ok
[INFO] [stdout] test templating::kinds::handlebars::tests::test_best_template_name_x_custom_name ... ok
[INFO] [stdout] test templating::kinds::handlebars::tests::test_render_x_json ... ok
[INFO] [stdout] test templating::kinds::handlebars::tests::test_has_template_x_true ... ok
[INFO] [stdout] test templating::kinds::handlebars::tests::test_template_names_as_set_string ... ok
[INFO] [stdout] test templating::kinds::handlebars::tests::test_render_x_toml ... ok
[INFO] [stdout] test run::tests::test_vet_input_file_path_metadata_x_err ... ok
[INFO] [stdout] test run::tests::test_vet_input_file_path_extension_x_custom_x_err ... ok
[INFO] [stdout] test templating::kinds::tera::tests::test_best_template_name_x_custom_name ... ok
[INFO] [stdout] test templating::kinds::tera::tests::test_add_template_via_name_and_text ... ok
[INFO] [stdout] test templating::kinds::handlebars::tests::test_render_x_yaml ... ok
[INFO] [stdout] test templating::kinds::handlebars::tests::test_add_template_via_name_and_text ... ok
[INFO] [stdout] test templating::kinds::tera::tests::test_add_template_via_name_and_file ... ok
[INFO] [stdout] test templating::kinds::tera::tests::test_default_with_args ... ok
[INFO] [stdout] test templating::kinds::tera::tests::test_has_template_x_false ... ok
[INFO] [stdout] test templating::kinds::tera::tests::test_default ... ok
[INFO] [stdout] test templating::kinds::tera::tests::test_best_template_name_x_default_name ... ok
[INFO] [stdout] test templating::kinds::handlebars::tests::test_add_template_via_name_and_file ... ok
[INFO] [stdout] test templating::kinds::tera::tests::test_has_template_x_true ... ok
[INFO] [stdout] test templating::serde::tests::test_x_toml ... ok
[INFO] [stdout] test templating::serde::tests::test_x_yaml ... ok
[INFO] [stdout] test templating::tags::tests::test_html_tag_with_default ... ok
[INFO] [stdout] test templating::serde::tests::test_x_json ... ok
[INFO] [stdout] test templating::tags::tests::test_html_tag_with_lang ... ok
[INFO] [stdout] test templating::tags::tests::test_script_tag_with_url ... ok
[INFO] [stdout] test templating::tags::tests::test_stylesheet_tag_with_url ... ok
[INFO] [stdout] test templating::kinds::tera::tests::test_render_x_toml ... ok
[INFO] [stdout] test templating::tags::tests::test_title_tag_with_default ... ok
[INFO] [stdout] test templating::tags::tests::test_title_tag_with_title ... ok
[INFO] [stdout] test templating::kinds::tera::tests::test_template_names_as_set_str ... ok
[INFO] [stdout] test templating::kinds::tera::tests::test_render_x_json ... ok
[INFO] [stdout] test templating::kinds::tera::tests::test_render_x_yaml ... ok
[INFO] [stdout] test types::tests::test_list_macro_with_oneline ... ok
[INFO] [stdout] test types::tests::test_map_macro_with_multiline ... ok
[INFO] [stdout] test types::tests::test_queue_macro_with_oneline ... ok
[INFO] [stdout] test types::tests::test_set_macro_multiline ... ok
[INFO] [stdout] test types::tests::test_stack_macro_with_multiline ... ok
[INFO] [stdout] test types::tests::test_stack_macro_with_oneline ... ok
[INFO] [stdout] test types::tests::test_list_macro_with_multiline ... ok
[INFO] [stdout] test types::tests::test_map_macro_with_oneline ... ok
[INFO] [stdout] test types::tests::test_set_macro_oneline ... ok
[INFO] [stdout] test types::tests::test_queue_macro_with_multiline ... ok
[INFO] [stdout] test fun::from_list_pathable_string_into_list_path_buf::tests::test_from_list_pathable_string_into_list_path_buf ... FAILED
[INFO] [stdout] 
[INFO] [stdout] failures:
[INFO] [stdout] 
[INFO] [stdout] ---- fun::from_list_pathable_string_into_list_path_buf::tests::test_from_list_pathable_string_into_list_path_buf stdout ----
[INFO] [stdout] thread 'fun::from_list_pathable_string_into_list_path_buf::tests::test_from_list_pathable_string_into_list_path_buf' panicked at 'assertion failed: `(left == right)`
[INFO] [stdout]   left: `["/opt/rustwide/workdir/tests/function/from_list_pathable_string_into_list_path_buf/a/aa", "/opt/rustwide/workdir/tests/function/from_list_pathable_string_into_list_path_buf/a/aa/aaa", "/opt/rustwide/workdir/tests/function/from_list_pathable_string_into_list_path_buf/a/aa/aab", "/opt/rustwide/workdir/tests/function/from_list_pathable_string_into_list_path_buf/a/ab", "/opt/rustwide/workdir/tests/function/from_list_pathable_string_into_list_path_buf/a/ab/aba", "/opt/rustwide/workdir/tests/function/from_list_pathable_string_into_list_path_buf/a/ab/abb", "/opt/rustwide/workdir/tests/function/from_list_pathable_string_into_list_path_buf/b/ba", "/opt/rustwide/workdir/tests/function/from_list_pathable_string_into_list_path_buf/b/ba/baa", "/opt/rustwide/workdir/tests/function/from_list_pathable_string_into_list_path_buf/b/ba/bab", "/opt/rustwide/workdir/tests/function/from_list_pathable_string_into_list_path_buf/b/bb", "/opt/rustwide/workdir/tests/function/from_list_pathable_string_into_list_path_buf/b/bb/bba", "/opt/rustwide/workdir/tests/function/from_list_pathable_string_into_list_path_buf/b/bb/bbb"]`,
[INFO] [stdout]  right: `["/opt/rustwide/workdir/tests/function/from_list_pathable_string_into_list_path_buf/a/aa", "/opt/rustwide/workdir/tests/function/from_list_pathable_string_into_list_path_buf/a/aa/aaa", "/opt/rustwide/workdir/tests/function/from_list_pathable_string_into_list_path_buf/a/aa/aab", "/opt/rustwide/workdir/tests/function/from_list_pathable_string_into_list_path_buf/a/ab", "/opt/rustwide/workdir/tests/function/from_list_pathable_string_into_list_path_buf/a/ab/aba", "/opt/rustwide/workdir/tests/function/from_list_pathable_string_into_list_path_buf/a/ab/abb", "/opt/rustwide/workdir/tests/function/from_list_pathable_string_into_list_path_buf/b/ba", "/opt/rustwide/workdir/tests/function/from_list_pathable_string_into_list_path_buf/b/ba/baa", "/opt/rustwide/workdir/tests/function/from_list_pathable_string_into_list_path_buf/b/ba/bab", "/opt/rustwide/workdir/tests/function/from_list_pathable_string_into_list_path_buf/b/bb", "/opt/rustwide/workdir/tests/function/from_list_pathable_string_into_list_path_buf/b/bb/bba", "/opt/rustwide/workdir/tests/function/from_list_pathable_string_into_list_path_buf/b/bb/bbb", "/opt/rustwide/workdir/tests/function/from_list_pathable_string_into_list_path_buf/b/bb/bbb"]`', src/fun/from_list_pathable_string_into_list_path_buf.rs:57:9
[INFO] [stdout] stack backtrace:
[INFO] [stdout]    0:     0x562f71e4b630 - std::backtrace_rs::backtrace::libunwind::trace::hff4d1766e93f64f1
[INFO] [stdout]                                at /rustc/53fd98ca776cb875bc9e5514f56b52eb74f9e7a9/library/std/src/../../backtrace/src/backtrace/libunwind.rs:90:5
[INFO] [stdout]    1:     0x562f71e4b630 - std::backtrace_rs::backtrace::trace_unsynchronized::h56bbc8eb78770bcb
[INFO] [stdout]                                at /rustc/53fd98ca776cb875bc9e5514f56b52eb74f9e7a9/library/std/src/../../backtrace/src/backtrace/mod.rs:66:5
[INFO] [stdout]    2:     0x562f71e4b630 - std::sys_common::backtrace::_print_fmt::h5c8e75464faca780
[INFO] [stdout]                                at /rustc/53fd98ca776cb875bc9e5514f56b52eb74f9e7a9/library/std/src/sys_common/backtrace.rs:67:5
[INFO] [stdout]    3:     0x562f71e4b630 - <std::sys_common::backtrace::_print::DisplayBacktrace as core::fmt::Display>::fmt::h48b88277def8b362
[INFO] [stdout]                                at /rustc/53fd98ca776cb875bc9e5514f56b52eb74f9e7a9/library/std/src/sys_common/backtrace.rs:46:22
[INFO] [stdout]    4:     0x562f71e7043c - core::fmt::write::h3381b3176fe2b3d3
[INFO] [stdout]                                at /rustc/53fd98ca776cb875bc9e5514f56b52eb74f9e7a9/library/core/src/fmt/mod.rs:1115:17
[INFO] [stdout]    5:     0x562f71e47cc5 - std::io::Write::write_fmt::h5f34a676f60246b5
[INFO] [stdout]                                at /rustc/53fd98ca776cb875bc9e5514f56b52eb74f9e7a9/library/std/src/io/mod.rs:1665:15
[INFO] [stdout]    6:     0x562f71e4d7db - std::sys_common::backtrace::_print::ha537687d6c17dd0d
[INFO] [stdout]                                at /rustc/53fd98ca776cb875bc9e5514f56b52eb74f9e7a9/library/std/src/sys_common/backtrace.rs:49:5
[INFO] [stdout]    7:     0x562f71e4d7db - std::sys_common::backtrace::print::h61376ae57d131d72
[INFO] [stdout]                                at /rustc/53fd98ca776cb875bc9e5514f56b52eb74f9e7a9/library/std/src/sys_common/backtrace.rs:36:9
[INFO] [stdout]    8:     0x562f71e4d7db - std::panicking::default_hook::{{closure}}::h0f7208c0b9644a54
[INFO] [stdout]                                at /rustc/53fd98ca776cb875bc9e5514f56b52eb74f9e7a9/library/std/src/panicking.rs:208:50
[INFO] [stdout]    9:     0x562f71e4d2ec - std::panicking::default_hook::hdac7fc06578c14ce
[INFO] [stdout]                                at /rustc/53fd98ca776cb875bc9e5514f56b52eb74f9e7a9/library/std/src/panicking.rs:222:9
[INFO] [stdout]   10:     0x562f71e4dea4 - std::panicking::rust_panic_with_hook::h72b21c283da3d1ef
[INFO] [stdout]                                at /rustc/53fd98ca776cb875bc9e5514f56b52eb74f9e7a9/library/std/src/panicking.rs:622:17
[INFO] [stdout]   11:     0x562f71e4d987 - std::panicking::begin_panic_handler::{{closure}}::he5778f1729cff84a
[INFO] [stdout]                                at /rustc/53fd98ca776cb875bc9e5514f56b52eb74f9e7a9/library/std/src/panicking.rs:519:13
[INFO] [stdout]   12:     0x562f71e4bb0c - std::sys_common::backtrace::__rust_end_short_backtrace::h2d11ca8b453b4b1d
[INFO] [stdout]                                at /rustc/53fd98ca776cb875bc9e5514f56b52eb74f9e7a9/library/std/src/sys_common/backtrace.rs:141:18
[INFO] [stdout]   13:     0x562f71e4d8e9 - rust_begin_unwind
[INFO] [stdout]                                at /rustc/53fd98ca776cb875bc9e5514f56b52eb74f9e7a9/library/std/src/panicking.rs:515:5
[INFO] [stdout]   14:     0x562f715a7951 - core::panicking::panic_fmt::hf9de31d4acbce4db
[INFO] [stdout]                                at /rustc/53fd98ca776cb875bc9e5514f56b52eb74f9e7a9/library/core/src/panicking.rs:92:14
[INFO] [stdout]   15:     0x562f71e6ea78 - core::panicking::assert_failed_inner::h62e8cb2847a6e7ec
[INFO] [stdout]   16:     0x562f715f6dea - core::panicking::assert_failed::hb7b23da48274fa9c
[INFO] [stdout]                                at /rustc/53fd98ca776cb875bc9e5514f56b52eb74f9e7a9/library/core/src/panicking.rs:117:5
[INFO] [stdout]   17:     0x562f715e8b43 - sita::fun::from_list_pathable_string_into_list_path_buf::tests::test_from_list_pathable_string_into_list_path_buf::h2aa0e62e61a70093
[INFO] [stdout]                                at /opt/rustwide/workdir/src/fun/from_list_pathable_string_into_list_path_buf.rs:57:9
[INFO] [stdout]   18:     0x562f715e7f7a - sita::fun::from_list_pathable_string_into_list_path_buf::tests::test_from_list_pathable_string_into_list_path_buf::{{closure}}::ha75bf5db10c6fd49
[INFO] [stdout]                                at /opt/rustwide/workdir/src/fun/from_list_pathable_string_into_list_path_buf.rs:34:5
[INFO] [stdout]   19:     0x562f715fdcde - core::ops::function::FnOnce::call_once::h0b5185a613bdc22b
[INFO] [stdout]                                at /rustc/53fd98ca776cb875bc9e5514f56b52eb74f9e7a9/library/core/src/ops/function.rs:227:5
[INFO] [stdout]   20:     0x562f71994323 - core::ops::function::FnOnce::call_once::hbb52c4519d3137b0
[INFO] [stdout]                                at /rustc/53fd98ca776cb875bc9e5514f56b52eb74f9e7a9/library/core/src/ops/function.rs:227:5
[INFO] [stdout]   21:     0x562f71994323 - test::__rust_begin_short_backtrace::h86fe3a2a5a5121af
[INFO] [stdout]                                at /rustc/53fd98ca776cb875bc9e5514f56b52eb74f9e7a9/library/test/src/lib.rs:578:5
[INFO] [stdout]   22:     0x562f71992dd8 - <alloc::boxed::Box<F,A> as core::ops::function::FnOnce<Args>>::call_once::hfd956bc3d57399be
[INFO] [stdout]                                at /rustc/53fd98ca776cb875bc9e5514f56b52eb74f9e7a9/library/alloc/src/boxed.rs:1572:9
[INFO] [stdout]   23:     0x562f71992dd8 - <std::panic::AssertUnwindSafe<F> as core::ops::function::FnOnce<()>>::call_once::h40dc93e0ddb5938a
[INFO] [stdout]                                at /rustc/53fd98ca776cb875bc9e5514f56b52eb74f9e7a9/library/std/src/panic.rs:347:9
[INFO] [stdout]   24:     0x562f71992dd8 - std::panicking::try::do_call::h90d07750cb47c562
[INFO] [stdout]                                at /rustc/53fd98ca776cb875bc9e5514f56b52eb74f9e7a9/library/std/src/panicking.rs:401:40
[INFO] [stdout]   25:     0x562f71992dd8 - std::panicking::try::h063c84733ad2a629
[INFO] [stdout]                                at /rustc/53fd98ca776cb875bc9e5514f56b52eb74f9e7a9/library/std/src/panicking.rs:365:19
[INFO] [stdout]   26:     0x562f71992dd8 - std::panic::catch_unwind::h0c464836a84e7c08
[INFO] [stdout]                                at /rustc/53fd98ca776cb875bc9e5514f56b52eb74f9e7a9/library/std/src/panic.rs:434:14
[INFO] [stdout]   27:     0x562f71992dd8 - test::run_test_in_process::h5cb06ef620b157fc
[INFO] [stdout]                                at /rustc/53fd98ca776cb875bc9e5514f56b52eb74f9e7a9/library/test/src/lib.rs:601:18
[INFO] [stdout]   28:     0x562f71992dd8 - test::run_test::run_test_inner::{{closure}}::h76f677f4b93f9828
[INFO] [stdout]                                at /rustc/53fd98ca776cb875bc9e5514f56b52eb74f9e7a9/library/test/src/lib.rs:493:39
[INFO] [stdout]   29:     0x562f7196156d - test::run_test::run_test_inner::{{closure}}::h366d01fe04f4d67a
[INFO] [stdout]                                at /rustc/53fd98ca776cb875bc9e5514f56b52eb74f9e7a9/library/test/src/lib.rs:520:37
[INFO] [stdout]   30:     0x562f7196156d - std::sys_common::backtrace::__rust_begin_short_backtrace::h7dfa0de4eb395af2
[INFO] [stdout]                                at /rustc/53fd98ca776cb875bc9e5514f56b52eb74f9e7a9/library/std/src/sys_common/backtrace.rs:125:18
[INFO] [stdout]   31:     0x562f71965d38 - std::thread::Builder::spawn_unchecked::{{closure}}::{{closure}}::hf0a74bb58798037f
[INFO] [stdout]                                at /rustc/53fd98ca776cb875bc9e5514f56b52eb74f9e7a9/library/std/src/thread/mod.rs:476:17
[INFO] [stdout]   32:     0x562f71965d38 - <std::panic::AssertUnwindSafe<F> as core::ops::function::FnOnce<()>>::call_once::hb024e854818586ac
[INFO] [stdout]                                at /rustc/53fd98ca776cb875bc9e5514f56b52eb74f9e7a9/library/std/src/panic.rs:347:9
[INFO] [stdout]   33:     0x562f71965d38 - std::panicking::try::do_call::hb2dd9f1d0d48e41d
[INFO] [stdout]                                at /rustc/53fd98ca776cb875bc9e5514f56b52eb74f9e7a9/library/std/src/panicking.rs:401:40
[INFO] [stdout]   34:     0x562f71965d38 - std::panicking::try::h4717ae7bac8b2bf3
[INFO] [stdout]                                at /rustc/53fd98ca776cb875bc9e5514f56b52eb74f9e7a9/library/std/src/panicking.rs:365:19
[INFO] [stdout]   35:     0x562f71965d38 - std::panic::catch_unwind::h0dc8a061326ce8d8
[INFO] [stdout]                                at /rustc/53fd98ca776cb875bc9e5514f56b52eb74f9e7a9/library/std/src/panic.rs:434:14
[INFO] [stdout]   36:     0x562f71965d38 - std::thread::Builder::spawn_unchecked::{{closure}}::haa369e2d6fd00aa1
[INFO] [stdout]                                at /rustc/53fd98ca776cb875bc9e5514f56b52eb74f9e7a9/library/std/src/thread/mod.rs:475:30
[INFO] [stdout]   37:     0x562f71965d38 - core::ops::function::FnOnce::call_once{{vtable.shim}}::h36dcf3de8b056f17
[INFO] [stdout]                                at /rustc/53fd98ca776cb875bc9e5514f56b52eb74f9e7a9/library/core/src/ops/function.rs:227:5
[INFO] [stdout]   38:     0x562f71e53087 - <alloc::boxed::Box<F,A> as core::ops::function::FnOnce<Args>>::call_once::h65c29e4642be2358
[INFO] [stdout]                                at /rustc/53fd98ca776cb875bc9e5514f56b52eb74f9e7a9/library/alloc/src/boxed.rs:1572:9
[INFO] [stdout]   39:     0x562f71e53087 - <alloc::boxed::Box<F,A> as core::ops::function::FnOnce<Args>>::call_once::hd0f8f7fbbd9fffbf
[INFO] [stdout]                                at /rustc/53fd98ca776cb875bc9e5514f56b52eb74f9e7a9/library/alloc/src/boxed.rs:1572:9
[INFO] [stdout]   40:     0x562f71e53087 - std::sys::unix::thread::Thread::new::thread_start::h2fd22fee3ca77b65
[INFO] [stdout]                                at /rustc/53fd98ca776cb875bc9e5514f56b52eb74f9e7a9/library/std/src/sys/unix/thread.rs:74:17
[INFO] [stdout]   41:     0x7f4973703609 - start_thread
[INFO] [stdout]   42:     0x7f49734d5293 - clone
[INFO] [stdout]   43:                0x0 - <unknown>
[INFO] [stdout] 
[INFO] [stdout] 
[INFO] [stdout] failures:
[INFO] [stdout]     fun::from_list_pathable_string_into_list_path_buf::tests::test_from_list_pathable_string_into_list_path_buf
[INFO] [stdout] 
[INFO] [stdout] test result: FAILED. 77 passed; 1 failed; 0 ignored; 0 measured; 0 filtered out; finished in 0.21s
[INFO] [stdout] 
[INFO] [stderr] error: test failed, to rerun pass '--bin sita'
[INFO] running `Command { std: "docker" "inspect" "3c1abdad7d239799efcb805a3e6786d98aa91040c173938b08fb5a53e199a168", kill_on_drop: false }`
[INFO] running `Command { std: "docker" "rm" "-f" "3c1abdad7d239799efcb805a3e6786d98aa91040c173938b08fb5a53e199a168", kill_on_drop: false }`
[INFO] [stdout] 3c1abdad7d239799efcb805a3e6786d98aa91040c173938b08fb5a53e199a168
