[INFO] cloning repository https://github.com/SUPERAndroidAnalyzer/super
[INFO] running `Command { std: "git" "-c" "credential.helper=" "-c" "credential.helper=/workspace/cargo-home/bin/git-credential-null" "clone" "--bare" "https://github.com/SUPERAndroidAnalyzer/super" "/workspace/cache/git-repos/https%3A%2F%2Fgithub.com%2FSUPERAndroidAnalyzer%2Fsuper", kill_on_drop: false }`
[INFO] [stderr] Cloning into bare repository '/workspace/cache/git-repos/https%3A%2F%2Fgithub.com%2FSUPERAndroidAnalyzer%2Fsuper'...
[INFO] running `Command { std: "git" "rev-parse" "HEAD", kill_on_drop: false }`
[INFO] [stdout] 1886c6f8ed9cb36e6b7793c911f28b70e612bea2
[INFO] testing SUPERAndroidAnalyzer/super against 1.54.0 for beta-1.55-1
[INFO] running `Command { std: "git" "clone" "/workspace/cache/git-repos/https%3A%2F%2Fgithub.com%2FSUPERAndroidAnalyzer%2Fsuper" "/workspace/builds/worker-12/source", kill_on_drop: false }`
[INFO] [stderr] Cloning into '/workspace/builds/worker-12/source'...
[INFO] [stderr] done.
[INFO] validating manifest of git repo https://github.com/SUPERAndroidAnalyzer/super on toolchain 1.54.0
[INFO] running `Command { std: "/workspace/cargo-home/bin/cargo" "+1.54.0" "metadata" "--manifest-path" "Cargo.toml" "--no-deps", kill_on_drop: false }`
[INFO] removed /workspace/builds/worker-12/source/.cargo/config
[INFO] started tweaking git repo https://github.com/SUPERAndroidAnalyzer/super
[INFO] finished tweaking git repo https://github.com/SUPERAndroidAnalyzer/super
[INFO] tweaked toml for git repo https://github.com/SUPERAndroidAnalyzer/super written to /workspace/builds/worker-12/source/Cargo.toml
[INFO] crate git repo https://github.com/SUPERAndroidAnalyzer/super already has a lockfile, it will not be regenerated
[INFO] running `Command { std: "/workspace/cargo-home/bin/cargo" "+1.54.0" "fetch" "--manifest-path" "Cargo.toml", kill_on_drop: false }`
[INFO] running `Command { std: "docker" "create" "-v" "/var/lib/crater-agent-workspace/builds/worker-12/target:/opt/rustwide/target:rw,Z" "-v" "/var/lib/crater-agent-workspace/builds/worker-12/source:/opt/rustwide/workdir:ro,Z" "-v" "/var/lib/crater-agent-workspace/cargo-home:/opt/rustwide/cargo-home:ro,Z" "-v" "/var/lib/crater-agent-workspace/rustup-home:/opt/rustwide/rustup-home:ro,Z" "-e" "SOURCE_DIR=/opt/rustwide/workdir" "-e" "CARGO_TARGET_DIR=/opt/rustwide/target" "-e" "CARGO_HOME=/opt/rustwide/cargo-home" "-e" "RUSTUP_HOME=/opt/rustwide/rustup-home" "-w" "/opt/rustwide/workdir" "-m" "1610612736" "--user" "0:0" "--network" "none" "ghcr.io/rust-lang/crates-build-env/linux@sha256:34b6a614d2c27851fe6cbf88fbd1137609cefab8b10d0615aaeb6fd47975d74e" "/opt/rustwide/cargo-home/bin/cargo" "+1.54.0" "metadata" "--no-deps" "--format-version=1", kill_on_drop: false }`
[INFO] [stdout] 69e7f57ca73927f3bfc1d6ef8271428e2f17606ed00d93083235e6a0e9d16818
[INFO] [stderr] WARNING: Your kernel does not support swap limit capabilities or the cgroup is not mounted. Memory limited without swap.
[INFO] running `Command { std: "docker" "start" "-a" "69e7f57ca73927f3bfc1d6ef8271428e2f17606ed00d93083235e6a0e9d16818", kill_on_drop: false }`
[INFO] running `Command { std: "docker" "inspect" "69e7f57ca73927f3bfc1d6ef8271428e2f17606ed00d93083235e6a0e9d16818", kill_on_drop: false }`
[INFO] running `Command { std: "docker" "rm" "-f" "69e7f57ca73927f3bfc1d6ef8271428e2f17606ed00d93083235e6a0e9d16818", kill_on_drop: false }`
[INFO] [stdout] 69e7f57ca73927f3bfc1d6ef8271428e2f17606ed00d93083235e6a0e9d16818
[INFO] running `Command { std: "docker" "create" "-v" "/var/lib/crater-agent-workspace/builds/worker-12/target:/opt/rustwide/target:rw,Z" "-v" "/var/lib/crater-agent-workspace/builds/worker-12/source:/opt/rustwide/workdir:ro,Z" "-v" "/var/lib/crater-agent-workspace/cargo-home:/opt/rustwide/cargo-home:ro,Z" "-v" "/var/lib/crater-agent-workspace/rustup-home:/opt/rustwide/rustup-home:ro,Z" "-e" "SOURCE_DIR=/opt/rustwide/workdir" "-e" "CARGO_TARGET_DIR=/opt/rustwide/target" "-e" "CARGO_INCREMENTAL=0" "-e" "RUST_BACKTRACE=full" "-e" "RUSTFLAGS=--cap-lints=warn" "-e" "CARGO_HOME=/opt/rustwide/cargo-home" "-e" "RUSTUP_HOME=/opt/rustwide/rustup-home" "-w" "/opt/rustwide/workdir" "-m" "1610612736" "--user" "0:0" "--network" "none" "ghcr.io/rust-lang/crates-build-env/linux@sha256:34b6a614d2c27851fe6cbf88fbd1137609cefab8b10d0615aaeb6fd47975d74e" "/opt/rustwide/cargo-home/bin/cargo" "+1.54.0" "build" "--frozen" "--message-format=json", kill_on_drop: false }`
[INFO] [stdout] fd604522a56528effd5288296343cb10fbde23abbf50737d1935cf9ca7b00545
[INFO] [stderr] WARNING: Your kernel does not support swap limit capabilities or the cgroup is not mounted. Memory limited without swap.
[INFO] running `Command { std: "docker" "start" "-a" "fd604522a56528effd5288296343cb10fbde23abbf50737d1935cf9ca7b00545", kill_on_drop: false }`
[INFO] [stderr]    Compiling libc v0.2.44
[INFO] [stderr]    Compiling proc-macro2 v0.4.24
[INFO] [stderr]    Compiling cc v1.0.25
[INFO] [stderr]    Compiling serde v1.0.81
[INFO] [stderr]    Compiling typenum v1.10.0
[INFO] [stderr]    Compiling crc32fast v1.1.2
[INFO] [stderr]    Compiling ucd-trie v0.1.1
[INFO] [stderr]    Compiling failure_derive v0.1.3
[INFO] [stderr]    Compiling maplit v1.0.1
[INFO] [stderr]    Compiling ryu v0.2.7
[INFO] [stderr]    Compiling byte-tools v0.3.0
[INFO] [stderr]    Compiling podio v0.1.6
[INFO] [stderr]    Compiling opaque-debug v0.2.1
[INFO] [stderr]    Compiling bytecount v0.4.0
[INFO] [stderr]    Compiling md5 v0.6.0
[INFO] [stderr]    Compiling open v1.2.2
[INFO] [stderr]    Compiling hex v0.3.2
[INFO] [stderr]    Compiling memchr v2.1.1
[INFO] [stderr]    Compiling log v0.4.6
[INFO] [stderr]    Compiling textwrap v0.10.0
[INFO] [stderr]    Compiling colored v1.6.1
[INFO] [stderr]    Compiling block-padding v0.1.2
[INFO] [stderr]    Compiling pest v2.0.2
[INFO] [stderr]    Compiling libflate v0.1.19
[INFO] [stderr]    Compiling backtrace-sys v0.1.24
[INFO] [stderr]    Compiling bzip2-sys v0.1.7
[INFO] [stderr]    Compiling atty v0.2.11
[INFO] [stderr]    Compiling time v0.1.40
[INFO] [stderr]    Compiling num_cpus v1.8.0
[INFO] [stderr]    Compiling quote v0.6.10
[INFO] [stderr]    Compiling clap v2.32.0
[INFO] [stderr]    Compiling generic-array v0.12.0
[INFO] [stderr]    Compiling aho-corasick v0.6.9
[INFO] [stderr]    Compiling syn v0.15.22
[INFO] [stderr]    Compiling syn v0.14.9
[INFO] [stderr]    Compiling pest_meta v2.0.3
[INFO] [stderr]    Compiling digest v0.8.0
[INFO] [stderr]    Compiling block-buffer v0.7.0
[INFO] [stderr]    Compiling regex v1.1.0
[INFO] [stderr]    Compiling sha2 v0.8.0
[INFO] [stderr]    Compiling bzip2 v0.3.3
[INFO] [stderr]    Compiling backtrace v0.3.9
[INFO] [stderr]    Compiling zip v0.5.0
[INFO] [stderr]    Compiling pest_generator v2.0.0
[INFO] [stderr]    Compiling env_logger v0.6.0
[INFO] [stderr]    Compiling synstructure v0.10.1
[INFO] [stderr]    Compiling serde_json v1.0.33
[INFO] [stderr]    Compiling chrono v0.4.6
[INFO] [stderr]    Compiling toml v0.4.10
[INFO] [stderr]    Compiling pest_derive v2.0.1
[INFO] [stderr]    Compiling serde_derive v1.0.81
[INFO] [stderr]    Compiling super-analyzer v0.5.1 (/opt/rustwide/workdir)
[INFO] [stderr]    Compiling handlebars v1.1.0
[INFO] [stderr]    Compiling failure v0.1.3
[INFO] [stderr]    Compiling abxml v0.7.1
[INFO] [stdout] warning: unused doc comment
[INFO] [stdout]   --> src/utils.rs:16:1
[INFO] [stdout]    |
[INFO] [stdout] 16 | /// Configuration for the XML parser.
[INFO] [stdout]    | ^^^^^^^^^^^^^^^^^^^^^^^^^^^^^^^^^^^^^ rustdoc does not generate documentation for macro invocations
[INFO] [stdout]    |
[INFO] [stdout]    = note: `#[warn(unused_doc_comments)]` on by default
[INFO] [stdout]    = help: to document an item produced by a macro, the macro must produce the documentation as part of its expansion
[INFO] [stdout] 
[INFO] [stdout] 
[INFO] [stdout] warning: trait objects without an explicit `dyn` are deprecated
[INFO] [stdout]   --> src/results/handlebars_helpers.rs:16:15
[INFO] [stdout]    |
[INFO] [stdout] 16 |     out: &mut Output,
[INFO] [stdout]    |               ^^^^^^ help: use `dyn`: `dyn Output`
[INFO] [stdout]    |
[INFO] [stdout]    = note: `#[warn(bare_trait_objects)]` on by default
[INFO] [stdout]    = warning: this was previously accepted by the compiler but is being phased out; it will become a hard error in the 2021 edition!
[INFO] [stdout]    = note: for more information, see issue #80165 <https://github.com/rust-lang/rust/issues/80165>
[INFO] [stdout] 
[INFO] [stdout] 
[INFO] [stdout] warning: trait objects without an explicit `dyn` are deprecated
[INFO] [stdout]   --> src/results/handlebars_helpers.rs:72:15
[INFO] [stdout]    |
[INFO] [stdout] 72 |     out: &mut Output,
[INFO] [stdout]    |               ^^^^^^ help: use `dyn`: `dyn Output`
[INFO] [stdout]    |
[INFO] [stdout]    = warning: this was previously accepted by the compiler but is being phased out; it will become a hard error in the 2021 edition!
[INFO] [stdout]    = note: for more information, see issue #80165 <https://github.com/rust-lang/rust/issues/80165>
[INFO] [stdout] 
[INFO] [stdout] 
[INFO] [stdout] warning: trait objects without an explicit `dyn` are deprecated
[INFO] [stdout]    --> src/results/handlebars_helpers.rs:112:15
[INFO] [stdout]     |
[INFO] [stdout] 112 |     out: &mut Output,
[INFO] [stdout]     |               ^^^^^^ help: use `dyn`: `dyn Output`
[INFO] [stdout]     |
[INFO] [stdout]     = warning: this was previously accepted by the compiler but is being phased out; it will become a hard error in the 2021 edition!
[INFO] [stdout]     = note: for more information, see issue #80165 <https://github.com/rust-lang/rust/issues/80165>
[INFO] [stdout] 
[INFO] [stdout] 
[INFO] [stdout] warning: trait objects without an explicit `dyn` are deprecated
[INFO] [stdout]    --> src/results/handlebars_helpers.rs:164:15
[INFO] [stdout]     |
[INFO] [stdout] 164 |     out: &mut Output,
[INFO] [stdout]     |               ^^^^^^ help: use `dyn`: `dyn Output`
[INFO] [stdout]     |
[INFO] [stdout]     = warning: this was previously accepted by the compiler but is being phased out; it will become a hard error in the 2021 edition!
[INFO] [stdout]     = note: for more information, see issue #80165 <https://github.com/rust-lang/rust/issues/80165>
[INFO] [stdout] 
[INFO] [stdout] 
[INFO] [stdout] warning: trait objects without an explicit `dyn` are deprecated
[INFO] [stdout]    --> src/results/handlebars_helpers.rs:238:15
[INFO] [stdout]     |
[INFO] [stdout] 238 |     out: &mut Output,
[INFO] [stdout]     |               ^^^^^^ help: use `dyn`: `dyn Output`
[INFO] [stdout]     |
[INFO] [stdout]     = warning: this was previously accepted by the compiler but is being phased out; it will become a hard error in the 2021 edition!
[INFO] [stdout]     = note: for more information, see issue #80165 <https://github.com/rust-lang/rust/issues/80165>
[INFO] [stdout] 
[INFO] [stdout] 
[INFO] [stdout] warning: trait objects without an explicit `dyn` are deprecated
[INFO] [stdout]    --> src/results/handlebars_helpers.rs:287:15
[INFO] [stdout]     |
[INFO] [stdout] 287 |     out: &mut Output,
[INFO] [stdout]     |               ^^^^^^ help: use `dyn`: `dyn Output`
[INFO] [stdout]     |
[INFO] [stdout]     = warning: this was previously accepted by the compiler but is being phased out; it will become a hard error in the 2021 edition!
[INFO] [stdout]     = note: for more information, see issue #80165 <https://github.com/rust-lang/rust/issues/80165>
[INFO] [stdout] 
[INFO] [stdout] 
[INFO] [stdout] warning: trait objects without an explicit `dyn` are deprecated
[INFO] [stdout]    --> src/results/handlebars_helpers.rs:301:47
[INFO] [stdout]     |
[INFO] [stdout] 301 | fn render_menu(menu: &[Value], renderer: &mut Output) -> Result<(), RenderError> {
[INFO] [stdout]     |                                               ^^^^^^ help: use `dyn`: `dyn Output`
[INFO] [stdout]     |
[INFO] [stdout]     = warning: this was previously accepted by the compiler but is being phased out; it will become a hard error in the 2021 edition!
[INFO] [stdout]     = note: for more information, see issue #80165 <https://github.com/rust-lang/rust/issues/80165>
[INFO] [stdout] 
[INFO] [stdout] 
[INFO] [stdout] warning: 8 warnings emitted
[INFO] [stdout] 
[INFO] [stdout] 
[INFO] [stderr]     Finished dev [unoptimized + debuginfo] target(s) in 2m 08s
[INFO] running `Command { std: "docker" "inspect" "fd604522a56528effd5288296343cb10fbde23abbf50737d1935cf9ca7b00545", kill_on_drop: false }`
[INFO] running `Command { std: "docker" "rm" "-f" "fd604522a56528effd5288296343cb10fbde23abbf50737d1935cf9ca7b00545", kill_on_drop: false }`
[INFO] [stdout] fd604522a56528effd5288296343cb10fbde23abbf50737d1935cf9ca7b00545
[INFO] running `Command { std: "docker" "create" "-v" "/var/lib/crater-agent-workspace/builds/worker-12/target:/opt/rustwide/target:rw,Z" "-v" "/var/lib/crater-agent-workspace/builds/worker-12/source:/opt/rustwide/workdir:ro,Z" "-v" "/var/lib/crater-agent-workspace/cargo-home:/opt/rustwide/cargo-home:ro,Z" "-v" "/var/lib/crater-agent-workspace/rustup-home:/opt/rustwide/rustup-home:ro,Z" "-e" "SOURCE_DIR=/opt/rustwide/workdir" "-e" "CARGO_TARGET_DIR=/opt/rustwide/target" "-e" "CARGO_INCREMENTAL=0" "-e" "RUST_BACKTRACE=full" "-e" "RUSTFLAGS=--cap-lints=warn" "-e" "CARGO_HOME=/opt/rustwide/cargo-home" "-e" "RUSTUP_HOME=/opt/rustwide/rustup-home" "-w" "/opt/rustwide/workdir" "-m" "1610612736" "--user" "0:0" "--network" "none" "ghcr.io/rust-lang/crates-build-env/linux@sha256:34b6a614d2c27851fe6cbf88fbd1137609cefab8b10d0615aaeb6fd47975d74e" "/opt/rustwide/cargo-home/bin/cargo" "+1.54.0" "test" "--frozen" "--no-run" "--message-format=json", kill_on_drop: false }`
[INFO] [stdout] ae6e6871b2dff9183fb6af36a82e2a3a56b35012e06575eeeb7f27c34c330267
[INFO] [stderr] WARNING: Your kernel does not support swap limit capabilities or the cgroup is not mounted. Memory limited without swap.
[INFO] running `Command { std: "docker" "start" "-a" "ae6e6871b2dff9183fb6af36a82e2a3a56b35012e06575eeeb7f27c34c330267", kill_on_drop: false }`
[INFO] [stderr]    Compiling rand_core v0.3.0
[INFO] [stderr]    Compiling futures v0.1.25
[INFO] [stderr]    Compiling lazycell v1.2.1
[INFO] [stderr]    Compiling openssl v0.10.15
[INFO] [stderr]    Compiling httparse v1.3.3
[INFO] [stderr]    Compiling indexmap v1.0.2
[INFO] [stderr]    Compiling try-lock v0.2.2
[INFO] [stderr]    Compiling string v0.1.2
[INFO] [stderr]    Compiling native-tls v0.2.2
[INFO] [stderr]    Compiling encoding_rs v0.8.13
[INFO] [stderr]    Compiling safemem v0.3.0
[INFO] [stderr]    Compiling crossbeam-utils v0.6.2
[INFO] [stderr]    Compiling unicase v2.2.0
[INFO] [stderr]    Compiling arrayvec v0.4.8
[INFO] [stderr]    Compiling openssl-sys v0.9.39
[INFO] [stderr]    Compiling smallvec v0.6.7
[INFO] [stderr]    Compiling iovec v0.1.2
[INFO] [stderr]    Compiling net2 v0.2.33
[INFO] [stderr]    Compiling rand_chacha v0.1.0
[INFO] [stderr]    Compiling rand v0.6.1
[INFO] [stderr]    Compiling base64 v0.9.3
[INFO] [stderr]    Compiling unicase v1.4.2
[INFO] [stderr]    Compiling url v1.7.2
[INFO] [stderr]    Compiling rand_core v0.2.2
[INFO] [stderr]    Compiling rand_xorshift v0.1.0
[INFO] [stderr]    Compiling rand_isaac v0.1.1
[INFO] [stderr]    Compiling rand_hc v0.1.0
[INFO] [stderr]    Compiling bytes v0.4.11
[INFO] [stderr]    Compiling rand_pcg v0.1.1
[INFO] [stderr]    Compiling crossbeam-epoch v0.6.1
[INFO] [stderr]    Compiling phf_shared v0.7.23
[INFO] [stderr]    Compiling rand v0.5.5
[INFO] [stderr]    Compiling mio v0.6.16
[INFO] [stderr]    Compiling phf v0.7.23
[INFO] [stdout] warning: unused doc comment
[INFO] [stdout]   --> src/utils.rs:16:1
[INFO] [stdout]    |
[INFO] [stdout] 16 | /// Configuration for the XML parser.
[INFO] [stdout]    | ^^^^^^^^^^^^^^^^^^^^^^^^^^^^^^^^^^^^^ rustdoc does not generate documentation for macro invocations
[INFO] [stdout]    |
[INFO] [stdout]    = note: `#[warn(unused_doc_comments)]` on by default
[INFO] [stdout]    = help: to document an item produced by a macro, the macro must produce the documentation as part of its expansion
[INFO] [stdout] 
[INFO] [stdout] 
[INFO] [stdout] warning: trait objects without an explicit `dyn` are deprecated
[INFO] [stdout]   --> src/results/handlebars_helpers.rs:16:15
[INFO] [stdout]    |
[INFO] [stdout] 16 |     out: &mut Output,
[INFO] [stdout]    |               ^^^^^^ help: use `dyn`: `dyn Output`
[INFO] [stdout]    |
[INFO] [stdout]    = note: `#[warn(bare_trait_objects)]` on by default
[INFO] [stdout]    = warning: this was previously accepted by the compiler but is being phased out; it will become a hard error in the 2021 edition!
[INFO] [stdout]    = note: for more information, see issue #80165 <https://github.com/rust-lang/rust/issues/80165>
[INFO] [stdout] 
[INFO] [stdout] 
[INFO] [stdout] warning: trait objects without an explicit `dyn` are deprecated
[INFO] [stdout]   --> src/results/handlebars_helpers.rs:72:15
[INFO] [stdout]    |
[INFO] [stdout] 72 |     out: &mut Output,
[INFO] [stdout]    |               ^^^^^^ help: use `dyn`: `dyn Output`
[INFO] [stdout]    |
[INFO] [stdout]    = warning: this was previously accepted by the compiler but is being phased out; it will become a hard error in the 2021 edition!
[INFO] [stdout]    = note: for more information, see issue #80165 <https://github.com/rust-lang/rust/issues/80165>
[INFO] [stdout] 
[INFO] [stdout] 
[INFO] [stdout] warning: trait objects without an explicit `dyn` are deprecated
[INFO] [stdout]    --> src/results/handlebars_helpers.rs:112:15
[INFO] [stdout]     |
[INFO] [stdout] 112 |     out: &mut Output,
[INFO] [stdout]     |               ^^^^^^ help: use `dyn`: `dyn Output`
[INFO] [stdout]     |
[INFO] [stdout]     = warning: this was previously accepted by the compiler but is being phased out; it will become a hard error in the 2021 edition!
[INFO] [stdout]     = note: for more information, see issue #80165 <https://github.com/rust-lang/rust/issues/80165>
[INFO] [stdout] 
[INFO] [stdout] 
[INFO] [stdout] warning: trait objects without an explicit `dyn` are deprecated
[INFO] [stdout]    --> src/results/handlebars_helpers.rs:164:15
[INFO] [stdout]     |
[INFO] [stdout] 164 |     out: &mut Output,
[INFO] [stdout]     |               ^^^^^^ help: use `dyn`: `dyn Output`
[INFO] [stdout]     |
[INFO] [stdout]     = warning: this was previously accepted by the compiler but is being phased out; it will become a hard error in the 2021 edition!
[INFO] [stdout]     = note: for more information, see issue #80165 <https://github.com/rust-lang/rust/issues/80165>
[INFO] [stdout] 
[INFO] [stdout] 
[INFO] [stdout] warning: trait objects without an explicit `dyn` are deprecated
[INFO] [stdout]    --> src/results/handlebars_helpers.rs:238:15
[INFO] [stdout]     |
[INFO] [stdout] 238 |     out: &mut Output,
[INFO] [stdout]     |               ^^^^^^ help: use `dyn`: `dyn Output`
[INFO] [stdout]     |
[INFO] [stdout]     = warning: this was previously accepted by the compiler but is being phased out; it will become a hard error in the 2021 edition!
[INFO] [stdout]     = note: for more information, see issue #80165 <https://github.com/rust-lang/rust/issues/80165>
[INFO] [stdout] 
[INFO] [stdout] 
[INFO] [stdout] warning: trait objects without an explicit `dyn` are deprecated
[INFO] [stdout]    --> src/results/handlebars_helpers.rs:287:15
[INFO] [stdout]     |
[INFO] [stdout] 287 |     out: &mut Output,
[INFO] [stdout]     |               ^^^^^^ help: use `dyn`: `dyn Output`
[INFO] [stdout]     |
[INFO] [stdout]     = warning: this was previously accepted by the compiler but is being phased out; it will become a hard error in the 2021 edition!
[INFO] [stdout]     = note: for more information, see issue #80165 <https://github.com/rust-lang/rust/issues/80165>
[INFO] [stdout] 
[INFO] [stdout] 
[INFO] [stdout] warning: trait objects without an explicit `dyn` are deprecated
[INFO] [stdout]    --> src/results/handlebars_helpers.rs:301:47
[INFO] [stdout]     |
[INFO] [stdout] 301 | fn render_menu(menu: &[Value], renderer: &mut Output) -> Result<(), RenderError> {
[INFO] [stdout]     |                                               ^^^^^^ help: use `dyn`: `dyn Output`
[INFO] [stdout]     |
[INFO] [stdout]     = warning: this was previously accepted by the compiler but is being phased out; it will become a hard error in the 2021 edition!
[INFO] [stdout]     = note: for more information, see issue #80165 <https://github.com/rust-lang/rust/issues/80165>
[INFO] [stdout] 
[INFO] [stdout] 
[INFO] [stdout] warning: 8 warnings emitted
[INFO] [stdout] 
[INFO] [stdout] 
[INFO] [stderr]    Compiling http v0.1.14
[INFO] [stderr]    Compiling crossbeam-deque v0.6.2
[INFO] [stderr]    Compiling mime v0.3.12
[INFO] [stderr]    Compiling serde_urlencoded v0.5.4
[INFO] [stderr]    Compiling mio-uds v0.6.7
[INFO] [stderr]    Compiling tokio-executor v0.1.5
[INFO] [stderr]    Compiling tokio-io v0.1.10
[INFO] [stderr]    Compiling want v0.0.6
[INFO] [stderr]    Compiling futures-cpupool v0.1.8
[INFO] [stderr]    Compiling parking_lot_core v0.3.1
[INFO] [stderr]    Compiling phf_generator v0.7.23
[INFO] [stderr]    Compiling uuid v0.7.1
[INFO] [stderr]    Compiling tokio-timer v0.2.8
[INFO] [stderr]    Compiling tokio-current-thread v0.1.4
[INFO] [stderr]    Compiling phf_codegen v0.7.23
[INFO] [stderr]    Compiling parking_lot v0.6.4
[INFO] [stderr]    Compiling tokio-threadpool v0.1.9
[INFO] [stderr]    Compiling mime_guess v2.0.0-alpha.6
[INFO] [stderr]    Compiling tokio-codec v0.1.1
[INFO] [stderr]    Compiling tokio-reactor v0.1.7
[INFO] [stderr]    Compiling tokio-fs v0.1.4
[INFO] [stderr]    Compiling tokio-udp v0.1.3
[INFO] [stderr]    Compiling tokio-tcp v0.1.2
[INFO] [stderr]    Compiling tokio-uds v0.2.4
[INFO] [stderr]    Compiling h2 v0.1.14
[INFO] [stderr]    Compiling tokio v0.1.13
[INFO] [stderr]    Compiling hyper v0.12.17
[INFO] [stderr]    Compiling hyper-tls v0.3.1
[INFO] [stderr]    Compiling reqwest v0.9.5
[INFO] [stderr]    Compiling super-analyzer v0.5.1 (/opt/rustwide/workdir)
[INFO] [stdout] warning: unused doc comment
[INFO] [stdout]   --> src/utils.rs:16:1
[INFO] [stdout]    |
[INFO] [stdout] 16 | /// Configuration for the XML parser.
[INFO] [stdout]    | ^^^^^^^^^^^^^^^^^^^^^^^^^^^^^^^^^^^^^ rustdoc does not generate documentation for macro invocations
[INFO] [stdout]    |
[INFO] [stdout]    = note: `#[warn(unused_doc_comments)]` on by default
[INFO] [stdout]    = help: to document an item produced by a macro, the macro must produce the documentation as part of its expansion
[INFO] [stdout] 
[INFO] [stdout] 
[INFO] [stdout] warning: trait objects without an explicit `dyn` are deprecated
[INFO] [stdout]   --> src/results/handlebars_helpers.rs:16:15
[INFO] [stdout]    |
[INFO] [stdout] 16 |     out: &mut Output,
[INFO] [stdout]    |               ^^^^^^ help: use `dyn`: `dyn Output`
[INFO] [stdout]    |
[INFO] [stdout]    = note: `#[warn(bare_trait_objects)]` on by default
[INFO] [stdout]    = warning: this was previously accepted by the compiler but is being phased out; it will become a hard error in the 2021 edition!
[INFO] [stdout]    = note: for more information, see issue #80165 <https://github.com/rust-lang/rust/issues/80165>
[INFO] [stdout] 
[INFO] [stdout] 
[INFO] [stdout] warning: trait objects without an explicit `dyn` are deprecated
[INFO] [stdout]   --> src/results/handlebars_helpers.rs:72:15
[INFO] [stdout]    |
[INFO] [stdout] 72 |     out: &mut Output,
[INFO] [stdout]    |               ^^^^^^ help: use `dyn`: `dyn Output`
[INFO] [stdout]    |
[INFO] [stdout]    = warning: this was previously accepted by the compiler but is being phased out; it will become a hard error in the 2021 edition!
[INFO] [stdout]    = note: for more information, see issue #80165 <https://github.com/rust-lang/rust/issues/80165>
[INFO] [stdout] 
[INFO] [stdout] 
[INFO] [stdout] warning: trait objects without an explicit `dyn` are deprecated
[INFO] [stdout]    --> src/results/handlebars_helpers.rs:112:15
[INFO] [stdout]     |
[INFO] [stdout] 112 |     out: &mut Output,
[INFO] [stdout]     |               ^^^^^^ help: use `dyn`: `dyn Output`
[INFO] [stdout]     |
[INFO] [stdout]     = warning: this was previously accepted by the compiler but is being phased out; it will become a hard error in the 2021 edition!
[INFO] [stdout]     = note: for more information, see issue #80165 <https://github.com/rust-lang/rust/issues/80165>
[INFO] [stdout] 
[INFO] [stdout] 
[INFO] [stdout] warning: trait objects without an explicit `dyn` are deprecated
[INFO] [stdout]    --> src/results/handlebars_helpers.rs:164:15
[INFO] [stdout]     |
[INFO] [stdout] 164 |     out: &mut Output,
[INFO] [stdout]     |               ^^^^^^ help: use `dyn`: `dyn Output`
[INFO] [stdout]     |
[INFO] [stdout]     = warning: this was previously accepted by the compiler but is being phased out; it will become a hard error in the 2021 edition!
[INFO] [stdout]     = note: for more information, see issue #80165 <https://github.com/rust-lang/rust/issues/80165>
[INFO] [stdout] 
[INFO] [stdout] 
[INFO] [stdout] warning: trait objects without an explicit `dyn` are deprecated
[INFO] [stdout]    --> src/results/handlebars_helpers.rs:238:15
[INFO] [stdout]     |
[INFO] [stdout] 238 |     out: &mut Output,
[INFO] [stdout]     |               ^^^^^^ help: use `dyn`: `dyn Output`
[INFO] [stdout]     |
[INFO] [stdout]     = warning: this was previously accepted by the compiler but is being phased out; it will become a hard error in the 2021 edition!
[INFO] [stdout]     = note: for more information, see issue #80165 <https://github.com/rust-lang/rust/issues/80165>
[INFO] [stdout] 
[INFO] [stdout] 
[INFO] [stdout] warning: trait objects without an explicit `dyn` are deprecated
[INFO] [stdout]    --> src/results/handlebars_helpers.rs:287:15
[INFO] [stdout]     |
[INFO] [stdout] 287 |     out: &mut Output,
[INFO] [stdout]     |               ^^^^^^ help: use `dyn`: `dyn Output`
[INFO] [stdout]     |
[INFO] [stdout]     = warning: this was previously accepted by the compiler but is being phased out; it will become a hard error in the 2021 edition!
[INFO] [stdout]     = note: for more information, see issue #80165 <https://github.com/rust-lang/rust/issues/80165>
[INFO] [stdout] 
[INFO] [stdout] 
[INFO] [stdout] warning: trait objects without an explicit `dyn` are deprecated
[INFO] [stdout]    --> src/results/handlebars_helpers.rs:301:47
[INFO] [stdout]     |
[INFO] [stdout] 301 | fn render_menu(menu: &[Value], renderer: &mut Output) -> Result<(), RenderError> {
[INFO] [stdout]     |                                               ^^^^^^ help: use `dyn`: `dyn Output`
[INFO] [stdout]     |
[INFO] [stdout]     = warning: this was previously accepted by the compiler but is being phased out; it will become a hard error in the 2021 edition!
[INFO] [stdout]     = note: for more information, see issue #80165 <https://github.com/rust-lang/rust/issues/80165>
[INFO] [stdout] 
[INFO] [stdout] 
[INFO] [stdout] warning: 8 warnings emitted
[INFO] [stdout] 
[INFO] [stdout] 
[INFO] [stderr]     Finished test [unoptimized + debuginfo] target(s) in 1m 35s
[INFO] running `Command { std: "docker" "inspect" "ae6e6871b2dff9183fb6af36a82e2a3a56b35012e06575eeeb7f27c34c330267", kill_on_drop: false }`
[INFO] running `Command { std: "docker" "rm" "-f" "ae6e6871b2dff9183fb6af36a82e2a3a56b35012e06575eeeb7f27c34c330267", kill_on_drop: false }`
[INFO] [stdout] ae6e6871b2dff9183fb6af36a82e2a3a56b35012e06575eeeb7f27c34c330267
[INFO] running `Command { std: "docker" "create" "-v" "/var/lib/crater-agent-workspace/builds/worker-12/target:/opt/rustwide/target:rw,Z" "-v" "/var/lib/crater-agent-workspace/builds/worker-12/source:/opt/rustwide/workdir:ro,Z" "-v" "/var/lib/crater-agent-workspace/cargo-home:/opt/rustwide/cargo-home:ro,Z" "-v" "/var/lib/crater-agent-workspace/rustup-home:/opt/rustwide/rustup-home:ro,Z" "-e" "SOURCE_DIR=/opt/rustwide/workdir" "-e" "CARGO_TARGET_DIR=/opt/rustwide/target" "-e" "CARGO_INCREMENTAL=0" "-e" "RUST_BACKTRACE=full" "-e" "RUSTFLAGS=--cap-lints=warn" "-e" "CARGO_HOME=/opt/rustwide/cargo-home" "-e" "RUSTUP_HOME=/opt/rustwide/rustup-home" "-w" "/opt/rustwide/workdir" "-m" "1610612736" "--user" "0:0" "--network" "none" "ghcr.io/rust-lang/crates-build-env/linux@sha256:34b6a614d2c27851fe6cbf88fbd1137609cefab8b10d0615aaeb6fd47975d74e" "/opt/rustwide/cargo-home/bin/cargo" "+1.54.0" "test" "--frozen", kill_on_drop: false }`
[INFO] [stdout] 1b1bf37447b6fe01fb14cf9405f400525e4a96ef8e351625d7819c54d079648e
[INFO] [stderr] WARNING: Your kernel does not support swap limit capabilities or the cgroup is not mounted. Memory limited without swap.
[INFO] running `Command { std: "docker" "start" "-a" "1b1bf37447b6fe01fb14cf9405f400525e4a96ef8e351625d7819c54d079648e", kill_on_drop: false }`
[INFO] [stderr] warning: unused doc comment
[INFO] [stderr]   --> src/utils.rs:16:1
[INFO] [stderr]    |
[INFO] [stderr] 16 | /// Configuration for the XML parser.
[INFO] [stderr]    | ^^^^^^^^^^^^^^^^^^^^^^^^^^^^^^^^^^^^^ rustdoc does not generate documentation for macro invocations
[INFO] [stderr]    |
[INFO] [stderr]    = note: `#[warn(unused_doc_comments)]` on by default
[INFO] [stderr]    = help: to document an item produced by a macro, the macro must produce the documentation as part of its expansion
[INFO] [stderr] 
[INFO] [stderr] warning: trait objects without an explicit `dyn` are deprecated
[INFO] [stderr]   --> src/results/handlebars_helpers.rs:16:15
[INFO] [stderr]    |
[INFO] [stderr] 16 |     out: &mut Output,
[INFO] [stderr]    |               ^^^^^^ help: use `dyn`: `dyn Output`
[INFO] [stderr]    |
[INFO] [stderr]    = note: `#[warn(bare_trait_objects)]` on by default
[INFO] [stderr]    = warning: this was previously accepted by the compiler but is being phased out; it will become a hard error in the 2021 edition!
[INFO] [stderr]    = note: for more information, see issue #80165 <https://github.com/rust-lang/rust/issues/80165>
[INFO] [stderr] 
[INFO] [stderr] warning: trait objects without an explicit `dyn` are deprecated
[INFO] [stderr]   --> src/results/handlebars_helpers.rs:72:15
[INFO] [stderr]    |
[INFO] [stderr] 72 |     out: &mut Output,
[INFO] [stderr]    |               ^^^^^^ help: use `dyn`: `dyn Output`
[INFO] [stderr]    |
[INFO] [stderr]    = warning: this was previously accepted by the compiler but is being phased out; it will become a hard error in the 2021 edition!
[INFO] [stderr]    = note: for more information, see issue #80165 <https://github.com/rust-lang/rust/issues/80165>
[INFO] [stderr] 
[INFO] [stderr] warning: trait objects without an explicit `dyn` are deprecated
[INFO] [stderr]    --> src/results/handlebars_helpers.rs:112:15
[INFO] [stderr]     |
[INFO] [stderr] 112 |     out: &mut Output,
[INFO] [stderr]     |               ^^^^^^ help: use `dyn`: `dyn Output`
[INFO] [stderr]     |
[INFO] [stderr]     = warning: this was previously accepted by the compiler but is being phased out; it will become a hard error in the 2021 edition!
[INFO] [stderr]     = note: for more information, see issue #80165 <https://github.com/rust-lang/rust/issues/80165>
[INFO] [stderr] 
[INFO] [stderr] warning: trait objects without an explicit `dyn` are deprecated
[INFO] [stderr]    --> src/results/handlebars_helpers.rs:164:15
[INFO] [stderr]     |
[INFO] [stderr] 164 |     out: &mut Output,
[INFO] [stderr]     |               ^^^^^^ help: use `dyn`: `dyn Output`
[INFO] [stderr]     |
[INFO] [stderr]     = warning: this was previously accepted by the compiler but is being phased out; it will become a hard error in the 2021 edition!
[INFO] [stderr]     = note: for more information, see issue #80165 <https://github.com/rust-lang/rust/issues/80165>
[INFO] [stderr] 
[INFO] [stderr] warning: trait objects without an explicit `dyn` are deprecated
[INFO] [stderr]    --> src/results/handlebars_helpers.rs:238:15
[INFO] [stderr]     |
[INFO] [stderr] 238 |     out: &mut Output,
[INFO] [stderr]     |               ^^^^^^ help: use `dyn`: `dyn Output`
[INFO] [stderr]     |
[INFO] [stderr]     = warning: this was previously accepted by the compiler but is being phased out; it will become a hard error in the 2021 edition!
[INFO] [stderr]     = note: for more information, see issue #80165 <https://github.com/rust-lang/rust/issues/80165>
[INFO] [stderr] 
[INFO] [stderr] warning: trait objects without an explicit `dyn` are deprecated
[INFO] [stderr]    --> src/results/handlebars_helpers.rs:287:15
[INFO] [stderr]     |
[INFO] [stderr] 287 |     out: &mut Output,
[INFO] [stderr]     |               ^^^^^^ help: use `dyn`: `dyn Output`
[INFO] [stderr]     |
[INFO] [stderr]     = warning: this was previously accepted by the compiler but is being phased out; it will become a hard error in the 2021 edition!
[INFO] [stderr]     = note: for more information, see issue #80165 <https://github.com/rust-lang/rust/issues/80165>
[INFO] [stderr] 
[INFO] [stderr] warning: trait objects without an explicit `dyn` are deprecated
[INFO] [stderr]    --> src/results/handlebars_helpers.rs:301:47
[INFO] [stderr]     |
[INFO] [stderr] 301 | fn render_menu(menu: &[Value], renderer: &mut Output) -> Result<(), RenderError> {
[INFO] [stderr]     |                                               ^^^^^^ help: use `dyn`: `dyn Output`
[INFO] [stderr]     |
[INFO] [stderr]     = warning: this was previously accepted by the compiler but is being phased out; it will become a hard error in the 2021 edition!
[INFO] [stderr]     = note: for more information, see issue #80165 <https://github.com/rust-lang/rust/issues/80165>
[INFO] [stderr] 
[INFO] [stderr] warning: 8 warnings emitted
[INFO] [stderr] 
[INFO] [stderr] warning: unused doc comment
[INFO] [stderr]   --> src/utils.rs:16:1
[INFO] [stderr]    |
[INFO] [stderr] 16 | /// Configuration for the XML parser.
[INFO] [stderr]    | ^^^^^^^^^^^^^^^^^^^^^^^^^^^^^^^^^^^^^ rustdoc does not generate documentation for macro invocations
[INFO] [stderr]    |
[INFO] [stderr]    = note: `#[warn(unused_doc_comments)]` on by default
[INFO] [stderr]    = help: to document an item produced by a macro, the macro must produce the documentation as part of its expansion
[INFO] [stderr] 
[INFO] [stderr] warning: trait objects without an explicit `dyn` are deprecated
[INFO] [stderr]   --> src/results/handlebars_helpers.rs:16:15
[INFO] [stderr]    |
[INFO] [stderr] 16 |     out: &mut Output,
[INFO] [stderr]    |               ^^^^^^ help: use `dyn`: `dyn Output`
[INFO] [stderr]    |
[INFO] [stderr]    = note: `#[warn(bare_trait_objects)]` on by default
[INFO] [stderr]    = warning: this was previously accepted by the compiler but is being phased out; it will become a hard error in the 2021 edition!
[INFO] [stderr]    = note: for more information, see issue #80165 <https://github.com/rust-lang/rust/issues/80165>
[INFO] [stderr] 
[INFO] [stderr] warning: trait objects without an explicit `dyn` are deprecated
[INFO] [stderr]   --> src/results/handlebars_helpers.rs:72:15
[INFO] [stderr]    |
[INFO] [stderr] 72 |     out: &mut Output,
[INFO] [stderr]    |               ^^^^^^ help: use `dyn`: `dyn Output`
[INFO] [stderr]    |
[INFO] [stderr]    = warning: this was previously accepted by the compiler but is being phased out; it will become a hard error in the 2021 edition!
[INFO] [stderr]    = note: for more information, see issue #80165 <https://github.com/rust-lang/rust/issues/80165>
[INFO] [stderr] 
[INFO] [stderr] warning: trait objects without an explicit `dyn` are deprecated
[INFO] [stderr]    --> src/results/handlebars_helpers.rs:112:15
[INFO] [stderr]     |
[INFO] [stderr] 112 |     out: &mut Output,
[INFO] [stderr]     |               ^^^^^^ help: use `dyn`: `dyn Output`
[INFO] [stderr]     |
[INFO] [stderr]     = warning: this was previously accepted by the compiler but is being phased out; it will become a hard error in the 2021 edition!
[INFO] [stderr]     = note: for more information, see issue #80165 <https://github.com/rust-lang/rust/issues/80165>
[INFO] [stderr] 
[INFO] [stderr] warning: trait objects without an explicit `dyn` are deprecated
[INFO] [stderr]    --> src/results/handlebars_helpers.rs:164:15
[INFO] [stderr]     |
[INFO] [stderr] 164 |     out: &mut Output,
[INFO] [stderr]     |               ^^^^^^ help: use `dyn`: `dyn Output`
[INFO] [stderr]     |
[INFO] [stderr]     = warning: this was previously accepted by the compiler but is being phased out; it will become a hard error in the 2021 edition!
[INFO] [stderr]     = note: for more information, see issue #80165 <https://github.com/rust-lang/rust/issues/80165>
[INFO] [stderr] 
[INFO] [stderr] warning: trait objects without an explicit `dyn` are deprecated
[INFO] [stderr]    --> src/results/handlebars_helpers.rs:238:15
[INFO] [stderr]     |
[INFO] [stderr] 238 |     out: &mut Output,
[INFO] [stderr]     |               ^^^^^^ help: use `dyn`: `dyn Output`
[INFO] [stderr]     |
[INFO] [stderr]     = warning: this was previously accepted by the compiler but is being phased out; it will become a hard error in the 2021 edition!
[INFO] [stderr]     = note: for more information, see issue #80165 <https://github.com/rust-lang/rust/issues/80165>
[INFO] [stderr] 
[INFO] [stderr] warning: trait objects without an explicit `dyn` are deprecated
[INFO] [stderr]    --> src/results/handlebars_helpers.rs:287:15
[INFO] [stderr]     |
[INFO] [stderr] 287 |     out: &mut Output,
[INFO] [stderr]     |               ^^^^^^ help: use `dyn`: `dyn Output`
[INFO] [stderr]     |
[INFO] [stderr]     = warning: this was previously accepted by the compiler but is being phased out; it will become a hard error in the 2021 edition!
[INFO] [stderr]     = note: for more information, see issue #80165 <https://github.com/rust-lang/rust/issues/80165>
[INFO] [stderr] 
[INFO] [stderr] warning: trait objects without an explicit `dyn` are deprecated
[INFO] [stderr]    --> src/results/handlebars_helpers.rs:301:47
[INFO] [stderr]     |
[INFO] [stderr] 301 | fn render_menu(menu: &[Value], renderer: &mut Output) -> Result<(), RenderError> {
[INFO] [stderr]     |                                               ^^^^^^ help: use `dyn`: `dyn Output`
[INFO] [stderr]     |
[INFO] [stderr]     = warning: this was previously accepted by the compiler but is being phased out; it will become a hard error in the 2021 edition!
[INFO] [stderr]     = note: for more information, see issue #80165 <https://github.com/rust-lang/rust/issues/80165>
[INFO] [stderr] 
[INFO] [stderr] warning: 8 warnings emitted
[INFO] [stderr] 
[INFO] [stderr]     Finished test [unoptimized + debuginfo] target(s) in 0.20s
[INFO] [stderr]      Running unittests (/opt/rustwide/target/debug/deps/super_analyzer_core-0b3a7cc83e820332)
[INFO] [stdout] 
[INFO] [stdout] running 61 tests
[INFO] [stdout] test config::tests::it_generates_html_but_not_json_by_default ... ok
[INFO] [stdout] test results::sdk_number::tests::it_from_u32 ... ok
[INFO] [stdout] test results::sdk_number::tests::it_get_name ... ok
[INFO] [stdout] test results::report::handlebars::test::it_new_failure ... ok
[INFO] [stdout] test config::tests::it_config_sample ... ok
[INFO] [stdout] test static_analysis::code::tests::it_does_not_have_to_check_rule_if_exclude_is_match ... ok
[INFO] [stdout] test static_analysis::code::tests::it_does_not_have_to_check_rule_if_include_regexp_is_non_match_and_exclude_not_provided ... ok
[INFO] [stdout] test results::sdk_number::tests::it_get_version ... ok
[INFO] [stdout] test results::sdk_number::tests::it_get_number ... ok
[INFO] [stdout] test static_analysis::code::tests::it_does_not_have_to_check_if_both_regexps_matches ... ok
[INFO] [stdout] test results::sdk_number::tests::it_prettify_android_version ... ok
[INFO] [stdout] test results::report::handlebars::test::it_new ... ok
[INFO] [stdout] test results::report::handlebars::test::it_load_templates ... ok
[INFO] [stdout] test config::tests::it_config ... FAILED
[INFO] [stdout] test static_analysis::code::tests::it_has_to_check_rule_if_exclude_and_include_regexp_are_not_provided ... ok
[INFO] [stdout] test static_analysis::code::tests::it_has_to_check_rule_if_include_regexp_is_match_and_exclude_not ... ok
[INFO] [stdout] test static_analysis::code::tests::it_has_to_check_rule_if_include_regexp_is_match_and_exclude_not_provided ... ok
[INFO] [stdout] test static_analysis::code::tests::it_external_storage_write_read ... ok
[INFO] [stdout] test static_analysis::code::tests::it_finally_with_return ... ok
[INFO] [stdout] test static_analysis::code::tests::it_get_device_id ... ok
[INFO] [stdout] test static_analysis::code::tests::it_file_separator ... ok
[INFO] [stdout] test static_analysis::code::tests::it_get_sim_operator_name ... ok
[INFO] [stdout] test static_analysis::code::tests::it_command_exec ... ok
[INFO] [stdout] test static_analysis::code::tests::it_base_station_location ... ok
[INFO] [stdout] test static_analysis::code::tests::it_get_sim_operator ... ok
[INFO] [stdout] test static_analysis::code::tests::it_base64_decoding ... ok
[INFO] [stdout] test static_analysis::code::tests::it_get_sim_serial ... ok
[INFO] [stdout] test static_analysis::code::tests::it_base64_encode ... ok
[INFO] [stdout] test static_analysis::code::tests::it_hardcoded_certificate ... ok
[INFO] [stdout] test static_analysis::code::tests::it_catch_exception ... ok
[INFO] [stdout] test static_analysis::code::tests::it_email_disclosure ... ok
[INFO] [stdout] test static_analysis::code::tests::it_hidden_fields ... ok
[INFO] [stdout] test static_analysis::code::tests::it_gps_location ... ok
[INFO] [stdout] test static_analysis::code::tests::it_log ... ok
[INFO] [stdout] test static_analysis::code::tests::it_ssl_get_insecure_method ... ok
[INFO] [stdout] test static_analysis::code::tests::it_sleep_method_not_validated ... ok
[INFO] [stdout] test static_analysis::code::tests::it_ipv4_disclosure ... ok
[INFO] [stdout] test static_analysis::code::tests::it_webview_ssl_errors ... ok
[INFO] [stdout] test static_analysis::code::tests::it_infinite_loop ... ok
[INFO] [stdout] test static_analysis::manifest::tests::it_get_line ... ok
[INFO] [stdout] test static_analysis::manifest::tests::it_install_loc_from_str ... ok
[INFO] [stdout] test static_analysis::manifest::tests::it_permission ... ok
[INFO] [stdout] test static_analysis::manifest::tests::it_permission_checklist ... ok
[INFO] [stdout] test tests::it_analyze_package ... ignored
[INFO] [stdout] test tests::it_criticality ... ok
[INFO] [stdout] test utils::test::it_get_code ... ok
[INFO] [stdout] test static_analysis::code::tests::it_math_random ... ok
[INFO] [stdout] test static_analysis::code::tests::it_temp_file ... ok
[INFO] [stdout] test static_analysis::code::tests::it_superuser_device_detection ... ok
[INFO] [stdout] test static_analysis::code::tests::it_sleep_method ... ok
[INFO] [stdout] test static_analysis::code::tests::it_weak_algorithms ... ok
[INFO] [stdout] test static_analysis::code::tests::it_obfuscation ... ok
[INFO] [stdout] test static_analysis::code::tests::it_superuser_privileges ... ok
[INFO] [stdout] test static_analysis::code::tests::it_sql_injection ... ok
[INFO] [stdout] test static_analysis::code::tests::it_world_readable_permissions ... ok
[INFO] [stdout] test static_analysis::code::tests::it_throws_exception ... ok
[INFO] [stdout] test static_analysis::code::tests::it_webview_xss ... ok
[INFO] [stdout] test static_analysis::code::tests::it_world_writable_permissions ... ok
[INFO] [stdout] test static_analysis::code::tests::it_url_regex ... ok
[INFO] [stdout] test static_analysis::code::tests::it_sms_mms_sending ... ok
[INFO] [stdout] test static_analysis::code::tests::it_ssl_accepting_all_certificates ... ok
[INFO] [stdout] 
[INFO] [stdout] failures:
[INFO] [stdout] 
[INFO] [stdout] ---- config::tests::it_config stdout ----
[INFO] [stdout] thread 'config::tests::it_config' panicked at 'called `Result::unwrap()` on an `Err` value: Os { code: 30, kind: Other, message: "Read-only file system" }', src/config.rs:701:50
[INFO] [stdout] stack backtrace:
[INFO] [stdout]    0:     0x55ff40bad130 - std::backtrace_rs::backtrace::libunwind::trace::h34055254b57d8e79
[INFO] [stdout]                                at /rustc/a178d0322ce20e33eac124758e837cbd80a6f633/library/std/src/../../backtrace/src/backtrace/libunwind.rs:90:5
[INFO] [stdout]    1:     0x55ff40bad130 - std::backtrace_rs::backtrace::trace_unsynchronized::h8f1e3fbd9afff6ec
[INFO] [stdout]                                at /rustc/a178d0322ce20e33eac124758e837cbd80a6f633/library/std/src/../../backtrace/src/backtrace/mod.rs:66:5
[INFO] [stdout]    2:     0x55ff40bad130 - std::sys_common::backtrace::_print_fmt::h3a99a796b770c360
[INFO] [stdout]                                at /rustc/a178d0322ce20e33eac124758e837cbd80a6f633/library/std/src/sys_common/backtrace.rs:67:5
[INFO] [stdout]    3:     0x55ff40bad130 - <std::sys_common::backtrace::_print::DisplayBacktrace as core::fmt::Display>::fmt::h32d1f94a80615d18
[INFO] [stdout]                                at /rustc/a178d0322ce20e33eac124758e837cbd80a6f633/library/std/src/sys_common/backtrace.rs:46:22
[INFO] [stdout]    4:     0x55ff40bd466c - core::fmt::write::h306731c068f7162c
[INFO] [stdout]                                at /rustc/a178d0322ce20e33eac124758e837cbd80a6f633/library/core/src/fmt/mod.rs:1110:17
[INFO] [stdout]    5:     0x55ff40ba6225 - std::io::Write::write_fmt::h87f19b0a2cd190bc
[INFO] [stdout]                                at /rustc/a178d0322ce20e33eac124758e837cbd80a6f633/library/std/src/io/mod.rs:1588:15
[INFO] [stdout]    6:     0x55ff40baf74b - std::sys_common::backtrace::_print::h5abaa2601a852287
[INFO] [stdout]                                at /rustc/a178d0322ce20e33eac124758e837cbd80a6f633/library/std/src/sys_common/backtrace.rs:49:5
[INFO] [stdout]    7:     0x55ff40baf74b - std::sys_common::backtrace::print::h8d81445442bb638f
[INFO] [stdout]                                at /rustc/a178d0322ce20e33eac124758e837cbd80a6f633/library/std/src/sys_common/backtrace.rs:36:9
[INFO] [stdout]    8:     0x55ff40baf74b - std::panicking::default_hook::{{closure}}::hcfe804496a9fa747
[INFO] [stdout]                                at /rustc/a178d0322ce20e33eac124758e837cbd80a6f633/library/std/src/panicking.rs:208:50
[INFO] [stdout]    9:     0x55ff40baf25c - std::panicking::default_hook::hbea8e3ccf2ba8901
[INFO] [stdout]                                at /rustc/a178d0322ce20e33eac124758e837cbd80a6f633/library/std/src/panicking.rs:222:9
[INFO] [stdout]   10:     0x55ff40bafe14 - std::panicking::rust_panic_with_hook::h7ee9e1a2d0f8975a
[INFO] [stdout]                                at /rustc/a178d0322ce20e33eac124758e837cbd80a6f633/library/std/src/panicking.rs:622:17
[INFO] [stdout]   11:     0x55ff40baf8f7 - std::panicking::begin_panic_handler::{{closure}}::h8ab3b4491718b2c7
[INFO] [stdout]                                at /rustc/a178d0322ce20e33eac124758e837cbd80a6f633/library/std/src/panicking.rs:519:13
[INFO] [stdout]   12:     0x55ff40bad62c - std::sys_common::backtrace::__rust_end_short_backtrace::hd489062ffa586a9f
[INFO] [stdout]                                at /rustc/a178d0322ce20e33eac124758e837cbd80a6f633/library/std/src/sys_common/backtrace.rs:141:18
[INFO] [stdout]   13:     0x55ff40baf859 - rust_begin_unwind
[INFO] [stdout]                                at /rustc/a178d0322ce20e33eac124758e837cbd80a6f633/library/std/src/panicking.rs:515:5
[INFO] [stdout]   14:     0x55ff40257e31 - core::panicking::panic_fmt::hca6330e3e14086b4
[INFO] [stdout]                                at /rustc/a178d0322ce20e33eac124758e837cbd80a6f633/library/core/src/panicking.rs:92:14
[INFO] [stdout]   15:     0x55ff40257f23 - core::result::unwrap_failed::h6160d2b4bfbb0e87
[INFO] [stdout]                                at /rustc/a178d0322ce20e33eac124758e837cbd80a6f633/library/core/src/result.rs:1355:5
[INFO] [stdout]   16:     0x55ff40ad7b57 - core::result::Result<T,E>::unwrap::h04ea63f4992e0899
[INFO] [stdout]                                at /rustc/a178d0322ce20e33eac124758e837cbd80a6f633/library/core/src/result.rs:1037:23
[INFO] [stdout]   17:     0x55ff4031aa58 - super_analyzer_core::config::tests::it_config::hfe9055543849703d
[INFO] [stdout]                                at /opt/rustwide/workdir/src/config.rs:701:13
[INFO] [stdout]   18:     0x55ff4031930a - super_analyzer_core::config::tests::it_config::{{closure}}::hb863cc2252357b03
[INFO] [stdout]                                at /opt/rustwide/workdir/src/config.rs:640:5
[INFO] [stdout]   19:     0x55ff4030a35e - core::ops::function::FnOnce::call_once::hd6d704f780107805
[INFO] [stdout]                                at /rustc/a178d0322ce20e33eac124758e837cbd80a6f633/library/core/src/ops/function.rs:227:5
[INFO] [stdout]   20:     0x55ff407313a3 - core::ops::function::FnOnce::call_once::h152e7e439ff59e19
[INFO] [stdout]                                at /rustc/a178d0322ce20e33eac124758e837cbd80a6f633/library/core/src/ops/function.rs:227:5
[INFO] [stdout]   21:     0x55ff407313a3 - test::__rust_begin_short_backtrace::h0908f3b1fdbb72ab
[INFO] [stdout]                                at /rustc/a178d0322ce20e33eac124758e837cbd80a6f633/library/test/src/lib.rs:577:5
[INFO] [stdout]   22:     0x55ff4072fe60 - <alloc::boxed::Box<F,A> as core::ops::function::FnOnce<Args>>::call_once::hf6d2a51e5587546c
[INFO] [stdout]                                at /rustc/a178d0322ce20e33eac124758e837cbd80a6f633/library/alloc/src/boxed.rs:1575:9
[INFO] [stdout]   23:     0x55ff4072fe60 - <std::panic::AssertUnwindSafe<F> as core::ops::function::FnOnce<()>>::call_once::h8af660f3a89ef593
[INFO] [stdout]                                at /rustc/a178d0322ce20e33eac124758e837cbd80a6f633/library/std/src/panic.rs:347:9
[INFO] [stdout]   24:     0x55ff4072fe60 - std::panicking::try::do_call::hd36aef60f84b6d36
[INFO] [stdout]                                at /rustc/a178d0322ce20e33eac124758e837cbd80a6f633/library/std/src/panicking.rs:401:40
[INFO] [stdout]   25:     0x55ff4072fe60 - std::panicking::try::h9932b4480e69817c
[INFO] [stdout]                                at /rustc/a178d0322ce20e33eac124758e837cbd80a6f633/library/std/src/panicking.rs:365:19
[INFO] [stdout]   26:     0x55ff4072fe60 - std::panic::catch_unwind::h6aa177099cfff5f8
[INFO] [stdout]                                at /rustc/a178d0322ce20e33eac124758e837cbd80a6f633/library/std/src/panic.rs:434:14
[INFO] [stdout]   27:     0x55ff4072fe60 - test::run_test_in_process::h5884d6f2d99e20c3
[INFO] [stdout]                                at /rustc/a178d0322ce20e33eac124758e837cbd80a6f633/library/test/src/lib.rs:600:18
[INFO] [stdout]   28:     0x55ff4072fe60 - test::run_test::run_test_inner::{{closure}}::h6fdc58c6d5f5b6e3
[INFO] [stdout]                                at /rustc/a178d0322ce20e33eac124758e837cbd80a6f633/library/test/src/lib.rs:492:39
[INFO] [stdout]   29:     0x55ff40709512 - test::run_test::run_test_inner::{{closure}}::h408365d67a78ade8
[INFO] [stdout]                                at /rustc/a178d0322ce20e33eac124758e837cbd80a6f633/library/test/src/lib.rs:519:37
[INFO] [stdout]   30:     0x55ff40709512 - std::sys_common::backtrace::__rust_begin_short_backtrace::hb560b77c4f701523
[INFO] [stdout]                                at /rustc/a178d0322ce20e33eac124758e837cbd80a6f633/library/std/src/sys_common/backtrace.rs:125:18
[INFO] [stdout]   31:     0x55ff4070d0c8 - std::thread::Builder::spawn_unchecked::{{closure}}::{{closure}}::hf2e7831dad93c597
[INFO] [stdout]                                at /rustc/a178d0322ce20e33eac124758e837cbd80a6f633/library/std/src/thread/mod.rs:481:17
[INFO] [stdout]   32:     0x55ff4070d0c8 - <std::panic::AssertUnwindSafe<F> as core::ops::function::FnOnce<()>>::call_once::hd2e08783d8be4d02
[INFO] [stdout]                                at /rustc/a178d0322ce20e33eac124758e837cbd80a6f633/library/std/src/panic.rs:347:9
[INFO] [stdout]   33:     0x55ff4070d0c8 - std::panicking::try::do_call::h062597b7acfd6b82
[INFO] [stdout]                                at /rustc/a178d0322ce20e33eac124758e837cbd80a6f633/library/std/src/panicking.rs:401:40
[INFO] [stdout]   34:     0x55ff4070d0c8 - std::panicking::try::h0d7b79db04c14552
[INFO] [stdout]                                at /rustc/a178d0322ce20e33eac124758e837cbd80a6f633/library/std/src/panicking.rs:365:19
[INFO] [stdout]   35:     0x55ff4070d0c8 - std::panic::catch_unwind::hb01a0b5e7c8cd43b
[INFO] [stdout]                                at /rustc/a178d0322ce20e33eac124758e837cbd80a6f633/library/std/src/panic.rs:434:14
[INFO] [stdout]   36:     0x55ff4070d0c8 - std::thread::Builder::spawn_unchecked::{{closure}}::h5bde48cc887e0d1e
[INFO] [stdout]                                at /rustc/a178d0322ce20e33eac124758e837cbd80a6f633/library/std/src/thread/mod.rs:480:30
[INFO] [stdout]   37:     0x55ff4070d0c8 - core::ops::function::FnOnce::call_once{{vtable.shim}}::h745ea30807a29e55
[INFO] [stdout]                                at /rustc/a178d0322ce20e33eac124758e837cbd80a6f633/library/core/src/ops/function.rs:227:5
[INFO] [stdout]   38:     0x55ff40bb6637 - <alloc::boxed::Box<F,A> as core::ops::function::FnOnce<Args>>::call_once::h7ece6cfefaff1005
[INFO] [stdout]                                at /rustc/a178d0322ce20e33eac124758e837cbd80a6f633/library/alloc/src/boxed.rs:1575:9
[INFO] [stdout]   39:     0x55ff40bb6637 - <alloc::boxed::Box<F,A> as core::ops::function::FnOnce<Args>>::call_once::hb8b48e55c21f193e
[INFO] [stdout]                                at /rustc/a178d0322ce20e33eac124758e837cbd80a6f633/library/alloc/src/boxed.rs:1575:9
[INFO] [stdout]   40:     0x55ff40bb6637 - std::sys::unix::thread::Thread::new::thread_start::h8c7c4450dba62914
[INFO] [stdout]                                at /rustc/a178d0322ce20e33eac124758e837cbd80a6f633/library/std/src/sys/unix/thread.rs:71:17
[INFO] [stdout]   41:     0x7fdf9ad05609 - start_thread
[INFO] [stdout]   42:     0x7fdf9aad5293 - clone
[INFO] [stdout]   43:                0x0 - <unknown>
[INFO] [stdout] 
[INFO] [stdout] 
[INFO] [stdout] failures:
[INFO] [stdout]     config::tests::it_config
[INFO] [stdout] 
[INFO] [stdout] test result: FAILED. 59 passed; 1 failed; 1 ignored; 0 measured; 0 filtered out; finished in 6.57s
[INFO] [stdout] 
[INFO] [stderr] error: test failed, to rerun pass '--lib'
[INFO] running `Command { std: "docker" "inspect" "1b1bf37447b6fe01fb14cf9405f400525e4a96ef8e351625d7819c54d079648e", kill_on_drop: false }`
[INFO] running `Command { std: "docker" "rm" "-f" "1b1bf37447b6fe01fb14cf9405f400525e4a96ef8e351625d7819c54d079648e", kill_on_drop: false }`
[INFO] [stdout] 1b1bf37447b6fe01fb14cf9405f400525e4a96ef8e351625d7819c54d079648e
