[INFO] cloning repository https://github.com/SNNikolov99/Who-wants-to-be-a-Milionaire
[INFO] running `Command { std: "git" "-c" "credential.helper=" "-c" "credential.helper=/workspace/cargo-home/bin/git-credential-null" "clone" "--bare" "https://github.com/SNNikolov99/Who-wants-to-be-a-Milionaire" "/workspace/cache/git-repos/https%3A%2F%2Fgithub.com%2FSNNikolov99%2FWho-wants-to-be-a-Milionaire", kill_on_drop: false }`
[INFO] [stderr] Cloning into bare repository '/workspace/cache/git-repos/https%3A%2F%2Fgithub.com%2FSNNikolov99%2FWho-wants-to-be-a-Milionaire'...
[INFO] running `Command { std: "git" "rev-parse" "HEAD", kill_on_drop: false }`
[INFO] [stdout] ccaeaa16eee74c73ba86f6cdbbcded124209adf0
[INFO] testing SNNikolov99/Who-wants-to-be-a-Milionaire against beta-2021-08-01 for beta-1.55-1
[INFO] running `Command { std: "git" "clone" "/workspace/cache/git-repos/https%3A%2F%2Fgithub.com%2FSNNikolov99%2FWho-wants-to-be-a-Milionaire" "/workspace/builds/worker-5/source", kill_on_drop: false }`
[INFO] [stderr] Cloning into '/workspace/builds/worker-5/source'...
[INFO] [stderr] done.
[INFO] validating manifest of git repo https://github.com/SNNikolov99/Who-wants-to-be-a-Milionaire on toolchain beta-2021-08-01
[INFO] running `Command { std: "/workspace/cargo-home/bin/cargo" "+beta-2021-08-01" "metadata" "--manifest-path" "Cargo.toml" "--no-deps", kill_on_drop: false }`
[INFO] started tweaking git repo https://github.com/SNNikolov99/Who-wants-to-be-a-Milionaire
[INFO] finished tweaking git repo https://github.com/SNNikolov99/Who-wants-to-be-a-Milionaire
[INFO] tweaked toml for git repo https://github.com/SNNikolov99/Who-wants-to-be-a-Milionaire written to /workspace/builds/worker-5/source/Cargo.toml
[INFO] crate git repo https://github.com/SNNikolov99/Who-wants-to-be-a-Milionaire already has a lockfile, it will not be regenerated
[INFO] running `Command { std: "/workspace/cargo-home/bin/cargo" "+beta-2021-08-01" "fetch" "--manifest-path" "Cargo.toml", kill_on_drop: false }`
[INFO] [stderr]     Blocking waiting for file lock on package cache
[INFO] running `Command { std: "docker" "create" "-v" "/var/lib/crater-agent-workspace/builds/worker-5/target:/opt/rustwide/target:rw,Z" "-v" "/var/lib/crater-agent-workspace/builds/worker-5/source:/opt/rustwide/workdir:ro,Z" "-v" "/var/lib/crater-agent-workspace/cargo-home:/opt/rustwide/cargo-home:ro,Z" "-v" "/var/lib/crater-agent-workspace/rustup-home:/opt/rustwide/rustup-home:ro,Z" "-e" "SOURCE_DIR=/opt/rustwide/workdir" "-e" "CARGO_TARGET_DIR=/opt/rustwide/target" "-e" "CARGO_HOME=/opt/rustwide/cargo-home" "-e" "RUSTUP_HOME=/opt/rustwide/rustup-home" "-w" "/opt/rustwide/workdir" "-m" "1610612736" "--user" "0:0" "--network" "none" "ghcr.io/rust-lang/crates-build-env/linux@sha256:34b6a614d2c27851fe6cbf88fbd1137609cefab8b10d0615aaeb6fd47975d74e" "/opt/rustwide/cargo-home/bin/cargo" "+beta-2021-08-01" "metadata" "--no-deps" "--format-version=1", kill_on_drop: false }`
[INFO] [stdout] 722bee42ddb0501e933d6b13daca78d74fafdbfcab6c40537fb53c71845c92ac
[INFO] [stderr] WARNING: Your kernel does not support swap limit capabilities or the cgroup is not mounted. Memory limited without swap.
[INFO] running `Command { std: "docker" "start" "-a" "722bee42ddb0501e933d6b13daca78d74fafdbfcab6c40537fb53c71845c92ac", kill_on_drop: false }`
[INFO] running `Command { std: "docker" "inspect" "722bee42ddb0501e933d6b13daca78d74fafdbfcab6c40537fb53c71845c92ac", kill_on_drop: false }`
[INFO] running `Command { std: "docker" "rm" "-f" "722bee42ddb0501e933d6b13daca78d74fafdbfcab6c40537fb53c71845c92ac", kill_on_drop: false }`
[INFO] [stdout] 722bee42ddb0501e933d6b13daca78d74fafdbfcab6c40537fb53c71845c92ac
[INFO] running `Command { std: "docker" "create" "-v" "/var/lib/crater-agent-workspace/builds/worker-5/target:/opt/rustwide/target:rw,Z" "-v" "/var/lib/crater-agent-workspace/builds/worker-5/source:/opt/rustwide/workdir:ro,Z" "-v" "/var/lib/crater-agent-workspace/cargo-home:/opt/rustwide/cargo-home:ro,Z" "-v" "/var/lib/crater-agent-workspace/rustup-home:/opt/rustwide/rustup-home:ro,Z" "-e" "SOURCE_DIR=/opt/rustwide/workdir" "-e" "CARGO_TARGET_DIR=/opt/rustwide/target" "-e" "CARGO_INCREMENTAL=0" "-e" "RUST_BACKTRACE=full" "-e" "RUSTFLAGS=--cap-lints=warn" "-e" "CARGO_HOME=/opt/rustwide/cargo-home" "-e" "RUSTUP_HOME=/opt/rustwide/rustup-home" "-w" "/opt/rustwide/workdir" "-m" "1610612736" "--user" "0:0" "--network" "none" "ghcr.io/rust-lang/crates-build-env/linux@sha256:34b6a614d2c27851fe6cbf88fbd1137609cefab8b10d0615aaeb6fd47975d74e" "/opt/rustwide/cargo-home/bin/cargo" "+beta-2021-08-01" "build" "--frozen" "--message-format=json", kill_on_drop: false }`
[INFO] [stderr] WARNING: Your kernel does not support swap limit capabilities or the cgroup is not mounted. Memory limited without swap.
[INFO] [stdout] f6e3d1c5e27c3a2527430194959e26c63c16cf12fefc1d5d53328fb2b9ddd7ba
[INFO] running `Command { std: "docker" "start" "-a" "f6e3d1c5e27c3a2527430194959e26c63c16cf12fefc1d5d53328fb2b9ddd7ba", kill_on_drop: false }`
[INFO] [stderr]    Compiling libc v0.2.85
[INFO] [stderr]    Compiling byteorder v1.4.2
[INFO] [stderr]    Compiling cc v1.0.66
[INFO] [stderr]    Compiling syn v0.15.44
[INFO] [stderr]    Compiling rustc-hash v1.1.0
[INFO] [stderr]    Compiling syn v1.0.60
[INFO] [stderr]    Compiling arrayvec v0.4.12
[INFO] [stderr]    Compiling pulldown-cmark v0.2.0
[INFO] [stderr]    Compiling nix v0.15.0
[INFO] [stderr]    Compiling rawpointer v0.2.1
[INFO] [stderr]    Compiling bytecount v0.6.2
[INFO] [stderr]    Compiling mint v0.5.6
[INFO] [stderr]    Compiling uuid v0.8.2
[INFO] [stderr]    Compiling color_quant v1.1.0
[INFO] [stderr]    Compiling claxon v0.4.3
[INFO] [stderr]    Compiling jpeg-decoder v0.1.22
[INFO] [stderr]    Compiling num-traits v0.2.14
[INFO] [stderr]    Compiling memoffset v0.5.6
[INFO] [stderr]    Compiling crossbeam-epoch v0.8.2
[INFO] [stderr]    Compiling libloading v0.6.7
[INFO] [stderr]    Compiling num-integer v0.1.44
[INFO] [stderr]    Compiling x11-dl v2.18.5
[INFO] [stderr]    Compiling num-rational v0.2.4
[INFO] [stderr]    Compiling num-complex v0.2.4
[INFO] [stderr]    Compiling alsa-sys v0.1.2
[INFO] [stderr]    Compiling libudev-sys v0.1.4
[INFO] [stderr]    Compiling num-iter v0.1.42
[INFO] [stderr]    Compiling rand v0.6.5
[INFO] [stderr]    Compiling error-chain v0.12.4
[INFO] [stderr]    Compiling inflate v0.4.5
[INFO] [stderr]    Compiling matrixmultiply v0.2.4
[INFO] [stderr]    Compiling gif v0.10.3
[INFO] [stderr]    Compiling stb_truetype v0.3.1
[INFO] [stderr]    Compiling ogg v0.7.1
[INFO] [stderr]    Compiling deflate v0.7.20
[INFO] [stderr]    Compiling dlib v0.4.2
[INFO] [stderr]    Compiling draw_state v0.8.0
[INFO] [stderr]    Compiling smallvec v0.6.14
[INFO] [stderr]    Compiling semver v0.9.0
[INFO] [stderr]    Compiling toml v0.5.8
[INFO] [stderr]    Compiling serde_json v1.0.61
[INFO] [stderr]    Compiling wayland-scanner v0.21.13
[INFO] [stderr]    Compiling wayland-sys v0.21.13
[INFO] [stderr]    Compiling png v0.15.3
[INFO] [stderr]    Compiling glutin_glx_sys v0.1.7
[INFO] [stderr]    Compiling gfx_gl v0.6.1
[INFO] [stderr]    Compiling glutin_egl_sys v0.1.5
[INFO] [stderr]    Compiling lewton v0.9.4
[INFO] [stderr]    Compiling gfx_core v0.9.2
[INFO] [stderr]    Compiling rustc_version v0.2.3
[INFO] [stderr]    Compiling minimp3-sys v0.3.2
[INFO] [stderr]    Compiling bzip2-sys v0.1.10+1.0.8
[INFO] [stderr]    Compiling libloading v0.5.2
[INFO] [stderr]    Compiling approx v0.3.2
[INFO] [stderr]    Compiling ordered-float v1.1.1
[INFO] [stderr]    Compiling line_drawing v0.7.0
[INFO] [stderr]    Compiling num-traits v0.1.43
[INFO] [stderr]    Compiling parking_lot_core v0.6.2
[INFO] [stderr]    Compiling parking_lot v0.9.0
[INFO] [stderr]    Compiling crossbeam-deque v0.7.3
[INFO] [stderr]    Compiling sid v0.5.2
[INFO] [stderr]    Compiling num_cpus v1.13.0
[INFO] [stderr]    Compiling getrandom v0.2.2
[INFO] [stderr]    Compiling nix v0.14.1
[INFO] [stderr]    Compiling getrandom v0.1.16
[INFO] [stderr]    Compiling memmap v0.7.0
[INFO] [stderr]    Compiling raw-window-handle v0.3.3
[INFO] [stderr]    Compiling shared_library v0.1.9
[INFO] [stderr]    Compiling rand_os v0.1.3
[INFO] [stderr]    Compiling slice-deque v0.3.0
[INFO] [stderr]    Compiling dirs-sys v0.3.5
[INFO] [stderr]    Compiling gfx v0.18.2
[INFO] [stderr]    Compiling wayland-client v0.21.13
[INFO] [stderr]    Compiling wayland-protocols v0.21.13
[INFO] [stderr]    Compiling alga v0.9.3
[INFO] [stderr]    Compiling rand_core v0.6.1
[INFO] [stderr]    Compiling rusttype v0.8.3
[INFO] [stderr]    Compiling rand_core v0.5.1
[INFO] [stderr]    Compiling osmesa-sys v0.1.2
[INFO] [stderr]    Compiling directories v2.0.2
[INFO] [stderr]    Compiling cpal v0.8.2
[INFO] [stderr]    Compiling rand_chacha v0.3.0
[INFO] [stderr]    Compiling minimp3 v0.3.5
[INFO] [stderr]    Compiling bzip2 v0.3.3
[INFO] [stderr]    Compiling rand_chacha v0.2.2
[INFO] [stderr]    Compiling rusttype v0.7.9
[INFO] [stderr]    Compiling glyph_brush_layout v0.1.9
[INFO] [stderr]    Compiling rand v0.8.3
[INFO] [stderr]    Compiling andrew v0.2.1
[INFO] [stderr]    Compiling rand v0.7.3
[INFO] [stderr]    Compiling nalgebra v0.18.1
[INFO] [stderr]    Compiling tempfile v3.2.0
[INFO] [stderr]    Compiling twox-hash v1.6.0
[INFO] [stderr]    Compiling glyph_brush v0.6.3
[INFO] [stderr]    Compiling wayland-commons v0.21.13
[INFO] [stderr]    Compiling glyph_brush v0.5.4
[INFO] [stderr]    Compiling gilrs-core v0.2.6
[INFO] [stderr]    Compiling gfx_device_gl v0.16.2
[INFO] [stderr]    Compiling euclid_macros v0.1.0
[INFO] [stderr]    Compiling num-derive v0.2.5
[INFO] [stderr]    Compiling smart-default v0.5.2
[INFO] [stderr]    Compiling gilrs v0.7.4
[INFO] [stderr]    Compiling serde_derive v1.0.123
[INFO] [stderr]    Compiling thiserror-impl v1.0.23
[INFO] [stderr]    Compiling euclid v0.19.9
[INFO] [stderr]    Compiling lyon_geom v0.12.7
[INFO] [stderr]    Compiling tiff v0.3.1
[INFO] [stderr]    Compiling thiserror v1.0.23
[INFO] [stderr]    Compiling zip v0.5.9
[INFO] [stderr]    Compiling lyon_path v0.13.2
[INFO] [stderr]    Compiling image v0.22.5
[INFO] [stderr]    Compiling lyon_tessellation v0.13.5
[INFO] [stderr]    Compiling lyon_algorithms v0.13.4
[INFO] [stderr]    Compiling lyon v0.13.5
[INFO] [stderr]    Compiling cargo_metadata v0.10.0
[INFO] [stderr]    Compiling skeptic v0.13.5
[INFO] [stderr]    Compiling ggez v0.5.1
[INFO] [stderr]    Compiling rodio v0.9.0
[INFO] [stderr]    Compiling smithay-client-toolkit v0.4.6
[INFO] [stderr]    Compiling winit v0.19.5
[INFO] [stderr]    Compiling glutin v0.20.1
[INFO] [stderr]    Compiling gfx_window_glutin v0.30.0
[INFO] [stderr]    Compiling wwtm_project v0.4.0 (/opt/rustwide/workdir)
[INFO] [stderr]     Finished dev [unoptimized + debuginfo] target(s) in 2m 45s
[INFO] running `Command { std: "docker" "inspect" "f6e3d1c5e27c3a2527430194959e26c63c16cf12fefc1d5d53328fb2b9ddd7ba", kill_on_drop: false }`
[INFO] running `Command { std: "docker" "rm" "-f" "f6e3d1c5e27c3a2527430194959e26c63c16cf12fefc1d5d53328fb2b9ddd7ba", kill_on_drop: false }`
[INFO] [stdout] f6e3d1c5e27c3a2527430194959e26c63c16cf12fefc1d5d53328fb2b9ddd7ba
[INFO] running `Command { std: "docker" "create" "-v" "/var/lib/crater-agent-workspace/builds/worker-5/target:/opt/rustwide/target:rw,Z" "-v" "/var/lib/crater-agent-workspace/builds/worker-5/source:/opt/rustwide/workdir:ro,Z" "-v" "/var/lib/crater-agent-workspace/cargo-home:/opt/rustwide/cargo-home:ro,Z" "-v" "/var/lib/crater-agent-workspace/rustup-home:/opt/rustwide/rustup-home:ro,Z" "-e" "SOURCE_DIR=/opt/rustwide/workdir" "-e" "CARGO_TARGET_DIR=/opt/rustwide/target" "-e" "CARGO_INCREMENTAL=0" "-e" "RUST_BACKTRACE=full" "-e" "RUSTFLAGS=--cap-lints=warn" "-e" "CARGO_HOME=/opt/rustwide/cargo-home" "-e" "RUSTUP_HOME=/opt/rustwide/rustup-home" "-w" "/opt/rustwide/workdir" "-m" "1610612736" "--user" "0:0" "--network" "none" "ghcr.io/rust-lang/crates-build-env/linux@sha256:34b6a614d2c27851fe6cbf88fbd1137609cefab8b10d0615aaeb6fd47975d74e" "/opt/rustwide/cargo-home/bin/cargo" "+beta-2021-08-01" "test" "--frozen" "--no-run" "--message-format=json", kill_on_drop: false }`
[INFO] [stdout] a4a7cc9d6f908166b1ec8e3812a2d4b6ba9e4f53f40942f554b71c90d577508b
[INFO] [stderr] WARNING: Your kernel does not support swap limit capabilities or the cgroup is not mounted. Memory limited without swap.
[INFO] running `Command { std: "docker" "start" "-a" "a4a7cc9d6f908166b1ec8e3812a2d4b6ba9e4f53f40942f554b71c90d577508b", kill_on_drop: false }`
[INFO] [stderr]    Compiling wwtm_project v0.4.0 (/opt/rustwide/workdir)
[INFO] [stdout] warning: unused import: `ggez::*`
[INFO] [stdout]  --> tests/graphics_tests.rs:1:5
[INFO] [stdout]   |
[INFO] [stdout] 1 | use ggez::*;
[INFO] [stdout]   |     ^^^^^^^
[INFO] [stdout]   |
[INFO] [stdout]   = note: `#[warn(unused_imports)]` on by default
[INFO] [stdout] 
[INFO] [stdout] 
[INFO] [stdout] warning: unused imports: `Conf`, `WindowMode`
[INFO] [stdout]  --> tests/graphics_tests.rs:2:18
[INFO] [stdout]   |
[INFO] [stdout] 2 | use ggez::conf::{WindowMode,Conf};
[INFO] [stdout]   |                  ^^^^^^^^^^ ^^^^
[INFO] [stdout] 
[INFO] [stdout] 
[INFO] [stdout] warning: unused imports: `EventHandler`, `KeyCode`, `KeyMods`
[INFO] [stdout]  --> tests/graphics_tests.rs:3:19
[INFO] [stdout]   |
[INFO] [stdout] 3 | use ggez::event::{EventHandler,KeyCode,KeyMods};
[INFO] [stdout]   |                   ^^^^^^^^^^^^ ^^^^^^^ ^^^^^^^
[INFO] [stdout] 
[INFO] [stdout] 
[INFO] [stdout] warning: unused imports: `Color`, `DrawMode`, `DrawParam`, `Rect`
[INFO] [stdout]  --> tests/graphics_tests.rs:4:22
[INFO] [stdout]   |
[INFO] [stdout] 4 | use ggez::graphics::{DrawParam,DrawMode,Rect,Color};
[INFO] [stdout]   |                      ^^^^^^^^^ ^^^^^^^^ ^^^^ ^^^^^
[INFO] [stdout] 
[INFO] [stdout] 
[INFO] [stdout] warning: unused import: `ggez::mint::Point2`
[INFO] [stdout]  --> tests/graphics_tests.rs:5:5
[INFO] [stdout]   |
[INFO] [stdout] 5 | use ggez::mint::Point2;
[INFO] [stdout]   |     ^^^^^^^^^^^^^^^^^^
[INFO] [stdout] 
[INFO] [stdout] 
[INFO] [stdout] warning: unused import: `ggez::timer`
[INFO] [stdout]  --> tests/graphics_tests.rs:6:5
[INFO] [stdout]   |
[INFO] [stdout] 6 | use ggez::timer;
[INFO] [stdout]   |     ^^^^^^^^^^^
[INFO] [stdout] 
[INFO] [stdout] 
[INFO] [stdout] warning: unused import: `ggez::input::keyboard::is_key_pressed`
[INFO] [stdout]  --> tests/graphics_tests.rs:7:5
[INFO] [stdout]   |
[INFO] [stdout] 7 | use ggez::input::keyboard::is_key_pressed;
[INFO] [stdout]   |     ^^^^^^^^^^^^^^^^^^^^^^^^^^^^^^^^^^^^^
[INFO] [stdout] 
[INFO] [stdout] 
[INFO] [stdout] warning: unused import: `wwtm_project::source::Assets`
[INFO] [stdout]  --> tests/graphics_tests.rs:9:5
[INFO] [stdout]   |
[INFO] [stdout] 9 | use wwtm_project::source::Assets;
[INFO] [stdout]   |     ^^^^^^^^^^^^^^^^^^^^^^^^^^^^
[INFO] [stdout] 
[INFO] [stdout] 
[INFO] [stdout] warning: unused import: `wwtm_project::question_list::QuestionList`
[INFO] [stdout]   --> tests/graphics_tests.rs:10:5
[INFO] [stdout]    |
[INFO] [stdout] 10 | use wwtm_project::question_list::QuestionList;
[INFO] [stdout]    |     ^^^^^^^^^^^^^^^^^^^^^^^^^^^^^^^^^^^^^^^^^
[INFO] [stdout] 
[INFO] [stdout] 
[INFO] [stdout] warning: unused import: `wwtm_project::question::Question`
[INFO] [stdout]   --> tests/graphics_tests.rs:11:5
[INFO] [stdout]    |
[INFO] [stdout] 11 | use wwtm_project::question::Question;
[INFO] [stdout]    |     ^^^^^^^^^^^^^^^^^^^^^^^^^^^^^^^^
[INFO] [stdout] 
[INFO] [stdout] 
[INFO] [stdout] warning: 10 warnings emitted
[INFO] [stdout] 
[INFO] [stdout] 
[INFO] [stderr]     Finished test [unoptimized + debuginfo] target(s) in 3.64s
[INFO] running `Command { std: "docker" "inspect" "a4a7cc9d6f908166b1ec8e3812a2d4b6ba9e4f53f40942f554b71c90d577508b", kill_on_drop: false }`
[INFO] running `Command { std: "docker" "rm" "-f" "a4a7cc9d6f908166b1ec8e3812a2d4b6ba9e4f53f40942f554b71c90d577508b", kill_on_drop: false }`
[INFO] [stdout] a4a7cc9d6f908166b1ec8e3812a2d4b6ba9e4f53f40942f554b71c90d577508b
[INFO] running `Command { std: "docker" "create" "-v" "/var/lib/crater-agent-workspace/builds/worker-5/target:/opt/rustwide/target:rw,Z" "-v" "/var/lib/crater-agent-workspace/builds/worker-5/source:/opt/rustwide/workdir:ro,Z" "-v" "/var/lib/crater-agent-workspace/cargo-home:/opt/rustwide/cargo-home:ro,Z" "-v" "/var/lib/crater-agent-workspace/rustup-home:/opt/rustwide/rustup-home:ro,Z" "-e" "SOURCE_DIR=/opt/rustwide/workdir" "-e" "CARGO_TARGET_DIR=/opt/rustwide/target" "-e" "CARGO_INCREMENTAL=0" "-e" "RUST_BACKTRACE=full" "-e" "RUSTFLAGS=--cap-lints=warn" "-e" "CARGO_HOME=/opt/rustwide/cargo-home" "-e" "RUSTUP_HOME=/opt/rustwide/rustup-home" "-w" "/opt/rustwide/workdir" "-m" "1610612736" "--user" "0:0" "--network" "none" "ghcr.io/rust-lang/crates-build-env/linux@sha256:34b6a614d2c27851fe6cbf88fbd1137609cefab8b10d0615aaeb6fd47975d74e" "/opt/rustwide/cargo-home/bin/cargo" "+beta-2021-08-01" "test" "--frozen", kill_on_drop: false }`
[INFO] [stdout] 8de4db0153938aa4115838aa7fb8a5b98822bacf6515f861e2c781dc78edcb1f
[INFO] [stderr] WARNING: Your kernel does not support swap limit capabilities or the cgroup is not mounted. Memory limited without swap.
[INFO] running `Command { std: "docker" "start" "-a" "8de4db0153938aa4115838aa7fb8a5b98822bacf6515f861e2c781dc78edcb1f", kill_on_drop: false }`
[INFO] [stderr] warning: unused import: `ggez::*`
[INFO] [stderr]  --> tests/graphics_tests.rs:1:5
[INFO] [stderr]   |
[INFO] [stderr] 1 | use ggez::*;
[INFO] [stderr]   |     ^^^^^^^
[INFO] [stderr]   |
[INFO] [stderr]   = note: `#[warn(unused_imports)]` on by default
[INFO] [stderr] 
[INFO] [stderr] warning: unused imports: `Conf`, `WindowMode`
[INFO] [stderr]  --> tests/graphics_tests.rs:2:18
[INFO] [stderr]   |
[INFO] [stderr] 2 | use ggez::conf::{WindowMode,Conf};
[INFO] [stderr]   |                  ^^^^^^^^^^ ^^^^
[INFO] [stderr] 
[INFO] [stderr] warning: unused imports: `EventHandler`, `KeyCode`, `KeyMods`
[INFO] [stderr]  --> tests/graphics_tests.rs:3:19
[INFO] [stderr]   |
[INFO] [stderr] 3 | use ggez::event::{EventHandler,KeyCode,KeyMods};
[INFO] [stderr]   |                   ^^^^^^^^^^^^ ^^^^^^^ ^^^^^^^
[INFO] [stderr] 
[INFO] [stderr] warning: unused imports: `Color`, `DrawMode`, `DrawParam`, `Rect`
[INFO] [stderr]  --> tests/graphics_tests.rs:4:22
[INFO] [stderr]   |
[INFO] [stderr] 4 | use ggez::graphics::{DrawParam,DrawMode,Rect,Color};
[INFO] [stderr]   |                      ^^^^^^^^^ ^^^^^^^^ ^^^^ ^^^^^
[INFO] [stderr] 
[INFO] [stderr] warning: unused import: `ggez::mint::Point2`
[INFO] [stderr]  --> tests/graphics_tests.rs:5:5
[INFO] [stderr]   |
[INFO] [stderr] 5 | use ggez::mint::Point2;
[INFO] [stderr]   |     ^^^^^^^^^^^^^^^^^^
[INFO] [stderr] 
[INFO] [stderr] warning: unused import: `ggez::timer`
[INFO] [stderr]  --> tests/graphics_tests.rs:6:5
[INFO] [stderr]   |
[INFO] [stderr] 6 | use ggez::timer;
[INFO] [stderr]   |     ^^^^^^^^^^^
[INFO] [stderr] 
[INFO] [stderr] warning: unused import: `ggez::input::keyboard::is_key_pressed`
[INFO] [stderr]  --> tests/graphics_tests.rs:7:5
[INFO] [stderr]   |
[INFO] [stderr] 7 | use ggez::input::keyboard::is_key_pressed;
[INFO] [stderr]   |     ^^^^^^^^^^^^^^^^^^^^^^^^^^^^^^^^^^^^^
[INFO] [stderr] 
[INFO] [stderr] warning: unused import: `wwtm_project::source::Assets`
[INFO] [stderr]  --> tests/graphics_tests.rs:9:5
[INFO] [stderr]   |
[INFO] [stderr] 9 | use wwtm_project::source::Assets;
[INFO] [stderr]   |     ^^^^^^^^^^^^^^^^^^^^^^^^^^^^
[INFO] [stderr] 
[INFO] [stderr] warning: unused import: `wwtm_project::question_list::QuestionList`
[INFO] [stderr]   --> tests/graphics_tests.rs:10:5
[INFO] [stderr]    |
[INFO] [stderr] 10 | use wwtm_project::question_list::QuestionList;
[INFO] [stderr]    |     ^^^^^^^^^^^^^^^^^^^^^^^^^^^^^^^^^^^^^^^^^
[INFO] [stderr] 
[INFO] [stderr] warning: unused import: `wwtm_project::question::Question`
[INFO] [stderr]   --> tests/graphics_tests.rs:11:5
[INFO] [stderr]    |
[INFO] [stderr] 11 | use wwtm_project::question::Question;
[INFO] [stderr]    |     ^^^^^^^^^^^^^^^^^^^^^^^^^^^^^^^^
[INFO] [stderr] 
[INFO] [stderr] warning: `wwtm_project` (test "graphics_tests") generated 10 warnings
[INFO] [stderr]     Finished test [unoptimized + debuginfo] target(s) in 0.10s
[INFO] [stderr]      Running unittests (/opt/rustwide/target/debug/deps/wwtm_project-e436d4d42d616b73)
[INFO] [stdout] 
[INFO] [stderr]      Running unittests (/opt/rustwide/target/debug/deps/wwtm_project-cb98968f573f1884)
[INFO] [stdout] running 0 tests
[INFO] [stdout] 
[INFO] [stdout] test result: ok. 0 passed; 0 failed; 0 ignored; 0 measured; 0 filtered out; finished in 0.00s
[INFO] [stdout] 
[INFO] [stderr]      Running tests/graphics_tests.rs (/opt/rustwide/target/debug/deps/graphics_tests-43690a35c17e5f49)
[INFO] [stdout] 
[INFO] [stdout] running 0 tests
[INFO] [stdout] 
[INFO] [stdout] test result: ok. 0 passed; 0 failed; 0 ignored; 0 measured; 0 filtered out; finished in 0.00s
[INFO] [stdout] 
[INFO] [stdout] 
[INFO] [stdout] running 1 test
[INFO] [stdout] test win_case ... FAILED
[INFO] [stdout] 
[INFO] [stdout] failures:
[INFO] [stdout] 
[INFO] [stdout] ---- win_case stdout ----
[INFO] [stdout] thread 'win_case' panicked at 'not implemented', tests/graphics_tests.rs:15:5
[INFO] [stdout] stack backtrace:
[INFO] [stdout]    0:     0x55d1a829dac0 - std::backtrace_rs::backtrace::libunwind::trace::hff4d1766e93f64f1
[INFO] [stdout]                                at /rustc/53fd98ca776cb875bc9e5514f56b52eb74f9e7a9/library/std/src/../../backtrace/src/backtrace/libunwind.rs:90:5
[INFO] [stdout]    1:     0x55d1a829dac0 - std::backtrace_rs::backtrace::trace_unsynchronized::h56bbc8eb78770bcb
[INFO] [stdout]                                at /rustc/53fd98ca776cb875bc9e5514f56b52eb74f9e7a9/library/std/src/../../backtrace/src/backtrace/mod.rs:66:5
[INFO] [stdout]    2:     0x55d1a829dac0 - std::sys_common::backtrace::_print_fmt::h5c8e75464faca780
[INFO] [stdout]                                at /rustc/53fd98ca776cb875bc9e5514f56b52eb74f9e7a9/library/std/src/sys_common/backtrace.rs:67:5
[INFO] [stdout]    3:     0x55d1a829dac0 - <std::sys_common::backtrace::_print::DisplayBacktrace as core::fmt::Display>::fmt::h48b88277def8b362
[INFO] [stdout]                                at /rustc/53fd98ca776cb875bc9e5514f56b52eb74f9e7a9/library/std/src/sys_common/backtrace.rs:46:22
[INFO] [stdout]    4:     0x55d1a82c028c - core::fmt::write::h3381b3176fe2b3d3
[INFO] [stdout]                                at /rustc/53fd98ca776cb875bc9e5514f56b52eb74f9e7a9/library/core/src/fmt/mod.rs:1115:17
[INFO] [stdout]    5:     0x55d1a829aa25 - std::io::Write::write_fmt::h5f34a676f60246b5
[INFO] [stdout]                                at /rustc/53fd98ca776cb875bc9e5514f56b52eb74f9e7a9/library/std/src/io/mod.rs:1665:15
[INFO] [stdout]    6:     0x55d1a829fc3b - std::sys_common::backtrace::_print::ha537687d6c17dd0d
[INFO] [stdout]                                at /rustc/53fd98ca776cb875bc9e5514f56b52eb74f9e7a9/library/std/src/sys_common/backtrace.rs:49:5
[INFO] [stdout]    7:     0x55d1a829fc3b - std::sys_common::backtrace::print::h61376ae57d131d72
[INFO] [stdout]                                at /rustc/53fd98ca776cb875bc9e5514f56b52eb74f9e7a9/library/std/src/sys_common/backtrace.rs:36:9
[INFO] [stdout]    8:     0x55d1a829fc3b - std::panicking::default_hook::{{closure}}::h0f7208c0b9644a54
[INFO] [stdout]                                at /rustc/53fd98ca776cb875bc9e5514f56b52eb74f9e7a9/library/std/src/panicking.rs:208:50
[INFO] [stdout]    9:     0x55d1a829f74c - std::panicking::default_hook::hdac7fc06578c14ce
[INFO] [stdout]                                at /rustc/53fd98ca776cb875bc9e5514f56b52eb74f9e7a9/library/std/src/panicking.rs:222:9
[INFO] [stdout]   10:     0x55d1a82a0304 - std::panicking::rust_panic_with_hook::h72b21c283da3d1ef
[INFO] [stdout]                                at /rustc/53fd98ca776cb875bc9e5514f56b52eb74f9e7a9/library/std/src/panicking.rs:622:17
[INFO] [stdout]   11:     0x55d1a829fdb7 - std::panicking::begin_panic_handler::{{closure}}::he5778f1729cff84a
[INFO] [stdout]                                at /rustc/53fd98ca776cb875bc9e5514f56b52eb74f9e7a9/library/std/src/panicking.rs:517:13
[INFO] [stdout]   12:     0x55d1a829df9c - std::sys_common::backtrace::__rust_end_short_backtrace::h2d11ca8b453b4b1d
[INFO] [stdout]                                at /rustc/53fd98ca776cb875bc9e5514f56b52eb74f9e7a9/library/std/src/sys_common/backtrace.rs:141:18
[INFO] [stdout]   13:     0x55d1a829fd49 - rust_begin_unwind
[INFO] [stdout]                                at /rustc/53fd98ca776cb875bc9e5514f56b52eb74f9e7a9/library/std/src/panicking.rs:515:5
[INFO] [stdout]   14:     0x55d1a824e3a1 - core::panicking::panic_fmt::hf9de31d4acbce4db
[INFO] [stdout]                                at /rustc/53fd98ca776cb875bc9e5514f56b52eb74f9e7a9/library/core/src/panicking.rs:92:14
[INFO] [stdout]   15:     0x55d1a824e2ed - core::panicking::panic::h8a6bc58a21c6c095
[INFO] [stdout]                                at /rustc/53fd98ca776cb875bc9e5514f56b52eb74f9e7a9/library/core/src/panicking.rs:50:5
[INFO] [stdout]   16:     0x55d1a824edfd - graphics_tests::win_case::h7c73bd6e96b0f9ae
[INFO] [stdout]                                at /opt/rustwide/workdir/tests/graphics_tests.rs:15:5
[INFO] [stdout]   17:     0x55d1a824edca - graphics_tests::win_case::{{closure}}::h54ab833cfd3074b1
[INFO] [stdout]                                at /opt/rustwide/workdir/tests/graphics_tests.rs:14:1
[INFO] [stdout]   18:     0x55d1a824ecee - core::ops::function::FnOnce::call_once::hfd5bf46cb86db712
[INFO] [stdout]                                at /rustc/53fd98ca776cb875bc9e5514f56b52eb74f9e7a9/library/core/src/ops/function.rs:227:5
[INFO] [stdout]   19:     0x55d1a82821b3 - core::ops::function::FnOnce::call_once::hbb52c4519d3137b0
[INFO] [stdout]                                at /rustc/53fd98ca776cb875bc9e5514f56b52eb74f9e7a9/library/core/src/ops/function.rs:227:5
[INFO] [stdout]   20:     0x55d1a82821b3 - test::__rust_begin_short_backtrace::h86fe3a2a5a5121af
[INFO] [stdout]                                at /rustc/53fd98ca776cb875bc9e5514f56b52eb74f9e7a9/library/test/src/lib.rs:578:5
[INFO] [stdout]   21:     0x55d1a8280c68 - <alloc::boxed::Box<F,A> as core::ops::function::FnOnce<Args>>::call_once::hfd956bc3d57399be
[INFO] [stdout]                                at /rustc/53fd98ca776cb875bc9e5514f56b52eb74f9e7a9/library/alloc/src/boxed.rs:1572:9
[INFO] [stdout]   22:     0x55d1a8280c68 - <std::panic::AssertUnwindSafe<F> as core::ops::function::FnOnce<()>>::call_once::h40dc93e0ddb5938a
[INFO] [stdout]                                at /rustc/53fd98ca776cb875bc9e5514f56b52eb74f9e7a9/library/std/src/panic.rs:347:9
[INFO] [stdout]   23:     0x55d1a8280c68 - std::panicking::try::do_call::h90d07750cb47c562
[INFO] [stdout]                                at /rustc/53fd98ca776cb875bc9e5514f56b52eb74f9e7a9/library/std/src/panicking.rs:401:40
[INFO] [stdout]   24:     0x55d1a8280c68 - std::panicking::try::h063c84733ad2a629
[INFO] [stdout]                                at /rustc/53fd98ca776cb875bc9e5514f56b52eb74f9e7a9/library/std/src/panicking.rs:365:19
[INFO] [stdout]   25:     0x55d1a8280c68 - std::panic::catch_unwind::h0c464836a84e7c08
[INFO] [stdout]                                at /rustc/53fd98ca776cb875bc9e5514f56b52eb74f9e7a9/library/std/src/panic.rs:434:14
[INFO] [stdout]   26:     0x55d1a8280c68 - test::run_test_in_process::h5cb06ef620b157fc
[INFO] [stdout]                                at /rustc/53fd98ca776cb875bc9e5514f56b52eb74f9e7a9/library/test/src/lib.rs:601:18
[INFO] [stdout]   27:     0x55d1a8280c68 - test::run_test::run_test_inner::{{closure}}::h76f677f4b93f9828
[INFO] [stdout]                                at /rustc/53fd98ca776cb875bc9e5514f56b52eb74f9e7a9/library/test/src/lib.rs:493:39
[INFO] [stdout]   28:     0x55d1a824f3fd - test::run_test::run_test_inner::{{closure}}::h366d01fe04f4d67a
[INFO] [stdout]                                at /rustc/53fd98ca776cb875bc9e5514f56b52eb74f9e7a9/library/test/src/lib.rs:520:37
[INFO] [stdout]   29:     0x55d1a824f3fd - std::sys_common::backtrace::__rust_begin_short_backtrace::h7dfa0de4eb395af2
[INFO] [stdout]                                at /rustc/53fd98ca776cb875bc9e5514f56b52eb74f9e7a9/library/std/src/sys_common/backtrace.rs:125:18
[INFO] [stdout]   30:     0x55d1a8253bc8 - std::thread::Builder::spawn_unchecked::{{closure}}::{{closure}}::hf0a74bb58798037f
[INFO] [stdout]                                at /rustc/53fd98ca776cb875bc9e5514f56b52eb74f9e7a9/library/std/src/thread/mod.rs:476:17
[INFO] [stdout]   31:     0x55d1a8253bc8 - <std::panic::AssertUnwindSafe<F> as core::ops::function::FnOnce<()>>::call_once::hb024e854818586ac
[INFO] [stdout]                                at /rustc/53fd98ca776cb875bc9e5514f56b52eb74f9e7a9/library/std/src/panic.rs:347:9
[INFO] [stdout]   32:     0x55d1a8253bc8 - std::panicking::try::do_call::hb2dd9f1d0d48e41d
[INFO] [stdout]                                at /rustc/53fd98ca776cb875bc9e5514f56b52eb74f9e7a9/library/std/src/panicking.rs:401:40
[INFO] [stdout]   33:     0x55d1a8253bc8 - std::panicking::try::h4717ae7bac8b2bf3
[INFO] [stdout]                                at /rustc/53fd98ca776cb875bc9e5514f56b52eb74f9e7a9/library/std/src/panicking.rs:365:19
[INFO] [stdout]   34:     0x55d1a8253bc8 - std::panic::catch_unwind::h0dc8a061326ce8d8
[INFO] [stdout]                                at /rustc/53fd98ca776cb875bc9e5514f56b52eb74f9e7a9/library/std/src/panic.rs:434:14
[INFO] [stdout]   35:     0x55d1a8253bc8 - std::thread::Builder::spawn_unchecked::{{closure}}::haa369e2d6fd00aa1
[INFO] [stdout]                                at /rustc/53fd98ca776cb875bc9e5514f56b52eb74f9e7a9/library/std/src/thread/mod.rs:475:30
[INFO] [stdout]   36:     0x55d1a8253bc8 - core::ops::function::FnOnce::call_once{{vtable.shim}}::h36dcf3de8b056f17
[INFO] [stdout]                                at /rustc/53fd98ca776cb875bc9e5514f56b52eb74f9e7a9/library/core/src/ops/function.rs:227:5
[INFO] [stdout]   37:     0x55d1a82a4e77 - <alloc::boxed::Box<F,A> as core::ops::function::FnOnce<Args>>::call_once::h65c29e4642be2358
[INFO] [stdout]                                at /rustc/53fd98ca776cb875bc9e5514f56b52eb74f9e7a9/library/alloc/src/boxed.rs:1572:9
[INFO] [stdout]   38:     0x55d1a82a4e77 - <alloc::boxed::Box<F,A> as core::ops::function::FnOnce<Args>>::call_once::hd0f8f7fbbd9fffbf
[INFO] [stdout]                                at /rustc/53fd98ca776cb875bc9e5514f56b52eb74f9e7a9/library/alloc/src/boxed.rs:1572:9
[INFO] [stdout]   39:     0x55d1a82a4e77 - std::sys::unix::thread::Thread::new::thread_start::h2fd22fee3ca77b65
[INFO] [stdout]                                at /rustc/53fd98ca776cb875bc9e5514f56b52eb74f9e7a9/library/std/src/sys/unix/thread.rs:74:17
[INFO] [stdout]   40:     0x7fe66e27c609 - start_thread
[INFO] [stdout]   41:     0x7fe66e052293 - clone
[INFO] [stdout]   42:                0x0 - <unknown>
[INFO] [stdout] 
[INFO] [stdout] 
[INFO] [stdout] failures:
[INFO] [stdout]     win_case
[INFO] [stdout] 
[INFO] [stdout] test result: FAILED. 0 passed; 1 failed; 0 ignored; 0 measured; 0 filtered out; finished in 0.01s
[INFO] [stdout] 
[INFO] [stderr] error: test failed, to rerun pass '--test graphics_tests'
[INFO] running `Command { std: "docker" "inspect" "8de4db0153938aa4115838aa7fb8a5b98822bacf6515f861e2c781dc78edcb1f", kill_on_drop: false }`
[INFO] running `Command { std: "docker" "rm" "-f" "8de4db0153938aa4115838aa7fb8a5b98822bacf6515f861e2c781dc78edcb1f", kill_on_drop: false }`
[INFO] [stdout] 8de4db0153938aa4115838aa7fb8a5b98822bacf6515f861e2c781dc78edcb1f
