[INFO] cloning repository https://github.com/RikardLegge/legge-vm
[INFO] running `Command { std: "git" "-c" "credential.helper=" "-c" "credential.helper=/workspace/cargo-home/bin/git-credential-null" "clone" "--bare" "https://github.com/RikardLegge/legge-vm" "/workspace/cache/git-repos/https%3A%2F%2Fgithub.com%2FRikardLegge%2Flegge-vm", kill_on_drop: false }`
[INFO] [stderr] Cloning into bare repository '/workspace/cache/git-repos/https%3A%2F%2Fgithub.com%2FRikardLegge%2Flegge-vm'...
[INFO] running `Command { std: "git" "rev-parse" "HEAD", kill_on_drop: false }`
[INFO] [stdout] 290f6c633f6457414cf32bd1c424555f59d52dfc
[INFO] testing RikardLegge/legge-vm against beta-2021-08-01 for beta-1.55-1
[INFO] running `Command { std: "git" "clone" "/workspace/cache/git-repos/https%3A%2F%2Fgithub.com%2FRikardLegge%2Flegge-vm" "/workspace/builds/worker-80/source", kill_on_drop: false }`
[INFO] [stderr] Cloning into '/workspace/builds/worker-80/source'...
[INFO] [stderr] done.
[INFO] validating manifest of git repo https://github.com/RikardLegge/legge-vm on toolchain beta-2021-08-01
[INFO] running `Command { std: "/workspace/cargo-home/bin/cargo" "+beta-2021-08-01" "metadata" "--manifest-path" "Cargo.toml" "--no-deps", kill_on_drop: false }`
[INFO] started tweaking git repo https://github.com/RikardLegge/legge-vm
[INFO] finished tweaking git repo https://github.com/RikardLegge/legge-vm
[INFO] tweaked toml for git repo https://github.com/RikardLegge/legge-vm written to /workspace/builds/worker-80/source/Cargo.toml
[INFO] crate git repo https://github.com/RikardLegge/legge-vm already has a lockfile, it will not be regenerated
[INFO] running `Command { std: "/workspace/cargo-home/bin/cargo" "+beta-2021-08-01" "fetch" "--manifest-path" "Cargo.toml", kill_on_drop: false }`
[INFO] [stderr]     Blocking waiting for file lock on package cache
[INFO] running `Command { std: "docker" "create" "-v" "/var/lib/crater-agent-workspace/builds/worker-80/target:/opt/rustwide/target:rw,Z" "-v" "/var/lib/crater-agent-workspace/builds/worker-80/source:/opt/rustwide/workdir:ro,Z" "-v" "/var/lib/crater-agent-workspace/cargo-home:/opt/rustwide/cargo-home:ro,Z" "-v" "/var/lib/crater-agent-workspace/rustup-home:/opt/rustwide/rustup-home:ro,Z" "-e" "SOURCE_DIR=/opt/rustwide/workdir" "-e" "CARGO_TARGET_DIR=/opt/rustwide/target" "-e" "CARGO_HOME=/opt/rustwide/cargo-home" "-e" "RUSTUP_HOME=/opt/rustwide/rustup-home" "-w" "/opt/rustwide/workdir" "-m" "1610612736" "--user" "0:0" "--network" "none" "ghcr.io/rust-lang/crates-build-env/linux@sha256:34b6a614d2c27851fe6cbf88fbd1137609cefab8b10d0615aaeb6fd47975d74e" "/opt/rustwide/cargo-home/bin/cargo" "+beta-2021-08-01" "metadata" "--no-deps" "--format-version=1", kill_on_drop: false }`
[INFO] [stdout] 616968d8a0f8259f9bade90d9945cb56df48f7f8c92cddf6a634f4cb4e7a4a69
[INFO] running `Command { std: "docker" "start" "-a" "616968d8a0f8259f9bade90d9945cb56df48f7f8c92cddf6a634f4cb4e7a4a69", kill_on_drop: false }`
[INFO] running `Command { std: "docker" "inspect" "616968d8a0f8259f9bade90d9945cb56df48f7f8c92cddf6a634f4cb4e7a4a69", kill_on_drop: false }`
[INFO] running `Command { std: "docker" "rm" "-f" "616968d8a0f8259f9bade90d9945cb56df48f7f8c92cddf6a634f4cb4e7a4a69", kill_on_drop: false }`
[INFO] [stdout] 616968d8a0f8259f9bade90d9945cb56df48f7f8c92cddf6a634f4cb4e7a4a69
[INFO] running `Command { std: "docker" "create" "-v" "/var/lib/crater-agent-workspace/builds/worker-80/target:/opt/rustwide/target:rw,Z" "-v" "/var/lib/crater-agent-workspace/builds/worker-80/source:/opt/rustwide/workdir:ro,Z" "-v" "/var/lib/crater-agent-workspace/cargo-home:/opt/rustwide/cargo-home:ro,Z" "-v" "/var/lib/crater-agent-workspace/rustup-home:/opt/rustwide/rustup-home:ro,Z" "-e" "SOURCE_DIR=/opt/rustwide/workdir" "-e" "CARGO_TARGET_DIR=/opt/rustwide/target" "-e" "CARGO_INCREMENTAL=0" "-e" "RUST_BACKTRACE=full" "-e" "RUSTFLAGS=--cap-lints=warn" "-e" "CARGO_HOME=/opt/rustwide/cargo-home" "-e" "RUSTUP_HOME=/opt/rustwide/rustup-home" "-w" "/opt/rustwide/workdir" "-m" "1610612736" "--user" "0:0" "--network" "none" "ghcr.io/rust-lang/crates-build-env/linux@sha256:34b6a614d2c27851fe6cbf88fbd1137609cefab8b10d0615aaeb6fd47975d74e" "/opt/rustwide/cargo-home/bin/cargo" "+beta-2021-08-01" "build" "--frozen" "--message-format=json", kill_on_drop: false }`
[INFO] [stdout] 1aeec161ed59937fd1c9efe6df8c2b788a2a11e84b9a95fc5a8dd6f7784c12c8
[INFO] running `Command { std: "docker" "start" "-a" "1aeec161ed59937fd1c9efe6df8c2b788a2a11e84b9a95fc5a8dd6f7784c12c8", kill_on_drop: false }`
[INFO] [stderr]    Compiling libc v0.2.94
[INFO] [stderr]    Compiling atty v0.2.14
[INFO] [stderr]    Compiling colored v2.0.0
[INFO] [stderr]    Compiling leggevm v0.1.0 (/opt/rustwide/workdir)
[INFO] [stderr]     Finished dev [unoptimized + debuginfo] target(s) in 10.37s
[INFO] running `Command { std: "docker" "inspect" "1aeec161ed59937fd1c9efe6df8c2b788a2a11e84b9a95fc5a8dd6f7784c12c8", kill_on_drop: false }`
[INFO] running `Command { std: "docker" "rm" "-f" "1aeec161ed59937fd1c9efe6df8c2b788a2a11e84b9a95fc5a8dd6f7784c12c8", kill_on_drop: false }`
[INFO] [stdout] 1aeec161ed59937fd1c9efe6df8c2b788a2a11e84b9a95fc5a8dd6f7784c12c8
[INFO] running `Command { std: "docker" "create" "-v" "/var/lib/crater-agent-workspace/builds/worker-80/target:/opt/rustwide/target:rw,Z" "-v" "/var/lib/crater-agent-workspace/builds/worker-80/source:/opt/rustwide/workdir:ro,Z" "-v" "/var/lib/crater-agent-workspace/cargo-home:/opt/rustwide/cargo-home:ro,Z" "-v" "/var/lib/crater-agent-workspace/rustup-home:/opt/rustwide/rustup-home:ro,Z" "-e" "SOURCE_DIR=/opt/rustwide/workdir" "-e" "CARGO_TARGET_DIR=/opt/rustwide/target" "-e" "CARGO_INCREMENTAL=0" "-e" "RUST_BACKTRACE=full" "-e" "RUSTFLAGS=--cap-lints=warn" "-e" "CARGO_HOME=/opt/rustwide/cargo-home" "-e" "RUSTUP_HOME=/opt/rustwide/rustup-home" "-w" "/opt/rustwide/workdir" "-m" "1610612736" "--user" "0:0" "--network" "none" "ghcr.io/rust-lang/crates-build-env/linux@sha256:34b6a614d2c27851fe6cbf88fbd1137609cefab8b10d0615aaeb6fd47975d74e" "/opt/rustwide/cargo-home/bin/cargo" "+beta-2021-08-01" "test" "--frozen" "--no-run" "--message-format=json", kill_on_drop: false }`
[INFO] [stdout] 9575b3e4c7ba5967041c75cd3fe5ed6534a412f2412ed12e525971779f731752
[INFO] running `Command { std: "docker" "start" "-a" "9575b3e4c7ba5967041c75cd3fe5ed6534a412f2412ed12e525971779f731752", kill_on_drop: false }`
[INFO] [stderr]     Blocking waiting for file lock on package cache
[INFO] [stderr]    Compiling serde v1.0.115
[INFO] [stderr]    Compiling semver-parser v0.7.0
[INFO] [stderr]    Compiling memchr v2.3.3
[INFO] [stderr]    Compiling proc-macro2 v1.0.19
[INFO] [stderr]    Compiling rayon-core v1.8.0
[INFO] [stderr]    Compiling either v1.6.0
[INFO] [stderr]    Compiling itoa v0.4.6
[INFO] [stderr]    Compiling serde_json v1.0.57
[INFO] [stderr]    Compiling syn v1.0.39
[INFO] [stderr]    Compiling serde_derive v1.0.115
[INFO] [stderr]    Compiling half v1.6.0
[INFO] [stderr]    Compiling regex-syntax v0.6.18
[INFO] [stderr]    Compiling oorandom v11.1.2
[INFO] [stderr]    Compiling crossbeam-utils v0.7.2
[INFO] [stderr]    Compiling memoffset v0.5.5
[INFO] [stderr]    Compiling crossbeam-epoch v0.8.2
[INFO] [stderr]    Compiling num-traits v0.2.12
[INFO] [stderr]    Compiling rayon v1.4.0
[INFO] [stderr]    Compiling num_cpus v1.13.0
[INFO] [stderr]    Compiling regex-automata v0.1.9
[INFO] [stderr]    Compiling clap v2.33.3
[INFO] [stderr]    Compiling itertools v0.9.0
[INFO] [stderr]    Compiling semver v0.9.0
[INFO] [stderr]    Compiling crossbeam-channel v0.4.3
[INFO] [stderr]    Compiling csv-core v0.1.10
[INFO] [stderr]    Compiling regex v1.3.9
[INFO] [stderr]    Compiling rustc_version v0.2.3
[INFO] [stderr]    Compiling quote v1.0.7
[INFO] [stderr]    Compiling plotters v0.2.15
[INFO] [stderr]    Compiling bstr v0.2.13
[INFO] [stderr]    Compiling serde_cbor v0.11.1
[INFO] [stderr]    Compiling crossbeam-deque v0.7.3
[INFO] [stderr]    Compiling cast v0.2.3
[INFO] [stderr]    Compiling csv v1.1.3
[INFO] [stderr]    Compiling criterion-plot v0.4.3
[INFO] [stderr]    Compiling tinytemplate v1.1.0
[INFO] [stderr]    Compiling criterion v0.3.3
[INFO] [stderr]    Compiling leggevm v0.1.0 (/opt/rustwide/workdir)
[INFO] [stderr]     Finished test [unoptimized + debuginfo] target(s) in 44.99s
[INFO] running `Command { std: "docker" "inspect" "9575b3e4c7ba5967041c75cd3fe5ed6534a412f2412ed12e525971779f731752", kill_on_drop: false }`
[INFO] running `Command { std: "docker" "rm" "-f" "9575b3e4c7ba5967041c75cd3fe5ed6534a412f2412ed12e525971779f731752", kill_on_drop: false }`
[INFO] [stdout] 9575b3e4c7ba5967041c75cd3fe5ed6534a412f2412ed12e525971779f731752
[INFO] running `Command { std: "docker" "create" "-v" "/var/lib/crater-agent-workspace/builds/worker-80/target:/opt/rustwide/target:rw,Z" "-v" "/var/lib/crater-agent-workspace/builds/worker-80/source:/opt/rustwide/workdir:ro,Z" "-v" "/var/lib/crater-agent-workspace/cargo-home:/opt/rustwide/cargo-home:ro,Z" "-v" "/var/lib/crater-agent-workspace/rustup-home:/opt/rustwide/rustup-home:ro,Z" "-e" "SOURCE_DIR=/opt/rustwide/workdir" "-e" "CARGO_TARGET_DIR=/opt/rustwide/target" "-e" "CARGO_INCREMENTAL=0" "-e" "RUST_BACKTRACE=full" "-e" "RUSTFLAGS=--cap-lints=warn" "-e" "CARGO_HOME=/opt/rustwide/cargo-home" "-e" "RUSTUP_HOME=/opt/rustwide/rustup-home" "-w" "/opt/rustwide/workdir" "-m" "1610612736" "--user" "0:0" "--network" "none" "ghcr.io/rust-lang/crates-build-env/linux@sha256:34b6a614d2c27851fe6cbf88fbd1137609cefab8b10d0615aaeb6fd47975d74e" "/opt/rustwide/cargo-home/bin/cargo" "+beta-2021-08-01" "test" "--frozen", kill_on_drop: false }`
[INFO] [stdout] 5f7d683c10081a1ca926e76255de152d036e741d10a2c3e9aaba715d4d6f53cb
[INFO] running `Command { std: "docker" "start" "-a" "5f7d683c10081a1ca926e76255de152d036e741d10a2c3e9aaba715d4d6f53cb", kill_on_drop: false }`
[INFO] [stderr]     Blocking waiting for file lock on package cache
[INFO] [stderr]     Finished test [unoptimized + debuginfo] target(s) in 0.13s
[INFO] [stdout] 
[INFO] [stderr]      Running unittests (/opt/rustwide/target/debug/deps/leggevm-33adff6c4e4161ba)
[INFO] [stdout] running 0 tests
[INFO] [stdout] 
[INFO] [stdout] test result: ok. 0 passed; 0 failed; 0 ignored; 0 measured; 0 filtered out; finished in 0.00s
[INFO] [stdout] 
[INFO] [stderr]      Running unittests (/opt/rustwide/target/debug/deps/main-71c29121f379689c)
[INFO] [stdout] 
[INFO] [stdout] running 0 tests
[INFO] [stdout] 
[INFO] [stdout] test result: ok. 0 passed; 0 failed; 0 ignored; 0 measured; 0 filtered out; finished in 0.00s
[INFO] [stdout] 
[INFO] [stderr]      Running tests/interp.rs (/opt/rustwide/target/debug/deps/interp-54ae5f29ee4e56e3)
[INFO] [stdout] 
[INFO] [stdout] running 31 tests
[INFO] [stdout] test test_add ... ok
[INFO] [stdout] test test_call_builtin ... ok
[INFO] [stdout] test test_access_non_local_value ... ok
[INFO] [stdout] test test_call_multiple ... ok
[INFO] [stdout] test test_comments_after_return ... ok
[INFO] [stdout] test test_custom_type_get ... ok
[INFO] [stdout] test test_custom_type ... ok
[INFO] [stdout] test test_if_fales ... ok
[INFO] [stdout] test test_div ... ok
[INFO] [stdout] test test_custom_type_set ... ok
[INFO] [stdout] test test_if_true ... ok
[INFO] [stdout] test test_mult ... ok
[INFO] [stdout] test test_function ... ok
[INFO] [stdout] test test_custom_type_nested ... ok
[INFO] [stdout] test test_valid_return_value_type ... ok
[INFO] [stdout] test test_loop ... ok
[INFO] [stdout] test test_modify_non_local_value ... ok
[INFO] [stdout] test test_var_assign ... ok
[INFO] [stdout] test test_variable ... ok
[INFO] [stdout] test test_variable_parenthesis ... ok
[INFO] [stdout] test test_sub ... ok
[INFO] [stdout] test text_nested_arg_scope ... ok
[INFO] [stdout] test test_returned_closure ... ok
[INFO] [stdout] test text_nested_scope ... ok
[INFO] [stdout] test test_const_assign - should panic ... ok
[INFO] [stdout] test test_invalid_return_value_type_2 - should panic ... ok
[INFO] [stdout] test test_var_assign_other_type - should panic ... ok
[INFO] [stdout] test test_pass_function ... FAILED
[INFO] [stdout] test test_redeclare - should panic ... ok
[INFO] [stdout] test test_invalid_return_value_type_1 - should panic ... ok
[INFO] [stdout] test test_return_function ... FAILED
[INFO] [stdout] 
[INFO] [stdout] failures:
[INFO] [stdout] 
[INFO] [stdout] ---- test_pass_function stdout ----
[INFO] [stdout] thread 'test_pass_function' panicked at 'index out of bounds: the len is 0 but the index is 0', src/ast/checker.rs:292:38
[INFO] [stdout] stack backtrace:
[INFO] [stdout]    0:     0x55abb02c6560 - std::backtrace_rs::backtrace::libunwind::trace::hff4d1766e93f64f1
[INFO] [stdout]                                at /rustc/53fd98ca776cb875bc9e5514f56b52eb74f9e7a9/library/std/src/../../backtrace/src/backtrace/libunwind.rs:90:5
[INFO] [stdout]    1:     0x55abb02c6560 - std::backtrace_rs::backtrace::trace_unsynchronized::h56bbc8eb78770bcb
[INFO] [stdout]                                at /rustc/53fd98ca776cb875bc9e5514f56b52eb74f9e7a9/library/std/src/../../backtrace/src/backtrace/mod.rs:66:5
[INFO] [stdout]    2:     0x55abb02c6560 - std::sys_common::backtrace::_print_fmt::h5c8e75464faca780
[INFO] [stdout]                                at /rustc/53fd98ca776cb875bc9e5514f56b52eb74f9e7a9/library/std/src/sys_common/backtrace.rs:67:5
[INFO] [stdout]    3:     0x55abb02c6560 - <std::sys_common::backtrace::_print::DisplayBacktrace as core::fmt::Display>::fmt::h48b88277def8b362
[INFO] [stdout]                                at /rustc/53fd98ca776cb875bc9e5514f56b52eb74f9e7a9/library/std/src/sys_common/backtrace.rs:46:22
[INFO] [stdout]    4:     0x55abb02e8e2c - core::fmt::write::h3381b3176fe2b3d3
[INFO] [stdout]                                at /rustc/53fd98ca776cb875bc9e5514f56b52eb74f9e7a9/library/core/src/fmt/mod.rs:1115:17
[INFO] [stdout]    5:     0x55abb02c33f5 - std::io::Write::write_fmt::h5f34a676f60246b5
[INFO] [stdout]                                at /rustc/53fd98ca776cb875bc9e5514f56b52eb74f9e7a9/library/std/src/io/mod.rs:1665:15
[INFO] [stdout]    6:     0x55abb02c86db - std::sys_common::backtrace::_print::ha537687d6c17dd0d
[INFO] [stdout]                                at /rustc/53fd98ca776cb875bc9e5514f56b52eb74f9e7a9/library/std/src/sys_common/backtrace.rs:49:5
[INFO] [stdout]    7:     0x55abb02c86db - std::sys_common::backtrace::print::h61376ae57d131d72
[INFO] [stdout]                                at /rustc/53fd98ca776cb875bc9e5514f56b52eb74f9e7a9/library/std/src/sys_common/backtrace.rs:36:9
[INFO] [stdout]    8:     0x55abb02c86db - std::panicking::default_hook::{{closure}}::h0f7208c0b9644a54
[INFO] [stdout]                                at /rustc/53fd98ca776cb875bc9e5514f56b52eb74f9e7a9/library/std/src/panicking.rs:208:50
[INFO] [stdout]    9:     0x55abb02c81ec - std::panicking::default_hook::hdac7fc06578c14ce
[INFO] [stdout]                                at /rustc/53fd98ca776cb875bc9e5514f56b52eb74f9e7a9/library/std/src/panicking.rs:222:9
[INFO] [stdout]   10:     0x55abb02c8da4 - std::panicking::rust_panic_with_hook::h72b21c283da3d1ef
[INFO] [stdout]                                at /rustc/53fd98ca776cb875bc9e5514f56b52eb74f9e7a9/library/std/src/panicking.rs:622:17
[INFO] [stdout]   11:     0x55abb02c8887 - std::panicking::begin_panic_handler::{{closure}}::he5778f1729cff84a
[INFO] [stdout]                                at /rustc/53fd98ca776cb875bc9e5514f56b52eb74f9e7a9/library/std/src/panicking.rs:519:13
[INFO] [stdout]   12:     0x55abb02c6a3c - std::sys_common::backtrace::__rust_end_short_backtrace::h2d11ca8b453b4b1d
[INFO] [stdout]                                at /rustc/53fd98ca776cb875bc9e5514f56b52eb74f9e7a9/library/std/src/sys_common/backtrace.rs:141:18
[INFO] [stdout]   13:     0x55abb02c87e9 - rust_begin_unwind
[INFO] [stdout]                                at /rustc/53fd98ca776cb875bc9e5514f56b52eb74f9e7a9/library/std/src/panicking.rs:515:5
[INFO] [stdout]   14:     0x55abb01d0431 - core::panicking::panic_fmt::hf9de31d4acbce4db
[INFO] [stdout]                                at /rustc/53fd98ca776cb875bc9e5514f56b52eb74f9e7a9/library/core/src/panicking.rs:92:14
[INFO] [stdout]   15:     0x55abb01d03f2 - core::panicking::panic_bounds_check::hb9e5d22d3b96691f
[INFO] [stdout]                                at /rustc/53fd98ca776cb875bc9e5514f56b52eb74f9e7a9/library/core/src/panicking.rs:69:5
[INFO] [stdout]   16:     0x55abb02744ae - <usize as core::slice::index::SliceIndex<[T]>>::index::h7e441bedf919f244
[INFO] [stdout]                                at /rustc/53fd98ca776cb875bc9e5514f56b52eb74f9e7a9/library/core/src/slice/index.rs:184:10
[INFO] [stdout]   17:     0x55abb0230937 - core::slice::index::<impl core::ops::index::Index<I> for [T]>::index::h81024d3ec1675f3c
[INFO] [stdout]                                at /rustc/53fd98ca776cb875bc9e5514f56b52eb74f9e7a9/library/core/src/slice/index.rs:15:9
[INFO] [stdout]   18:     0x55abb0216b7f - <alloc::vec::Vec<T,A> as core::ops::index::Index<I>>::index::h6f36c84193b4bae6
[INFO] [stdout]                                at /rustc/53fd98ca776cb875bc9e5514f56b52eb74f9e7a9/library/alloc/src/vec/mod.rs:2432:9
[INFO] [stdout]   19:     0x55abb0278f9f - leggevm::ast::checker::Checker::fits::hf73175113c8505e7
[INFO] [stdout]                                at /opt/rustwide/workdir/src/ast/checker.rs:292:38
[INFO] [stdout]   20:     0x55abb0278ffe - leggevm::ast::checker::Checker::fits::hf73175113c8505e7
[INFO] [stdout]                                at /opt/rustwide/workdir/src/ast/checker.rs:293:25
[INFO] [stdout]   21:     0x55abb027625a - leggevm::ast::checker::Checker::check_type::hb94eda70c1f81744
[INFO] [stdout]                                at /opt/rustwide/workdir/src/ast/checker.rs:214:21
[INFO] [stdout]   22:     0x55abb027945d - leggevm::ast::checker::Checker::check_all_types::ha7671bc9e1707704
[INFO] [stdout]                                at /opt/rustwide/workdir/src/ast/checker.rs:312:9
[INFO] [stdout]   23:     0x55abb02795ba - leggevm::ast::checker::Checker::check_all_types::ha7671bc9e1707704
[INFO] [stdout]                                at /opt/rustwide/workdir/src/ast/checker.rs:314:13
[INFO] [stdout]   24:     0x55abb02795ba - leggevm::ast::checker::Checker::check_all_types::ha7671bc9e1707704
[INFO] [stdout]                                at /opt/rustwide/workdir/src/ast/checker.rs:314:13
[INFO] [stdout]   25:     0x55abb0275bee - leggevm::ast::checker::check_types::h314311cc30029e93
[INFO] [stdout]                                at /opt/rustwide/workdir/src/ast/checker.rs:5:5
[INFO] [stdout]   26:     0x55abb02445cd - leggevm::ast::from_tokens::h18a0d677f3da91f4
[INFO] [stdout]                                at /opt/rustwide/workdir/src/ast/mod.rs:155:23
[INFO] [stdout]   27:     0x55abb0245f3e - leggevm::compile::h6087a97991adb471
[INFO] [stdout]                                at /opt/rustwide/workdir/src/lib.rs:30:18
[INFO] [stdout]   28:     0x55abb01d4365 - leggevm::run_code::hfd60e818fe48c72e
[INFO] [stdout]                                at /opt/rustwide/workdir/src/lib.rs:58:20
[INFO] [stdout]   29:     0x55abb01d0efb - interp::run_test::h8a5f5bbeb7bed2f3
[INFO] [stdout]                                at /opt/rustwide/workdir/tests/interp.rs:12:5
[INFO] [stdout]   30:     0x55abb01d1850 - interp::test_pass_function::h2742b09f89106545
[INFO] [stdout]                                at /opt/rustwide/workdir/tests/interp.rs:80:5
[INFO] [stdout]   31:     0x55abb01d17ea - interp::test_pass_function::{{closure}}::hda2fdf9e94c91385
[INFO] [stdout]                                at /opt/rustwide/workdir/tests/interp.rs:79:1
[INFO] [stdout]   32:     0x55abb01d553e - core::ops::function::FnOnce::call_once::h519fd1080f676944
[INFO] [stdout]                                at /rustc/53fd98ca776cb875bc9e5514f56b52eb74f9e7a9/library/core/src/ops/function.rs:227:5
[INFO] [stdout]   33:     0x55abb02098e3 - core::ops::function::FnOnce::call_once::hbb52c4519d3137b0
[INFO] [stdout]                                at /rustc/53fd98ca776cb875bc9e5514f56b52eb74f9e7a9/library/core/src/ops/function.rs:227:5
[INFO] [stdout]   34:     0x55abb02098e3 - test::__rust_begin_short_backtrace::h86fe3a2a5a5121af
[INFO] [stdout]                                at /rustc/53fd98ca776cb875bc9e5514f56b52eb74f9e7a9/library/test/src/lib.rs:578:5
[INFO] [stdout]   35:     0x55abb0208398 - <alloc::boxed::Box<F,A> as core::ops::function::FnOnce<Args>>::call_once::hfd956bc3d57399be
[INFO] [stdout]                                at /rustc/53fd98ca776cb875bc9e5514f56b52eb74f9e7a9/library/alloc/src/boxed.rs:1572:9
[INFO] [stdout]   36:     0x55abb0208398 - <std::panic::AssertUnwindSafe<F> as core::ops::function::FnOnce<()>>::call_once::h40dc93e0ddb5938a
[INFO] [stdout]                                at /rustc/53fd98ca776cb875bc9e5514f56b52eb74f9e7a9/library/std/src/panic.rs:347:9
[INFO] [stdout]   37:     0x55abb0208398 - std::panicking::try::do_call::h90d07750cb47c562
[INFO] [stdout]                                at /rustc/53fd98ca776cb875bc9e5514f56b52eb74f9e7a9/library/std/src/panicking.rs:401:40
[INFO] [stdout]   38:     0x55abb0208398 - std::panicking::try::h063c84733ad2a629
[INFO] [stdout]                                at /rustc/53fd98ca776cb875bc9e5514f56b52eb74f9e7a9/library/std/src/panicking.rs:365:19
[INFO] [stdout]   39:     0x55abb0208398 - std::panic::catch_unwind::h0c464836a84e7c08
[INFO] [stdout]                                at /rustc/53fd98ca776cb875bc9e5514f56b52eb74f9e7a9/library/std/src/panic.rs:434:14
[INFO] [stdout]   40:     0x55abb0208398 - test::run_test_in_process::h5cb06ef620b157fc
[INFO] [stdout]                                at /rustc/53fd98ca776cb875bc9e5514f56b52eb74f9e7a9/library/test/src/lib.rs:601:18
[INFO] [stdout]   41:     0x55abb0208398 - test::run_test::run_test_inner::{{closure}}::h76f677f4b93f9828
[INFO] [stdout]                                at /rustc/53fd98ca776cb875bc9e5514f56b52eb74f9e7a9/library/test/src/lib.rs:493:39
[INFO] [stdout]   42:     0x55abb01d6b2d - test::run_test::run_test_inner::{{closure}}::h366d01fe04f4d67a
[INFO] [stdout]                                at /rustc/53fd98ca776cb875bc9e5514f56b52eb74f9e7a9/library/test/src/lib.rs:520:37
[INFO] [stdout]   43:     0x55abb01d6b2d - std::sys_common::backtrace::__rust_begin_short_backtrace::h7dfa0de4eb395af2
[INFO] [stdout]                                at /rustc/53fd98ca776cb875bc9e5514f56b52eb74f9e7a9/library/std/src/sys_common/backtrace.rs:125:18
[INFO] [stdout]   44:     0x55abb01db2f8 - std::thread::Builder::spawn_unchecked::{{closure}}::{{closure}}::hf0a74bb58798037f
[INFO] [stdout]                                at /rustc/53fd98ca776cb875bc9e5514f56b52eb74f9e7a9/library/std/src/thread/mod.rs:476:17
[INFO] [stdout]   45:     0x55abb01db2f8 - <std::panic::AssertUnwindSafe<F> as core::ops::function::FnOnce<()>>::call_once::hb024e854818586ac
[INFO] [stdout]                                at /rustc/53fd98ca776cb875bc9e5514f56b52eb74f9e7a9/library/std/src/panic.rs:347:9
[INFO] [stdout]   46:     0x55abb01db2f8 - std::panicking::try::do_call::hb2dd9f1d0d48e41d
[INFO] [stdout]                                at /rustc/53fd98ca776cb875bc9e5514f56b52eb74f9e7a9/library/std/src/panicking.rs:401:40
[INFO] [stdout]   47:     0x55abb01db2f8 - std::panicking::try::h4717ae7bac8b2bf3
[INFO] [stdout]                                at /rustc/53fd98ca776cb875bc9e5514f56b52eb74f9e7a9/library/std/src/panicking.rs:365:19
[INFO] [stdout]   48:     0x55abb01db2f8 - std::panic::catch_unwind::h0dc8a061326ce8d8
[INFO] [stdout]                                at /rustc/53fd98ca776cb875bc9e5514f56b52eb74f9e7a9/library/std/src/panic.rs:434:14
[INFO] [stdout]   49:     0x55abb01db2f8 - std::thread::Builder::spawn_unchecked::{{closure}}::haa369e2d6fd00aa1
[INFO] [stdout]                                at /rustc/53fd98ca776cb875bc9e5514f56b52eb74f9e7a9/library/std/src/thread/mod.rs:475:30
[INFO] [stdout]   50:     0x55abb01db2f8 - core::ops::function::FnOnce::call_once{{vtable.shim}}::h36dcf3de8b056f17
[INFO] [stdout]                                at /rustc/53fd98ca776cb875bc9e5514f56b52eb74f9e7a9/library/core/src/ops/function.rs:227:5
[INFO] [stdout]   51:     0x55abb02cd967 - <alloc::boxed::Box<F,A> as core::ops::function::FnOnce<Args>>::call_once::h65c29e4642be2358
[INFO] [stdout]                                at /rustc/53fd98ca776cb875bc9e5514f56b52eb74f9e7a9/library/alloc/src/boxed.rs:1572:9
[INFO] [stdout]   52:     0x55abb02cd967 - <alloc::boxed::Box<F,A> as core::ops::function::FnOnce<Args>>::call_once::hd0f8f7fbbd9fffbf
[INFO] [stdout]                                at /rustc/53fd98ca776cb875bc9e5514f56b52eb74f9e7a9/library/alloc/src/boxed.rs:1572:9
[INFO] [stdout]   53:     0x55abb02cd967 - std::sys::unix::thread::Thread::new::thread_start::h2fd22fee3ca77b65
[INFO] [stdout]                                at /rustc/53fd98ca776cb875bc9e5514f56b52eb74f9e7a9/library/std/src/sys/unix/thread.rs:74:17
[INFO] [stdout]   54:     0x7f03796ba609 - start_thread
[INFO] [stdout]   55:     0x7f037948c293 - clone
[INFO] [stdout]   56:                0x0 - <unknown>
[INFO] [stdout] 
[INFO] [stdout] ---- test_return_function stdout ----
[INFO] [stdout] thread 'test_return_function' panicked at 'index out of bounds: the len is 0 but the index is 0', src/ast/checker.rs:292:38
[INFO] [stdout] stack backtrace:
[INFO] [stdout]    0:     0x55abb02c6560 - std::backtrace_rs::backtrace::libunwind::trace::hff4d1766e93f64f1
[INFO] [stdout]                                at /rustc/53fd98ca776cb875bc9e5514f56b52eb74f9e7a9/library/std/src/../../backtrace/src/backtrace/libunwind.rs:90:5
[INFO] [stdout]    1:     0x55abb02c6560 - std::backtrace_rs::backtrace::trace_unsynchronized::h56bbc8eb78770bcb
[INFO] [stdout]                                at /rustc/53fd98ca776cb875bc9e5514f56b52eb74f9e7a9/library/std/src/../../backtrace/src/backtrace/mod.rs:66:5
[INFO] [stdout]    2:     0x55abb02c6560 - std::sys_common::backtrace::_print_fmt::h5c8e75464faca780
[INFO] [stdout]                                at /rustc/53fd98ca776cb875bc9e5514f56b52eb74f9e7a9/library/std/src/sys_common/backtrace.rs:67:5
[INFO] [stdout]    3:     0x55abb02c6560 - <std::sys_common::backtrace::_print::DisplayBacktrace as core::fmt::Display>::fmt::h48b88277def8b362
[INFO] [stdout]                                at /rustc/53fd98ca776cb875bc9e5514f56b52eb74f9e7a9/library/std/src/sys_common/backtrace.rs:46:22
[INFO] [stdout]    4:     0x55abb02e8e2c - core::fmt::write::h3381b3176fe2b3d3
[INFO] [stdout]                                at /rustc/53fd98ca776cb875bc9e5514f56b52eb74f9e7a9/library/core/src/fmt/mod.rs:1115:17
[INFO] [stdout]    5:     0x55abb02c33f5 - std::io::Write::write_fmt::h5f34a676f60246b5
[INFO] [stdout]                                at /rustc/53fd98ca776cb875bc9e5514f56b52eb74f9e7a9/library/std/src/io/mod.rs:1665:15
[INFO] [stdout]    6:     0x55abb02c86db - std::sys_common::backtrace::_print::ha537687d6c17dd0d
[INFO] [stdout]                                at /rustc/53fd98ca776cb875bc9e5514f56b52eb74f9e7a9/library/std/src/sys_common/backtrace.rs:49:5
[INFO] [stdout]    7:     0x55abb02c86db - std::sys_common::backtrace::print::h61376ae57d131d72
[INFO] [stdout]                                at /rustc/53fd98ca776cb875bc9e5514f56b52eb74f9e7a9/library/std/src/sys_common/backtrace.rs:36:9
[INFO] [stdout]    8:     0x55abb02c86db - std::panicking::default_hook::{{closure}}::h0f7208c0b9644a54
[INFO] [stdout]                                at /rustc/53fd98ca776cb875bc9e5514f56b52eb74f9e7a9/library/std/src/panicking.rs:208:50
[INFO] [stdout]    9:     0x55abb02c81ec - std::panicking::default_hook::hdac7fc06578c14ce
[INFO] [stdout]                                at /rustc/53fd98ca776cb875bc9e5514f56b52eb74f9e7a9/library/std/src/panicking.rs:222:9
[INFO] [stdout]   10:     0x55abb02c8da4 - std::panicking::rust_panic_with_hook::h72b21c283da3d1ef
[INFO] [stdout]                                at /rustc/53fd98ca776cb875bc9e5514f56b52eb74f9e7a9/library/std/src/panicking.rs:622:17
[INFO] [stdout]   11:     0x55abb02c8887 - std::panicking::begin_panic_handler::{{closure}}::he5778f1729cff84a
[INFO] [stdout]                                at /rustc/53fd98ca776cb875bc9e5514f56b52eb74f9e7a9/library/std/src/panicking.rs:519:13
[INFO] [stdout]   12:     0x55abb02c6a3c - std::sys_common::backtrace::__rust_end_short_backtrace::h2d11ca8b453b4b1d
[INFO] [stdout]                                at /rustc/53fd98ca776cb875bc9e5514f56b52eb74f9e7a9/library/std/src/sys_common/backtrace.rs:141:18
[INFO] [stdout]   13:     0x55abb02c87e9 - rust_begin_unwind
[INFO] [stdout]                                at /rustc/53fd98ca776cb875bc9e5514f56b52eb74f9e7a9/library/std/src/panicking.rs:515:5
[INFO] [stdout]   14:     0x55abb01d0431 - core::panicking::panic_fmt::hf9de31d4acbce4db
[INFO] [stdout]                                at /rustc/53fd98ca776cb875bc9e5514f56b52eb74f9e7a9/library/core/src/panicking.rs:92:14
[INFO] [stdout]   15:     0x55abb01d03f2 - core::panicking::panic_bounds_check::hb9e5d22d3b96691f
[INFO] [stdout]                                at /rustc/53fd98ca776cb875bc9e5514f56b52eb74f9e7a9/library/core/src/panicking.rs:69:5
[INFO] [stdout]   16:     0x55abb02744ae - <usize as core::slice::index::SliceIndex<[T]>>::index::h7e441bedf919f244
[INFO] [stdout]                                at /rustc/53fd98ca776cb875bc9e5514f56b52eb74f9e7a9/library/core/src/slice/index.rs:184:10
[INFO] [stdout]   17:     0x55abb0230937 - core::slice::index::<impl core::ops::index::Index<I> for [T]>::index::h81024d3ec1675f3c
[INFO] [stdout]                                at /rustc/53fd98ca776cb875bc9e5514f56b52eb74f9e7a9/library/core/src/slice/index.rs:15:9
[INFO] [stdout]   18:     0x55abb0216b7f - <alloc::vec::Vec<T,A> as core::ops::index::Index<I>>::index::h6f36c84193b4bae6
[INFO] [stdout]                                at /rustc/53fd98ca776cb875bc9e5514f56b52eb74f9e7a9/library/alloc/src/vec/mod.rs:2432:9
[INFO] [stdout]   19:     0x55abb0278f9f - leggevm::ast::checker::Checker::fits::hf73175113c8505e7
[INFO] [stdout]                                at /opt/rustwide/workdir/src/ast/checker.rs:292:38
[INFO] [stdout]   20:     0x55abb02784af - leggevm::ast::checker::Checker::fits::hf73175113c8505e7
[INFO] [stdout]                                at /opt/rustwide/workdir/src/ast/checker.rs:255:17
[INFO] [stdout]   21:     0x55abb027625a - leggevm::ast::checker::Checker::check_type::hb94eda70c1f81744
[INFO] [stdout]                                at /opt/rustwide/workdir/src/ast/checker.rs:214:21
[INFO] [stdout]   22:     0x55abb027945d - leggevm::ast::checker::Checker::check_all_types::ha7671bc9e1707704
[INFO] [stdout]                                at /opt/rustwide/workdir/src/ast/checker.rs:312:9
[INFO] [stdout]   23:     0x55abb02795ba - leggevm::ast::checker::Checker::check_all_types::ha7671bc9e1707704
[INFO] [stdout]                                at /opt/rustwide/workdir/src/ast/checker.rs:314:13
[INFO] [stdout]   24:     0x55abb02795ba - leggevm::ast::checker::Checker::check_all_types::ha7671bc9e1707704
[INFO] [stdout]                                at /opt/rustwide/workdir/src/ast/checker.rs:314:13
[INFO] [stdout]   25:     0x55abb0275bee - leggevm::ast::checker::check_types::h314311cc30029e93
[INFO] [stdout]                                at /opt/rustwide/workdir/src/ast/checker.rs:5:5
[INFO] [stdout]   26:     0x55abb02445cd - leggevm::ast::from_tokens::h18a0d677f3da91f4
[INFO] [stdout]                                at /opt/rustwide/workdir/src/ast/mod.rs:155:23
[INFO] [stdout]   27:     0x55abb0245f3e - leggevm::compile::h6087a97991adb471
[INFO] [stdout]                                at /opt/rustwide/workdir/src/lib.rs:30:18
[INFO] [stdout]   28:     0x55abb01d4365 - leggevm::run_code::hfd60e818fe48c72e
[INFO] [stdout]                                at /opt/rustwide/workdir/src/lib.rs:58:20
[INFO] [stdout]   29:     0x55abb01d0efb - interp::run_test::h8a5f5bbeb7bed2f3
[INFO] [stdout]                                at /opt/rustwide/workdir/tests/interp.rs:12:5
[INFO] [stdout]   30:     0x55abb01d1bd0 - interp::test_return_function::h0f3379c4232e1802
[INFO] [stdout]                                at /opt/rustwide/workdir/tests/interp.rs:189:5
[INFO] [stdout]   31:     0x55abb01d1b6a - interp::test_return_function::{{closure}}::hdd51da2cb7dba3cd
[INFO] [stdout]                                at /opt/rustwide/workdir/tests/interp.rs:188:1
[INFO] [stdout]   32:     0x55abb01d53be - core::ops::function::FnOnce::call_once::h323770b46091e4a6
[INFO] [stdout]                                at /rustc/53fd98ca776cb875bc9e5514f56b52eb74f9e7a9/library/core/src/ops/function.rs:227:5
[INFO] [stdout]   33:     0x55abb02098e3 - core::ops::function::FnOnce::call_once::hbb52c4519d3137b0
[INFO] [stdout]                                at /rustc/53fd98ca776cb875bc9e5514f56b52eb74f9e7a9/library/core/src/ops/function.rs:227:5
[INFO] [stdout]   34:     0x55abb02098e3 - test::__rust_begin_short_backtrace::h86fe3a2a5a5121af
[INFO] [stdout]                                at /rustc/53fd98ca776cb875bc9e5514f56b52eb74f9e7a9/library/test/src/lib.rs:578:5
[INFO] [stdout]   35:     0x55abb0208398 - <alloc::boxed::Box<F,A> as core::ops::function::FnOnce<Args>>::call_once::hfd956bc3d57399be
[INFO] [stdout]                                at /rustc/53fd98ca776cb875bc9e5514f56b52eb74f9e7a9/library/alloc/src/boxed.rs:1572:9
[INFO] [stdout]   36:     0x55abb0208398 - <std::panic::AssertUnwindSafe<F> as core::ops::function::FnOnce<()>>::call_once::h40dc93e0ddb5938a
[INFO] [stdout]                                at /rustc/53fd98ca776cb875bc9e5514f56b52eb74f9e7a9/library/std/src/panic.rs:347:9
[INFO] [stdout]   37:     0x55abb0208398 - std::panicking::try::do_call::h90d07750cb47c562
[INFO] [stdout]                                at /rustc/53fd98ca776cb875bc9e5514f56b52eb74f9e7a9/library/std/src/panicking.rs:401:40
[INFO] [stdout]   38:     0x55abb0208398 - std::panicking::try::h063c84733ad2a629
[INFO] [stdout]                                at /rustc/53fd98ca776cb875bc9e5514f56b52eb74f9e7a9/library/std/src/panicking.rs:365:19
[INFO] [stdout]   39:     0x55abb0208398 - std::panic::catch_unwind::h0c464836a84e7c08
[INFO] [stdout]                                at /rustc/53fd98ca776cb875bc9e5514f56b52eb74f9e7a9/library/std/src/panic.rs:434:14
[INFO] [stdout]   40:     0x55abb0208398 - test::run_test_in_process::h5cb06ef620b157fc
[INFO] [stdout]                                at /rustc/53fd98ca776cb875bc9e5514f56b52eb74f9e7a9/library/test/src/lib.rs:601:18
[INFO] [stdout]   41:     0x55abb0208398 - test::run_test::run_test_inner::{{closure}}::h76f677f4b93f9828
[INFO] [stdout]                                at /rustc/53fd98ca776cb875bc9e5514f56b52eb74f9e7a9/library/test/src/lib.rs:493:39
[INFO] [stdout]   42:     0x55abb01d6b2d - test::run_test::run_test_inner::{{closure}}::h366d01fe04f4d67a
[INFO] [stdout]                                at /rustc/53fd98ca776cb875bc9e5514f56b52eb74f9e7a9/library/test/src/lib.rs:520:37
[INFO] [stdout]   43:     0x55abb01d6b2d - std::sys_common::backtrace::__rust_begin_short_backtrace::h7dfa0de4eb395af2
[INFO] [stdout]                                at /rustc/53fd98ca776cb875bc9e5514f56b52eb74f9e7a9/library/std/src/sys_common/backtrace.rs:125:18
[INFO] [stdout]   44:     0x55abb01db2f8 - std::thread::Builder::spawn_unchecked::{{closure}}::{{closure}}::hf0a74bb58798037f
[INFO] [stdout]                                at /rustc/53fd98ca776cb875bc9e5514f56b52eb74f9e7a9/library/std/src/thread/mod.rs:476:17
[INFO] [stdout]   45:     0x55abb01db2f8 - <std::panic::AssertUnwindSafe<F> as core::ops::function::FnOnce<()>>::call_once::hb024e854818586ac
[INFO] [stdout]                                at /rustc/53fd98ca776cb875bc9e5514f56b52eb74f9e7a9/library/std/src/panic.rs:347:9
[INFO] [stdout]   46:     0x55abb01db2f8 - std::panicking::try::do_call::hb2dd9f1d0d48e41d
[INFO] [stdout]                                at /rustc/53fd98ca776cb875bc9e5514f56b52eb74f9e7a9/library/std/src/panicking.rs:401:40
[INFO] [stdout]   47:     0x55abb01db2f8 - std::panicking::try::h4717ae7bac8b2bf3
[INFO] [stdout]                                at /rustc/53fd98ca776cb875bc9e5514f56b52eb74f9e7a9/library/std/src/panicking.rs:365:19
[INFO] [stdout]   48:     0x55abb01db2f8 - std::panic::catch_unwind::h0dc8a061326ce8d8
[INFO] [stdout]                                at /rustc/53fd98ca776cb875bc9e5514f56b52eb74f9e7a9/library/std/src/panic.rs:434:14
[INFO] [stdout]   49:     0x55abb01db2f8 - std::thread::Builder::spawn_unchecked::{{closure}}::haa369e2d6fd00aa1
[INFO] [stdout]                                at /rustc/53fd98ca776cb875bc9e5514f56b52eb74f9e7a9/library/std/src/thread/mod.rs:475:30
[INFO] [stdout]   50:     0x55abb01db2f8 - core::ops::function::FnOnce::call_once{{vtable.shim}}::h36dcf3de8b056f17
[INFO] [stdout]                                at /rustc/53fd98ca776cb875bc9e5514f56b52eb74f9e7a9/library/core/src/ops/function.rs:227:5
[INFO] [stdout]   51:     0x55abb02cd967 - <alloc::boxed::Box<F,A> as core::ops::function::FnOnce<Args>>::call_once::h65c29e4642be2358
[INFO] [stdout]                                at /rustc/53fd98ca776cb875bc9e5514f56b52eb74f9e7a9/library/alloc/src/boxed.rs:1572:9
[INFO] [stdout]   52:     0x55abb02cd967 - <alloc::boxed::Box<F,A> as core::ops::function::FnOnce<Args>>::call_once::hd0f8f7fbbd9fffbf
[INFO] [stdout]                                at /rustc/53fd98ca776cb875bc9e5514f56b52eb74f9e7a9/library/alloc/src/boxed.rs:1572:9
[INFO] [stdout]   53:     0x55abb02cd967 - std::sys::unix::thread::Thread::new::thread_start::h2fd22fee3ca77b65
[INFO] [stdout]                                at /rustc/53fd98ca776cb875bc9e5514f56b52eb74f9e7a9/library/std/src/sys/unix/thread.rs:74:17
[INFO] [stdout]   54:     0x7f03796ba609 - start_thread
[INFO] [stdout]   55:     0x7f037948c293 - clone
[INFO] [stdout]   56:                0x0 - <unknown>
[INFO] [stdout] 
[INFO] [stdout] 
[INFO] [stdout] failures:
[INFO] [stdout]     test_pass_function
[INFO] [stdout]     test_return_function
[INFO] [stdout] 
[INFO] [stdout] test result: FAILED. 29 passed; 2 failed; 0 ignored; 0 measured; 0 filtered out; finished in 0.12s
[INFO] [stdout] 
[INFO] [stderr] error: test failed, to rerun pass '--test interp'
[INFO] running `Command { std: "docker" "inspect" "5f7d683c10081a1ca926e76255de152d036e741d10a2c3e9aaba715d4d6f53cb", kill_on_drop: false }`
[INFO] running `Command { std: "docker" "rm" "-f" "5f7d683c10081a1ca926e76255de152d036e741d10a2c3e9aaba715d4d6f53cb", kill_on_drop: false }`
[INFO] [stdout] 5f7d683c10081a1ca926e76255de152d036e741d10a2c3e9aaba715d4d6f53cb
