[INFO] cloning repository https://github.com/RichoDemus/advent-of-code-2019
[INFO] running `Command { std: "git" "-c" "credential.helper=" "-c" "credential.helper=/workspace/cargo-home/bin/git-credential-null" "clone" "--bare" "https://github.com/RichoDemus/advent-of-code-2019" "/workspace/cache/git-repos/https%3A%2F%2Fgithub.com%2FRichoDemus%2Fadvent-of-code-2019", kill_on_drop: false }`
[INFO] [stderr] Cloning into bare repository '/workspace/cache/git-repos/https%3A%2F%2Fgithub.com%2FRichoDemus%2Fadvent-of-code-2019'...
[INFO] running `Command { std: "git" "rev-parse" "HEAD", kill_on_drop: false }`
[INFO] [stdout] 4dc90f4628a049aa6e8bfb9029f242e8bdc5c71b
[INFO] testing RichoDemus/advent-of-code-2019 against beta-2021-08-01 for beta-1.55-1
[INFO] running `Command { std: "git" "clone" "/workspace/cache/git-repos/https%3A%2F%2Fgithub.com%2FRichoDemus%2Fadvent-of-code-2019" "/workspace/builds/worker-74/source", kill_on_drop: false }`
[INFO] [stderr] Cloning into '/workspace/builds/worker-74/source'...
[INFO] [stderr] done.
[INFO] validating manifest of git repo https://github.com/RichoDemus/advent-of-code-2019 on toolchain beta-2021-08-01
[INFO] running `Command { std: "/workspace/cargo-home/bin/cargo" "+beta-2021-08-01" "metadata" "--manifest-path" "Cargo.toml" "--no-deps", kill_on_drop: false }`
[INFO] removed /workspace/builds/worker-74/source/rust-toolchain
[INFO] started tweaking git repo https://github.com/RichoDemus/advent-of-code-2019
[INFO] finished tweaking git repo https://github.com/RichoDemus/advent-of-code-2019
[INFO] tweaked toml for git repo https://github.com/RichoDemus/advent-of-code-2019 written to /workspace/builds/worker-74/source/Cargo.toml
[INFO] crate git repo https://github.com/RichoDemus/advent-of-code-2019 already has a lockfile, it will not be regenerated
[INFO] running `Command { std: "/workspace/cargo-home/bin/cargo" "+beta-2021-08-01" "fetch" "--manifest-path" "Cargo.toml", kill_on_drop: false }`
[INFO] [stderr]     Blocking waiting for file lock on package cache
[INFO] [stderr]  Downloading crates ...
[INFO] [stderr]   Downloaded array_tool v0.4.1
[INFO] [stderr]   Downloaded float-cmp v0.6.0
[INFO] running `Command { std: "docker" "create" "-v" "/var/lib/crater-agent-workspace/builds/worker-74/target:/opt/rustwide/target:rw,Z" "-v" "/var/lib/crater-agent-workspace/builds/worker-74/source:/opt/rustwide/workdir:ro,Z" "-v" "/var/lib/crater-agent-workspace/cargo-home:/opt/rustwide/cargo-home:ro,Z" "-v" "/var/lib/crater-agent-workspace/rustup-home:/opt/rustwide/rustup-home:ro,Z" "-e" "SOURCE_DIR=/opt/rustwide/workdir" "-e" "CARGO_TARGET_DIR=/opt/rustwide/target" "-e" "CARGO_HOME=/opt/rustwide/cargo-home" "-e" "RUSTUP_HOME=/opt/rustwide/rustup-home" "-w" "/opt/rustwide/workdir" "-m" "1610612736" "--user" "0:0" "--network" "none" "ghcr.io/rust-lang/crates-build-env/linux@sha256:34b6a614d2c27851fe6cbf88fbd1137609cefab8b10d0615aaeb6fd47975d74e" "/opt/rustwide/cargo-home/bin/cargo" "+beta-2021-08-01" "metadata" "--no-deps" "--format-version=1", kill_on_drop: false }`
[INFO] [stdout] 4c5abe4ed0da45a7692053cab59cda47624b7e20611e6aed9349c7550bad151f
[INFO] running `Command { std: "docker" "start" "-a" "4c5abe4ed0da45a7692053cab59cda47624b7e20611e6aed9349c7550bad151f", kill_on_drop: false }`
[INFO] running `Command { std: "docker" "inspect" "4c5abe4ed0da45a7692053cab59cda47624b7e20611e6aed9349c7550bad151f", kill_on_drop: false }`
[INFO] running `Command { std: "docker" "rm" "-f" "4c5abe4ed0da45a7692053cab59cda47624b7e20611e6aed9349c7550bad151f", kill_on_drop: false }`
[INFO] [stdout] 4c5abe4ed0da45a7692053cab59cda47624b7e20611e6aed9349c7550bad151f
[INFO] running `Command { std: "docker" "create" "-v" "/var/lib/crater-agent-workspace/builds/worker-74/target:/opt/rustwide/target:rw,Z" "-v" "/var/lib/crater-agent-workspace/builds/worker-74/source:/opt/rustwide/workdir:ro,Z" "-v" "/var/lib/crater-agent-workspace/cargo-home:/opt/rustwide/cargo-home:ro,Z" "-v" "/var/lib/crater-agent-workspace/rustup-home:/opt/rustwide/rustup-home:ro,Z" "-e" "SOURCE_DIR=/opt/rustwide/workdir" "-e" "CARGO_TARGET_DIR=/opt/rustwide/target" "-e" "CARGO_INCREMENTAL=0" "-e" "RUST_BACKTRACE=full" "-e" "RUSTFLAGS=--cap-lints=warn" "-e" "CARGO_HOME=/opt/rustwide/cargo-home" "-e" "RUSTUP_HOME=/opt/rustwide/rustup-home" "-w" "/opt/rustwide/workdir" "-m" "1610612736" "--user" "0:0" "--network" "none" "ghcr.io/rust-lang/crates-build-env/linux@sha256:34b6a614d2c27851fe6cbf88fbd1137609cefab8b10d0615aaeb6fd47975d74e" "/opt/rustwide/cargo-home/bin/cargo" "+beta-2021-08-01" "build" "--frozen" "--message-format=json", kill_on_drop: false }`
[INFO] [stdout] 9f2a5f7e538f30ceaa2e838134d67bf4348737ce033ffe8ac6030ee4f146d012
[INFO] running `Command { std: "docker" "start" "-a" "9f2a5f7e538f30ceaa2e838134d67bf4348737ce033ffe8ac6030ee4f146d012", kill_on_drop: false }`
[INFO] [stderr]    Compiling autocfg v1.0.0
[INFO] [stderr]    Compiling either v1.5.3
[INFO] [stderr]    Compiling array_tool v0.4.1
[INFO] [stderr]    Compiling itertools v0.8.2
[INFO] [stderr]    Compiling num-traits v0.2.11
[INFO] [stderr]    Compiling num-integer v0.1.42
[INFO] [stderr]    Compiling num-bigint v0.2.5
[INFO] [stderr]    Compiling num-iter v0.1.40
[INFO] [stderr]    Compiling num-rational v0.2.3
[INFO] [stderr]    Compiling num-complex v0.2.4
[INFO] [stderr]    Compiling float-cmp v0.6.0
[INFO] [stderr]    Compiling num v0.2.1
[INFO] [stderr]    Compiling advent-of-code-2019 v0.1.0 (/opt/rustwide/workdir)
[INFO] [stdout] warning: unused variable: `split`
[INFO] [stdout]   --> src/twelve.rs:61:17
[INFO] [stdout]    |
[INFO] [stdout] 61 |             let split: Vec<&str> = s.split_ascii_whitespace().collect();
[INFO] [stdout]    |                 ^^^^^ help: if this is intentional, prefix it with an underscore: `_split`
[INFO] [stdout]    |
[INFO] [stdout]    = note: `#[warn(unused_variables)]` on by default
[INFO] [stdout] 
[INFO] [stdout] 
[INFO] [stdout] warning: field is never read: `x_max`
[INFO] [stdout]    --> src/ten.rs:161:5
[INFO] [stdout]     |
[INFO] [stdout] 161 |     x_max: i32,
[INFO] [stdout]     |     ^^^^^^^^^^
[INFO] [stdout]     |
[INFO] [stdout]     = note: `#[warn(dead_code)]` on by default
[INFO] [stdout] 
[INFO] [stdout] 
[INFO] [stdout] warning: field is never read: `y_max`
[INFO] [stdout]    --> src/ten.rs:162:5
[INFO] [stdout]     |
[INFO] [stdout] 162 |     y_max: i32,
[INFO] [stdout]     |     ^^^^^^^^^^
[INFO] [stdout] 
[INFO] [stdout] 
[INFO] [stdout] warning: function is never used: `calculate_max_laser_length`
[INFO] [stdout]    --> src/ten.rs:270:4
[INFO] [stdout]     |
[INFO] [stdout] 270 | fn calculate_max_laser_length(field: &AsteroidField, station: &Point) -> i32 {
[INFO] [stdout]     |    ^^^^^^^^^^^^^^^^^^^^^^^^^^
[INFO] [stdout] 
[INFO] [stdout] 
[INFO] [stdout] warning: associated function is never used: `from`
[INFO] [stdout]    --> src/eleven.rs:184:8
[INFO] [stdout]     |
[INFO] [stdout] 184 |     fn from(y: i32, x: i32, direction: Direction) -> Robot {
[INFO] [stdout]     |        ^^^^
[INFO] [stdout] 
[INFO] [stdout] 
[INFO] [stdout] warning: associated function is never used: `from`
[INFO] [stdout]   --> src/twelve.rs:16:8
[INFO] [stdout]    |
[INFO] [stdout] 16 |     fn from(s: &str) -> Body {
[INFO] [stdout]    |        ^^^^
[INFO] [stdout] 
[INFO] [stdout] 
[INFO] [stdout] warning: associated function is never used: `parse`
[INFO] [stdout]   --> src/twelve.rs:96:8
[INFO] [stdout]    |
[INFO] [stdout] 96 |     fn parse(input: Vec<String>) -> Space {
[INFO] [stdout]    |        ^^^^^
[INFO] [stdout] 
[INFO] [stdout] 
[INFO] [stdout] warning: associated function is never used: `parse_str`
[INFO] [stdout]    --> src/twelve.rs:106:8
[INFO] [stdout]     |
[INFO] [stdout] 106 |     fn parse_str(input: Vec<&str>) -> Space {
[INFO] [stdout]     |        ^^^^^^^^^
[INFO] [stdout] 
[INFO] [stdout] 
[INFO] [stdout] warning: associated function is never used: `tick`
[INFO] [stdout]    --> src/twelve.rs:116:8
[INFO] [stdout]     |
[INFO] [stdout] 116 |     fn tick(&mut self)  {
[INFO] [stdout]     |        ^^^^
[INFO] [stdout] 
[INFO] [stdout] 
[INFO] [stdout] warning: function is never used: `read_input`
[INFO] [stdout]    --> src/twelve.rs:123:4
[INFO] [stdout]     |
[INFO] [stdout] 123 | fn read_input() -> Vec<Body> {
[INFO] [stdout]     |    ^^^^^^^^^^
[INFO] [stdout] 
[INFO] [stdout] 
[INFO] [stdout] warning: panic message is not a string literal
[INFO] [stdout]    --> src/intputer.rs:237:25
[INFO] [stdout]     |
[INFO] [stdout] 237 |             _ => panic!(format!("Unknown mode {}", mode)),
[INFO] [stdout]     |                         ^^^^^^^^^^^^^^^^^^^^^^^^^^^^^^^^
[INFO] [stdout]     |
[INFO] [stdout]     = note: `#[warn(non_fmt_panics)]` on by default
[INFO] [stdout]     = note: this usage of panic!() is deprecated; it will be a hard error in Rust 2021
[INFO] [stdout]     = note: for more information, see <https://doc.rust-lang.org/nightly/edition-guide/rust-2021/panic-macro-consistency.html>
[INFO] [stdout]     = note: the panic!() macro supports formatting, so there's no need for the format!() macro here
[INFO] [stdout] help: remove the `format!(..)` macro call
[INFO] [stdout]     |
[INFO] [stdout] 237 |             _ => panic!("Unknown mode {}", mode),
[INFO] [stdout]     |                        --                     --
[INFO] [stdout] 
[INFO] [stdout] 
[INFO] [stdout] warning: unused return value of `std::mem::replace` that must be used
[INFO] [stdout]    --> src/eight.rs:130:17
[INFO] [stdout]     |
[INFO] [stdout] 130 |                 std::mem::replace(&mut row[index], cell);
[INFO] [stdout]     |                 ^^^^^^^^^^^^^^^^^^^^^^^^^^^^^^^^^^^^^^^^^
[INFO] [stdout]     |
[INFO] [stdout]     = note: `#[warn(unused_must_use)]` on by default
[INFO] [stdout]     = note: if you don't need the old value, you can just assign the new value directly
[INFO] [stdout] 
[INFO] [stdout] 
[INFO] [stdout] warning: 12 warnings emitted
[INFO] [stdout] 
[INFO] [stdout] 
[INFO] [stderr]     Finished dev [unoptimized + debuginfo] target(s) in 13.59s
[INFO] running `Command { std: "docker" "inspect" "9f2a5f7e538f30ceaa2e838134d67bf4348737ce033ffe8ac6030ee4f146d012", kill_on_drop: false }`
[INFO] running `Command { std: "docker" "rm" "-f" "9f2a5f7e538f30ceaa2e838134d67bf4348737ce033ffe8ac6030ee4f146d012", kill_on_drop: false }`
[INFO] [stdout] 9f2a5f7e538f30ceaa2e838134d67bf4348737ce033ffe8ac6030ee4f146d012
[INFO] running `Command { std: "docker" "create" "-v" "/var/lib/crater-agent-workspace/builds/worker-74/target:/opt/rustwide/target:rw,Z" "-v" "/var/lib/crater-agent-workspace/builds/worker-74/source:/opt/rustwide/workdir:ro,Z" "-v" "/var/lib/crater-agent-workspace/cargo-home:/opt/rustwide/cargo-home:ro,Z" "-v" "/var/lib/crater-agent-workspace/rustup-home:/opt/rustwide/rustup-home:ro,Z" "-e" "SOURCE_DIR=/opt/rustwide/workdir" "-e" "CARGO_TARGET_DIR=/opt/rustwide/target" "-e" "CARGO_INCREMENTAL=0" "-e" "RUST_BACKTRACE=full" "-e" "RUSTFLAGS=--cap-lints=warn" "-e" "CARGO_HOME=/opt/rustwide/cargo-home" "-e" "RUSTUP_HOME=/opt/rustwide/rustup-home" "-w" "/opt/rustwide/workdir" "-m" "1610612736" "--user" "0:0" "--network" "none" "ghcr.io/rust-lang/crates-build-env/linux@sha256:34b6a614d2c27851fe6cbf88fbd1137609cefab8b10d0615aaeb6fd47975d74e" "/opt/rustwide/cargo-home/bin/cargo" "+beta-2021-08-01" "test" "--frozen" "--no-run" "--message-format=json", kill_on_drop: false }`
[INFO] [stdout] f25eaeb890e9d0a527b1579ca6854dcf8681004a32a11ca96a12c2c133c9f42e
[INFO] running `Command { std: "docker" "start" "-a" "f25eaeb890e9d0a527b1579ca6854dcf8681004a32a11ca96a12c2c133c9f42e", kill_on_drop: false }`
[INFO] [stderr]     Blocking waiting for file lock on package cache
[INFO] [stderr]    Compiling advent-of-code-2019 v0.1.0 (/opt/rustwide/workdir)
[INFO] [stdout] warning: unused variable: `split`
[INFO] [stdout]   --> src/twelve.rs:61:17
[INFO] [stdout]    |
[INFO] [stdout] 61 |             let split: Vec<&str> = s.split_ascii_whitespace().collect();
[INFO] [stdout]    |                 ^^^^^ help: if this is intentional, prefix it with an underscore: `_split`
[INFO] [stdout]    |
[INFO] [stdout]    = note: `#[warn(unused_variables)]` on by default
[INFO] [stdout] 
[INFO] [stdout] 
[INFO] [stdout] warning: panic message is not a string literal
[INFO] [stdout]    --> src/intputer.rs:237:25
[INFO] [stdout]     |
[INFO] [stdout] 237 |             _ => panic!(format!("Unknown mode {}", mode)),
[INFO] [stdout]     |                         ^^^^^^^^^^^^^^^^^^^^^^^^^^^^^^^^
[INFO] [stdout]     |
[INFO] [stdout]     = note: `#[warn(non_fmt_panics)]` on by default
[INFO] [stdout]     = note: this usage of panic!() is deprecated; it will be a hard error in Rust 2021
[INFO] [stdout]     = note: for more information, see <https://doc.rust-lang.org/nightly/edition-guide/rust-2021/panic-macro-consistency.html>
[INFO] [stdout]     = note: the panic!() macro supports formatting, so there's no need for the format!() macro here
[INFO] [stdout] help: remove the `format!(..)` macro call
[INFO] [stdout]     |
[INFO] [stdout] 237 |             _ => panic!("Unknown mode {}", mode),
[INFO] [stdout]     |                        --                     --
[INFO] [stdout] 
[INFO] [stdout] 
[INFO] [stdout] warning: unused return value of `std::mem::replace` that must be used
[INFO] [stdout]    --> src/eight.rs:130:17
[INFO] [stdout]     |
[INFO] [stdout] 130 |                 std::mem::replace(&mut row[index], cell);
[INFO] [stdout]     |                 ^^^^^^^^^^^^^^^^^^^^^^^^^^^^^^^^^^^^^^^^^
[INFO] [stdout]     |
[INFO] [stdout]     = note: `#[warn(unused_must_use)]` on by default
[INFO] [stdout]     = note: if you don't need the old value, you can just assign the new value directly
[INFO] [stdout] 
[INFO] [stdout] 
[INFO] [stdout] warning: 3 warnings emitted
[INFO] [stdout] 
[INFO] [stdout] 
[INFO] [stderr]     Finished test [unoptimized + debuginfo] target(s) in 7.16s
[INFO] running `Command { std: "docker" "inspect" "f25eaeb890e9d0a527b1579ca6854dcf8681004a32a11ca96a12c2c133c9f42e", kill_on_drop: false }`
[INFO] running `Command { std: "docker" "rm" "-f" "f25eaeb890e9d0a527b1579ca6854dcf8681004a32a11ca96a12c2c133c9f42e", kill_on_drop: false }`
[INFO] [stdout] f25eaeb890e9d0a527b1579ca6854dcf8681004a32a11ca96a12c2c133c9f42e
[INFO] running `Command { std: "docker" "create" "-v" "/var/lib/crater-agent-workspace/builds/worker-74/target:/opt/rustwide/target:rw,Z" "-v" "/var/lib/crater-agent-workspace/builds/worker-74/source:/opt/rustwide/workdir:ro,Z" "-v" "/var/lib/crater-agent-workspace/cargo-home:/opt/rustwide/cargo-home:ro,Z" "-v" "/var/lib/crater-agent-workspace/rustup-home:/opt/rustwide/rustup-home:ro,Z" "-e" "SOURCE_DIR=/opt/rustwide/workdir" "-e" "CARGO_TARGET_DIR=/opt/rustwide/target" "-e" "CARGO_INCREMENTAL=0" "-e" "RUST_BACKTRACE=full" "-e" "RUSTFLAGS=--cap-lints=warn" "-e" "CARGO_HOME=/opt/rustwide/cargo-home" "-e" "RUSTUP_HOME=/opt/rustwide/rustup-home" "-w" "/opt/rustwide/workdir" "-m" "1610612736" "--user" "0:0" "--network" "none" "ghcr.io/rust-lang/crates-build-env/linux@sha256:34b6a614d2c27851fe6cbf88fbd1137609cefab8b10d0615aaeb6fd47975d74e" "/opt/rustwide/cargo-home/bin/cargo" "+beta-2021-08-01" "test" "--frozen", kill_on_drop: false }`
[INFO] [stdout] e6c37ce1d2ae43e83a1271dbce5063e8c47e2701d186b76c1411744ee04d6aa4
[INFO] running `Command { std: "docker" "start" "-a" "e6c37ce1d2ae43e83a1271dbce5063e8c47e2701d186b76c1411744ee04d6aa4", kill_on_drop: false }`
[INFO] [stderr] warning: unused variable: `split`
[INFO] [stderr]   --> src/twelve.rs:61:17
[INFO] [stderr]    |
[INFO] [stderr] 61 |             let split: Vec<&str> = s.split_ascii_whitespace().collect();
[INFO] [stderr]    |                 ^^^^^ help: if this is intentional, prefix it with an underscore: `_split`
[INFO] [stderr]    |
[INFO] [stderr]    = note: `#[warn(unused_variables)]` on by default
[INFO] [stderr] 
[INFO] [stderr] warning: panic message is not a string literal
[INFO] [stderr]    --> src/intputer.rs:237:25
[INFO] [stderr]     |
[INFO] [stderr] 237 |             _ => panic!(format!("Unknown mode {}", mode)),
[INFO] [stderr]     |                         ^^^^^^^^^^^^^^^^^^^^^^^^^^^^^^^^
[INFO] [stderr]     |
[INFO] [stderr]     = note: `#[warn(non_fmt_panics)]` on by default
[INFO] [stderr]     = note: this usage of panic!() is deprecated; it will be a hard error in Rust 2021
[INFO] [stderr]     = note: for more information, see <https://doc.rust-lang.org/nightly/edition-guide/rust-2021/panic-macro-consistency.html>
[INFO] [stderr]     = note: the panic!() macro supports formatting, so there's no need for the format!() macro here
[INFO] [stderr] help: remove the `format!(..)` macro call
[INFO] [stderr]     |
[INFO] [stderr] 237 |             _ => panic!("Unknown mode {}", mode),
[INFO] [stderr]     |                        --                     --
[INFO] [stderr] 
[INFO] [stderr] warning: unused return value of `std::mem::replace` that must be used
[INFO] [stderr]    --> src/eight.rs:130:17
[INFO] [stderr]     |
[INFO] [stderr] 130 |                 std::mem::replace(&mut row[index], cell);
[INFO] [stderr]     |                 ^^^^^^^^^^^^^^^^^^^^^^^^^^^^^^^^^^^^^^^^^
[INFO] [stderr]     |
[INFO] [stderr]     = note: `#[warn(unused_must_use)]` on by default
[INFO] [stderr]     = note: if you don't need the old value, you can just assign the new value directly
[INFO] [stderr] 
[INFO] [stderr] warning: `advent-of-code-2019` (bin "advent-of-code-2019" test) generated 3 warnings
[INFO] [stderr]     Finished test [unoptimized + debuginfo] target(s) in 0.05s
[INFO] [stderr]      Running unittests (/opt/rustwide/target/debug/deps/advent_of_code_2019-25f6f2c1c639121e)
[INFO] [stdout] 
[INFO] [stdout] running 63 tests
[INFO] [stdout] test eight::tests::test_first ... ok
[INFO] [stdout] test eight::tests::test ... ok
[INFO] [stdout] test eight::tests::test_part2 ... ok
[INFO] [stdout] test eight::tests::test_vec_concat ... ok
[INFO] [stdout] test eleven::tests::robot_drive_around ... ok
[INFO] [stdout] test eight::tests::testing_while_impl_part2 ... ok
[INFO] [stdout] test eleven::tests::test_calc_min_and_max ... ok
[INFO] [stdout] test eleven::tests::test_paint_under_robot ... ok
[INFO] [stdout] test five::tests::i_try_to_write_a_program ... ok
[INFO] [stdout] test eight::tests::solve_first ... ok
[INFO] [stdout] test five::tests::test_parse_parameter_and_modes ... ok
[INFO] [stdout] test five::tests::test_simple_input_output ... ok
[INFO] [stdout] test eleven::tests::should_be_able_to_move_oob_down - should panic ... ok
[INFO] [stdout] test eleven::tests::should_be_able_to_move_oob_left - should panic ... ok
[INFO] [stdout] test five_part_two::tests::test_below_eight ... ok
[INFO] [stdout] test five_part_two::tests::test_equal_eight ... ok
[INFO] [stdout] test five_part_two::tests::test_greater_than_eight ... ok
[INFO] [stdout] test four::tests::test_cases ... ok
[INFO] [stdout] test four::tests::test_digits ... ok
[INFO] [stdout] test eleven::tests::actually_solve_eleven_part2 ... ok
[INFO] [stdout] test four::tests::test_is_valid ... ok
[INFO] [stdout] test four::tests::test_pairs ... ok
[INFO] [stdout] test intputer::tests::i_try_to_write_a_program ... ok
[INFO] [stdout] test intputer::tests::new_input_output ... ok
[INFO] [stdout] test intputer::tests::test_parse_parameter_and_modes ... ok
[INFO] [stdout] test intputer::tests::test_simple_input_output ... ok
[INFO] [stdout] test intputer::tests::test_simpler_run ... ok
[INFO] [stdout] test nine::tests::sample_data ... ok
[INFO] [stdout] test nine::tests::solve_nine ... ok
[INFO] [stdout] test nine::tests::test_relative_base ... ok
[INFO] [stdout] test one::tests::test ... ok
[INFO] [stdout] test seven::tests::test_feedback_loop ... ok
[INFO] [stdout] test seven::tests::test_permutations ... ok
[INFO] [stdout] test seven::tests::test_specific ... ok
[INFO] [stdout] test six::tests::test_distance ... ok
[INFO] [stdout] test six::tests::test_cases ... ok
[INFO] [stdout] test ten::tests::first_test_case ... ok
[INFO] [stdout] test six::tests::test_orbital_transfers ... ok
[INFO] [stdout] test ten::tests::my_test_case ... ok
[INFO] [stdout] test ten::tests::my_test_case2 ... ok
[INFO] [stdout] test ten::tests::test_calc_max_laser_length ... ok
[INFO] [stdout] test ten::tests::test_direction_asteroid_above ... ok
[INFO] [stdout] test ten::tests::test_direction_asteroid_to_left ... ok
[INFO] [stdout] test ten::tests::test_has_asteroid_at ... ok
[INFO] [stdout] test ten::tests::test_direction_asteroid_to_left_and_above ... ok
[INFO] [stdout] test ten::tests::test_reverse_direction_block ... ok
[INFO] [stdout] test three::tests::test_distance ... ok
[INFO] [stdout] test three::tests::test_calculate_path ... ok
[INFO] [stdout] test three::tests::test_split_input ... ok
[INFO] [stdout] test twelve::tests::parse_input ... ok
[INFO] [stdout] test two::tests::test_add_params ... ok
[INFO] [stdout] test two::tests::test ... ok
[INFO] [stdout] test ten::tests::small_example_part2 ... ok
[INFO] [stdout] test ten::tests::test_atan_version ... ok
[INFO] [stdout] test twelve::tests::test_provided_example ... FAILED
[INFO] [stdout] test three::tests::test_fewest_steps ... ok
[INFO] [stdout] test seven::tests::test ... ok
[INFO] [stdout] test three::tests::test ... ok
[INFO] [stdout] test eleven::tests::actually_solve_eleven_part1 ... ok
[INFO] [stdout] test ten::tests::part2_test_case ... ok
[INFO] [stdout] test ten::tests::solve_first ... ok
[INFO] [stdout] test ten::tests::assert_part2_solution ... ok
[INFO] [stdout] test nine::tests::solve_nine_part2 ... ok
[INFO] [stdout] 
[INFO] [stdout] failures:
[INFO] [stdout] 
[INFO] [stdout] ---- twelve::tests::test_provided_example stdout ----
[INFO] [stdout] s: "pos=<x=-1, y=  0, z= 2>, vel=<x= 0, y= 0, z= 0>"
[INFO] [stdout] s: "pos=<x= 2, y=-10, z=-7>, vel=<x= 0, y= 0, z= 0>"
[INFO] [stdout] s: "pos=<x= 4, y= -8, z= 8>, vel=<x= 0, y= 0, z= 0>"
[INFO] [stdout] s: "pos=<x= 3, y=  5, z=-1>, vel=<x= 0, y= 0, z= 0>"
[INFO] [stdout] s: "pos=<x= 2, y=-1, z= 1>, vel=<x= 3, y=-1, z=-1>"
[INFO] [stdout] s: "pos=<x= 3, y=-7, z=-4>, vel=<x= 1, y= 3, z= 3>"
[INFO] [stdout] s: "pos=<x= 1, y=-7, z= 5>, vel=<x=-3, y= 1, z=-3>"
[INFO] [stdout] s: "pos=<x= 2, y= 2, z= 0>, vel=<x=-1, y=-3, z= 1>"
[INFO] [stdout] thread 'twelve::tests::test_provided_example' panicked at 'assertion failed: `(left == right)`
[INFO] [stdout]   left: `Space { bodies: [Body { y: 0, x: -1, z: 2, dy: 0, dx: 0, dz: 0 }, Body { y: -10, x: 2, z: -7, dy: 0, dx: 0, dz: 0 }, Body { y: -8, x: 4, z: 8, dy: 0, dx: 0, dz: 0 }, Body { y: 5, x: 3, z: -1, dy: 0, dx: 0, dz: 0 }], tick: 1 }`,
[INFO] [stdout]  right: `Space { bodies: [Body { y: -1, x: 2, z: 1, dy: -1, dx: 3, dz: -1 }, Body { y: -7, x: 3, z: -4, dy: 3, dx: 1, dz: 3 }, Body { y: -7, x: 1, z: 5, dy: 1, dx: -3, dz: -3 }, Body { y: 2, x: 2, z: 0, dy: -3, dx: -1, dz: 1 }], tick: 0 }`', src/twelve.rs:168:9
[INFO] [stdout] stack backtrace:
[INFO] [stdout]    0:     0x56489d642ad0 - std::backtrace_rs::backtrace::libunwind::trace::hff4d1766e93f64f1
[INFO] [stdout]                                at /rustc/53fd98ca776cb875bc9e5514f56b52eb74f9e7a9/library/std/src/../../backtrace/src/backtrace/libunwind.rs:90:5
[INFO] [stdout]    1:     0x56489d642ad0 - std::backtrace_rs::backtrace::trace_unsynchronized::h56bbc8eb78770bcb
[INFO] [stdout]                                at /rustc/53fd98ca776cb875bc9e5514f56b52eb74f9e7a9/library/std/src/../../backtrace/src/backtrace/mod.rs:66:5
[INFO] [stdout]    2:     0x56489d642ad0 - std::sys_common::backtrace::_print_fmt::h5c8e75464faca780
[INFO] [stdout]                                at /rustc/53fd98ca776cb875bc9e5514f56b52eb74f9e7a9/library/std/src/sys_common/backtrace.rs:67:5
[INFO] [stdout]    3:     0x56489d642ad0 - <std::sys_common::backtrace::_print::DisplayBacktrace as core::fmt::Display>::fmt::h48b88277def8b362
[INFO] [stdout]                                at /rustc/53fd98ca776cb875bc9e5514f56b52eb74f9e7a9/library/std/src/sys_common/backtrace.rs:46:22
[INFO] [stdout]    4:     0x56489d66532c - core::fmt::write::h3381b3176fe2b3d3
[INFO] [stdout]                                at /rustc/53fd98ca776cb875bc9e5514f56b52eb74f9e7a9/library/core/src/fmt/mod.rs:1115:17
[INFO] [stdout]    5:     0x56489d63fa35 - std::io::Write::write_fmt::h5f34a676f60246b5
[INFO] [stdout]                                at /rustc/53fd98ca776cb875bc9e5514f56b52eb74f9e7a9/library/std/src/io/mod.rs:1665:15
[INFO] [stdout]    6:     0x56489d644c4b - std::sys_common::backtrace::_print::ha537687d6c17dd0d
[INFO] [stdout]                                at /rustc/53fd98ca776cb875bc9e5514f56b52eb74f9e7a9/library/std/src/sys_common/backtrace.rs:49:5
[INFO] [stdout]    7:     0x56489d644c4b - std::sys_common::backtrace::print::h61376ae57d131d72
[INFO] [stdout]                                at /rustc/53fd98ca776cb875bc9e5514f56b52eb74f9e7a9/library/std/src/sys_common/backtrace.rs:36:9
[INFO] [stdout]    8:     0x56489d644c4b - std::panicking::default_hook::{{closure}}::h0f7208c0b9644a54
[INFO] [stdout]                                at /rustc/53fd98ca776cb875bc9e5514f56b52eb74f9e7a9/library/std/src/panicking.rs:208:50
[INFO] [stdout]    9:     0x56489d64475c - std::panicking::default_hook::hdac7fc06578c14ce
[INFO] [stdout]                                at /rustc/53fd98ca776cb875bc9e5514f56b52eb74f9e7a9/library/std/src/panicking.rs:222:9
[INFO] [stdout]   10:     0x56489d645314 - std::panicking::rust_panic_with_hook::h72b21c283da3d1ef
[INFO] [stdout]                                at /rustc/53fd98ca776cb875bc9e5514f56b52eb74f9e7a9/library/std/src/panicking.rs:622:17
[INFO] [stdout]   11:     0x56489d644df7 - std::panicking::begin_panic_handler::{{closure}}::he5778f1729cff84a
[INFO] [stdout]                                at /rustc/53fd98ca776cb875bc9e5514f56b52eb74f9e7a9/library/std/src/panicking.rs:519:13
[INFO] [stdout]   12:     0x56489d642fac - std::sys_common::backtrace::__rust_end_short_backtrace::h2d11ca8b453b4b1d
[INFO] [stdout]                                at /rustc/53fd98ca776cb875bc9e5514f56b52eb74f9e7a9/library/std/src/sys_common/backtrace.rs:141:18
[INFO] [stdout]   13:     0x56489d644d59 - rust_begin_unwind
[INFO] [stdout]                                at /rustc/53fd98ca776cb875bc9e5514f56b52eb74f9e7a9/library/std/src/panicking.rs:515:5
[INFO] [stdout]   14:     0x56489d53f431 - core::panicking::panic_fmt::hf9de31d4acbce4db
[INFO] [stdout]                                at /rustc/53fd98ca776cb875bc9e5514f56b52eb74f9e7a9/library/core/src/panicking.rs:92:14
[INFO] [stdout]   15:     0x56489d663c48 - core::panicking::assert_failed_inner::h62e8cb2847a6e7ec
[INFO] [stdout]   16:     0x56489d5b284a - core::panicking::assert_failed::ha137070ccfdf79f7
[INFO] [stdout]                                at /rustc/53fd98ca776cb875bc9e5514f56b52eb74f9e7a9/library/core/src/panicking.rs:117:5
[INFO] [stdout]   17:     0x56489d5b7f27 - advent_of_code_2019::twelve::tests::test_provided_example::h8dbdaa6ef003f45e
[INFO] [stdout]                                at /opt/rustwide/workdir/src/twelve.rs:168:9
[INFO] [stdout]   18:     0x56489d5b78ea - advent_of_code_2019::twelve::tests::test_provided_example::{{closure}}::hc9f8d3b32ac16751
[INFO] [stdout]                                at /opt/rustwide/workdir/src/twelve.rs:147:5
[INFO] [stdout]   19:     0x56489d5762be - core::ops::function::FnOnce::call_once::h5812790e6bea0757
[INFO] [stdout]                                at /rustc/53fd98ca776cb875bc9e5514f56b52eb74f9e7a9/library/core/src/ops/function.rs:227:5
[INFO] [stdout]   20:     0x56489d611763 - core::ops::function::FnOnce::call_once::hbb52c4519d3137b0
[INFO] [stdout]                                at /rustc/53fd98ca776cb875bc9e5514f56b52eb74f9e7a9/library/core/src/ops/function.rs:227:5
[INFO] [stdout]   21:     0x56489d611763 - test::__rust_begin_short_backtrace::h86fe3a2a5a5121af
[INFO] [stdout]                                at /rustc/53fd98ca776cb875bc9e5514f56b52eb74f9e7a9/library/test/src/lib.rs:578:5
[INFO] [stdout]   22:     0x56489d610218 - <alloc::boxed::Box<F,A> as core::ops::function::FnOnce<Args>>::call_once::hfd956bc3d57399be
[INFO] [stdout]                                at /rustc/53fd98ca776cb875bc9e5514f56b52eb74f9e7a9/library/alloc/src/boxed.rs:1572:9
[INFO] [stdout]   23:     0x56489d610218 - <std::panic::AssertUnwindSafe<F> as core::ops::function::FnOnce<()>>::call_once::h40dc93e0ddb5938a
[INFO] [stdout]                                at /rustc/53fd98ca776cb875bc9e5514f56b52eb74f9e7a9/library/std/src/panic.rs:347:9
[INFO] [stdout]   24:     0x56489d610218 - std::panicking::try::do_call::h90d07750cb47c562
[INFO] [stdout]                                at /rustc/53fd98ca776cb875bc9e5514f56b52eb74f9e7a9/library/std/src/panicking.rs:401:40
[INFO] [stdout]   25:     0x56489d610218 - std::panicking::try::h063c84733ad2a629
[INFO] [stdout]                                at /rustc/53fd98ca776cb875bc9e5514f56b52eb74f9e7a9/library/std/src/panicking.rs:365:19
[INFO] [stdout]   26:     0x56489d610218 - std::panic::catch_unwind::h0c464836a84e7c08
[INFO] [stdout]                                at /rustc/53fd98ca776cb875bc9e5514f56b52eb74f9e7a9/library/std/src/panic.rs:434:14
[INFO] [stdout]   27:     0x56489d610218 - test::run_test_in_process::h5cb06ef620b157fc
[INFO] [stdout]                                at /rustc/53fd98ca776cb875bc9e5514f56b52eb74f9e7a9/library/test/src/lib.rs:601:18
[INFO] [stdout]   28:     0x56489d610218 - test::run_test::run_test_inner::{{closure}}::h76f677f4b93f9828
[INFO] [stdout]                                at /rustc/53fd98ca776cb875bc9e5514f56b52eb74f9e7a9/library/test/src/lib.rs:493:39
[INFO] [stdout]   29:     0x56489d5de9ad - test::run_test::run_test_inner::{{closure}}::h366d01fe04f4d67a
[INFO] [stdout]                                at /rustc/53fd98ca776cb875bc9e5514f56b52eb74f9e7a9/library/test/src/lib.rs:520:37
[INFO] [stdout]   30:     0x56489d5de9ad - std::sys_common::backtrace::__rust_begin_short_backtrace::h7dfa0de4eb395af2
[INFO] [stdout]                                at /rustc/53fd98ca776cb875bc9e5514f56b52eb74f9e7a9/library/std/src/sys_common/backtrace.rs:125:18
[INFO] [stdout]   31:     0x56489d5e3178 - std::thread::Builder::spawn_unchecked::{{closure}}::{{closure}}::hf0a74bb58798037f
[INFO] [stdout]                                at /rustc/53fd98ca776cb875bc9e5514f56b52eb74f9e7a9/library/std/src/thread/mod.rs:476:17
[INFO] [stdout]   32:     0x56489d5e3178 - <std::panic::AssertUnwindSafe<F> as core::ops::function::FnOnce<()>>::call_once::hb024e854818586ac
[INFO] [stdout]                                at /rustc/53fd98ca776cb875bc9e5514f56b52eb74f9e7a9/library/std/src/panic.rs:347:9
[INFO] [stdout]   33:     0x56489d5e3178 - std::panicking::try::do_call::hb2dd9f1d0d48e41d
[INFO] [stdout]                                at /rustc/53fd98ca776cb875bc9e5514f56b52eb74f9e7a9/library/std/src/panicking.rs:401:40
[INFO] [stdout]   34:     0x56489d5e3178 - std::panicking::try::h4717ae7bac8b2bf3
[INFO] [stdout]                                at /rustc/53fd98ca776cb875bc9e5514f56b52eb74f9e7a9/library/std/src/panicking.rs:365:19
[INFO] [stdout]   35:     0x56489d5e3178 - std::panic::catch_unwind::h0dc8a061326ce8d8
[INFO] [stdout]                                at /rustc/53fd98ca776cb875bc9e5514f56b52eb74f9e7a9/library/std/src/panic.rs:434:14
[INFO] [stdout]   36:     0x56489d5e3178 - std::thread::Builder::spawn_unchecked::{{closure}}::haa369e2d6fd00aa1
[INFO] [stdout]                                at /rustc/53fd98ca776cb875bc9e5514f56b52eb74f9e7a9/library/std/src/thread/mod.rs:475:30
[INFO] [stdout]   37:     0x56489d5e3178 - core::ops::function::FnOnce::call_once{{vtable.shim}}::h36dcf3de8b056f17
[INFO] [stdout]                                at /rustc/53fd98ca776cb875bc9e5514f56b52eb74f9e7a9/library/core/src/ops/function.rs:227:5
[INFO] [stdout]   38:     0x56489d649eb7 - <alloc::boxed::Box<F,A> as core::ops::function::FnOnce<Args>>::call_once::h65c29e4642be2358
[INFO] [stdout]                                at /rustc/53fd98ca776cb875bc9e5514f56b52eb74f9e7a9/library/alloc/src/boxed.rs:1572:9
[INFO] [stdout]   39:     0x56489d649eb7 - <alloc::boxed::Box<F,A> as core::ops::function::FnOnce<Args>>::call_once::hd0f8f7fbbd9fffbf
[INFO] [stdout]                                at /rustc/53fd98ca776cb875bc9e5514f56b52eb74f9e7a9/library/alloc/src/boxed.rs:1572:9
[INFO] [stdout]   40:     0x56489d649eb7 - std::sys::unix::thread::Thread::new::thread_start::h2fd22fee3ca77b65
[INFO] [stdout]                                at /rustc/53fd98ca776cb875bc9e5514f56b52eb74f9e7a9/library/std/src/sys/unix/thread.rs:74:17
[INFO] [stdout]   41:     0x7fcf54d25609 - start_thread
[INFO] [stdout]   42:     0x7fcf54af7293 - clone
[INFO] [stdout]   43:                0x0 - <unknown>
[INFO] [stdout] 
[INFO] [stdout] 
[INFO] [stdout] failures:
[INFO] [stdout]     twelve::tests::test_provided_example
[INFO] [stdout] 
[INFO] [stdout] test result: FAILED. 62 passed; 1 failed; 0 ignored; 0 measured; 0 filtered out; finished in 1.79s
[INFO] [stdout] 
[INFO] [stderr] error: test failed, to rerun pass '--bin advent-of-code-2019'
[INFO] running `Command { std: "docker" "inspect" "e6c37ce1d2ae43e83a1271dbce5063e8c47e2701d186b76c1411744ee04d6aa4", kill_on_drop: false }`
[INFO] running `Command { std: "docker" "rm" "-f" "e6c37ce1d2ae43e83a1271dbce5063e8c47e2701d186b76c1411744ee04d6aa4", kill_on_drop: false }`
[INFO] [stdout] e6c37ce1d2ae43e83a1271dbce5063e8c47e2701d186b76c1411744ee04d6aa4
