[INFO] cloning repository https://github.com/Rabbit-OJ/Rabbit-OJ-Tester-v2
[INFO] running `Command { std: "git" "-c" "credential.helper=" "-c" "credential.helper=/workspace/cargo-home/bin/git-credential-null" "clone" "--bare" "https://github.com/Rabbit-OJ/Rabbit-OJ-Tester-v2" "/workspace/cache/git-repos/https%3A%2F%2Fgithub.com%2FRabbit-OJ%2FRabbit-OJ-Tester-v2", kill_on_drop: false }`
[INFO] [stderr] Cloning into bare repository '/workspace/cache/git-repos/https%3A%2F%2Fgithub.com%2FRabbit-OJ%2FRabbit-OJ-Tester-v2'...
[INFO] running `Command { std: "git" "rev-parse" "HEAD", kill_on_drop: false }`
[INFO] [stdout] a1a9de8df41f0b0be740bca39ff3564c4ecbb323
[INFO] testing Rabbit-OJ/Rabbit-OJ-Tester-v2 against beta-2021-08-01 for beta-1.55-1
[INFO] running `Command { std: "git" "clone" "/workspace/cache/git-repos/https%3A%2F%2Fgithub.com%2FRabbit-OJ%2FRabbit-OJ-Tester-v2" "/workspace/builds/worker-13/source", kill_on_drop: false }`
[INFO] [stderr] Cloning into '/workspace/builds/worker-13/source'...
[INFO] [stderr] done.
[INFO] validating manifest of git repo https://github.com/Rabbit-OJ/Rabbit-OJ-Tester-v2 on toolchain beta-2021-08-01
[INFO] running `Command { std: "/workspace/cargo-home/bin/cargo" "+beta-2021-08-01" "metadata" "--manifest-path" "Cargo.toml" "--no-deps", kill_on_drop: false }`
[INFO] started tweaking git repo https://github.com/Rabbit-OJ/Rabbit-OJ-Tester-v2
[INFO] finished tweaking git repo https://github.com/Rabbit-OJ/Rabbit-OJ-Tester-v2
[INFO] tweaked toml for git repo https://github.com/Rabbit-OJ/Rabbit-OJ-Tester-v2 written to /workspace/builds/worker-13/source/Cargo.toml
[INFO] crate git repo https://github.com/Rabbit-OJ/Rabbit-OJ-Tester-v2 already has a lockfile, it will not be regenerated
[INFO] running `Command { std: "/workspace/cargo-home/bin/cargo" "+beta-2021-08-01" "fetch" "--manifest-path" "Cargo.toml", kill_on_drop: false }`
[INFO] [stderr]  Downloading crates ...
[INFO] [stderr]   Downloaded sysinfo v0.16.1
[INFO] running `Command { std: "docker" "create" "-v" "/var/lib/crater-agent-workspace/builds/worker-13/target:/opt/rustwide/target:rw,Z" "-v" "/var/lib/crater-agent-workspace/builds/worker-13/source:/opt/rustwide/workdir:ro,Z" "-v" "/var/lib/crater-agent-workspace/cargo-home:/opt/rustwide/cargo-home:ro,Z" "-v" "/var/lib/crater-agent-workspace/rustup-home:/opt/rustwide/rustup-home:ro,Z" "-e" "SOURCE_DIR=/opt/rustwide/workdir" "-e" "CARGO_TARGET_DIR=/opt/rustwide/target" "-e" "CARGO_HOME=/opt/rustwide/cargo-home" "-e" "RUSTUP_HOME=/opt/rustwide/rustup-home" "-w" "/opt/rustwide/workdir" "-m" "1610612736" "--user" "0:0" "--network" "none" "ghcr.io/rust-lang/crates-build-env/linux@sha256:34b6a614d2c27851fe6cbf88fbd1137609cefab8b10d0615aaeb6fd47975d74e" "/opt/rustwide/cargo-home/bin/cargo" "+beta-2021-08-01" "metadata" "--no-deps" "--format-version=1", kill_on_drop: false }`
[INFO] [stdout] 2d84f2db3d19dbdfff44a0f0e7babbfa44e852234ce4a3a094c6a3da1d2e4a2f
[INFO] running `Command { std: "docker" "start" "-a" "2d84f2db3d19dbdfff44a0f0e7babbfa44e852234ce4a3a094c6a3da1d2e4a2f", kill_on_drop: false }`
[INFO] running `Command { std: "docker" "inspect" "2d84f2db3d19dbdfff44a0f0e7babbfa44e852234ce4a3a094c6a3da1d2e4a2f", kill_on_drop: false }`
[INFO] running `Command { std: "docker" "rm" "-f" "2d84f2db3d19dbdfff44a0f0e7babbfa44e852234ce4a3a094c6a3da1d2e4a2f", kill_on_drop: false }`
[INFO] [stdout] 2d84f2db3d19dbdfff44a0f0e7babbfa44e852234ce4a3a094c6a3da1d2e4a2f
[INFO] running `Command { std: "docker" "create" "-v" "/var/lib/crater-agent-workspace/builds/worker-13/target:/opt/rustwide/target:rw,Z" "-v" "/var/lib/crater-agent-workspace/builds/worker-13/source:/opt/rustwide/workdir:ro,Z" "-v" "/var/lib/crater-agent-workspace/cargo-home:/opt/rustwide/cargo-home:ro,Z" "-v" "/var/lib/crater-agent-workspace/rustup-home:/opt/rustwide/rustup-home:ro,Z" "-e" "SOURCE_DIR=/opt/rustwide/workdir" "-e" "CARGO_TARGET_DIR=/opt/rustwide/target" "-e" "CARGO_INCREMENTAL=0" "-e" "RUST_BACKTRACE=full" "-e" "RUSTFLAGS=--cap-lints=warn" "-e" "CARGO_HOME=/opt/rustwide/cargo-home" "-e" "RUSTUP_HOME=/opt/rustwide/rustup-home" "-w" "/opt/rustwide/workdir" "-m" "1610612736" "--user" "0:0" "--network" "none" "ghcr.io/rust-lang/crates-build-env/linux@sha256:34b6a614d2c27851fe6cbf88fbd1137609cefab8b10d0615aaeb6fd47975d74e" "/opt/rustwide/cargo-home/bin/cargo" "+beta-2021-08-01" "build" "--frozen" "--message-format=json", kill_on_drop: false }`
[INFO] [stdout] e5de9ec2a94c362cb4ce315784875c0fe3806f2bb4cbb9b8fde1d9238fbe5f32
[INFO] running `Command { std: "docker" "start" "-a" "e5de9ec2a94c362cb4ce315784875c0fe3806f2bb4cbb9b8fde1d9238fbe5f32", kill_on_drop: false }`
[INFO] [stderr]    Compiling libc v0.2.80
[INFO] [stderr]    Compiling syn v1.0.60
[INFO] [stderr]    Compiling const_fn v0.4.2
[INFO] [stderr]    Compiling futures-core v0.3.12
[INFO] [stderr]    Compiling serde_derive v1.0.123
[INFO] [stderr]    Compiling futures-sink v0.3.12
[INFO] [stderr]    Compiling cc v1.0.61
[INFO] [stderr]    Compiling doc-comment v0.3.3
[INFO] [stderr]    Compiling serde v1.0.123
[INFO] [stderr]    Compiling futures-io v0.3.12
[INFO] [stderr]    Compiling serde_json v1.0.62
[INFO] [stderr]    Compiling crossbeam-utils v0.8.0
[INFO] [stderr]    Compiling memoffset v0.5.6
[INFO] [stderr]    Compiling tokio v1.2.0
[INFO] [stderr]    Compiling rayon-core v1.9.0
[INFO] [stderr]    Compiling futures-task v0.3.12
[INFO] [stderr]    Compiling rayon v1.5.0
[INFO] [stderr]    Compiling futures-channel v0.3.12
[INFO] [stderr]    Compiling sysinfo v0.16.1
[INFO] [stderr]    Compiling num_cpus v1.13.0
[INFO] [stderr]    Compiling parking_lot_core v0.8.3
[INFO] [stderr]    Compiling signal-hook-registry v1.2.1
[INFO] [stderr]    Compiling mio v0.7.7
[INFO] [stderr]    Compiling nix v0.19.1
[INFO] [stderr]    Compiling crossbeam-epoch v0.9.0
[INFO] [stderr]    Compiling crossbeam-channel v0.5.0
[INFO] [stderr]    Compiling parking_lot v0.11.1
[INFO] [stderr]    Compiling crossbeam-deque v0.8.0
[INFO] [stderr]    Compiling futures-macro v0.3.12
[INFO] [stderr]    Compiling tokio-macros v1.1.0
[INFO] [stderr]    Compiling futures-util v0.3.12
[INFO] [stderr]    Compiling futures-executor v0.3.12
[INFO] [stderr]    Compiling futures v0.3.12
[INFO] [stderr]    Compiling Rabbit-OJ-Tester-v2 v0.1.0 (/opt/rustwide/workdir)
[INFO] [stdout] warning: panic message is not a string literal
[INFO] [stdout]   --> src/checks/test_cases.rs:11:20
[INFO] [stdout]    |
[INFO] [stdout] 11 |             panic!(format!("Test case {} doesn't exist", i));
[INFO] [stdout]    |                    ^^^^^^^^^^^^^^^^^^^^^^^^^^^^^^^^^^^^^^^^
[INFO] [stdout]    |
[INFO] [stdout]    = note: `#[warn(non_fmt_panics)]` on by default
[INFO] [stdout]    = note: this usage of panic!() is deprecated; it will be a hard error in Rust 2021
[INFO] [stdout]    = note: for more information, see <https://doc.rust-lang.org/nightly/edition-guide/rust-2021/panic-macro-consistency.html>
[INFO] [stdout]    = note: the panic!() macro supports formatting, so there's no need for the format!() macro here
[INFO] [stdout] help: remove the `format!(..)` macro call
[INFO] [stdout]    |
[INFO] [stdout] 11 |             panic!("Test case {} doesn't exist", i);
[INFO] [stdout]    |                   --                             --
[INFO] [stdout] 
[INFO] [stdout] 
[INFO] [stdout] warning: panic message is not a string literal
[INFO] [stdout]   --> src/checks/env.rs:16:26
[INFO] [stdout]    |
[INFO] [stdout] 16 |         Err(e) => panic!(e)
[INFO] [stdout]    |                          ^
[INFO] [stdout]    |
[INFO] [stdout]    = note: this usage of panic!() is deprecated; it will be a hard error in Rust 2021
[INFO] [stdout]    = note: for more information, see <https://doc.rust-lang.org/nightly/edition-guide/rust-2021/panic-macro-consistency.html>
[INFO] [stdout] help: add a "{}" format string to Display the message
[INFO] [stdout]    |
[INFO] [stdout] 16 |         Err(e) => panic!("{}", e)
[INFO] [stdout]    |                          ^^^^^
[INFO] [stdout] help: or use std::panic::panic_any instead
[INFO] [stdout]    |
[INFO] [stdout] 16 |         Err(e) => std::panic::panic_any(e)
[INFO] [stdout]    |                   ^^^^^^^^^^^^^^^^^^^^^
[INFO] [stdout] 
[INFO] [stdout] 
[INFO] [stdout] warning: crate `Rabbit_OJ_Tester_v2` should have a snake case name
[INFO] [stdout]   |
[INFO] [stdout]   = note: `#[warn(non_snake_case)]` on by default
[INFO] [stdout]   = help: convert the identifier to snake case: `rabbit_oj_tester_v2`
[INFO] [stdout] 
[INFO] [stdout] 
[INFO] [stdout] warning: 3 warnings emitted
[INFO] [stdout] 
[INFO] [stdout] 
[INFO] [stderr]     Finished dev [unoptimized + debuginfo] target(s) in 43.69s
[INFO] running `Command { std: "docker" "inspect" "e5de9ec2a94c362cb4ce315784875c0fe3806f2bb4cbb9b8fde1d9238fbe5f32", kill_on_drop: false }`
[INFO] running `Command { std: "docker" "rm" "-f" "e5de9ec2a94c362cb4ce315784875c0fe3806f2bb4cbb9b8fde1d9238fbe5f32", kill_on_drop: false }`
[INFO] [stdout] e5de9ec2a94c362cb4ce315784875c0fe3806f2bb4cbb9b8fde1d9238fbe5f32
[INFO] running `Command { std: "docker" "create" "-v" "/var/lib/crater-agent-workspace/builds/worker-13/target:/opt/rustwide/target:rw,Z" "-v" "/var/lib/crater-agent-workspace/builds/worker-13/source:/opt/rustwide/workdir:ro,Z" "-v" "/var/lib/crater-agent-workspace/cargo-home:/opt/rustwide/cargo-home:ro,Z" "-v" "/var/lib/crater-agent-workspace/rustup-home:/opt/rustwide/rustup-home:ro,Z" "-e" "SOURCE_DIR=/opt/rustwide/workdir" "-e" "CARGO_TARGET_DIR=/opt/rustwide/target" "-e" "CARGO_INCREMENTAL=0" "-e" "RUST_BACKTRACE=full" "-e" "RUSTFLAGS=--cap-lints=warn" "-e" "CARGO_HOME=/opt/rustwide/cargo-home" "-e" "RUSTUP_HOME=/opt/rustwide/rustup-home" "-w" "/opt/rustwide/workdir" "-m" "1610612736" "--user" "0:0" "--network" "none" "ghcr.io/rust-lang/crates-build-env/linux@sha256:34b6a614d2c27851fe6cbf88fbd1137609cefab8b10d0615aaeb6fd47975d74e" "/opt/rustwide/cargo-home/bin/cargo" "+beta-2021-08-01" "test" "--frozen" "--no-run" "--message-format=json", kill_on_drop: false }`
[INFO] [stdout] 18b4d3c0c1b2dc8691f76c4acd27d0ca751d41fb93cceac5ee410d0ac6a65630
[INFO] running `Command { std: "docker" "start" "-a" "18b4d3c0c1b2dc8691f76c4acd27d0ca751d41fb93cceac5ee410d0ac6a65630", kill_on_drop: false }`
[INFO] [stderr]     Blocking waiting for file lock on package cache
[INFO] [stderr]    Compiling Rabbit-OJ-Tester-v2 v0.1.0 (/opt/rustwide/workdir)
[INFO] [stdout] warning: panic message is not a string literal
[INFO] [stdout]   --> src/checks/test_cases.rs:11:20
[INFO] [stdout]    |
[INFO] [stdout] 11 |             panic!(format!("Test case {} doesn't exist", i));
[INFO] [stdout]    |                    ^^^^^^^^^^^^^^^^^^^^^^^^^^^^^^^^^^^^^^^^
[INFO] [stdout]    |
[INFO] [stdout]    = note: `#[warn(non_fmt_panics)]` on by default
[INFO] [stdout]    = note: this usage of panic!() is deprecated; it will be a hard error in Rust 2021
[INFO] [stdout]    = note: for more information, see <https://doc.rust-lang.org/nightly/edition-guide/rust-2021/panic-macro-consistency.html>
[INFO] [stdout]    = note: the panic!() macro supports formatting, so there's no need for the format!() macro here
[INFO] [stdout] help: remove the `format!(..)` macro call
[INFO] [stdout]    |
[INFO] [stdout] 11 |             panic!("Test case {} doesn't exist", i);
[INFO] [stdout]    |                   --                             --
[INFO] [stdout] 
[INFO] [stdout] 
[INFO] [stdout] warning: panic message is not a string literal
[INFO] [stdout]   --> src/checks/env.rs:16:26
[INFO] [stdout]    |
[INFO] [stdout] 16 |         Err(e) => panic!(e)
[INFO] [stdout]    |                          ^
[INFO] [stdout]    |
[INFO] [stdout]    = note: this usage of panic!() is deprecated; it will be a hard error in Rust 2021
[INFO] [stdout]    = note: for more information, see <https://doc.rust-lang.org/nightly/edition-guide/rust-2021/panic-macro-consistency.html>
[INFO] [stdout] help: add a "{}" format string to Display the message
[INFO] [stdout]    |
[INFO] [stdout] 16 |         Err(e) => panic!("{}", e)
[INFO] [stdout]    |                          ^^^^^
[INFO] [stdout] help: or use std::panic::panic_any instead
[INFO] [stdout]    |
[INFO] [stdout] 16 |         Err(e) => std::panic::panic_any(e)
[INFO] [stdout]    |                   ^^^^^^^^^^^^^^^^^^^^^
[INFO] [stdout] 
[INFO] [stdout] 
[INFO] [stdout] warning: crate `Rabbit_OJ_Tester_v2` should have a snake case name
[INFO] [stdout]   |
[INFO] [stdout]   = note: `#[warn(non_snake_case)]` on by default
[INFO] [stdout]   = help: convert the identifier to snake case: `rabbit_oj_tester_v2`
[INFO] [stdout] 
[INFO] [stdout] 
[INFO] [stdout] warning: 3 warnings emitted
[INFO] [stdout] 
[INFO] [stdout] 
[INFO] [stderr]     Finished test [unoptimized + debuginfo] target(s) in 7.18s
[INFO] running `Command { std: "docker" "inspect" "18b4d3c0c1b2dc8691f76c4acd27d0ca751d41fb93cceac5ee410d0ac6a65630", kill_on_drop: false }`
[INFO] running `Command { std: "docker" "rm" "-f" "18b4d3c0c1b2dc8691f76c4acd27d0ca751d41fb93cceac5ee410d0ac6a65630", kill_on_drop: false }`
[INFO] [stdout] 18b4d3c0c1b2dc8691f76c4acd27d0ca751d41fb93cceac5ee410d0ac6a65630
[INFO] running `Command { std: "docker" "create" "-v" "/var/lib/crater-agent-workspace/builds/worker-13/target:/opt/rustwide/target:rw,Z" "-v" "/var/lib/crater-agent-workspace/builds/worker-13/source:/opt/rustwide/workdir:ro,Z" "-v" "/var/lib/crater-agent-workspace/cargo-home:/opt/rustwide/cargo-home:ro,Z" "-v" "/var/lib/crater-agent-workspace/rustup-home:/opt/rustwide/rustup-home:ro,Z" "-e" "SOURCE_DIR=/opt/rustwide/workdir" "-e" "CARGO_TARGET_DIR=/opt/rustwide/target" "-e" "CARGO_INCREMENTAL=0" "-e" "RUST_BACKTRACE=full" "-e" "RUSTFLAGS=--cap-lints=warn" "-e" "CARGO_HOME=/opt/rustwide/cargo-home" "-e" "RUSTUP_HOME=/opt/rustwide/rustup-home" "-w" "/opt/rustwide/workdir" "-m" "1610612736" "--user" "0:0" "--network" "none" "ghcr.io/rust-lang/crates-build-env/linux@sha256:34b6a614d2c27851fe6cbf88fbd1137609cefab8b10d0615aaeb6fd47975d74e" "/opt/rustwide/cargo-home/bin/cargo" "+beta-2021-08-01" "test" "--frozen", kill_on_drop: false }`
[INFO] [stdout] d65838a45b3a874183d5a83513fa2b5a61fafb415579644ef3918537273c9d40
[INFO] running `Command { std: "docker" "start" "-a" "d65838a45b3a874183d5a83513fa2b5a61fafb415579644ef3918537273c9d40", kill_on_drop: false }`
[INFO] [stderr] warning: panic message is not a string literal
[INFO] [stderr]   --> src/checks/test_cases.rs:11:20
[INFO] [stderr]    |
[INFO] [stderr] 11 |             panic!(format!("Test case {} doesn't exist", i));
[INFO] [stderr]    |                    ^^^^^^^^^^^^^^^^^^^^^^^^^^^^^^^^^^^^^^^^
[INFO] [stderr]    |
[INFO] [stderr]    = note: `#[warn(non_fmt_panics)]` on by default
[INFO] [stderr]    = note: this usage of panic!() is deprecated; it will be a hard error in Rust 2021
[INFO] [stderr]    = note: for more information, see <https://doc.rust-lang.org/nightly/edition-guide/rust-2021/panic-macro-consistency.html>
[INFO] [stderr]    = note: the panic!() macro supports formatting, so there's no need for the format!() macro here
[INFO] [stderr] help: remove the `format!(..)` macro call
[INFO] [stderr]    |
[INFO] [stderr] 11 |             panic!("Test case {} doesn't exist", i);
[INFO] [stderr]    |                   --                             --
[INFO] [stderr] 
[INFO] [stderr] warning: panic message is not a string literal
[INFO] [stderr]   --> src/checks/env.rs:16:26
[INFO] [stderr]    |
[INFO] [stderr] 16 |         Err(e) => panic!(e)
[INFO] [stderr]    |                          ^
[INFO] [stderr]    |
[INFO] [stderr]    = note: this usage of panic!() is deprecated; it will be a hard error in Rust 2021
[INFO] [stderr]    = note: for more information, see <https://doc.rust-lang.org/nightly/edition-guide/rust-2021/panic-macro-consistency.html>
[INFO] [stderr] help: add a "{}" format string to Display the message
[INFO] [stderr]    |
[INFO] [stderr] 16 |         Err(e) => panic!("{}", e)
[INFO] [stderr]    |                          ^^^^^
[INFO] [stderr] help: or use std::panic::panic_any instead
[INFO] [stderr]    |
[INFO] [stderr] 16 |         Err(e) => std::panic::panic_any(e)
[INFO] [stderr]    |                   ^^^^^^^^^^^^^^^^^^^^^
[INFO] [stderr] 
[INFO] [stderr] warning: crate `Rabbit_OJ_Tester_v2` should have a snake case name
[INFO] [stderr]   |
[INFO] [stderr]   = note: `#[warn(non_snake_case)]` on by default
[INFO] [stderr]   = help: convert the identifier to snake case: `rabbit_oj_tester_v2`
[INFO] [stderr] 
[INFO] [stderr] warning: `Rabbit-OJ-Tester-v2` (bin "Rabbit-OJ-Tester-v2" test) generated 3 warnings
[INFO] [stderr]     Finished test [unoptimized + debuginfo] target(s) in 0.04s
[INFO] [stderr]      Running unittests (/opt/rustwide/target/debug/deps/Rabbit_OJ_Tester_v2-6904c2ff63cfa58f)
[INFO] [stdout] 
[INFO] [stdout] running 4 tests
[INFO] [stdout] test tests::test_ok ... FAILED
[INFO] [stdout] test tests::test_mle ... FAILED
[INFO] [stdout] test tests::test_tle ... FAILED
[INFO] [stdout] test tests::test_re ... FAILED
[INFO] [stdout] 
[INFO] [stdout] failures:
[INFO] [stdout] 
[INFO] [stdout] ---- tests::test_ok stdout ----
[INFO] [stdout] thread 'tests::test_ok' panicked at 'Test case 1 doesn't exist', src/checks/test_cases.rs:11:13
[INFO] [stdout] stack backtrace:
[INFO] [stdout]    0:     0x562c28a90010 - std::backtrace_rs::backtrace::libunwind::trace::hff4d1766e93f64f1
[INFO] [stdout]                                at /rustc/53fd98ca776cb875bc9e5514f56b52eb74f9e7a9/library/std/src/../../backtrace/src/backtrace/libunwind.rs:90:5
[INFO] [stdout]    1:     0x562c28a90010 - std::backtrace_rs::backtrace::trace_unsynchronized::h56bbc8eb78770bcb
[INFO] [stdout]                                at /rustc/53fd98ca776cb875bc9e5514f56b52eb74f9e7a9/library/std/src/../../backtrace/src/backtrace/mod.rs:66:5
[INFO] [stdout]    2:     0x562c28a90010 - std::sys_common::backtrace::_print_fmt::h5c8e75464faca780
[INFO] [stdout]                                at /rustc/53fd98ca776cb875bc9e5514f56b52eb74f9e7a9/library/std/src/sys_common/backtrace.rs:67:5
[INFO] [stdout]    3:     0x562c28a90010 - <std::sys_common::backtrace::_print::DisplayBacktrace as core::fmt::Display>::fmt::h48b88277def8b362
[INFO] [stdout]                                at /rustc/53fd98ca776cb875bc9e5514f56b52eb74f9e7a9/library/std/src/sys_common/backtrace.rs:46:22
[INFO] [stdout]    4:     0x562c28ab490c - core::fmt::write::h3381b3176fe2b3d3
[INFO] [stdout]                                at /rustc/53fd98ca776cb875bc9e5514f56b52eb74f9e7a9/library/core/src/fmt/mod.rs:1115:17
[INFO] [stdout]    5:     0x562c28a8c6e5 - std::io::Write::write_fmt::h5f34a676f60246b5
[INFO] [stdout]                                at /rustc/53fd98ca776cb875bc9e5514f56b52eb74f9e7a9/library/std/src/io/mod.rs:1665:15
[INFO] [stdout]    6:     0x562c28a9236b - std::sys_common::backtrace::_print::ha537687d6c17dd0d
[INFO] [stdout]                                at /rustc/53fd98ca776cb875bc9e5514f56b52eb74f9e7a9/library/std/src/sys_common/backtrace.rs:49:5
[INFO] [stdout]    7:     0x562c28a9236b - std::sys_common::backtrace::print::h61376ae57d131d72
[INFO] [stdout]                                at /rustc/53fd98ca776cb875bc9e5514f56b52eb74f9e7a9/library/std/src/sys_common/backtrace.rs:36:9
[INFO] [stdout]    8:     0x562c28a9236b - std::panicking::default_hook::{{closure}}::h0f7208c0b9644a54
[INFO] [stdout]                                at /rustc/53fd98ca776cb875bc9e5514f56b52eb74f9e7a9/library/std/src/panicking.rs:208:50
[INFO] [stdout]    9:     0x562c28a91e7c - std::panicking::default_hook::hdac7fc06578c14ce
[INFO] [stdout]                                at /rustc/53fd98ca776cb875bc9e5514f56b52eb74f9e7a9/library/std/src/panicking.rs:222:9
[INFO] [stdout]   10:     0x562c28a92a34 - std::panicking::rust_panic_with_hook::h72b21c283da3d1ef
[INFO] [stdout]                                at /rustc/53fd98ca776cb875bc9e5514f56b52eb74f9e7a9/library/std/src/panicking.rs:622:17
[INFO] [stdout]   11:     0x562c28865a6f - std::panicking::begin_panic::{{closure}}::hf77d91407ed3d140
[INFO] [stdout]                                at /rustc/53fd98ca776cb875bc9e5514f56b52eb74f9e7a9/library/std/src/panicking.rs:542:9
[INFO] [stdout]   12:     0x562c2886f8be - std::sys_common::backtrace::__rust_end_short_backtrace::h33d2e56ef865f30e
[INFO] [stdout]                                at /rustc/53fd98ca776cb875bc9e5514f56b52eb74f9e7a9/library/std/src/sys_common/backtrace.rs:141:18
[INFO] [stdout]   13:     0x562c288658e7 - std::panicking::begin_panic::h8d1d4df042c4fdf9
[INFO] [stdout]                                at /rustc/53fd98ca776cb875bc9e5514f56b52eb74f9e7a9/library/std/src/panicking.rs:541:12
[INFO] [stdout]   14:     0x562c2886d39e - Rabbit_OJ_Tester_v2::checks::test_cases::count::hbc52b18ff773f023
[INFO] [stdout]                                at /opt/rustwide/workdir/src/checks/test_cases.rs:11:13
[INFO] [stdout]   15:     0x562c2885ee05 - Rabbit_OJ_Tester_v2::start_test::{{closure}}::ha3a15bbb02e89be3
[INFO] [stdout]                                at /opt/rustwide/workdir/src/main.rs:58:5
[INFO] [stdout]   16:     0x562c2887bf51 - <core::future::from_generator::GenFuture<T> as core::future::future::Future>::poll::hd1041ebb1316e1c8
[INFO] [stdout]                                at /rustc/53fd98ca776cb875bc9e5514f56b52eb74f9e7a9/library/core/src/future/mod.rs:80:19
[INFO] [stdout]   17:     0x562c28861fd6 - Rabbit_OJ_Tester_v2::tests::test_executor::{{closure}}::hc4a2322a6499da7a
[INFO] [stdout]                                at /opt/rustwide/workdir/src/main.rs:242:27
[INFO] [stdout]   18:     0x562c2887bb69 - <core::future::from_generator::GenFuture<T> as core::future::future::Future>::poll::h05f29ca786b64ddb
[INFO] [stdout]                                at /rustc/53fd98ca776cb875bc9e5514f56b52eb74f9e7a9/library/core/src/future/mod.rs:80:19
[INFO] [stdout]   19:     0x562c28862c76 - Rabbit_OJ_Tester_v2::tests::test_ok::{{closure}}::h0ed312ac3cb6931f
[INFO] [stdout]                                at /opt/rustwide/workdir/src/main.rs:262:9
[INFO] [stdout]   20:     0x562c2887bdd9 - <core::future::from_generator::GenFuture<T> as core::future::future::Future>::poll::had0243cb94254190
[INFO] [stdout]                                at /rustc/53fd98ca776cb875bc9e5514f56b52eb74f9e7a9/library/core/src/future/mod.rs:80:19
[INFO] [stdout]   21:     0x562c28875a1f - <core::pin::Pin<P> as core::future::future::Future>::poll::hb246912cbfcf2893
[INFO] [stdout]                                at /rustc/53fd98ca776cb875bc9e5514f56b52eb74f9e7a9/library/core/src/future/future.rs:119:9
[INFO] [stdout]   22:     0x562c28877e10 - tokio::runtime::basic_scheduler::Inner<P>::block_on::{{closure}}::{{closure}}::h3360e34a5f177ac0
[INFO] [stdout]                                at /opt/rustwide/cargo-home/registry/src/github.com-1ecc6299db9ec823/tokio-1.2.0/src/runtime/basic_scheduler.rs:184:58
[INFO] [stdout]   23:     0x562c28872f5c - tokio::coop::with_budget::{{closure}}::h7067d952cf897e69
[INFO] [stdout]                                at /opt/rustwide/cargo-home/registry/src/github.com-1ecc6299db9ec823/tokio-1.2.0/src/coop.rs:121:9
[INFO] [stdout]   24:     0x562c2886ea11 - std::thread::local::LocalKey<T>::try_with::h76647f09e961386b
[INFO] [stdout]                                at /rustc/53fd98ca776cb875bc9e5514f56b52eb74f9e7a9/library/std/src/thread/local.rs:399:16
[INFO] [stdout]   25:     0x562c2886d8ad - std::thread::local::LocalKey<T>::with::h95a88ed14bb1e777
[INFO] [stdout]                                at /rustc/53fd98ca776cb875bc9e5514f56b52eb74f9e7a9/library/std/src/thread/local.rs:375:9
[INFO] [stdout]   26:     0x562c28875ed4 - tokio::coop::with_budget::h92a3c60ba2ff96b1
[INFO] [stdout]                                at /opt/rustwide/cargo-home/registry/src/github.com-1ecc6299db9ec823/tokio-1.2.0/src/coop.rs:114:5
[INFO] [stdout]   27:     0x562c28875ed4 - tokio::coop::budget::h046eadaa453ffedc
[INFO] [stdout]                                at /opt/rustwide/cargo-home/registry/src/github.com-1ecc6299db9ec823/tokio-1.2.0/src/coop.rs:98:5
[INFO] [stdout]   28:     0x562c28875ed4 - tokio::runtime::basic_scheduler::Inner<P>::block_on::{{closure}}::h773fe2d11c2c9bd3
[INFO] [stdout]                                at /opt/rustwide/cargo-home/registry/src/github.com-1ecc6299db9ec823/tokio-1.2.0/src/runtime/basic_scheduler.rs:184:35
[INFO] [stdout]   29:     0x562c2887a6a1 - tokio::runtime::basic_scheduler::enter::{{closure}}::hc35fd883ed17a4e3
[INFO] [stdout]                                at /opt/rustwide/cargo-home/registry/src/github.com-1ecc6299db9ec823/tokio-1.2.0/src/runtime/basic_scheduler.rs:266:29
[INFO] [stdout]   30:     0x562c28866b9d - tokio::macros::scoped_tls::ScopedKey<T>::set::hdb34d23c5b52f7bf
[INFO] [stdout]                                at /opt/rustwide/cargo-home/registry/src/github.com-1ecc6299db9ec823/tokio-1.2.0/src/macros/scoped_tls.rs:61:9
[INFO] [stdout]   31:     0x562c28879b4c - tokio::runtime::basic_scheduler::enter::h71b750b4a8c0c3f0
[INFO] [stdout]                                at /opt/rustwide/cargo-home/registry/src/github.com-1ecc6299db9ec823/tokio-1.2.0/src/runtime/basic_scheduler.rs:266:5
[INFO] [stdout]   32:     0x562c28875bdb - tokio::runtime::basic_scheduler::Inner<P>::block_on::hbb828dedf005bf05
[INFO] [stdout]                                at /opt/rustwide/cargo-home/registry/src/github.com-1ecc6299db9ec823/tokio-1.2.0/src/runtime/basic_scheduler.rs:176:9
[INFO] [stdout]   33:     0x562c28878214 - tokio::runtime::basic_scheduler::InnerGuard<P>::block_on::h086208455bda42cd
[INFO] [stdout]                                at /opt/rustwide/cargo-home/registry/src/github.com-1ecc6299db9ec823/tokio-1.2.0/src/runtime/basic_scheduler.rs:405:9
[INFO] [stdout]   34:     0x562c288786c8 - tokio::runtime::basic_scheduler::BasicScheduler<P>::block_on::h115a9d1e60eba5a3
[INFO] [stdout]                                at /opt/rustwide/cargo-home/registry/src/github.com-1ecc6299db9ec823/tokio-1.2.0/src/runtime/basic_scheduler.rs:136:24
[INFO] [stdout]   35:     0x562c2886ca10 - tokio::runtime::Runtime::block_on::h2dab0de89195cd0d
[INFO] [stdout]                                at /opt/rustwide/cargo-home/registry/src/github.com-1ecc6299db9ec823/tokio-1.2.0/src/runtime/mod.rs:450:46
[INFO] [stdout]   36:     0x562c28862a8b - Rabbit_OJ_Tester_v2::tests::test_ok::h71bb368013b21a1c
[INFO] [stdout]                                at /opt/rustwide/workdir/src/main.rs:260:5
[INFO] [stdout]   37:     0x562c288629ba - Rabbit_OJ_Tester_v2::tests::test_ok::{{closure}}::hef3deb9f1fbd344b
[INFO] [stdout]                                at /opt/rustwide/workdir/src/main.rs:260:5
[INFO] [stdout]   38:     0x562c2886757e - core::ops::function::FnOnce::call_once::hdedc653cdf966534
[INFO] [stdout]                                at /rustc/53fd98ca776cb875bc9e5514f56b52eb74f9e7a9/library/core/src/ops/function.rs:227:5
[INFO] [stdout]   39:     0x562c288c4723 - core::ops::function::FnOnce::call_once::hbb52c4519d3137b0
[INFO] [stdout]                                at /rustc/53fd98ca776cb875bc9e5514f56b52eb74f9e7a9/library/core/src/ops/function.rs:227:5
[INFO] [stdout]   40:     0x562c288c4723 - test::__rust_begin_short_backtrace::h86fe3a2a5a5121af
[INFO] [stdout]                                at /rustc/53fd98ca776cb875bc9e5514f56b52eb74f9e7a9/library/test/src/lib.rs:578:5
[INFO] [stdout]   41:     0x562c288c31d8 - <alloc::boxed::Box<F,A> as core::ops::function::FnOnce<Args>>::call_once::hfd956bc3d57399be
[INFO] [stdout]                                at /rustc/53fd98ca776cb875bc9e5514f56b52eb74f9e7a9/library/alloc/src/boxed.rs:1572:9
[INFO] [stdout]   42:     0x562c288c31d8 - <std::panic::AssertUnwindSafe<F> as core::ops::function::FnOnce<()>>::call_once::h40dc93e0ddb5938a
[INFO] [stdout]                                at /rustc/53fd98ca776cb875bc9e5514f56b52eb74f9e7a9/library/std/src/panic.rs:347:9
[INFO] [stdout]   43:     0x562c288c31d8 - std::panicking::try::do_call::h90d07750cb47c562
[INFO] [stdout]                                at /rustc/53fd98ca776cb875bc9e5514f56b52eb74f9e7a9/library/std/src/panicking.rs:401:40
[INFO] [stdout]   44:     0x562c288c31d8 - std::panicking::try::h063c84733ad2a629
[INFO] [stdout]                                at /rustc/53fd98ca776cb875bc9e5514f56b52eb74f9e7a9/library/std/src/panicking.rs:365:19
[INFO] [stdout]   45:     0x562c288c31d8 - std::panic::catch_unwind::h0c464836a84e7c08
[INFO] [stdout]                                at /rustc/53fd98ca776cb875bc9e5514f56b52eb74f9e7a9/library/std/src/panic.rs:434:14
[INFO] [stdout]   46:     0x562c288c31d8 - test::run_test_in_process::h5cb06ef620b157fc
[INFO] [stdout]                                at /rustc/53fd98ca776cb875bc9e5514f56b52eb74f9e7a9/library/test/src/lib.rs:601:18
[INFO] [stdout]   47:     0x562c288c31d8 - test::run_test::run_test_inner::{{closure}}::h76f677f4b93f9828
[INFO] [stdout]                                at /rustc/53fd98ca776cb875bc9e5514f56b52eb74f9e7a9/library/test/src/lib.rs:493:39
[INFO] [stdout]   48:     0x562c2889196d - test::run_test::run_test_inner::{{closure}}::h366d01fe04f4d67a
[INFO] [stdout]                                at /rustc/53fd98ca776cb875bc9e5514f56b52eb74f9e7a9/library/test/src/lib.rs:520:37
[INFO] [stdout]   49:     0x562c2889196d - std::sys_common::backtrace::__rust_begin_short_backtrace::h7dfa0de4eb395af2
[INFO] [stdout]                                at /rustc/53fd98ca776cb875bc9e5514f56b52eb74f9e7a9/library/std/src/sys_common/backtrace.rs:125:18
[INFO] [stdout]   50:     0x562c28896138 - std::thread::Builder::spawn_unchecked::{{closure}}::{{closure}}::hf0a74bb58798037f
[INFO] [stdout]                                at /rustc/53fd98ca776cb875bc9e5514f56b52eb74f9e7a9/library/std/src/thread/mod.rs:476:17
[INFO] [stdout]   51:     0x562c28896138 - <std::panic::AssertUnwindSafe<F> as core::ops::function::FnOnce<()>>::call_once::hb024e854818586ac
[INFO] [stdout]                                at /rustc/53fd98ca776cb875bc9e5514f56b52eb74f9e7a9/library/std/src/panic.rs:347:9
[INFO] [stdout]   52:     0x562c28896138 - std::panicking::try::do_call::hb2dd9f1d0d48e41d
[INFO] [stdout]                                at /rustc/53fd98ca776cb875bc9e5514f56b52eb74f9e7a9/library/std/src/panicking.rs:401:40
[INFO] [stdout]   53:     0x562c28896138 - std::panicking::try::h4717ae7bac8b2bf3
[INFO] [stdout]                                at /rustc/53fd98ca776cb875bc9e5514f56b52eb74f9e7a9/library/std/src/panicking.rs:365:19
[INFO] [stdout]   54:     0x562c28896138 - std::panic::catch_unwind::h0dc8a061326ce8d8
[INFO] [stdout]                                at /rustc/53fd98ca776cb875bc9e5514f56b52eb74f9e7a9/library/std/src/panic.rs:434:14
[INFO] [stdout]   55:     0x562c28896138 - std::thread::Builder::spawn_unchecked::{{closure}}::haa369e2d6fd00aa1
[INFO] [stdout]                                at /rustc/53fd98ca776cb875bc9e5514f56b52eb74f9e7a9/library/std/src/thread/mod.rs:475:30
[INFO] [stdout]   56:     0x562c28896138 - core::ops::function::FnOnce::call_once{{vtable.shim}}::h36dcf3de8b056f17
[INFO] [stdout]                                at /rustc/53fd98ca776cb875bc9e5514f56b52eb74f9e7a9/library/core/src/ops/function.rs:227:5
[INFO] [stdout]   57:     0x562c28a97fa7 - <alloc::boxed::Box<F,A> as core::ops::function::FnOnce<Args>>::call_once::h65c29e4642be2358
[INFO] [stdout]                                at /rustc/53fd98ca776cb875bc9e5514f56b52eb74f9e7a9/library/alloc/src/boxed.rs:1572:9
[INFO] [stdout]   58:     0x562c28a97fa7 - <alloc::boxed::Box<F,A> as core::ops::function::FnOnce<Args>>::call_once::hd0f8f7fbbd9fffbf
[INFO] [stdout]                                at /rustc/53fd98ca776cb875bc9e5514f56b52eb74f9e7a9/library/alloc/src/boxed.rs:1572:9
[INFO] [stdout]   59:     0x562c28a97fa7 - std::sys::unix::thread::Thread::new::thread_start::h2fd22fee3ca77b65
[INFO] [stdout]                                at /rustc/53fd98ca776cb875bc9e5514f56b52eb74f9e7a9/library/std/src/sys/unix/thread.rs:74:17
[INFO] [stdout]   60:     0x7fba05afa609 - start_thread
[INFO] [stdout]   61:     0x7fba058cc293 - clone
[INFO] [stdout]   62:                0x0 - <unknown>
[INFO] [stdout] 
[INFO] [stdout] ---- tests::test_mle stdout ----
[INFO] [stdout] thread 'tests::test_mle' panicked at 'Test case 1 doesn't exist', src/checks/test_cases.rs:11:13
[INFO] [stdout] stack backtrace:
[INFO] [stdout]    0:     0x562c28a90010 - std::backtrace_rs::backtrace::libunwind::trace::hff4d1766e93f64f1
[INFO] [stdout]                                at /rustc/53fd98ca776cb875bc9e5514f56b52eb74f9e7a9/library/std/src/../../backtrace/src/backtrace/libunwind.rs:90:5
[INFO] [stdout]    1:     0x562c28a90010 - std::backtrace_rs::backtrace::trace_unsynchronized::h56bbc8eb78770bcb
[INFO] [stdout]                                at /rustc/53fd98ca776cb875bc9e5514f56b52eb74f9e7a9/library/std/src/../../backtrace/src/backtrace/mod.rs:66:5
[INFO] [stdout]    2:     0x562c28a90010 - std::sys_common::backtrace::_print_fmt::h5c8e75464faca780
[INFO] [stdout]                                at /rustc/53fd98ca776cb875bc9e5514f56b52eb74f9e7a9/library/std/src/sys_common/backtrace.rs:67:5
[INFO] [stdout]    3:     0x562c28a90010 - <std::sys_common::backtrace::_print::DisplayBacktrace as core::fmt::Display>::fmt::h48b88277def8b362
[INFO] [stdout]                                at /rustc/53fd98ca776cb875bc9e5514f56b52eb74f9e7a9/library/std/src/sys_common/backtrace.rs:46:22
[INFO] [stdout]    4:     0x562c28ab490c - core::fmt::write::h3381b3176fe2b3d3
[INFO] [stdout]                                at /rustc/53fd98ca776cb875bc9e5514f56b52eb74f9e7a9/library/core/src/fmt/mod.rs:1115:17
[INFO] [stdout]    5:     0x562c28a8c6e5 - std::io::Write::write_fmt::h5f34a676f60246b5
[INFO] [stdout]                                at /rustc/53fd98ca776cb875bc9e5514f56b52eb74f9e7a9/library/std/src/io/mod.rs:1665:15
[INFO] [stdout]    6:     0x562c28a9236b - std::sys_common::backtrace::_print::ha537687d6c17dd0d
[INFO] [stdout]                                at /rustc/53fd98ca776cb875bc9e5514f56b52eb74f9e7a9/library/std/src/sys_common/backtrace.rs:49:5
[INFO] [stdout]    7:     0x562c28a9236b - std::sys_common::backtrace::print::h61376ae57d131d72
[INFO] [stdout]                                at /rustc/53fd98ca776cb875bc9e5514f56b52eb74f9e7a9/library/std/src/sys_common/backtrace.rs:36:9
[INFO] [stdout]    8:     0x562c28a9236b - std::panicking::default_hook::{{closure}}::h0f7208c0b9644a54
[INFO] [stdout]                                at /rustc/53fd98ca776cb875bc9e5514f56b52eb74f9e7a9/library/std/src/panicking.rs:208:50
[INFO] [stdout]    9:     0x562c28a91e7c - std::panicking::default_hook::hdac7fc06578c14ce
[INFO] [stdout]                                at /rustc/53fd98ca776cb875bc9e5514f56b52eb74f9e7a9/library/std/src/panicking.rs:222:9
[INFO] [stdout]   10:     0x562c28a92a34 - std::panicking::rust_panic_with_hook::h72b21c283da3d1ef
[INFO] [stdout]                                at /rustc/53fd98ca776cb875bc9e5514f56b52eb74f9e7a9/library/std/src/panicking.rs:622:17
[INFO] [stdout]   11:     0x562c28865a6f - std::panicking::begin_panic::{{closure}}::hf77d91407ed3d140
[INFO] [stdout]                                at /rustc/53fd98ca776cb875bc9e5514f56b52eb74f9e7a9/library/std/src/panicking.rs:542:9
[INFO] [stdout]   12:     0x562c2886f8be - std::sys_common::backtrace::__rust_end_short_backtrace::h33d2e56ef865f30e
[INFO] [stdout]                                at /rustc/53fd98ca776cb875bc9e5514f56b52eb74f9e7a9/library/std/src/sys_common/backtrace.rs:141:18
[INFO] [stdout]   13:     0x562c288658e7 - std::panicking::begin_panic::h8d1d4df042c4fdf9
[INFO] [stdout]                                at /rustc/53fd98ca776cb875bc9e5514f56b52eb74f9e7a9/library/std/src/panicking.rs:541:12
[INFO] [stdout]   14:     0x562c2886d39e - Rabbit_OJ_Tester_v2::checks::test_cases::count::hbc52b18ff773f023
[INFO] [stdout]                                at /opt/rustwide/workdir/src/checks/test_cases.rs:11:13
[INFO] [stdout]   15:     0x562c2885ee05 - Rabbit_OJ_Tester_v2::start_test::{{closure}}::ha3a15bbb02e89be3
[INFO] [stdout]                                at /opt/rustwide/workdir/src/main.rs:58:5
[INFO] [stdout]   16:     0x562c2887bf51 - <core::future::from_generator::GenFuture<T> as core::future::future::Future>::poll::hd1041ebb1316e1c8
[INFO] [stdout]                                at /rustc/53fd98ca776cb875bc9e5514f56b52eb74f9e7a9/library/core/src/future/mod.rs:80:19
[INFO] [stdout]   17:     0x562c28861fd6 - Rabbit_OJ_Tester_v2::tests::test_executor::{{closure}}::hc4a2322a6499da7a
[INFO] [stdout]                                at /opt/rustwide/workdir/src/main.rs:242:27
[INFO] [stdout]   18:     0x562c2887bb69 - <core::future::from_generator::GenFuture<T> as core::future::future::Future>::poll::h05f29ca786b64ddb
[INFO] [stdout]                                at /rustc/53fd98ca776cb875bc9e5514f56b52eb74f9e7a9/library/core/src/future/mod.rs:80:19
[INFO] [stdout]   19:     0x562c28862936 - Rabbit_OJ_Tester_v2::tests::test_mle::{{closure}}::hcd1248080dd0bca2
[INFO] [stdout]                                at /opt/rustwide/workdir/src/main.rs:257:9
[INFO] [stdout]   20:     0x562c2887bbf9 - <core::future::from_generator::GenFuture<T> as core::future::future::Future>::poll::h28a425eadfeb84a5
[INFO] [stdout]                                at /rustc/53fd98ca776cb875bc9e5514f56b52eb74f9e7a9/library/core/src/future/mod.rs:80:19
[INFO] [stdout]   21:     0x562c288758bf - <core::pin::Pin<P> as core::future::future::Future>::poll::h4a396218db122a4c
[INFO] [stdout]                                at /rustc/53fd98ca776cb875bc9e5514f56b52eb74f9e7a9/library/core/src/future/future.rs:119:9
[INFO] [stdout]   22:     0x562c28878040 - tokio::runtime::basic_scheduler::Inner<P>::block_on::{{closure}}::{{closure}}::hd6f0f8988e1c1bea
[INFO] [stdout]                                at /opt/rustwide/cargo-home/registry/src/github.com-1ecc6299db9ec823/tokio-1.2.0/src/runtime/basic_scheduler.rs:184:58
[INFO] [stdout]   23:     0x562c2887367c - tokio::coop::with_budget::{{closure}}::hd5a92cff127eea43
[INFO] [stdout]                                at /opt/rustwide/cargo-home/registry/src/github.com-1ecc6299db9ec823/tokio-1.2.0/src/coop.rs:121:9
[INFO] [stdout]   24:     0x562c2886e8e1 - std::thread::local::LocalKey<T>::try_with::h6f309f4592a6eaa3
[INFO] [stdout]                                at /rustc/53fd98ca776cb875bc9e5514f56b52eb74f9e7a9/library/std/src/thread/local.rs:399:16
[INFO] [stdout]   25:     0x562c2886d83d - std::thread::local::LocalKey<T>::with::h8ee557398aa52083
[INFO] [stdout]                                at /rustc/53fd98ca776cb875bc9e5514f56b52eb74f9e7a9/library/std/src/thread/local.rs:375:9
[INFO] [stdout]   26:     0x562c288766f4 - tokio::coop::with_budget::haeadf0b196100a3e
[INFO] [stdout]                                at /opt/rustwide/cargo-home/registry/src/github.com-1ecc6299db9ec823/tokio-1.2.0/src/coop.rs:114:5
[INFO] [stdout]   27:     0x562c288766f4 - tokio::coop::budget::h7d02100d5416e29a
[INFO] [stdout]                                at /opt/rustwide/cargo-home/registry/src/github.com-1ecc6299db9ec823/tokio-1.2.0/src/coop.rs:98:5
[INFO] [stdout]   28:     0x562c288766f4 - tokio::runtime::basic_scheduler::Inner<P>::block_on::{{closure}}::h9bc295667772e32e
[INFO] [stdout]                                at /opt/rustwide/cargo-home/registry/src/github.com-1ecc6299db9ec823/tokio-1.2.0/src/runtime/basic_scheduler.rs:184:35
[INFO] [stdout]   29:     0x562c2887a621 - tokio::runtime::basic_scheduler::enter::{{closure}}::h5a2d7c8957d0c9fb
[INFO] [stdout]                                at /opt/rustwide/cargo-home/registry/src/github.com-1ecc6299db9ec823/tokio-1.2.0/src/runtime/basic_scheduler.rs:266:29
[INFO] [stdout]   30:     0x562c288668cd - tokio::macros::scoped_tls::ScopedKey<T>::set::h2d6ed796690cae7e
[INFO] [stdout]                                at /opt/rustwide/cargo-home/registry/src/github.com-1ecc6299db9ec823/tokio-1.2.0/src/macros/scoped_tls.rs:61:9
[INFO] [stdout]   31:     0x562c2887a22c - tokio::runtime::basic_scheduler::enter::hcd65244663c99e0f
[INFO] [stdout]                                at /opt/rustwide/cargo-home/registry/src/github.com-1ecc6299db9ec823/tokio-1.2.0/src/runtime/basic_scheduler.rs:266:5
[INFO] [stdout]   32:     0x562c28875c1b - tokio::runtime::basic_scheduler::Inner<P>::block_on::he6c36b125101996c
[INFO] [stdout]                                at /opt/rustwide/cargo-home/registry/src/github.com-1ecc6299db9ec823/tokio-1.2.0/src/runtime/basic_scheduler.rs:176:9
[INFO] [stdout]   33:     0x562c28878334 - tokio::runtime::basic_scheduler::InnerGuard<P>::block_on::h81a6109ebd176687
[INFO] [stdout]                                at /opt/rustwide/cargo-home/registry/src/github.com-1ecc6299db9ec823/tokio-1.2.0/src/runtime/basic_scheduler.rs:405:9
[INFO] [stdout]   34:     0x562c28878e08 - tokio::runtime::basic_scheduler::BasicScheduler<P>::block_on::hf506f82f28a9165e
[INFO] [stdout]                                at /opt/rustwide/cargo-home/registry/src/github.com-1ecc6299db9ec823/tokio-1.2.0/src/runtime/basic_scheduler.rs:136:24
[INFO] [stdout]   35:     0x562c2886cb90 - tokio::runtime::Runtime::block_on::h67fca3a1c922d25d
[INFO] [stdout]                                at /opt/rustwide/cargo-home/registry/src/github.com-1ecc6299db9ec823/tokio-1.2.0/src/runtime/mod.rs:450:46
[INFO] [stdout]   36:     0x562c2886274b - Rabbit_OJ_Tester_v2::tests::test_mle::hfc59b2ddeb01e980
[INFO] [stdout]                                at /opt/rustwide/workdir/src/main.rs:255:5
[INFO] [stdout]   37:     0x562c2886267a - Rabbit_OJ_Tester_v2::tests::test_mle::{{closure}}::hd2db5ed76b8ad01d
[INFO] [stdout]                                at /opt/rustwide/workdir/src/main.rs:255:5
[INFO] [stdout]   38:     0x562c2886740e - core::ops::function::FnOnce::call_once::h3f550e282ece3252
[INFO] [stdout]                                at /rustc/53fd98ca776cb875bc9e5514f56b52eb74f9e7a9/library/core/src/ops/function.rs:227:5
[INFO] [stdout]   39:     0x562c288c4723 - core::ops::function::FnOnce::call_once::hbb52c4519d3137b0
[INFO] [stdout]                                at /rustc/53fd98ca776cb875bc9e5514f56b52eb74f9e7a9/library/core/src/ops/function.rs:227:5
[INFO] [stdout]   40:     0x562c288c4723 - test::__rust_begin_short_backtrace::h86fe3a2a5a5121af
[INFO] [stdout]                                at /rustc/53fd98ca776cb875bc9e5514f56b52eb74f9e7a9/library/test/src/lib.rs:578:5
[INFO] [stdout]   41:     0x562c288c31d8 - <alloc::boxed::Box<F,A> as core::ops::function::FnOnce<Args>>::call_once::hfd956bc3d57399be
[INFO] [stdout]                                at /rustc/53fd98ca776cb875bc9e5514f56b52eb74f9e7a9/library/alloc/src/boxed.rs:1572:9
[INFO] [stdout]   42:     0x562c288c31d8 - <std::panic::AssertUnwindSafe<F> as core::ops::function::FnOnce<()>>::call_once::h40dc93e0ddb5938a
[INFO] [stdout]                                at /rustc/53fd98ca776cb875bc9e5514f56b52eb74f9e7a9/library/std/src/panic.rs:347:9
[INFO] [stdout]   43:     0x562c288c31d8 - std::panicking::try::do_call::h90d07750cb47c562
[INFO] [stdout]                                at /rustc/53fd98ca776cb875bc9e5514f56b52eb74f9e7a9/library/std/src/panicking.rs:401:40
[INFO] [stdout]   44:     0x562c288c31d8 - std::panicking::try::h063c84733ad2a629
[INFO] [stdout]                                at /rustc/53fd98ca776cb875bc9e5514f56b52eb74f9e7a9/library/std/src/panicking.rs:365:19
[INFO] [stdout]   45:     0x562c288c31d8 - std::panic::catch_unwind::h0c464836a84e7c08
[INFO] [stdout]                                at /rustc/53fd98ca776cb875bc9e5514f56b52eb74f9e7a9/library/std/src/panic.rs:434:14
[INFO] [stdout]   46:     0x562c288c31d8 - test::run_test_in_process::h5cb06ef620b157fc
[INFO] [stdout]                                at /rustc/53fd98ca776cb875bc9e5514f56b52eb74f9e7a9/library/test/src/lib.rs:601:18
[INFO] [stdout]   47:     0x562c288c31d8 - test::run_test::run_test_inner::{{closure}}::h76f677f4b93f9828
[INFO] [stdout]                                at /rustc/53fd98ca776cb875bc9e5514f56b52eb74f9e7a9/library/test/src/lib.rs:493:39
[INFO] [stdout]   48:     0x562c2889196d - test::run_test::run_test_inner::{{closure}}::h366d01fe04f4d67a
[INFO] [stdout]                                at /rustc/53fd98ca776cb875bc9e5514f56b52eb74f9e7a9/library/test/src/lib.rs:520:37
[INFO] [stdout]   49:     0x562c2889196d - std::sys_common::backtrace::__rust_begin_short_backtrace::h7dfa0de4eb395af2
[INFO] [stdout]                                at /rustc/53fd98ca776cb875bc9e5514f56b52eb74f9e7a9/library/std/src/sys_common/backtrace.rs:125:18
[INFO] [stdout]   50:     0x562c28896138 - std::thread::Builder::spawn_unchecked::{{closure}}::{{closure}}::hf0a74bb58798037f
[INFO] [stdout]                                at /rustc/53fd98ca776cb875bc9e5514f56b52eb74f9e7a9/library/std/src/thread/mod.rs:476:17
[INFO] [stdout]   51:     0x562c28896138 - <std::panic::AssertUnwindSafe<F> as core::ops::function::FnOnce<()>>::call_once::hb024e854818586ac
[INFO] [stdout]                                at /rustc/53fd98ca776cb875bc9e5514f56b52eb74f9e7a9/library/std/src/panic.rs:347:9
[INFO] [stdout]   52:     0x562c28896138 - std::panicking::try::do_call::hb2dd9f1d0d48e41d
[INFO] [stdout]                                at /rustc/53fd98ca776cb875bc9e5514f56b52eb74f9e7a9/library/std/src/panicking.rs:401:40
[INFO] [stdout]   53:     0x562c28896138 - std::panicking::try::h4717ae7bac8b2bf3
[INFO] [stdout]                                at /rustc/53fd98ca776cb875bc9e5514f56b52eb74f9e7a9/library/std/src/panicking.rs:365:19
[INFO] [stdout]   54:     0x562c28896138 - std::panic::catch_unwind::h0dc8a061326ce8d8
[INFO] [stdout]                                at /rustc/53fd98ca776cb875bc9e5514f56b52eb74f9e7a9/library/std/src/panic.rs:434:14
[INFO] [stdout]   55:     0x562c28896138 - std::thread::Builder::spawn_unchecked::{{closure}}::haa369e2d6fd00aa1
[INFO] [stdout]                                at /rustc/53fd98ca776cb875bc9e5514f56b52eb74f9e7a9/library/std/src/thread/mod.rs:475:30
[INFO] [stdout]   56:     0x562c28896138 - core::ops::function::FnOnce::call_once{{vtable.shim}}::h36dcf3de8b056f17
[INFO] [stdout]                                at /rustc/53fd98ca776cb875bc9e5514f56b52eb74f9e7a9/library/core/src/ops/function.rs:227:5
[INFO] [stdout]   57:     0x562c28a97fa7 - <alloc::boxed::Box<F,A> as core::ops::function::FnOnce<Args>>::call_once::h65c29e4642be2358
[INFO] [stdout]                                at /rustc/53fd98ca776cb875bc9e5514f56b52eb74f9e7a9/library/alloc/src/boxed.rs:1572:9
[INFO] [stdout]   58:     0x562c28a97fa7 - <alloc::boxed::Box<F,A> as core::ops::function::FnOnce<Args>>::call_once::hd0f8f7fbbd9fffbf
[INFO] [stdout]                                at /rustc/53fd98ca776cb875bc9e5514f56b52eb74f9e7a9/library/alloc/src/boxed.rs:1572:9
[INFO] [stdout]   59:     0x562c28a97fa7 - std::sys::unix::thread::Thread::new::thread_start::h2fd22fee3ca77b65
[INFO] [stdout]                                at /rustc/53fd98ca776cb875bc9e5514f56b52eb74f9e7a9/library/std/src/sys/unix/thread.rs:74:17
[INFO] [stdout]   60:     0x7fba05afa609 - start_thread
[INFO] [stdout]   61:     0x7fba058cc293 - clone
[INFO] [stdout]   62:                0x0 - <unknown>
[INFO] [stdout] 
[INFO] [stdout] ---- tests::test_tle stdout ----
[INFO] [stdout] thread 'tests::test_tle' panicked at 'Test case 1 doesn't exist', src/checks/test_cases.rs:11:13
[INFO] [stdout] stack backtrace:
[INFO] [stdout]    0:     0x562c28a90010 - std::backtrace_rs::backtrace::libunwind::trace::hff4d1766e93f64f1
[INFO] [stdout]                                at /rustc/53fd98ca776cb875bc9e5514f56b52eb74f9e7a9/library/std/src/../../backtrace/src/backtrace/libunwind.rs:90:5
[INFO] [stdout]    1:     0x562c28a90010 - std::backtrace_rs::backtrace::trace_unsynchronized::h56bbc8eb78770bcb
[INFO] [stdout]                                at /rustc/53fd98ca776cb875bc9e5514f56b52eb74f9e7a9/library/std/src/../../backtrace/src/backtrace/mod.rs:66:5
[INFO] [stdout]    2:     0x562c28a90010 - std::sys_common::backtrace::_print_fmt::h5c8e75464faca780
[INFO] [stdout]                                at /rustc/53fd98ca776cb875bc9e5514f56b52eb74f9e7a9/library/std/src/sys_common/backtrace.rs:67:5
[INFO] [stdout]    3:     0x562c28a90010 - <std::sys_common::backtrace::_print::DisplayBacktrace as core::fmt::Display>::fmt::h48b88277def8b362
[INFO] [stdout]                                at /rustc/53fd98ca776cb875bc9e5514f56b52eb74f9e7a9/library/std/src/sys_common/backtrace.rs:46:22
[INFO] [stdout]    4:     0x562c28ab490c - core::fmt::write::h3381b3176fe2b3d3
[INFO] [stdout]                                at /rustc/53fd98ca776cb875bc9e5514f56b52eb74f9e7a9/library/core/src/fmt/mod.rs:1115:17
[INFO] [stdout]    5:     0x562c28a8c6e5 - std::io::Write::write_fmt::h5f34a676f60246b5
[INFO] [stdout]                                at /rustc/53fd98ca776cb875bc9e5514f56b52eb74f9e7a9/library/std/src/io/mod.rs:1665:15
[INFO] [stdout]    6:     0x562c28a9236b - std::sys_common::backtrace::_print::ha537687d6c17dd0d
[INFO] [stdout]                                at /rustc/53fd98ca776cb875bc9e5514f56b52eb74f9e7a9/library/std/src/sys_common/backtrace.rs:49:5
[INFO] [stdout]    7:     0x562c28a9236b - std::sys_common::backtrace::print::h61376ae57d131d72
[INFO] [stdout]                                at /rustc/53fd98ca776cb875bc9e5514f56b52eb74f9e7a9/library/std/src/sys_common/backtrace.rs:36:9
[INFO] [stdout]    8:     0x562c28a9236b - std::panicking::default_hook::{{closure}}::h0f7208c0b9644a54
[INFO] [stdout]                                at /rustc/53fd98ca776cb875bc9e5514f56b52eb74f9e7a9/library/std/src/panicking.rs:208:50
[INFO] [stdout]    9:     0x562c28a91e7c - std::panicking::default_hook::hdac7fc06578c14ce
[INFO] [stdout]                                at /rustc/53fd98ca776cb875bc9e5514f56b52eb74f9e7a9/library/std/src/panicking.rs:222:9
[INFO] [stdout]   10:     0x562c28a92a34 - std::panicking::rust_panic_with_hook::h72b21c283da3d1ef
[INFO] [stdout]                                at /rustc/53fd98ca776cb875bc9e5514f56b52eb74f9e7a9/library/std/src/panicking.rs:622:17
[INFO] [stdout]   11:     0x562c28865a6f - std::panicking::begin_panic::{{closure}}::hf77d91407ed3d140
[INFO] [stdout]                                at /rustc/53fd98ca776cb875bc9e5514f56b52eb74f9e7a9/library/std/src/panicking.rs:542:9
[INFO] [stdout]   12:     0x562c2886f8be - std::sys_common::backtrace::__rust_end_short_backtrace::h33d2e56ef865f30e
[INFO] [stdout]                                at /rustc/53fd98ca776cb875bc9e5514f56b52eb74f9e7a9/library/std/src/sys_common/backtrace.rs:141:18
[INFO] [stdout]   13:     0x562c288658e7 - std::panicking::begin_panic::h8d1d4df042c4fdf9
[INFO] [stdout]                                at /rustc/53fd98ca776cb875bc9e5514f56b52eb74f9e7a9/library/std/src/panicking.rs:541:12
[INFO] [stdout]   14:     0x562c2886d39e - Rabbit_OJ_Tester_v2::checks::test_cases::count::hbc52b18ff773f023
[INFO] [stdout]                                at /opt/rustwide/workdir/src/checks/test_cases.rs:11:13
[INFO] [stdout]   15:     0x562c2885ee05 - Rabbit_OJ_Tester_v2::start_test::{{closure}}::ha3a15bbb02e89be3
[INFO] [stdout]                                at /opt/rustwide/workdir/src/main.rs:58:5
[INFO] [stdout]   16:     0x562c2887bf51 - <core::future::from_generator::GenFuture<T> as core::future::future::Future>::poll::hd1041ebb1316e1c8
[INFO] [stdout]                                at /rustc/53fd98ca776cb875bc9e5514f56b52eb74f9e7a9/library/core/src/future/mod.rs:80:19
[INFO] [stdout]   17:     0x562c28861fd6 - Rabbit_OJ_Tester_v2::tests::test_executor::{{closure}}::hc4a2322a6499da7a
[INFO] [stdout]                                at /opt/rustwide/workdir/src/main.rs:242:27
[INFO] [stdout]   18:     0x562c2887bb69 - <core::future::from_generator::GenFuture<T> as core::future::future::Future>::poll::h05f29ca786b64ddb
[INFO] [stdout]                                at /rustc/53fd98ca776cb875bc9e5514f56b52eb74f9e7a9/library/core/src/future/mod.rs:80:19
[INFO] [stdout]   19:     0x562c288625f6 - Rabbit_OJ_Tester_v2::tests::test_tle::{{closure}}::he237520252dab404
[INFO] [stdout]                                at /opt/rustwide/workdir/src/main.rs:252:9
[INFO] [stdout]   20:     0x562c2887bc89 - <core::future::from_generator::GenFuture<T> as core::future::future::Future>::poll::h47b8b7cbeea4314b
[INFO] [stdout]                                at /rustc/53fd98ca776cb875bc9e5514f56b52eb74f9e7a9/library/core/src/future/mod.rs:80:19
[INFO] [stdout]   21:     0x562c288759af - <core::pin::Pin<P> as core::future::future::Future>::poll::haf888c5718e94ca3
[INFO] [stdout]                                at /rustc/53fd98ca776cb875bc9e5514f56b52eb74f9e7a9/library/core/src/future/future.rs:119:9
[INFO] [stdout]   22:     0x562c28877f90 - tokio::runtime::basic_scheduler::Inner<P>::block_on::{{closure}}::{{closure}}::hac74fa546c61a888
[INFO] [stdout]                                at /opt/rustwide/cargo-home/registry/src/github.com-1ecc6299db9ec823/tokio-1.2.0/src/runtime/basic_scheduler.rs:184:58
[INFO] [stdout]   23:     0x562c2887341c - tokio::coop::with_budget::{{closure}}::ha05551d5f02851be
[INFO] [stdout]                                at /opt/rustwide/cargo-home/registry/src/github.com-1ecc6299db9ec823/tokio-1.2.0/src/coop.rs:121:9
[INFO] [stdout]   24:     0x562c2886f031 - std::thread::local::LocalKey<T>::try_with::hc35df817df8cda79
[INFO] [stdout]                                at /rustc/53fd98ca776cb875bc9e5514f56b52eb74f9e7a9/library/std/src/thread/local.rs:399:16
[INFO] [stdout]   25:     0x562c2886d4ad - std::thread::local::LocalKey<T>::with::h27c15445c90a86f4
[INFO] [stdout]                                at /rustc/53fd98ca776cb875bc9e5514f56b52eb74f9e7a9/library/std/src/thread/local.rs:375:9
[INFO] [stdout]   26:     0x562c28876f14 - tokio::coop::with_budget::h5ba3c9643699cd25
[INFO] [stdout]                                at /opt/rustwide/cargo-home/registry/src/github.com-1ecc6299db9ec823/tokio-1.2.0/src/coop.rs:114:5
[INFO] [stdout]   27:     0x562c28876f14 - tokio::coop::budget::h5010fbdb4d367605
[INFO] [stdout]                                at /opt/rustwide/cargo-home/registry/src/github.com-1ecc6299db9ec823/tokio-1.2.0/src/coop.rs:98:5
[INFO] [stdout]   28:     0x562c28876f14 - tokio::runtime::basic_scheduler::Inner<P>::block_on::{{closure}}::ha3c6e68db870ec61
[INFO] [stdout]                                at /opt/rustwide/cargo-home/registry/src/github.com-1ecc6299db9ec823/tokio-1.2.0/src/runtime/basic_scheduler.rs:184:35
[INFO] [stdout]   29:     0x562c2887a6e1 - tokio::runtime::basic_scheduler::enter::{{closure}}::hf5cc2b1e9e247cc3
[INFO] [stdout]                                at /opt/rustwide/cargo-home/registry/src/github.com-1ecc6299db9ec823/tokio-1.2.0/src/runtime/basic_scheduler.rs:266:29
[INFO] [stdout]   30:     0x562c28866aad - tokio::macros::scoped_tls::ScopedKey<T>::set::hac521c0a366f87bd
[INFO] [stdout]                                at /opt/rustwide/cargo-home/registry/src/github.com-1ecc6299db9ec823/tokio-1.2.0/src/macros/scoped_tls.rs:61:9
[INFO] [stdout]   31:     0x562c28879ebc - tokio::runtime::basic_scheduler::enter::hb198707970147d9f
[INFO] [stdout]                                at /opt/rustwide/cargo-home/registry/src/github.com-1ecc6299db9ec823/tokio-1.2.0/src/runtime/basic_scheduler.rs:266:5
[INFO] [stdout]   32:     0x562c28875bbb - tokio::runtime::basic_scheduler::Inner<P>::block_on::h6a5f6b52097f8cca
[INFO] [stdout]                                at /opt/rustwide/cargo-home/registry/src/github.com-1ecc6299db9ec823/tokio-1.2.0/src/runtime/basic_scheduler.rs:176:9
[INFO] [stdout]   33:     0x562c288783c4 - tokio::runtime::basic_scheduler::InnerGuard<P>::block_on::hf46815b0a8e190ba
[INFO] [stdout]                                at /opt/rustwide/cargo-home/registry/src/github.com-1ecc6299db9ec823/tokio-1.2.0/src/runtime/basic_scheduler.rs:405:9
[INFO] [stdout]   34:     0x562c28878a68 - tokio::runtime::basic_scheduler::BasicScheduler<P>::block_on::hb3645b57c4c0ac8d
[INFO] [stdout]                                at /opt/rustwide/cargo-home/registry/src/github.com-1ecc6299db9ec823/tokio-1.2.0/src/runtime/basic_scheduler.rs:136:24
[INFO] [stdout]   35:     0x562c2886cd10 - tokio::runtime::Runtime::block_on::h7cb3c8a9d78816c4
[INFO] [stdout]                                at /opt/rustwide/cargo-home/registry/src/github.com-1ecc6299db9ec823/tokio-1.2.0/src/runtime/mod.rs:450:46
[INFO] [stdout]   36:     0x562c2886240b - Rabbit_OJ_Tester_v2::tests::test_tle::h4459f8be775eef9b
[INFO] [stdout]                                at /opt/rustwide/workdir/src/main.rs:250:5
[INFO] [stdout]   37:     0x562c2886233a - Rabbit_OJ_Tester_v2::tests::test_tle::{{closure}}::ha391698e8edf1af1
[INFO] [stdout]                                at /opt/rustwide/workdir/src/main.rs:250:5
[INFO] [stdout]   38:     0x562c2886744e - core::ops::function::FnOnce::call_once::h3f5897c20331ca6e
[INFO] [stdout]                                at /rustc/53fd98ca776cb875bc9e5514f56b52eb74f9e7a9/library/core/src/ops/function.rs:227:5
[INFO] [stdout]   39:     0x562c288c4723 - core::ops::function::FnOnce::call_once::hbb52c4519d3137b0
[INFO] [stdout]                                at /rustc/53fd98ca776cb875bc9e5514f56b52eb74f9e7a9/library/core/src/ops/function.rs:227:5
[INFO] [stdout]   40:     0x562c288c4723 - test::__rust_begin_short_backtrace::h86fe3a2a5a5121af
[INFO] [stdout]                                at /rustc/53fd98ca776cb875bc9e5514f56b52eb74f9e7a9/library/test/src/lib.rs:578:5
[INFO] [stdout]   41:     0x562c288c31d8 - <alloc::boxed::Box<F,A> as core::ops::function::FnOnce<Args>>::call_once::hfd956bc3d57399be
[INFO] [stdout]                                at /rustc/53fd98ca776cb875bc9e5514f56b52eb74f9e7a9/library/alloc/src/boxed.rs:1572:9
[INFO] [stdout]   42:     0x562c288c31d8 - <std::panic::AssertUnwindSafe<F> as core::ops::function::FnOnce<()>>::call_once::h40dc93e0ddb5938a
[INFO] [stdout]                                at /rustc/53fd98ca776cb875bc9e5514f56b52eb74f9e7a9/library/std/src/panic.rs:347:9
[INFO] [stdout]   43:     0x562c288c31d8 - std::panicking::try::do_call::h90d07750cb47c562
[INFO] [stdout]                                at /rustc/53fd98ca776cb875bc9e5514f56b52eb74f9e7a9/library/std/src/panicking.rs:401:40
[INFO] [stdout]   44:     0x562c288c31d8 - std::panicking::try::h063c84733ad2a629
[INFO] [stdout]                                at /rustc/53fd98ca776cb875bc9e5514f56b52eb74f9e7a9/library/std/src/panicking.rs:365:19
[INFO] [stdout]   45:     0x562c288c31d8 - std::panic::catch_unwind::h0c464836a84e7c08
[INFO] [stdout]                                at /rustc/53fd98ca776cb875bc9e5514f56b52eb74f9e7a9/library/std/src/panic.rs:434:14
[INFO] [stdout]   46:     0x562c288c31d8 - test::run_test_in_process::h5cb06ef620b157fc
[INFO] [stdout]                                at /rustc/53fd98ca776cb875bc9e5514f56b52eb74f9e7a9/library/test/src/lib.rs:601:18
[INFO] [stdout]   47:     0x562c288c31d8 - test::run_test::run_test_inner::{{closure}}::h76f677f4b93f9828
[INFO] [stdout]                                at /rustc/53fd98ca776cb875bc9e5514f56b52eb74f9e7a9/library/test/src/lib.rs:493:39
[INFO] [stdout]   48:     0x562c2889196d - test::run_test::run_test_inner::{{closure}}::h366d01fe04f4d67a
[INFO] [stdout]                                at /rustc/53fd98ca776cb875bc9e5514f56b52eb74f9e7a9/library/test/src/lib.rs:520:37
[INFO] [stdout]   49:     0x562c2889196d - std::sys_common::backtrace::__rust_begin_short_backtrace::h7dfa0de4eb395af2
[INFO] [stdout]                                at /rustc/53fd98ca776cb875bc9e5514f56b52eb74f9e7a9/library/std/src/sys_common/backtrace.rs:125:18
[INFO] [stdout]   50:     0x562c28896138 - std::thread::Builder::spawn_unchecked::{{closure}}::{{closure}}::hf0a74bb58798037f
[INFO] [stdout]                                at /rustc/53fd98ca776cb875bc9e5514f56b52eb74f9e7a9/library/std/src/thread/mod.rs:476:17
[INFO] [stdout]   51:     0x562c28896138 - <std::panic::AssertUnwindSafe<F> as core::ops::function::FnOnce<()>>::call_once::hb024e854818586ac
[INFO] [stdout]                                at /rustc/53fd98ca776cb875bc9e5514f56b52eb74f9e7a9/library/std/src/panic.rs:347:9
[INFO] [stdout]   52:     0x562c28896138 - std::panicking::try::do_call::hb2dd9f1d0d48e41d
[INFO] [stdout]                                at /rustc/53fd98ca776cb875bc9e5514f56b52eb74f9e7a9/library/std/src/panicking.rs:401:40
[INFO] [stdout]   53:     0x562c28896138 - std::panicking::try::h4717ae7bac8b2bf3
[INFO] [stdout]                                at /rustc/53fd98ca776cb875bc9e5514f56b52eb74f9e7a9/library/std/src/panicking.rs:365:19
[INFO] [stdout]   54:     0x562c28896138 - std::panic::catch_unwind::h0dc8a061326ce8d8
[INFO] [stdout]                                at /rustc/53fd98ca776cb875bc9e5514f56b52eb74f9e7a9/library/std/src/panic.rs:434:14
[INFO] [stdout]   55:     0x562c28896138 - std::thread::Builder::spawn_unchecked::{{closure}}::haa369e2d6fd00aa1
[INFO] [stdout]                                at /rustc/53fd98ca776cb875bc9e5514f56b52eb74f9e7a9/library/std/src/thread/mod.rs:475:30
[INFO] [stdout]   56:     0x562c28896138 - core::ops::function::FnOnce::call_once{{vtable.shim}}::h36dcf3de8b056f17
[INFO] [stdout]                                at /rustc/53fd98ca776cb875bc9e5514f56b52eb74f9e7a9/library/core/src/ops/function.rs:227:5
[INFO] [stdout]   57:     0x562c28a97fa7 - <alloc::boxed::Box<F,A> as core::ops::function::FnOnce<Args>>::call_once::h65c29e4642be2358
[INFO] [stdout]                                at /rustc/53fd98ca776cb875bc9e5514f56b52eb74f9e7a9/library/alloc/src/boxed.rs:1572:9
[INFO] [stdout]   58:     0x562c28a97fa7 - <alloc::boxed::Box<F,A> as core::ops::function::FnOnce<Args>>::call_once::hd0f8f7fbbd9fffbf
[INFO] [stdout]                                at /rustc/53fd98ca776cb875bc9e5514f56b52eb74f9e7a9/library/alloc/src/boxed.rs:1572:9
[INFO] [stdout]   59:     0x562c28a97fa7 - std::sys::unix::thread::Thread::new::thread_start::h2fd22fee3ca77b65
[INFO] [stdout]                                at /rustc/53fd98ca776cb875bc9e5514f56b52eb74f9e7a9/library/std/src/sys/unix/thread.rs:74:17
[INFO] [stdout]   60:     0x7fba05afa609 - start_thread
[INFO] [stdout]   61:     0x7fba058cc293 - clone
[INFO] [stdout]   62:                0x0 - <unknown>
[INFO] [stdout] 
[INFO] [stdout] ---- tests::test_re stdout ----
[INFO] [stdout] thread 'tests::test_re' panicked at 'Test case 1 doesn't exist', src/checks/test_cases.rs:11:13
[INFO] [stdout] stack backtrace:
[INFO] [stdout]    0:     0x562c28a90010 - std::backtrace_rs::backtrace::libunwind::trace::hff4d1766e93f64f1
[INFO] [stdout]                                at /rustc/53fd98ca776cb875bc9e5514f56b52eb74f9e7a9/library/std/src/../../backtrace/src/backtrace/libunwind.rs:90:5
[INFO] [stdout]    1:     0x562c28a90010 - std::backtrace_rs::backtrace::trace_unsynchronized::h56bbc8eb78770bcb
[INFO] [stdout]                                at /rustc/53fd98ca776cb875bc9e5514f56b52eb74f9e7a9/library/std/src/../../backtrace/src/backtrace/mod.rs:66:5
[INFO] [stdout]    2:     0x562c28a90010 - std::sys_common::backtrace::_print_fmt::h5c8e75464faca780
[INFO] [stdout]                                at /rustc/53fd98ca776cb875bc9e5514f56b52eb74f9e7a9/library/std/src/sys_common/backtrace.rs:67:5
[INFO] [stdout]    3:     0x562c28a90010 - <std::sys_common::backtrace::_print::DisplayBacktrace as core::fmt::Display>::fmt::h48b88277def8b362
[INFO] [stdout]                                at /rustc/53fd98ca776cb875bc9e5514f56b52eb74f9e7a9/library/std/src/sys_common/backtrace.rs:46:22
[INFO] [stdout]    4:     0x562c28ab490c - core::fmt::write::h3381b3176fe2b3d3
[INFO] [stdout]                                at /rustc/53fd98ca776cb875bc9e5514f56b52eb74f9e7a9/library/core/src/fmt/mod.rs:1115:17
[INFO] [stdout]    5:     0x562c28a8c6e5 - std::io::Write::write_fmt::h5f34a676f60246b5
[INFO] [stdout]                                at /rustc/53fd98ca776cb875bc9e5514f56b52eb74f9e7a9/library/std/src/io/mod.rs:1665:15
[INFO] [stdout]    6:     0x562c28a9236b - std::sys_common::backtrace::_print::ha537687d6c17dd0d
[INFO] [stdout]                                at /rustc/53fd98ca776cb875bc9e5514f56b52eb74f9e7a9/library/std/src/sys_common/backtrace.rs:49:5
[INFO] [stdout]    7:     0x562c28a9236b - std::sys_common::backtrace::print::h61376ae57d131d72
[INFO] [stdout]                                at /rustc/53fd98ca776cb875bc9e5514f56b52eb74f9e7a9/library/std/src/sys_common/backtrace.rs:36:9
[INFO] [stdout]    8:     0x562c28a9236b - std::panicking::default_hook::{{closure}}::h0f7208c0b9644a54
[INFO] [stdout]                                at /rustc/53fd98ca776cb875bc9e5514f56b52eb74f9e7a9/library/std/src/panicking.rs:208:50
[INFO] [stdout]    9:     0x562c28a91e7c - std::panicking::default_hook::hdac7fc06578c14ce
[INFO] [stdout]                                at /rustc/53fd98ca776cb875bc9e5514f56b52eb74f9e7a9/library/std/src/panicking.rs:222:9
[INFO] [stdout]   10:     0x562c28a92a34 - std::panicking::rust_panic_with_hook::h72b21c283da3d1ef
[INFO] [stdout]                                at /rustc/53fd98ca776cb875bc9e5514f56b52eb74f9e7a9/library/std/src/panicking.rs:622:17
[INFO] [stdout]   11:     0x562c28865a6f - std::panicking::begin_panic::{{closure}}::hf77d91407ed3d140
[INFO] [stdout]                                at /rustc/53fd98ca776cb875bc9e5514f56b52eb74f9e7a9/library/std/src/panicking.rs:542:9
[INFO] [stdout]   12:     0x562c2886f8be - std::sys_common::backtrace::__rust_end_short_backtrace::h33d2e56ef865f30e
[INFO] [stdout]                                at /rustc/53fd98ca776cb875bc9e5514f56b52eb74f9e7a9/library/std/src/sys_common/backtrace.rs:141:18
[INFO] [stdout]   13:     0x562c288658e7 - std::panicking::begin_panic::h8d1d4df042c4fdf9
[INFO] [stdout]                                at /rustc/53fd98ca776cb875bc9e5514f56b52eb74f9e7a9/library/std/src/panicking.rs:541:12
[INFO] [stdout]   14:     0x562c2886d39e - Rabbit_OJ_Tester_v2::checks::test_cases::count::hbc52b18ff773f023
[INFO] [stdout]                                at /opt/rustwide/workdir/src/checks/test_cases.rs:11:13
[INFO] [stdout]   15:     0x562c2885ee05 - Rabbit_OJ_Tester_v2::start_test::{{closure}}::ha3a15bbb02e89be3
[INFO] [stdout]                                at /opt/rustwide/workdir/src/main.rs:58:5
[INFO] [stdout]   16:     0x562c2887bf51 - <core::future::from_generator::GenFuture<T> as core::future::future::Future>::poll::hd1041ebb1316e1c8
[INFO] [stdout]                                at /rustc/53fd98ca776cb875bc9e5514f56b52eb74f9e7a9/library/core/src/future/mod.rs:80:19
[INFO] [stdout]   17:     0x562c28861fd6 - Rabbit_OJ_Tester_v2::tests::test_executor::{{closure}}::hc4a2322a6499da7a
[INFO] [stdout]                                at /opt/rustwide/workdir/src/main.rs:242:27
[INFO] [stdout]   18:     0x562c2887bb69 - <core::future::from_generator::GenFuture<T> as core::future::future::Future>::poll::h05f29ca786b64ddb
[INFO] [stdout]                                at /rustc/53fd98ca776cb875bc9e5514f56b52eb74f9e7a9/library/core/src/future/mod.rs:80:19
[INFO] [stdout]   19:     0x562c28862fb6 - Rabbit_OJ_Tester_v2::tests::test_re::{{closure}}::h53ca94ba6309501c
[INFO] [stdout]                                at /opt/rustwide/workdir/src/main.rs:267:9
[INFO] [stdout]   20:     0x562c2887c049 - <core::future::from_generator::GenFuture<T> as core::future::future::Future>::poll::he7490c2b413fe909
[INFO] [stdout]                                at /rustc/53fd98ca776cb875bc9e5514f56b52eb74f9e7a9/library/core/src/future/mod.rs:80:19
[INFO] [stdout]   21:     0x562c2887584f - <core::pin::Pin<P> as core::future::future::Future>::poll::h12d6c90a27a32fe9
[INFO] [stdout]                                at /rustc/53fd98ca776cb875bc9e5514f56b52eb74f9e7a9/library/core/src/future/future.rs:119:9
[INFO] [stdout]   22:     0x562c28877f30 - tokio::runtime::basic_scheduler::Inner<P>::block_on::{{closure}}::{{closure}}::h78b4bc4697488010
[INFO] [stdout]                                at /opt/rustwide/cargo-home/registry/src/github.com-1ecc6299db9ec823/tokio-1.2.0/src/runtime/basic_scheduler.rs:184:58
[INFO] [stdout]   23:     0x562c288732ec - tokio::coop::with_budget::{{closure}}::h99c208e1af8f74dc
[INFO] [stdout]                                at /opt/rustwide/cargo-home/registry/src/github.com-1ecc6299db9ec823/tokio-1.2.0/src/coop.rs:121:9
[INFO] [stdout]   24:     0x562c2886eb41 - std::thread::local::LocalKey<T>::try_with::h8b52a401ff29bdd7
[INFO] [stdout]                                at /rustc/53fd98ca776cb875bc9e5514f56b52eb74f9e7a9/library/std/src/thread/local.rs:399:16
[INFO] [stdout]   25:     0x562c2886d65d - std::thread::local::LocalKey<T>::with::h54a870990ff7c6b8
[INFO] [stdout]                                at /rustc/53fd98ca776cb875bc9e5514f56b52eb74f9e7a9/library/std/src/thread/local.rs:375:9
[INFO] [stdout]   26:     0x562c28877734 - tokio::coop::with_budget::ha067c922cb09f697
[INFO] [stdout]                                at /opt/rustwide/cargo-home/registry/src/github.com-1ecc6299db9ec823/tokio-1.2.0/src/coop.rs:114:5
[INFO] [stdout]   27:     0x562c28877734 - tokio::coop::budget::ha65e5ef2b6a920e1
[INFO] [stdout]                                at /opt/rustwide/cargo-home/registry/src/github.com-1ecc6299db9ec823/tokio-1.2.0/src/coop.rs:98:5
[INFO] [stdout]   28:     0x562c28877734 - tokio::runtime::basic_scheduler::Inner<P>::block_on::{{closure}}::hd3a956f2a5d53972
[INFO] [stdout]                                at /opt/rustwide/cargo-home/registry/src/github.com-1ecc6299db9ec823/tokio-1.2.0/src/runtime/basic_scheduler.rs:184:35
[INFO] [stdout]   29:     0x562c2887a661 - tokio::runtime::basic_scheduler::enter::{{closure}}::hab6d53072177c25e
[INFO] [stdout]                                at /opt/rustwide/cargo-home/registry/src/github.com-1ecc6299db9ec823/tokio-1.2.0/src/runtime/basic_scheduler.rs:266:29
[INFO] [stdout]   30:     0x562c288669bd - tokio::macros::scoped_tls::ScopedKey<T>::set::h471bdb1ebc61a796
[INFO] [stdout]                                at /opt/rustwide/cargo-home/registry/src/github.com-1ecc6299db9ec823/tokio-1.2.0/src/macros/scoped_tls.rs:61:9
[INFO] [stdout]   31:     0x562c2887a59c - tokio::runtime::basic_scheduler::enter::hd8a959677e6be009
[INFO] [stdout]                                at /opt/rustwide/cargo-home/registry/src/github.com-1ecc6299db9ec823/tokio-1.2.0/src/runtime/basic_scheduler.rs:266:5
[INFO] [stdout]   32:     0x562c28875bfb - tokio::runtime::basic_scheduler::Inner<P>::block_on::hc5c29a65a8e31197
[INFO] [stdout]                                at /opt/rustwide/cargo-home/registry/src/github.com-1ecc6299db9ec823/tokio-1.2.0/src/runtime/basic_scheduler.rs:176:9
[INFO] [stdout]   33:     0x562c288782a4 - tokio::runtime::basic_scheduler::InnerGuard<P>::block_on::h2f32650a81fba3ed
[INFO] [stdout]                                at /opt/rustwide/cargo-home/registry/src/github.com-1ecc6299db9ec823/tokio-1.2.0/src/runtime/basic_scheduler.rs:405:9
[INFO] [stdout]   34:     0x562c288791a8 - tokio::runtime::basic_scheduler::BasicScheduler<P>::block_on::hf65632767bbd43bb
[INFO] [stdout]                                at /opt/rustwide/cargo-home/registry/src/github.com-1ecc6299db9ec823/tokio-1.2.0/src/runtime/basic_scheduler.rs:136:24
[INFO] [stdout]   35:     0x562c2886ce90 - tokio::runtime::Runtime::block_on::h8b0f5161c799c0dc
[INFO] [stdout]                                at /opt/rustwide/cargo-home/registry/src/github.com-1ecc6299db9ec823/tokio-1.2.0/src/runtime/mod.rs:450:46
[INFO] [stdout]   36:     0x562c28862dcb - Rabbit_OJ_Tester_v2::tests::test_re::h5437c66b86764339
[INFO] [stdout]                                at /opt/rustwide/workdir/src/main.rs:265:5
[INFO] [stdout]   37:     0x562c28862cfa - Rabbit_OJ_Tester_v2::tests::test_re::{{closure}}::he7abcc3aabc2e40f
[INFO] [stdout]                                at /opt/rustwide/workdir/src/main.rs:265:5
[INFO] [stdout]   38:     0x562c2886750e - core::ops::function::FnOnce::call_once::h74945507523432dc
[INFO] [stdout]                                at /rustc/53fd98ca776cb875bc9e5514f56b52eb74f9e7a9/library/core/src/ops/function.rs:227:5
[INFO] [stdout]   39:     0x562c288c4723 - core::ops::function::FnOnce::call_once::hbb52c4519d3137b0
[INFO] [stdout]                                at /rustc/53fd98ca776cb875bc9e5514f56b52eb74f9e7a9/library/core/src/ops/function.rs:227:5
[INFO] [stdout]   40:     0x562c288c4723 - test::__rust_begin_short_backtrace::h86fe3a2a5a5121af
[INFO] [stdout]                                at /rustc/53fd98ca776cb875bc9e5514f56b52eb74f9e7a9/library/test/src/lib.rs:578:5
[INFO] [stdout]   41:     0x562c288c31d8 - <alloc::boxed::Box<F,A> as core::ops::function::FnOnce<Args>>::call_once::hfd956bc3d57399be
[INFO] [stdout]                                at /rustc/53fd98ca776cb875bc9e5514f56b52eb74f9e7a9/library/alloc/src/boxed.rs:1572:9
[INFO] [stdout]   42:     0x562c288c31d8 - <std::panic::AssertUnwindSafe<F> as core::ops::function::FnOnce<()>>::call_once::h40dc93e0ddb5938a
[INFO] [stdout]                                at /rustc/53fd98ca776cb875bc9e5514f56b52eb74f9e7a9/library/std/src/panic.rs:347:9
[INFO] [stdout]   43:     0x562c288c31d8 - std::panicking::try::do_call::h90d07750cb47c562
[INFO] [stdout]                                at /rustc/53fd98ca776cb875bc9e5514f56b52eb74f9e7a9/library/std/src/panicking.rs:401:40
[INFO] [stdout]   44:     0x562c288c31d8 - std::panicking::try::h063c84733ad2a629
[INFO] [stdout]                                at /rustc/53fd98ca776cb875bc9e5514f56b52eb74f9e7a9/library/std/src/panicking.rs:365:19
[INFO] [stdout]   45:     0x562c288c31d8 - std::panic::catch_unwind::h0c464836a84e7c08
[INFO] [stdout]                                at /rustc/53fd98ca776cb875bc9e5514f56b52eb74f9e7a9/library/std/src/panic.rs:434:14
[INFO] [stdout]   46:     0x562c288c31d8 - test::run_test_in_process::h5cb06ef620b157fc
[INFO] [stdout]                                at /rustc/53fd98ca776cb875bc9e5514f56b52eb74f9e7a9/library/test/src/lib.rs:601:18
[INFO] [stdout]   47:     0x562c288c31d8 - test::run_test::run_test_inner::{{closure}}::h76f677f4b93f9828
[INFO] [stdout]                                at /rustc/53fd98ca776cb875bc9e5514f56b52eb74f9e7a9/library/test/src/lib.rs:493:39
[INFO] [stdout]   48:     0x562c2889196d - test::run_test::run_test_inner::{{closure}}::h366d01fe04f4d67a
[INFO] [stdout]                                at /rustc/53fd98ca776cb875bc9e5514f56b52eb74f9e7a9/library/test/src/lib.rs:520:37
[INFO] [stdout]   49:     0x562c2889196d - std::sys_common::backtrace::__rust_begin_short_backtrace::h7dfa0de4eb395af2
[INFO] [stdout]                                at /rustc/53fd98ca776cb875bc9e5514f56b52eb74f9e7a9/library/std/src/sys_common/backtrace.rs:125:18
[INFO] [stdout]   50:     0x562c28896138 - std::thread::Builder::spawn_unchecked::{{closure}}::{{closure}}::hf0a74bb58798037f
[INFO] [stdout]                                at /rustc/53fd98ca776cb875bc9e5514f56b52eb74f9e7a9/library/std/src/thread/mod.rs:476:17
[INFO] [stdout]   51:     0x562c28896138 - <std::panic::AssertUnwindSafe<F> as core::ops::function::FnOnce<()>>::call_once::hb024e854818586ac
[INFO] [stdout]                                at /rustc/53fd98ca776cb875bc9e5514f56b52eb74f9e7a9/library/std/src/panic.rs:347:9
[INFO] [stdout]   52:     0x562c28896138 - std::panicking::try::do_call::hb2dd9f1d0d48e41d
[INFO] [stdout]                                at /rustc/53fd98ca776cb875bc9e5514f56b52eb74f9e7a9/library/std/src/panicking.rs:401:40
[INFO] [stdout]   53:     0x562c28896138 - std::panicking::try::h4717ae7bac8b2bf3
[INFO] [stdout]                                at /rustc/53fd98ca776cb875bc9e5514f56b52eb74f9e7a9/library/std/src/panicking.rs:365:19
[INFO] [stdout]   54:     0x562c28896138 - std::panic::catch_unwind::h0dc8a061326ce8d8
[INFO] [stdout]                                at /rustc/53fd98ca776cb875bc9e5514f56b52eb74f9e7a9/library/std/src/panic.rs:434:14
[INFO] [stdout]   55:     0x562c28896138 - std::thread::Builder::spawn_unchecked::{{closure}}::haa369e2d6fd00aa1
[INFO] [stdout]                                at /rustc/53fd98ca776cb875bc9e5514f56b52eb74f9e7a9/library/std/src/thread/mod.rs:475:30
[INFO] [stdout]   56:     0x562c28896138 - core::ops::function::FnOnce::call_once{{vtable.shim}}::h36dcf3de8b056f17
[INFO] [stdout]                                at /rustc/53fd98ca776cb875bc9e5514f56b52eb74f9e7a9/library/core/src/ops/function.rs:227:5
[INFO] [stdout]   57:     0x562c28a97fa7 - <alloc::boxed::Box<F,A> as core::ops::function::FnOnce<Args>>::call_once::h65c29e4642be2358
[INFO] [stdout]                                at /rustc/53fd98ca776cb875bc9e5514f56b52eb74f9e7a9/library/alloc/src/boxed.rs:1572:9
[INFO] [stdout]   58:     0x562c28a97fa7 - <alloc::boxed::Box<F,A> as core::ops::function::FnOnce<Args>>::call_once::hd0f8f7fbbd9fffbf
[INFO] [stdout]                                at /rustc/53fd98ca776cb875bc9e5514f56b52eb74f9e7a9/library/alloc/src/boxed.rs:1572:9
[INFO] [stdout]   59:     0x562c28a97fa7 - std::sys::unix::thread::Thread::new::thread_start::h2fd22fee3ca77b65
[INFO] [stdout]                                at /rustc/53fd98ca776cb875bc9e5514f56b52eb74f9e7a9/library/std/src/sys/unix/thread.rs:74:17
[INFO] [stdout]   60:     0x7fba05afa609 - start_thread
[INFO] [stdout]   61:     0x7fba058cc293 - clone
[INFO] [stdout]   62:                0x0 - <unknown>
[INFO] [stdout] 
[INFO] [stdout] 
[INFO] [stdout] failures:
[INFO] [stdout]     tests::test_mle
[INFO] [stdout]     tests::test_ok
[INFO] [stdout]     tests::test_re
[INFO] [stdout]     tests::test_tle
[INFO] [stdout] 
[INFO] [stdout] test result: FAILED. 0 passed; 4 failed; 0 ignored; 0 measured; 0 filtered out; finished in 0.02s
[INFO] [stdout] 
[INFO] [stderr] error: test failed, to rerun pass '--bin Rabbit-OJ-Tester-v2'
[INFO] running `Command { std: "docker" "inspect" "d65838a45b3a874183d5a83513fa2b5a61fafb415579644ef3918537273c9d40", kill_on_drop: false }`
[INFO] running `Command { std: "docker" "rm" "-f" "d65838a45b3a874183d5a83513fa2b5a61fafb415579644ef3918537273c9d40", kill_on_drop: false }`
[INFO] [stdout] d65838a45b3a874183d5a83513fa2b5a61fafb415579644ef3918537273c9d40
