[INFO] cloning repository https://github.com/QMHTMY/PasswdMakeRust
[INFO] running `Command { std: "git" "-c" "credential.helper=" "-c" "credential.helper=/workspace/cargo-home/bin/git-credential-null" "clone" "--bare" "https://github.com/QMHTMY/PasswdMakeRust" "/workspace/cache/git-repos/https%3A%2F%2Fgithub.com%2FQMHTMY%2FPasswdMakeRust", kill_on_drop: false }`
[INFO] [stderr] Cloning into bare repository '/workspace/cache/git-repos/https%3A%2F%2Fgithub.com%2FQMHTMY%2FPasswdMakeRust'...
[INFO] running `Command { std: "git" "rev-parse" "HEAD", kill_on_drop: false }`
[INFO] [stdout] 69544224f4a39a6bb26a3e9e6905d37fbae571fb
[INFO] testing QMHTMY/PasswdMakeRust against beta-2021-08-01 for beta-1.55-1
[INFO] running `Command { std: "git" "clone" "/workspace/cache/git-repos/https%3A%2F%2Fgithub.com%2FQMHTMY%2FPasswdMakeRust" "/workspace/builds/worker-13/source", kill_on_drop: false }`
[INFO] [stderr] Cloning into '/workspace/builds/worker-13/source'...
[INFO] [stderr] done.
[INFO] validating manifest of git repo https://github.com/QMHTMY/PasswdMakeRust on toolchain beta-2021-08-01
[INFO] running `Command { std: "/workspace/cargo-home/bin/cargo" "+beta-2021-08-01" "metadata" "--manifest-path" "Cargo.toml" "--no-deps", kill_on_drop: false }`
[INFO] started tweaking git repo https://github.com/QMHTMY/PasswdMakeRust
[INFO] finished tweaking git repo https://github.com/QMHTMY/PasswdMakeRust
[INFO] tweaked toml for git repo https://github.com/QMHTMY/PasswdMakeRust written to /workspace/builds/worker-13/source/Cargo.toml
[INFO] running `Command { std: "/workspace/cargo-home/bin/cargo" "+beta-2021-08-01" "generate-lockfile" "--manifest-path" "Cargo.toml" "-Zno-index-update", kill_on_drop: false }`
[INFO] running `Command { std: "/workspace/cargo-home/bin/cargo" "+beta-2021-08-01" "fetch" "--manifest-path" "Cargo.toml", kill_on_drop: false }`
[INFO] running `Command { std: "docker" "create" "-v" "/var/lib/crater-agent-workspace/builds/worker-13/target:/opt/rustwide/target:rw,Z" "-v" "/var/lib/crater-agent-workspace/builds/worker-13/source:/opt/rustwide/workdir:ro,Z" "-v" "/var/lib/crater-agent-workspace/cargo-home:/opt/rustwide/cargo-home:ro,Z" "-v" "/var/lib/crater-agent-workspace/rustup-home:/opt/rustwide/rustup-home:ro,Z" "-e" "SOURCE_DIR=/opt/rustwide/workdir" "-e" "CARGO_TARGET_DIR=/opt/rustwide/target" "-e" "CARGO_HOME=/opt/rustwide/cargo-home" "-e" "RUSTUP_HOME=/opt/rustwide/rustup-home" "-w" "/opt/rustwide/workdir" "-m" "1610612736" "--user" "0:0" "--network" "none" "ghcr.io/rust-lang/crates-build-env/linux@sha256:34b6a614d2c27851fe6cbf88fbd1137609cefab8b10d0615aaeb6fd47975d74e" "/opt/rustwide/cargo-home/bin/cargo" "+beta-2021-08-01" "metadata" "--no-deps" "--format-version=1", kill_on_drop: false }`
[INFO] [stdout] 06e245ad80c733853124b8391d21fbf517cdb319811f3d2451601fd3a133b89e
[INFO] running `Command { std: "docker" "start" "-a" "06e245ad80c733853124b8391d21fbf517cdb319811f3d2451601fd3a133b89e", kill_on_drop: false }`
[INFO] running `Command { std: "docker" "inspect" "06e245ad80c733853124b8391d21fbf517cdb319811f3d2451601fd3a133b89e", kill_on_drop: false }`
[INFO] running `Command { std: "docker" "rm" "-f" "06e245ad80c733853124b8391d21fbf517cdb319811f3d2451601fd3a133b89e", kill_on_drop: false }`
[INFO] [stdout] 06e245ad80c733853124b8391d21fbf517cdb319811f3d2451601fd3a133b89e
[INFO] running `Command { std: "docker" "create" "-v" "/var/lib/crater-agent-workspace/builds/worker-13/target:/opt/rustwide/target:rw,Z" "-v" "/var/lib/crater-agent-workspace/builds/worker-13/source:/opt/rustwide/workdir:ro,Z" "-v" "/var/lib/crater-agent-workspace/cargo-home:/opt/rustwide/cargo-home:ro,Z" "-v" "/var/lib/crater-agent-workspace/rustup-home:/opt/rustwide/rustup-home:ro,Z" "-e" "SOURCE_DIR=/opt/rustwide/workdir" "-e" "CARGO_TARGET_DIR=/opt/rustwide/target" "-e" "CARGO_INCREMENTAL=0" "-e" "RUST_BACKTRACE=full" "-e" "RUSTFLAGS=--cap-lints=warn" "-e" "CARGO_HOME=/opt/rustwide/cargo-home" "-e" "RUSTUP_HOME=/opt/rustwide/rustup-home" "-w" "/opt/rustwide/workdir" "-m" "1610612736" "--user" "0:0" "--network" "none" "ghcr.io/rust-lang/crates-build-env/linux@sha256:34b6a614d2c27851fe6cbf88fbd1137609cefab8b10d0615aaeb6fd47975d74e" "/opt/rustwide/cargo-home/bin/cargo" "+beta-2021-08-01" "build" "--frozen" "--message-format=json", kill_on_drop: false }`
[INFO] [stdout] fb906d3b35cfb7c49eb1c868c0a5886b9136829133acdbfc812e78cad060c81c
[INFO] running `Command { std: "docker" "start" "-a" "fb906d3b35cfb7c49eb1c868c0a5886b9136829133acdbfc812e78cad060c81c", kill_on_drop: false }`
[INFO] [stderr]    Compiling libc v0.2.98
[INFO] [stderr]    Compiling syn v1.0.74
[INFO] [stderr]    Compiling encoder v0.1.0 (/opt/rustwide/workdir/encoder)
[INFO] [stderr]    Compiling hash v0.1.0 (/opt/rustwide/workdir/hash)
[INFO] [stderr]    Compiling encryptor v0.1.0 (/opt/rustwide/workdir/encryptor)
[INFO] [stderr]    Compiling atty v0.2.14
[INFO] [stderr]    Compiling clap v2.33.3
[INFO] [stderr]    Compiling proc-macro-error v1.0.4
[INFO] [stderr]    Compiling structopt-derive v0.4.15
[INFO] [stderr]    Compiling structopt v0.3.22
[INFO] [stderr]    Compiling main v0.1.0 (/opt/rustwide/workdir/main)
[INFO] [stderr]     Finished dev [unoptimized + debuginfo] target(s) in 16.40s
[INFO] running `Command { std: "docker" "inspect" "fb906d3b35cfb7c49eb1c868c0a5886b9136829133acdbfc812e78cad060c81c", kill_on_drop: false }`
[INFO] running `Command { std: "docker" "rm" "-f" "fb906d3b35cfb7c49eb1c868c0a5886b9136829133acdbfc812e78cad060c81c", kill_on_drop: false }`
[INFO] [stdout] fb906d3b35cfb7c49eb1c868c0a5886b9136829133acdbfc812e78cad060c81c
[INFO] running `Command { std: "docker" "create" "-v" "/var/lib/crater-agent-workspace/builds/worker-13/target:/opt/rustwide/target:rw,Z" "-v" "/var/lib/crater-agent-workspace/builds/worker-13/source:/opt/rustwide/workdir:ro,Z" "-v" "/var/lib/crater-agent-workspace/cargo-home:/opt/rustwide/cargo-home:ro,Z" "-v" "/var/lib/crater-agent-workspace/rustup-home:/opt/rustwide/rustup-home:ro,Z" "-e" "SOURCE_DIR=/opt/rustwide/workdir" "-e" "CARGO_TARGET_DIR=/opt/rustwide/target" "-e" "CARGO_INCREMENTAL=0" "-e" "RUST_BACKTRACE=full" "-e" "RUSTFLAGS=--cap-lints=warn" "-e" "CARGO_HOME=/opt/rustwide/cargo-home" "-e" "RUSTUP_HOME=/opt/rustwide/rustup-home" "-w" "/opt/rustwide/workdir" "-m" "1610612736" "--user" "0:0" "--network" "none" "ghcr.io/rust-lang/crates-build-env/linux@sha256:34b6a614d2c27851fe6cbf88fbd1137609cefab8b10d0615aaeb6fd47975d74e" "/opt/rustwide/cargo-home/bin/cargo" "+beta-2021-08-01" "test" "--frozen" "--no-run" "--message-format=json", kill_on_drop: false }`
[INFO] [stdout] 3fe2ce6994b792808ffb073f190371e45bfa1c27557c524cdea7567e4887e24e
[INFO] running `Command { std: "docker" "start" "-a" "3fe2ce6994b792808ffb073f190371e45bfa1c27557c524cdea7567e4887e24e", kill_on_drop: false }`
[INFO] [stderr]    Compiling encoder v0.1.0 (/opt/rustwide/workdir/encoder)
[INFO] [stderr]    Compiling hash v0.1.0 (/opt/rustwide/workdir/hash)
[INFO] [stderr]    Compiling encryptor v0.1.0 (/opt/rustwide/workdir/encryptor)
[INFO] [stderr]    Compiling main v0.1.0 (/opt/rustwide/workdir/main)
[INFO] [stderr]     Finished test [unoptimized + debuginfo] target(s) in 1.66s
[INFO] running `Command { std: "docker" "inspect" "3fe2ce6994b792808ffb073f190371e45bfa1c27557c524cdea7567e4887e24e", kill_on_drop: false }`
[INFO] running `Command { std: "docker" "rm" "-f" "3fe2ce6994b792808ffb073f190371e45bfa1c27557c524cdea7567e4887e24e", kill_on_drop: false }`
[INFO] [stdout] 3fe2ce6994b792808ffb073f190371e45bfa1c27557c524cdea7567e4887e24e
[INFO] running `Command { std: "docker" "create" "-v" "/var/lib/crater-agent-workspace/builds/worker-13/target:/opt/rustwide/target:rw,Z" "-v" "/var/lib/crater-agent-workspace/builds/worker-13/source:/opt/rustwide/workdir:ro,Z" "-v" "/var/lib/crater-agent-workspace/cargo-home:/opt/rustwide/cargo-home:ro,Z" "-v" "/var/lib/crater-agent-workspace/rustup-home:/opt/rustwide/rustup-home:ro,Z" "-e" "SOURCE_DIR=/opt/rustwide/workdir" "-e" "CARGO_TARGET_DIR=/opt/rustwide/target" "-e" "CARGO_INCREMENTAL=0" "-e" "RUST_BACKTRACE=full" "-e" "RUSTFLAGS=--cap-lints=warn" "-e" "CARGO_HOME=/opt/rustwide/cargo-home" "-e" "RUSTUP_HOME=/opt/rustwide/rustup-home" "-w" "/opt/rustwide/workdir" "-m" "1610612736" "--user" "0:0" "--network" "none" "ghcr.io/rust-lang/crates-build-env/linux@sha256:34b6a614d2c27851fe6cbf88fbd1137609cefab8b10d0615aaeb6fd47975d74e" "/opt/rustwide/cargo-home/bin/cargo" "+beta-2021-08-01" "test" "--frozen", kill_on_drop: false }`
[INFO] [stdout] dd1b390ca2e830950761bb6246ed02ccb498c562e0a7d057b23e20187f925e27
[INFO] running `Command { std: "docker" "start" "-a" "dd1b390ca2e830950761bb6246ed02ccb498c562e0a7d057b23e20187f925e27", kill_on_drop: false }`
[INFO] [stderr]     Blocking waiting for file lock on package cache
[INFO] [stderr]     Finished test [unoptimized + debuginfo] target(s) in 0.03s
[INFO] [stderr]      Running unittests (/opt/rustwide/target/debug/deps/encoder-18e792fdf861e91d)
[INFO] [stdout] 
[INFO] [stdout] running 1 test
[INFO] [stdout] test tests::encode_decode ... ok
[INFO] [stdout] 
[INFO] [stdout] test result: ok. 1 passed; 0 failed; 0 ignored; 0 measured; 0 filtered out; finished in 0.00s
[INFO] [stdout] 
[INFO] [stderr]      Running unittests (/opt/rustwide/target/debug/deps/encryptor-6535d0efe3ffa7dd)
[INFO] [stdout] 
[INFO] [stdout] running 0 tests
[INFO] [stdout] 
[INFO] [stdout] test result: ok. 0 passed; 0 failed; 0 ignored; 0 measured; 0 filtered out; finished in 0.00s
[INFO] [stdout] 
[INFO] [stderr]      Running unittests (/opt/rustwide/target/debug/deps/hash-3a30e797d66c060f)
[INFO] [stdout] 
[INFO] [stdout] running 1 test
[INFO] [stderr]      Running unittests (/opt/rustwide/target/debug/deps/main-c25bd33134f220c0)
[INFO] [stdout] test tests::mersenne_hash_works ... ok
[INFO] [stdout] 
[INFO] [stdout] test result: ok. 1 passed; 0 failed; 0 ignored; 0 measured; 0 filtered out; finished in 0.00s
[INFO] [stdout] 
[INFO] [stdout] 
[INFO] [stdout] running 0 tests
[INFO] [stdout] 
[INFO] [stdout] test result: ok. 0 passed; 0 failed; 0 ignored; 0 measured; 0 filtered out; finished in 0.00s
[INFO] [stdout] 
[INFO] [stderr]    Doc-tests encoder
[INFO] [stdout] 
[INFO] [stdout] running 2 tests
[INFO] [stdout] test src/base58.rs - base58::str::decode (line 86) ... ok
[INFO] [stdout] test src/base58.rs - base58::str::encode (line 38) ... ok
[INFO] [stdout] 
[INFO] [stdout] test result: ok. 2 passed; 0 failed; 0 ignored; 0 measured; 0 filtered out; finished in 0.23s
[INFO] [stdout] 
[INFO] [stderr]    Doc-tests encryptor
[INFO] [stdout] 
[INFO] [stdout] running 1 test
[INFO] [stdout] test src/password.rs - password::generate_password (line 11) ... FAILED
[INFO] [stdout] 
[INFO] [stdout] failures:
[INFO] [stdout] 
[INFO] [stdout] ---- src/password.rs - password::generate_password (line 11) stdout ----
[INFO] [stdout] error[E0425]: cannot find function `make_password` in this scope
[INFO] [stdout]  --> src/password.rs:14:14
[INFO] [stdout]   |
[INFO] [stdout] 5 | let passwd = make_password(seed, length);
[INFO] [stdout]   |              ^^^^^^^^^^^^^ not found in this scope
[INFO] [stdout] 
[INFO] [stdout] error: aborting due to previous error
[INFO] [stdout] 
[INFO] [stdout] For more information about this error, try `rustc --explain E0425`.
[INFO] [stdout] Couldn't compile the test.
[INFO] [stdout] 
[INFO] [stdout] failures:
[INFO] [stdout]     src/password.rs - password::generate_password (line 11)
[INFO] [stdout] 
[INFO] [stdout] test result: FAILED. 0 passed; 1 failed; 0 ignored; 0 measured; 0 filtered out; finished in 0.08s
[INFO] [stdout] 
[INFO] [stderr] error: test failed, to rerun pass '--doc'
[INFO] running `Command { std: "docker" "inspect" "dd1b390ca2e830950761bb6246ed02ccb498c562e0a7d057b23e20187f925e27", kill_on_drop: false }`
[INFO] running `Command { std: "docker" "rm" "-f" "dd1b390ca2e830950761bb6246ed02ccb498c562e0a7d057b23e20187f925e27", kill_on_drop: false }`
[INFO] [stdout] dd1b390ca2e830950761bb6246ed02ccb498c562e0a7d057b23e20187f925e27
