[INFO] cloning repository https://github.com/PotatoDrug/MUI-Strings
[INFO] running `Command { std: "git" "-c" "credential.helper=" "-c" "credential.helper=/workspace/cargo-home/bin/git-credential-null" "clone" "--bare" "https://github.com/PotatoDrug/MUI-Strings" "/workspace/cache/git-repos/https%3A%2F%2Fgithub.com%2FPotatoDrug%2FMUI-Strings", kill_on_drop: false }`
[INFO] [stderr] Cloning into bare repository '/workspace/cache/git-repos/https%3A%2F%2Fgithub.com%2FPotatoDrug%2FMUI-Strings'...
[INFO] running `Command { std: "git" "rev-parse" "HEAD", kill_on_drop: false }`
[INFO] [stdout] eadf35324f07908d2740d40d0cd8b1ae504e4c26
[INFO] testing PotatoDrug/MUI-Strings against beta-2021-08-01 for beta-1.55-1
[INFO] running `Command { std: "git" "clone" "/workspace/cache/git-repos/https%3A%2F%2Fgithub.com%2FPotatoDrug%2FMUI-Strings" "/workspace/builds/worker-1/source", kill_on_drop: false }`
[INFO] [stderr] Cloning into '/workspace/builds/worker-1/source'...
[INFO] [stderr] done.
[INFO] validating manifest of git repo https://github.com/PotatoDrug/MUI-Strings on toolchain beta-2021-08-01
[INFO] running `Command { std: "/workspace/cargo-home/bin/cargo" "+beta-2021-08-01" "metadata" "--manifest-path" "Cargo.toml" "--no-deps", kill_on_drop: false }`
[INFO] started tweaking git repo https://github.com/PotatoDrug/MUI-Strings
[INFO] finished tweaking git repo https://github.com/PotatoDrug/MUI-Strings
[INFO] tweaked toml for git repo https://github.com/PotatoDrug/MUI-Strings written to /workspace/builds/worker-1/source/Cargo.toml
[INFO] crate git repo https://github.com/PotatoDrug/MUI-Strings already has a lockfile, it will not be regenerated
[INFO] running `Command { std: "/workspace/cargo-home/bin/cargo" "+beta-2021-08-01" "fetch" "--manifest-path" "Cargo.toml", kill_on_drop: false }`
[INFO] [stderr]     Blocking waiting for file lock on package cache
[INFO] [stderr]     Blocking waiting for file lock on package cache
[INFO] [stderr]  Downloading crates ...
[INFO] [stderr]   Downloaded goblin v0.0.22
[INFO] running `Command { std: "docker" "create" "-v" "/var/lib/crater-agent-workspace/builds/worker-1/target:/opt/rustwide/target:rw,Z" "-v" "/var/lib/crater-agent-workspace/builds/worker-1/source:/opt/rustwide/workdir:ro,Z" "-v" "/var/lib/crater-agent-workspace/cargo-home:/opt/rustwide/cargo-home:ro,Z" "-v" "/var/lib/crater-agent-workspace/rustup-home:/opt/rustwide/rustup-home:ro,Z" "-e" "SOURCE_DIR=/opt/rustwide/workdir" "-e" "CARGO_TARGET_DIR=/opt/rustwide/target" "-e" "CARGO_HOME=/opt/rustwide/cargo-home" "-e" "RUSTUP_HOME=/opt/rustwide/rustup-home" "-w" "/opt/rustwide/workdir" "-m" "1610612736" "--user" "0:0" "--network" "none" "ghcr.io/rust-lang/crates-build-env/linux@sha256:34b6a614d2c27851fe6cbf88fbd1137609cefab8b10d0615aaeb6fd47975d74e" "/opt/rustwide/cargo-home/bin/cargo" "+beta-2021-08-01" "metadata" "--no-deps" "--format-version=1", kill_on_drop: false }`
[INFO] [stdout] b4ec4c7612e66a668b62b9543b9396491a4ca2efed8bedbbf08c6bdcce5fabb6
[INFO] running `Command { std: "docker" "start" "-a" "b4ec4c7612e66a668b62b9543b9396491a4ca2efed8bedbbf08c6bdcce5fabb6", kill_on_drop: false }`
[INFO] running `Command { std: "docker" "inspect" "b4ec4c7612e66a668b62b9543b9396491a4ca2efed8bedbbf08c6bdcce5fabb6", kill_on_drop: false }`
[INFO] running `Command { std: "docker" "rm" "-f" "b4ec4c7612e66a668b62b9543b9396491a4ca2efed8bedbbf08c6bdcce5fabb6", kill_on_drop: false }`
[INFO] [stdout] b4ec4c7612e66a668b62b9543b9396491a4ca2efed8bedbbf08c6bdcce5fabb6
[INFO] running `Command { std: "docker" "create" "-v" "/var/lib/crater-agent-workspace/builds/worker-1/target:/opt/rustwide/target:rw,Z" "-v" "/var/lib/crater-agent-workspace/builds/worker-1/source:/opt/rustwide/workdir:ro,Z" "-v" "/var/lib/crater-agent-workspace/cargo-home:/opt/rustwide/cargo-home:ro,Z" "-v" "/var/lib/crater-agent-workspace/rustup-home:/opt/rustwide/rustup-home:ro,Z" "-e" "SOURCE_DIR=/opt/rustwide/workdir" "-e" "CARGO_TARGET_DIR=/opt/rustwide/target" "-e" "CARGO_INCREMENTAL=0" "-e" "RUST_BACKTRACE=full" "-e" "RUSTFLAGS=--cap-lints=warn" "-e" "CARGO_HOME=/opt/rustwide/cargo-home" "-e" "RUSTUP_HOME=/opt/rustwide/rustup-home" "-w" "/opt/rustwide/workdir" "-m" "1610612736" "--user" "0:0" "--network" "none" "ghcr.io/rust-lang/crates-build-env/linux@sha256:34b6a614d2c27851fe6cbf88fbd1137609cefab8b10d0615aaeb6fd47975d74e" "/opt/rustwide/cargo-home/bin/cargo" "+beta-2021-08-01" "build" "--frozen" "--message-format=json", kill_on_drop: false }`
[INFO] [stdout] c87024994e75ef0e146b70fee817b81eba232b2d4796912e07a6816ad246bf67
[INFO] running `Command { std: "docker" "start" "-a" "c87024994e75ef0e146b70fee817b81eba232b2d4796912e07a6816ad246bf67", kill_on_drop: false }`
[INFO] [stderr]    Compiling proc-macro2 v0.4.28
[INFO] [stderr]    Compiling syn v0.15.33
[INFO] [stderr]    Compiling libc v0.2.53
[INFO] [stderr]    Compiling cfg-if v0.1.7
[INFO] [stderr]    Compiling plain v0.2.3
[INFO] [stderr]    Compiling bitflags v1.0.4
[INFO] [stderr]    Compiling textwrap v0.11.0
[INFO] [stderr]    Compiling scroll v0.9.2
[INFO] [stderr]    Compiling log v0.4.6
[INFO] [stderr]    Compiling quote v0.6.12
[INFO] [stderr]    Compiling atty v0.2.11
[INFO] [stderr]    Compiling clap v2.33.0
[INFO] [stderr]    Compiling scroll_derive v0.9.5
[INFO] [stderr]    Compiling goblin v0.0.22
[INFO] [stderr]    Compiling mui_strings v0.1.0 (/opt/rustwide/workdir)
[INFO] [stderr]     Finished dev [unoptimized + debuginfo] target(s) in 25.41s
[INFO] running `Command { std: "docker" "inspect" "c87024994e75ef0e146b70fee817b81eba232b2d4796912e07a6816ad246bf67", kill_on_drop: false }`
[INFO] running `Command { std: "docker" "rm" "-f" "c87024994e75ef0e146b70fee817b81eba232b2d4796912e07a6816ad246bf67", kill_on_drop: false }`
[INFO] [stdout] c87024994e75ef0e146b70fee817b81eba232b2d4796912e07a6816ad246bf67
[INFO] running `Command { std: "docker" "create" "-v" "/var/lib/crater-agent-workspace/builds/worker-1/target:/opt/rustwide/target:rw,Z" "-v" "/var/lib/crater-agent-workspace/builds/worker-1/source:/opt/rustwide/workdir:ro,Z" "-v" "/var/lib/crater-agent-workspace/cargo-home:/opt/rustwide/cargo-home:ro,Z" "-v" "/var/lib/crater-agent-workspace/rustup-home:/opt/rustwide/rustup-home:ro,Z" "-e" "SOURCE_DIR=/opt/rustwide/workdir" "-e" "CARGO_TARGET_DIR=/opt/rustwide/target" "-e" "CARGO_INCREMENTAL=0" "-e" "RUST_BACKTRACE=full" "-e" "RUSTFLAGS=--cap-lints=warn" "-e" "CARGO_HOME=/opt/rustwide/cargo-home" "-e" "RUSTUP_HOME=/opt/rustwide/rustup-home" "-w" "/opt/rustwide/workdir" "-m" "1610612736" "--user" "0:0" "--network" "none" "ghcr.io/rust-lang/crates-build-env/linux@sha256:34b6a614d2c27851fe6cbf88fbd1137609cefab8b10d0615aaeb6fd47975d74e" "/opt/rustwide/cargo-home/bin/cargo" "+beta-2021-08-01" "test" "--frozen" "--no-run" "--message-format=json", kill_on_drop: false }`
[INFO] [stdout] 0ac351ee419bd71c642c20929453094876717738aabb3af53f0eb2da3b0a14a8
[INFO] running `Command { std: "docker" "start" "-a" "0ac351ee419bd71c642c20929453094876717738aabb3af53f0eb2da3b0a14a8", kill_on_drop: false }`
[INFO] [stderr]    Compiling mui_strings v0.1.0 (/opt/rustwide/workdir)
[INFO] [stderr]     Finished test [unoptimized + debuginfo] target(s) in 1.47s
[INFO] running `Command { std: "docker" "inspect" "0ac351ee419bd71c642c20929453094876717738aabb3af53f0eb2da3b0a14a8", kill_on_drop: false }`
[INFO] running `Command { std: "docker" "rm" "-f" "0ac351ee419bd71c642c20929453094876717738aabb3af53f0eb2da3b0a14a8", kill_on_drop: false }`
[INFO] [stdout] 0ac351ee419bd71c642c20929453094876717738aabb3af53f0eb2da3b0a14a8
[INFO] running `Command { std: "docker" "create" "-v" "/var/lib/crater-agent-workspace/builds/worker-1/target:/opt/rustwide/target:rw,Z" "-v" "/var/lib/crater-agent-workspace/builds/worker-1/source:/opt/rustwide/workdir:ro,Z" "-v" "/var/lib/crater-agent-workspace/cargo-home:/opt/rustwide/cargo-home:ro,Z" "-v" "/var/lib/crater-agent-workspace/rustup-home:/opt/rustwide/rustup-home:ro,Z" "-e" "SOURCE_DIR=/opt/rustwide/workdir" "-e" "CARGO_TARGET_DIR=/opt/rustwide/target" "-e" "CARGO_INCREMENTAL=0" "-e" "RUST_BACKTRACE=full" "-e" "RUSTFLAGS=--cap-lints=warn" "-e" "CARGO_HOME=/opt/rustwide/cargo-home" "-e" "RUSTUP_HOME=/opt/rustwide/rustup-home" "-w" "/opt/rustwide/workdir" "-m" "1610612736" "--user" "0:0" "--network" "none" "ghcr.io/rust-lang/crates-build-env/linux@sha256:34b6a614d2c27851fe6cbf88fbd1137609cefab8b10d0615aaeb6fd47975d74e" "/opt/rustwide/cargo-home/bin/cargo" "+beta-2021-08-01" "test" "--frozen", kill_on_drop: false }`
[INFO] [stdout] a260398499c804aa75491f1262c033003a310bd97e4d8670a760ca8191089c5a
[INFO] running `Command { std: "docker" "start" "-a" "a260398499c804aa75491f1262c033003a310bd97e4d8670a760ca8191089c5a", kill_on_drop: false }`
[INFO] [stderr]     Finished test [unoptimized + debuginfo] target(s) in 0.04s
[INFO] [stderr]      Running unittests (/opt/rustwide/target/debug/deps/mui_strings-77ebf21f5f954106)
[INFO] [stderr]      Running unittests (/opt/rustwide/target/debug/deps/ms-b594090aa2df33b1)
[INFO] [stdout] 
[INFO] [stdout] running 0 tests
[INFO] [stdout] 
[INFO] [stdout] test result: ok. 0 passed; 0 failed; 0 ignored; 0 measured; 0 filtered out; finished in 0.00s
[INFO] [stdout] 
[INFO] [stderr]    Doc-tests mui_strings
[INFO] [stdout] 
[INFO] [stdout] running 0 tests
[INFO] [stdout] 
[INFO] [stdout] test result: ok. 0 passed; 0 failed; 0 ignored; 0 measured; 0 filtered out; finished in 0.00s
[INFO] [stdout] 
[INFO] [stdout] 
[INFO] [stdout] running 1 test
[INFO] [stdout] test src/lib.rs - read_dir (line 93) ... FAILED
[INFO] [stdout] 
[INFO] [stdout] failures:
[INFO] [stdout] 
[INFO] [stdout] ---- src/lib.rs - read_dir (line 93) stdout ----
[INFO] [stdout] error[E0425]: cannot find function `read_dir` in this scope
[INFO] [stdout]  --> src/lib.rs:94:20
[INFO] [stdout]   |
[INFO] [stdout] 3 | let resource_dir = read_dir(&buffer, &mut offset);
[INFO] [stdout]   |                    ^^^^^^^^ not found in this scope
[INFO] [stdout]   |
[INFO] [stdout] help: consider importing this function
[INFO] [stdout]   |
[INFO] [stdout] 2 | use std::fs::read_dir;
[INFO] [stdout]   |
[INFO] [stdout] 
[INFO] [stdout] error[E0425]: cannot find value `buffer` in this scope
[INFO] [stdout]  --> src/lib.rs:94:30
[INFO] [stdout]   |
[INFO] [stdout] 3 | let resource_dir = read_dir(&buffer, &mut offset);
[INFO] [stdout]   |                              ^^^^^^ not found in this scope
[INFO] [stdout] 
[INFO] [stdout] error[E0425]: cannot find value `offset` in this scope
[INFO] [stdout]  --> src/lib.rs:94:43
[INFO] [stdout]   |
[INFO] [stdout] 3 | let resource_dir = read_dir(&buffer, &mut offset);
[INFO] [stdout]   |                                           ^^^^^^ not found in this scope
[INFO] [stdout]   |
[INFO] [stdout] help: consider importing one of these items
[INFO] [stdout]   |
[INFO] [stdout] 2 | use core::intrinsics::offset;
[INFO] [stdout]   |
[INFO] [stdout] 2 | use std::intrinsics::offset;
[INFO] [stdout]   |
[INFO] [stdout] 
[INFO] [stdout] error: aborting due to 3 previous errors
[INFO] [stdout] 
[INFO] [stdout] For more information about this error, try `rustc --explain E0425`.
[INFO] [stdout] Couldn't compile the test.
[INFO] [stdout] 
[INFO] [stdout] failures:
[INFO] [stdout]     src/lib.rs - read_dir (line 93)
[INFO] [stdout] 
[INFO] [stdout] test result: FAILED. 0 passed; 1 failed; 0 ignored; 0 measured; 0 filtered out; finished in 0.16s
[INFO] [stdout] 
[INFO] [stderr] error: test failed, to rerun pass '--doc'
[INFO] running `Command { std: "docker" "inspect" "a260398499c804aa75491f1262c033003a310bd97e4d8670a760ca8191089c5a", kill_on_drop: false }`
[INFO] running `Command { std: "docker" "rm" "-f" "a260398499c804aa75491f1262c033003a310bd97e4d8670a760ca8191089c5a", kill_on_drop: false }`
[INFO] [stdout] a260398499c804aa75491f1262c033003a310bd97e4d8670a760ca8191089c5a
