[INFO] cloning repository https://github.com/PolySync/cargo-culture
[INFO] running `Command { std: "git" "-c" "credential.helper=" "-c" "credential.helper=/workspace/cargo-home/bin/git-credential-null" "clone" "--bare" "https://github.com/PolySync/cargo-culture" "/workspace/cache/git-repos/https%3A%2F%2Fgithub.com%2FPolySync%2Fcargo-culture", kill_on_drop: false }`
[INFO] [stderr] Cloning into bare repository '/workspace/cache/git-repos/https%3A%2F%2Fgithub.com%2FPolySync%2Fcargo-culture'...
[INFO] running `Command { std: "git" "rev-parse" "HEAD", kill_on_drop: false }`
[INFO] [stdout] 7d2cd3403d82477f1236ab58d257cfe03243e8e4
[INFO] testing PolySync/cargo-culture against beta-2021-08-01 for beta-1.55-1
[INFO] running `Command { std: "git" "clone" "/workspace/cache/git-repos/https%3A%2F%2Fgithub.com%2FPolySync%2Fcargo-culture" "/workspace/builds/worker-12/source", kill_on_drop: false }`
[INFO] [stderr] Cloning into '/workspace/builds/worker-12/source'...
[INFO] [stderr] done.
[INFO] validating manifest of git repo https://github.com/PolySync/cargo-culture on toolchain beta-2021-08-01
[INFO] running `Command { std: "/workspace/cargo-home/bin/cargo" "+beta-2021-08-01" "metadata" "--manifest-path" "Cargo.toml" "--no-deps", kill_on_drop: false }`
[INFO] removed /workspace/builds/worker-12/source/rust-toolchain
[INFO] started tweaking git repo https://github.com/PolySync/cargo-culture
[INFO] finished tweaking git repo https://github.com/PolySync/cargo-culture
[INFO] tweaked toml for git repo https://github.com/PolySync/cargo-culture written to /workspace/builds/worker-12/source/Cargo.toml
[INFO] crate git repo https://github.com/PolySync/cargo-culture already has a lockfile, it will not be regenerated
[INFO] running `Command { std: "/workspace/cargo-home/bin/cargo" "+beta-2021-08-01" "fetch" "--manifest-path" "Cargo.toml", kill_on_drop: false }`
[INFO] [stderr]  Downloading crates ...
[INFO] [stderr]   Downloaded cargo_metadata v0.5.8
[INFO] [stderr]   Downloaded proptest v0.7.2
[INFO] running `Command { std: "docker" "create" "-v" "/var/lib/crater-agent-workspace/builds/worker-12/target:/opt/rustwide/target:rw,Z" "-v" "/var/lib/crater-agent-workspace/builds/worker-12/source:/opt/rustwide/workdir:ro,Z" "-v" "/var/lib/crater-agent-workspace/cargo-home:/opt/rustwide/cargo-home:ro,Z" "-v" "/var/lib/crater-agent-workspace/rustup-home:/opt/rustwide/rustup-home:ro,Z" "-e" "SOURCE_DIR=/opt/rustwide/workdir" "-e" "CARGO_TARGET_DIR=/opt/rustwide/target" "-e" "CARGO_HOME=/opt/rustwide/cargo-home" "-e" "RUSTUP_HOME=/opt/rustwide/rustup-home" "-w" "/opt/rustwide/workdir" "-m" "1610612736" "--user" "0:0" "--network" "none" "ghcr.io/rust-lang/crates-build-env/linux@sha256:34b6a614d2c27851fe6cbf88fbd1137609cefab8b10d0615aaeb6fd47975d74e" "/opt/rustwide/cargo-home/bin/cargo" "+beta-2021-08-01" "metadata" "--no-deps" "--format-version=1", kill_on_drop: false }`
[INFO] [stdout] 9ef932a6f13eede5b02b19ac57e34132353444b03d783438f8bdfb0a46c9a0e5
[INFO] running `Command { std: "docker" "start" "-a" "9ef932a6f13eede5b02b19ac57e34132353444b03d783438f8bdfb0a46c9a0e5", kill_on_drop: false }`
[INFO] running `Command { std: "docker" "inspect" "9ef932a6f13eede5b02b19ac57e34132353444b03d783438f8bdfb0a46c9a0e5", kill_on_drop: false }`
[INFO] running `Command { std: "docker" "rm" "-f" "9ef932a6f13eede5b02b19ac57e34132353444b03d783438f8bdfb0a46c9a0e5", kill_on_drop: false }`
[INFO] [stdout] 9ef932a6f13eede5b02b19ac57e34132353444b03d783438f8bdfb0a46c9a0e5
[INFO] running `Command { std: "docker" "create" "-v" "/var/lib/crater-agent-workspace/builds/worker-12/target:/opt/rustwide/target:rw,Z" "-v" "/var/lib/crater-agent-workspace/builds/worker-12/source:/opt/rustwide/workdir:ro,Z" "-v" "/var/lib/crater-agent-workspace/cargo-home:/opt/rustwide/cargo-home:ro,Z" "-v" "/var/lib/crater-agent-workspace/rustup-home:/opt/rustwide/rustup-home:ro,Z" "-e" "SOURCE_DIR=/opt/rustwide/workdir" "-e" "CARGO_TARGET_DIR=/opt/rustwide/target" "-e" "CARGO_INCREMENTAL=0" "-e" "RUST_BACKTRACE=full" "-e" "RUSTFLAGS=--cap-lints=warn" "-e" "CARGO_HOME=/opt/rustwide/cargo-home" "-e" "RUSTUP_HOME=/opt/rustwide/rustup-home" "-w" "/opt/rustwide/workdir" "-m" "1610612736" "--user" "0:0" "--network" "none" "ghcr.io/rust-lang/crates-build-env/linux@sha256:34b6a614d2c27851fe6cbf88fbd1137609cefab8b10d0615aaeb6fd47975d74e" "/opt/rustwide/cargo-home/bin/cargo" "+beta-2021-08-01" "build" "--frozen" "--message-format=json", kill_on_drop: false }`
[INFO] [stdout] d5f36b855bc23353fd56017e2e0a2880d4f64bb31304fd39e7593ec0b9e6c739
[INFO] running `Command { std: "docker" "start" "-a" "d5f36b855bc23353fd56017e2e0a2880d4f64bb31304fd39e7593ec0b9e6c739", kill_on_drop: false }`
[INFO] [stderr]    Compiling rustc-demangle v0.1.8
[INFO] [stderr]    Compiling ucd-util v0.1.1
[INFO] [stderr]    Compiling regex v1.0.1
[INFO] [stderr]    Compiling bitflags v1.0.3
[INFO] [stderr]    Compiling atty v0.2.10
[INFO] [stderr]    Compiling proc-macro2 v0.4.6
[INFO] [stderr]    Compiling backtrace-sys v0.1.23
[INFO] [stderr]    Compiling aho-corasick v0.6.6
[INFO] [stderr]    Compiling colored v1.6.1
[INFO] [stderr]    Compiling syn v0.11.11
[INFO] [stderr]    Compiling thread_local v0.3.5
[INFO] [stderr]    Compiling semver v0.9.0
[INFO] [stderr]    Compiling serde_json v1.0.22
[INFO] [stderr]    Compiling regex-syntax v0.6.1
[INFO] [stderr]    Compiling clap v2.32.0
[INFO] [stderr]    Compiling quote v0.6.3
[INFO] [stderr]    Compiling syn v0.14.4
[INFO] [stderr]    Compiling synstructure v0.6.1
[INFO] [stderr]    Compiling backtrace v0.3.9
[INFO] [stderr]    Compiling error-chain v0.11.0
[INFO] [stderr]    Compiling failure_derive v0.1.1
[INFO] [stderr]    Compiling failure v0.1.1
[INFO] [stderr]    Compiling serde_derive v1.0.70
[INFO] [stderr]    Compiling structopt-derive v0.2.10
[INFO] [stderr]    Compiling structopt v0.2.10
[INFO] [stderr]    Compiling cargo_metadata v0.5.8
[INFO] [stderr]    Compiling cargo-culture-kit v1.0.0 (/opt/rustwide/workdir/cargo-culture-kit)
[INFO] [stdout] warning: trait objects without an explicit `dyn` are deprecated
[INFO] [stdout]   --> cargo-culture-kit/src/checklist.rs:87:32
[INFO] [stdout]    |
[INFO] [stdout] 87 |     available_rules: &'rules [&Rule],
[INFO] [stdout]    |                                ^^^^ help: use `dyn`: `dyn Rule`
[INFO] [stdout]    |
[INFO] [stdout]    = note: `#[warn(bare_trait_objects)]` on by default
[INFO] [stdout]    = warning: this is accepted in the current edition (Rust 2015) but is a hard error in Rust 2021!
[INFO] [stdout]    = note: for more information, see issue #80165 <https://github.com/rust-lang/rust/issues/80165>
[INFO] [stdout] 
[INFO] [stdout] 
[INFO] [stdout] warning: trait objects without an explicit `dyn` are deprecated
[INFO] [stdout]   --> cargo-culture-kit/src/checklist.rs:88:25
[INFO] [stdout]    |
[INFO] [stdout] 88 | ) -> Result<Vec<&'rules Rule>, FilterError> {
[INFO] [stdout]    |                         ^^^^ help: use `dyn`: `dyn Rule`
[INFO] [stdout]    |
[INFO] [stdout]    = warning: this is accepted in the current edition (Rust 2015) but is a hard error in Rust 2021!
[INFO] [stdout]    = note: for more information, see issue #80165 <https://github.com/rust-lang/rust/issues/80165>
[INFO] [stdout] 
[INFO] [stdout] 
[INFO] [stdout] warning: trait objects without an explicit `dyn` are deprecated
[INFO] [stdout]    --> cargo-culture-kit/src/checklist.rs:128:28
[INFO] [stdout]     |
[INFO] [stdout] 128 |     available_rules: &'r [&Rule],
[INFO] [stdout]     |                            ^^^^ help: use `dyn`: `dyn Rule`
[INFO] [stdout]     |
[INFO] [stdout]     = warning: this is accepted in the current edition (Rust 2015) but is a hard error in Rust 2021!
[INFO] [stdout]     = note: for more information, see issue #80165 <https://github.com/rust-lang/rust/issues/80165>
[INFO] [stdout] 
[INFO] [stdout] 
[INFO] [stdout] warning: trait objects without an explicit `dyn` are deprecated
[INFO] [stdout]    --> cargo-culture-kit/src/checklist.rs:130:21
[INFO] [stdout]     |
[INFO] [stdout] 130 | ) -> Result<Vec<&'r Rule>, FilterError> {
[INFO] [stdout]     |                     ^^^^ help: use `dyn`: `dyn Rule`
[INFO] [stdout]     |
[INFO] [stdout]     = warning: this is accepted in the current edition (Rust 2015) but is a hard error in Rust 2021!
[INFO] [stdout]     = note: for more information, see issue #80165 <https://github.com/rust-lang/rust/issues/80165>
[INFO] [stdout] 
[INFO] [stdout] 
[INFO] [stdout] warning: trait objects without an explicit `dyn` are deprecated
[INFO] [stdout]    --> cargo-culture-kit/src/checklist.rs:131:25
[INFO] [stdout]     |
[INFO] [stdout] 131 |     let mut rules: Vec<&Rule> = Vec::with_capacity(desired_rule_descriptions.len());
[INFO] [stdout]     |                         ^^^^ help: use `dyn`: `dyn Rule`
[INFO] [stdout]     |
[INFO] [stdout]     = warning: this is accepted in the current edition (Rust 2015) but is a hard error in Rust 2021!
[INFO] [stdout]     = note: for more information, see issue #80165 <https://github.com/rust-lang/rust/issues/80165>
[INFO] [stdout] 
[INFO] [stdout] 
[INFO] [stdout] warning: trait objects without an explicit `dyn` are deprecated
[INFO] [stdout]    --> cargo-culture-kit/src/rules/builds_cleanly_without_warnings_or_errors.rs:118:24
[INFO] [stdout]     |
[INFO] [stdout] 118 |     print_output: &mut Write,
[INFO] [stdout]     |                        ^^^^^ help: use `dyn`: `dyn Write`
[INFO] [stdout]     |
[INFO] [stdout]     = warning: this is accepted in the current edition (Rust 2015) but is a hard error in Rust 2021!
[INFO] [stdout]     = note: for more information, see issue #80165 <https://github.com/rust-lang/rust/issues/80165>
[INFO] [stdout] 
[INFO] [stdout] 
[INFO] [stdout] warning: trait objects without an explicit `dyn` are deprecated
[INFO] [stdout]    --> cargo-culture-kit/src/rules/builds_cleanly_without_warnings_or_errors.rs:161:24
[INFO] [stdout]     |
[INFO] [stdout] 161 |     print_output: &mut Write,
[INFO] [stdout]     |                        ^^^^^ help: use `dyn`: `dyn Write`
[INFO] [stdout]     |
[INFO] [stdout]     = warning: this is accepted in the current edition (Rust 2015) but is a hard error in Rust 2021!
[INFO] [stdout]     = note: for more information, see issue #80165 <https://github.com/rust-lang/rust/issues/80165>
[INFO] [stdout] 
[INFO] [stdout] 
[INFO] [stdout] warning: trait objects without an explicit `dyn` are deprecated
[INFO] [stdout]   --> cargo-culture-kit/src/rules/mod.rs:82:31
[INFO] [stdout]    |
[INFO] [stdout] 82 |     pub print_output: &'a mut Write,
[INFO] [stdout]    |                               ^^^^^ help: use `dyn`: `dyn Write`
[INFO] [stdout]    |
[INFO] [stdout]    = warning: this is accepted in the current edition (Rust 2015) but is a hard error in Rust 2021!
[INFO] [stdout]    = note: for more information, see issue #80165 <https://github.com/rust-lang/rust/issues/80165>
[INFO] [stdout] 
[INFO] [stdout] 
[INFO] [stdout] warning: trait objects without an explicit `dyn` are deprecated
[INFO] [stdout]   --> cargo-culture-kit/src/rules/mod.rs:87:35
[INFO] [stdout]    |
[INFO] [stdout] 87 | pub fn default_rules() -> Vec<Box<Rule>> {
[INFO] [stdout]    |                                   ^^^^ help: use `dyn`: `dyn Rule`
[INFO] [stdout]    |
[INFO] [stdout]    = warning: this is accepted in the current edition (Rust 2015) but is a hard error in Rust 2021!
[INFO] [stdout]    = note: for more information, see issue #80165 <https://github.com/rust-lang/rust/issues/80165>
[INFO] [stdout] 
[INFO] [stdout] 
[INFO] [stdout] warning: trait objects without an explicit `dyn` are deprecated
[INFO] [stdout]    --> cargo-culture-kit/src/lib.rs:174:69
[INFO] [stdout]     |
[INFO] [stdout] 174 |     let rule_refs = rules.iter().map(|r| r.as_ref()).collect::<Vec<&Rule>>();
[INFO] [stdout]     |                                                                     ^^^^ help: use `dyn`: `dyn Rule`
[INFO] [stdout]     |
[INFO] [stdout]     = warning: this is accepted in the current edition (Rust 2015) but is a hard error in Rust 2021!
[INFO] [stdout]     = note: for more information, see issue #80165 <https://github.com/rust-lang/rust/issues/80165>
[INFO] [stdout] 
[INFO] [stdout] 
[INFO] [stdout] warning: trait objects without an explicit `dyn` are deprecated
[INFO] [stdout]    --> cargo-culture-kit/src/lib.rs:227:15
[INFO] [stdout]     |
[INFO] [stdout] 227 |     rules: &[&Rule],
[INFO] [stdout]     |               ^^^^ help: use `dyn`: `dyn Rule`
[INFO] [stdout]     |
[INFO] [stdout]     = warning: this is accepted in the current edition (Rust 2015) but is a hard error in Rust 2021!
[INFO] [stdout]     = note: for more information, see issue #80165 <https://github.com/rust-lang/rust/issues/80165>
[INFO] [stdout] 
[INFO] [stdout] 
[INFO] [stdout] warning: trait objects without an explicit `dyn` are deprecated
[INFO] [stdout]    --> cargo-culture-kit/src/lib.rs:267:15
[INFO] [stdout]     |
[INFO] [stdout] 267 |     rules: &[&Rule],
[INFO] [stdout]     |               ^^^^ help: use `dyn`: `dyn Rule`
[INFO] [stdout]     |
[INFO] [stdout]     = warning: this is accepted in the current edition (Rust 2015) but is a hard error in Rust 2021!
[INFO] [stdout]     = note: for more information, see issue #80165 <https://github.com/rust-lang/rust/issues/80165>
[INFO] [stdout] 
[INFO] [stdout] 
[INFO] [stdout] warning: trait objects without an explicit `dyn` are deprecated
[INFO] [stdout]    --> cargo-culture-kit/src/lib.rs:397:12
[INFO] [stdout]     |
[INFO] [stdout] 397 |     rule: &Rule,
[INFO] [stdout]     |            ^^^^ help: use `dyn`: `dyn Rule`
[INFO] [stdout]     |
[INFO] [stdout]     = warning: this is accepted in the current edition (Rust 2015) but is a hard error in Rust 2021!
[INFO] [stdout]     = note: for more information, see issue #80165 <https://github.com/rust-lang/rust/issues/80165>
[INFO] [stdout] 
[INFO] [stdout] 
[INFO] [stdout] warning: use of deprecated constant `std::sync::ONCE_INIT`: the `new` function is now preferred
[INFO] [stdout]    --> cargo-culture-kit/src/rules/builds_cleanly_without_warnings_or_errors.rs:108:1
[INFO] [stdout]     |
[INFO] [stdout] 108 | / lazy_static! {
[INFO] [stdout] 109 | |     static ref WARNING_JSON: Regex = Regex::new(".*\"level\":\"warning\".*")
[INFO] [stdout] 110 | |         .expect("Failed to create BuildsCleanlyWithoutWarningsOrErrors regex.");
[INFO] [stdout] 111 | | }
[INFO] [stdout]     | |_^
[INFO] [stdout]     |
[INFO] [stdout]     = note: `#[warn(deprecated)]` on by default
[INFO] [stdout]     = note: this warning originates in the macro `__lazy_static_create` (in Nightly builds, run with -Z macro-backtrace for more info)
[INFO] [stdout] 
[INFO] [stdout] 
[INFO] [stdout] warning: use of deprecated constant `std::sync::ONCE_INIT`: the `new` function is now preferred
[INFO] [stdout]   --> cargo-culture-kit/src/rules/has_continuous_integration_file.rs:18:1
[INFO] [stdout]    |
[INFO] [stdout] 18 | / lazy_static! {
[INFO] [stdout] 19 | |     static ref HAS_CONTINUOUS_INTEGRATION_FILE: Regex =
[INFO] [stdout] 20 | |         Regex::new(r"^(?i)(appveyor|\.appveyor|\.drone|\.gitlab-ci|\.travis)\.ya?ml$")
[INFO] [stdout] 21 | |             .expect("Failed to create HasContinuousIntegrationFile regex.");
[INFO] [stdout] 22 | | }
[INFO] [stdout]    | |_^
[INFO] [stdout]    |
[INFO] [stdout]    = note: this warning originates in the macro `__lazy_static_create` (in Nightly builds, run with -Z macro-backtrace for more info)
[INFO] [stdout] 
[INFO] [stdout] 
[INFO] [stdout] warning: use of deprecated constant `std::sync::ONCE_INIT`: the `new` function is now preferred
[INFO] [stdout]   --> cargo-culture-kit/src/rules/has_contributing_file.rs:20:1
[INFO] [stdout]    |
[INFO] [stdout] 20 | / lazy_static! {
[INFO] [stdout] 21 | |     static ref HAS_CONTRIBUTING_FILE: Regex =
[INFO] [stdout] 22 | |         Regex::new(r"^(?i)CONTRIBUTING").expect("Failed to create HasContributingFile regex.");
[INFO] [stdout] 23 | | }
[INFO] [stdout]    | |_^
[INFO] [stdout]    |
[INFO] [stdout]    = note: this warning originates in the macro `__lazy_static_create` (in Nightly builds, run with -Z macro-backtrace for more info)
[INFO] [stdout] 
[INFO] [stdout] 
[INFO] [stdout] warning: use of deprecated constant `std::sync::ONCE_INIT`: the `new` function is now preferred
[INFO] [stdout]   --> cargo-culture-kit/src/rules/has_license_file.rs:15:1
[INFO] [stdout]    |
[INFO] [stdout] 15 | / lazy_static! {
[INFO] [stdout] 16 | |     static ref HAS_LICENSE_FILE: Regex =
[INFO] [stdout] 17 | |         Regex::new(r"^(?i)LICENSE").expect("Failed to create HasLicenseFile regex.");
[INFO] [stdout] 18 | | }
[INFO] [stdout]    | |_^
[INFO] [stdout]    |
[INFO] [stdout]    = note: this warning originates in the macro `__lazy_static_create` (in Nightly builds, run with -Z macro-backtrace for more info)
[INFO] [stdout] 
[INFO] [stdout] 
[INFO] [stdout] warning: use of deprecated constant `std::sync::ONCE_INIT`: the `new` function is now preferred
[INFO] [stdout]   --> cargo-culture-kit/src/rules/has_readme_file.rs:15:1
[INFO] [stdout]    |
[INFO] [stdout] 15 | / lazy_static! {
[INFO] [stdout] 16 | |     static ref HAS_README_FILE: Regex =
[INFO] [stdout] 17 | |         Regex::new(r"^README\.?.*").expect("Failed to create HasReadmeFile regex.");
[INFO] [stdout] 18 | | }
[INFO] [stdout]    | |_^
[INFO] [stdout]    |
[INFO] [stdout]    = note: this warning originates in the macro `__lazy_static_create` (in Nightly builds, run with -Z macro-backtrace for more info)
[INFO] [stdout] 
[INFO] [stdout] 
[INFO] [stdout] warning: use of deprecated constant `std::sync::ONCE_INIT`: the `new` function is now preferred
[INFO] [stdout]   --> cargo-culture-kit/src/rules/has_rustfmt_file.rs:23:1
[INFO] [stdout]    |
[INFO] [stdout] 23 | / lazy_static! {
[INFO] [stdout] 24 | |     static ref HAS_RUSTFMT_FILE: Regex =
[INFO] [stdout] 25 | |         Regex::new(r"^\.?(legacy-)?rustfmt.toml$").expect("Failed to create HasRustfmtFile regex.");
[INFO] [stdout] 26 | | }
[INFO] [stdout]    | |_^
[INFO] [stdout]    |
[INFO] [stdout]    = note: this warning originates in the macro `__lazy_static_create` (in Nightly builds, run with -Z macro-backtrace for more info)
[INFO] [stdout] 
[INFO] [stdout] 
[INFO] [stdout] warning: use of deprecated constant `std::sync::ONCE_INIT`: the `new` function is now preferred
[INFO] [stdout]   --> cargo-culture-kit/src/rules/passes_multiple_tests.rs:28:1
[INFO] [stdout]    |
[INFO] [stdout] 28 | / lazy_static! {
[INFO] [stdout] 29 | |     static ref TEST_RESULT_NUM_PASSED: Regex =
[INFO] [stdout] 30 | |         Regex::new(r"(?m)^test result: ok. (?P<num_passed>\d+) passed;")
[INFO] [stdout] 31 | |             .expect("Failed to create regex for PassesMultipleTests.");
[INFO] [stdout] 32 | | }
[INFO] [stdout]    | |_^
[INFO] [stdout]    |
[INFO] [stdout]    = note: this warning originates in the macro `__lazy_static_create` (in Nightly builds, run with -Z macro-backtrace for more info)
[INFO] [stdout] 
[INFO] [stdout] 
[INFO] [stdout] warning: use of deprecated constant `std::sync::ONCE_INIT`: the `new` function is now preferred
[INFO] [stdout]   --> cargo-culture-kit/src/rules/uses_property_based_test_library.rs:40:1
[INFO] [stdout]    |
[INFO] [stdout] 40 | / lazy_static! {
[INFO] [stdout] 41 | |     static ref USES_PROPERTY_BASED_TEST_LIBRARY: Regex =
[INFO] [stdout] 42 | |         Regex::new(r"^(?i)(proptest|quickcheck|suppositions).*")
[INFO] [stdout] 43 | |             .expect("Failed to create UsesPropertyBasedTestLibrary regex.");
[INFO] [stdout] 44 | | }
[INFO] [stdout]    | |_^
[INFO] [stdout]    |
[INFO] [stdout]    = note: this warning originates in the macro `__lazy_static_create` (in Nightly builds, run with -Z macro-backtrace for more info)
[INFO] [stdout] 
[INFO] [stdout] 
[INFO] [stdout] warning: 21 warnings emitted
[INFO] [stdout] 
[INFO] [stdout] 
[INFO] [stderr]    Compiling cargo-culture v1.0.0 (/opt/rustwide/workdir/cargo-culture)
[INFO] [stdout] warning: unused `#[macro_use]` import
[INFO] [stdout]   --> cargo-culture/src/main.rs:31:1
[INFO] [stdout]    |
[INFO] [stdout] 31 | #[macro_use]
[INFO] [stdout]    | ^^^^^^^^^^^^
[INFO] [stdout]    |
[INFO] [stdout]    = note: `#[warn(unused_imports)]` on by default
[INFO] [stdout] 
[INFO] [stdout] 
[INFO] [stdout] warning: trait objects without an explicit `dyn` are deprecated
[INFO] [stdout]    --> cargo-culture/src/main.rs:125:70
[INFO] [stdout]     |
[INFO] [stdout] 125 |     let rules_refs = rules.iter().map(|r| r.as_ref()).collect::<Vec<&Rule>>();
[INFO] [stdout]     |                                                                      ^^^^ help: use `dyn`: `dyn Rule`
[INFO] [stdout]     |
[INFO] [stdout]     = note: `#[warn(bare_trait_objects)]` on by default
[INFO] [stdout]     = warning: this is accepted in the current edition (Rust 2015) but is a hard error in Rust 2021!
[INFO] [stdout]     = note: for more information, see issue #80165 <https://github.com/rust-lang/rust/issues/80165>
[INFO] [stdout] 
[INFO] [stdout] 
[INFO] [stdout] warning: 2 warnings emitted
[INFO] [stdout] 
[INFO] [stdout] 
[INFO] [stderr]     Finished dev [unoptimized + debuginfo] target(s) in 39.56s
[INFO] running `Command { std: "docker" "inspect" "d5f36b855bc23353fd56017e2e0a2880d4f64bb31304fd39e7593ec0b9e6c739", kill_on_drop: false }`
[INFO] running `Command { std: "docker" "rm" "-f" "d5f36b855bc23353fd56017e2e0a2880d4f64bb31304fd39e7593ec0b9e6c739", kill_on_drop: false }`
[INFO] [stdout] d5f36b855bc23353fd56017e2e0a2880d4f64bb31304fd39e7593ec0b9e6c739
[INFO] running `Command { std: "docker" "create" "-v" "/var/lib/crater-agent-workspace/builds/worker-12/target:/opt/rustwide/target:rw,Z" "-v" "/var/lib/crater-agent-workspace/builds/worker-12/source:/opt/rustwide/workdir:ro,Z" "-v" "/var/lib/crater-agent-workspace/cargo-home:/opt/rustwide/cargo-home:ro,Z" "-v" "/var/lib/crater-agent-workspace/rustup-home:/opt/rustwide/rustup-home:ro,Z" "-e" "SOURCE_DIR=/opt/rustwide/workdir" "-e" "CARGO_TARGET_DIR=/opt/rustwide/target" "-e" "CARGO_INCREMENTAL=0" "-e" "RUST_BACKTRACE=full" "-e" "RUSTFLAGS=--cap-lints=warn" "-e" "CARGO_HOME=/opt/rustwide/cargo-home" "-e" "RUSTUP_HOME=/opt/rustwide/rustup-home" "-w" "/opt/rustwide/workdir" "-m" "1610612736" "--user" "0:0" "--network" "none" "ghcr.io/rust-lang/crates-build-env/linux@sha256:34b6a614d2c27851fe6cbf88fbd1137609cefab8b10d0615aaeb6fd47975d74e" "/opt/rustwide/cargo-home/bin/cargo" "+beta-2021-08-01" "test" "--frozen" "--no-run" "--message-format=json", kill_on_drop: false }`
[INFO] [stdout] 4b7aec1e9f59b37040662bee8ddf2d29496beb18003d25562fc4518c414747a7
[INFO] running `Command { std: "docker" "start" "-a" "4b7aec1e9f59b37040662bee8ddf2d29496beb18003d25562fc4518c414747a7", kill_on_drop: false }`
[INFO] [stderr]    Compiling remove_dir_all v0.5.1
[INFO] [stderr]    Compiling num-traits v0.2.5
[INFO] [stderr]    Compiling bit-vec v0.5.0
[INFO] [stderr]    Compiling regex-syntax v0.4.2
[INFO] [stderr]    Compiling rand v0.4.2
[INFO] [stderr]    Compiling wait-timeout v0.1.5
[INFO] [stdout] warning: trait objects without an explicit `dyn` are deprecated
[INFO] [stdout]   --> cargo-culture-kit/src/checklist.rs:87:32
[INFO] [stdout]    |
[INFO] [stdout] 87 |     available_rules: &'rules [&Rule],
[INFO] [stdout]    |                                ^^^^ help: use `dyn`: `dyn Rule`
[INFO] [stdout]    |
[INFO] [stdout]    = note: `#[warn(bare_trait_objects)]` on by default
[INFO] [stdout]    = warning: this is accepted in the current edition (Rust 2015) but is a hard error in Rust 2021!
[INFO] [stdout]    = note: for more information, see issue #80165 <https://github.com/rust-lang/rust/issues/80165>
[INFO] [stdout] 
[INFO] [stdout] 
[INFO] [stdout] warning: trait objects without an explicit `dyn` are deprecated
[INFO] [stdout]   --> cargo-culture-kit/src/checklist.rs:88:25
[INFO] [stdout]    |
[INFO] [stdout] 88 | ) -> Result<Vec<&'rules Rule>, FilterError> {
[INFO] [stdout]    |                         ^^^^ help: use `dyn`: `dyn Rule`
[INFO] [stdout]    |
[INFO] [stdout]    = warning: this is accepted in the current edition (Rust 2015) but is a hard error in Rust 2021!
[INFO] [stdout]    = note: for more information, see issue #80165 <https://github.com/rust-lang/rust/issues/80165>
[INFO] [stdout] 
[INFO] [stdout] 
[INFO] [stdout] warning: trait objects without an explicit `dyn` are deprecated
[INFO] [stdout]    --> cargo-culture-kit/src/checklist.rs:128:28
[INFO] [stdout]     |
[INFO] [stdout] 128 |     available_rules: &'r [&Rule],
[INFO] [stdout]     |                            ^^^^ help: use `dyn`: `dyn Rule`
[INFO] [stdout]     |
[INFO] [stdout]     = warning: this is accepted in the current edition (Rust 2015) but is a hard error in Rust 2021!
[INFO] [stdout]     = note: for more information, see issue #80165 <https://github.com/rust-lang/rust/issues/80165>
[INFO] [stdout] 
[INFO] [stdout] 
[INFO] [stdout] warning: trait objects without an explicit `dyn` are deprecated
[INFO] [stdout]    --> cargo-culture-kit/src/checklist.rs:130:21
[INFO] [stdout]     |
[INFO] [stdout] 130 | ) -> Result<Vec<&'r Rule>, FilterError> {
[INFO] [stdout]     |                     ^^^^ help: use `dyn`: `dyn Rule`
[INFO] [stdout]     |
[INFO] [stdout]     = warning: this is accepted in the current edition (Rust 2015) but is a hard error in Rust 2021!
[INFO] [stdout]     = note: for more information, see issue #80165 <https://github.com/rust-lang/rust/issues/80165>
[INFO] [stdout] 
[INFO] [stdout] 
[INFO] [stdout] warning: trait objects without an explicit `dyn` are deprecated
[INFO] [stdout]    --> cargo-culture-kit/src/checklist.rs:131:25
[INFO] [stdout]     |
[INFO] [stdout] 131 |     let mut rules: Vec<&Rule> = Vec::with_capacity(desired_rule_descriptions.len());
[INFO] [stdout]     |                         ^^^^ help: use `dyn`: `dyn Rule`
[INFO] [stdout]     |
[INFO] [stdout]     = warning: this is accepted in the current edition (Rust 2015) but is a hard error in Rust 2021!
[INFO] [stdout]     = note: for more information, see issue #80165 <https://github.com/rust-lang/rust/issues/80165>
[INFO] [stdout] 
[INFO] [stdout] 
[INFO] [stdout] warning: trait objects without an explicit `dyn` are deprecated
[INFO] [stdout]    --> cargo-culture-kit/src/rules/builds_cleanly_without_warnings_or_errors.rs:118:24
[INFO] [stdout]     |
[INFO] [stdout] 118 |     print_output: &mut Write,
[INFO] [stdout]     |                        ^^^^^ help: use `dyn`: `dyn Write`
[INFO] [stdout]     |
[INFO] [stdout]     = warning: this is accepted in the current edition (Rust 2015) but is a hard error in Rust 2021!
[INFO] [stdout]     = note: for more information, see issue #80165 <https://github.com/rust-lang/rust/issues/80165>
[INFO] [stdout] 
[INFO] [stdout] 
[INFO] [stdout] warning: trait objects without an explicit `dyn` are deprecated
[INFO] [stdout]    --> cargo-culture-kit/src/rules/builds_cleanly_without_warnings_or_errors.rs:161:24
[INFO] [stdout]     |
[INFO] [stdout] 161 |     print_output: &mut Write,
[INFO] [stdout]     |                        ^^^^^ help: use `dyn`: `dyn Write`
[INFO] [stdout]     |
[INFO] [stdout]     = warning: this is accepted in the current edition (Rust 2015) but is a hard error in Rust 2021!
[INFO] [stdout]     = note: for more information, see issue #80165 <https://github.com/rust-lang/rust/issues/80165>
[INFO] [stdout] 
[INFO] [stdout] 
[INFO] [stdout] warning: trait objects without an explicit `dyn` are deprecated
[INFO] [stdout]   --> cargo-culture-kit/src/rules/mod.rs:82:31
[INFO] [stdout]    |
[INFO] [stdout] 82 |     pub print_output: &'a mut Write,
[INFO] [stdout]    |                               ^^^^^ help: use `dyn`: `dyn Write`
[INFO] [stdout]    |
[INFO] [stdout]    = warning: this is accepted in the current edition (Rust 2015) but is a hard error in Rust 2021!
[INFO] [stdout]    = note: for more information, see issue #80165 <https://github.com/rust-lang/rust/issues/80165>
[INFO] [stdout] 
[INFO] [stdout] 
[INFO] [stdout] warning: trait objects without an explicit `dyn` are deprecated
[INFO] [stdout]   --> cargo-culture-kit/src/rules/mod.rs:87:35
[INFO] [stdout]    |
[INFO] [stdout] 87 | pub fn default_rules() -> Vec<Box<Rule>> {
[INFO] [stdout]    |                                   ^^^^ help: use `dyn`: `dyn Rule`
[INFO] [stdout]    |
[INFO] [stdout]    = warning: this is accepted in the current edition (Rust 2015) but is a hard error in Rust 2021!
[INFO] [stdout]    = note: for more information, see issue #80165 <https://github.com/rust-lang/rust/issues/80165>
[INFO] [stdout] 
[INFO] [stdout] 
[INFO] [stdout] warning: trait objects without an explicit `dyn` are deprecated
[INFO] [stdout]    --> cargo-culture-kit/src/lib.rs:174:69
[INFO] [stdout]     |
[INFO] [stdout] 174 |     let rule_refs = rules.iter().map(|r| r.as_ref()).collect::<Vec<&Rule>>();
[INFO] [stdout]     |                                                                     ^^^^ help: use `dyn`: `dyn Rule`
[INFO] [stdout]     |
[INFO] [stdout]     = warning: this is accepted in the current edition (Rust 2015) but is a hard error in Rust 2021!
[INFO] [stdout]     = note: for more information, see issue #80165 <https://github.com/rust-lang/rust/issues/80165>
[INFO] [stdout] 
[INFO] [stdout] 
[INFO] [stdout] warning: trait objects without an explicit `dyn` are deprecated
[INFO] [stdout]    --> cargo-culture-kit/src/lib.rs:227:15
[INFO] [stdout]     |
[INFO] [stdout] 227 |     rules: &[&Rule],
[INFO] [stdout]     |               ^^^^ help: use `dyn`: `dyn Rule`
[INFO] [stdout]     |
[INFO] [stdout]     = warning: this is accepted in the current edition (Rust 2015) but is a hard error in Rust 2021!
[INFO] [stdout]     = note: for more information, see issue #80165 <https://github.com/rust-lang/rust/issues/80165>
[INFO] [stdout] 
[INFO] [stdout] 
[INFO] [stdout] warning: trait objects without an explicit `dyn` are deprecated
[INFO] [stdout]    --> cargo-culture-kit/src/lib.rs:267:15
[INFO] [stdout]     |
[INFO] [stdout] 267 |     rules: &[&Rule],
[INFO] [stdout]     |               ^^^^ help: use `dyn`: `dyn Rule`
[INFO] [stdout]     |
[INFO] [stdout]     = warning: this is accepted in the current edition (Rust 2015) but is a hard error in Rust 2021!
[INFO] [stdout]     = note: for more information, see issue #80165 <https://github.com/rust-lang/rust/issues/80165>
[INFO] [stdout] 
[INFO] [stdout] 
[INFO] [stdout] warning: trait objects without an explicit `dyn` are deprecated
[INFO] [stdout]    --> cargo-culture-kit/src/lib.rs:397:12
[INFO] [stdout]     |
[INFO] [stdout] 397 |     rule: &Rule,
[INFO] [stdout]     |            ^^^^ help: use `dyn`: `dyn Rule`
[INFO] [stdout]     |
[INFO] [stdout]     = warning: this is accepted in the current edition (Rust 2015) but is a hard error in Rust 2021!
[INFO] [stdout]     = note: for more information, see issue #80165 <https://github.com/rust-lang/rust/issues/80165>
[INFO] [stdout] 
[INFO] [stdout] 
[INFO] [stdout] warning: use of deprecated constant `std::sync::ONCE_INIT`: the `new` function is now preferred
[INFO] [stdout]    --> cargo-culture-kit/src/rules/builds_cleanly_without_warnings_or_errors.rs:108:1
[INFO] [stdout]     |
[INFO] [stdout] 108 | / lazy_static! {
[INFO] [stdout] 109 | |     static ref WARNING_JSON: Regex = Regex::new(".*\"level\":\"warning\".*")
[INFO] [stdout] 110 | |         .expect("Failed to create BuildsCleanlyWithoutWarningsOrErrors regex.");
[INFO] [stdout] 111 | | }
[INFO] [stdout]     | |_^
[INFO] [stdout]     |
[INFO] [stdout]     = note: `#[warn(deprecated)]` on by default
[INFO] [stdout]     = note: this warning originates in the macro `__lazy_static_create` (in Nightly builds, run with -Z macro-backtrace for more info)
[INFO] [stdout] 
[INFO] [stdout] 
[INFO] [stdout] warning: use of deprecated constant `std::sync::ONCE_INIT`: the `new` function is now preferred
[INFO] [stdout]   --> cargo-culture-kit/src/rules/has_continuous_integration_file.rs:18:1
[INFO] [stdout]    |
[INFO] [stdout] 18 | / lazy_static! {
[INFO] [stdout] 19 | |     static ref HAS_CONTINUOUS_INTEGRATION_FILE: Regex =
[INFO] [stdout] 20 | |         Regex::new(r"^(?i)(appveyor|\.appveyor|\.drone|\.gitlab-ci|\.travis)\.ya?ml$")
[INFO] [stdout] 21 | |             .expect("Failed to create HasContinuousIntegrationFile regex.");
[INFO] [stdout] 22 | | }
[INFO] [stdout]    | |_^
[INFO] [stdout]    |
[INFO] [stdout]    = note: this warning originates in the macro `__lazy_static_create` (in Nightly builds, run with -Z macro-backtrace for more info)
[INFO] [stdout] 
[INFO] [stdout] 
[INFO] [stdout] warning: use of deprecated constant `std::sync::ONCE_INIT`: the `new` function is now preferred
[INFO] [stdout]   --> cargo-culture-kit/src/rules/has_contributing_file.rs:20:1
[INFO] [stdout]    |
[INFO] [stdout] 20 | / lazy_static! {
[INFO] [stdout] 21 | |     static ref HAS_CONTRIBUTING_FILE: Regex =
[INFO] [stdout] 22 | |         Regex::new(r"^(?i)CONTRIBUTING").expect("Failed to create HasContributingFile regex.");
[INFO] [stdout] 23 | | }
[INFO] [stdout]    | |_^
[INFO] [stdout]    |
[INFO] [stdout]    = note: this warning originates in the macro `__lazy_static_create` (in Nightly builds, run with -Z macro-backtrace for more info)
[INFO] [stdout] 
[INFO] [stdout] 
[INFO] [stdout] warning: use of deprecated constant `std::sync::ONCE_INIT`: the `new` function is now preferred
[INFO] [stdout]   --> cargo-culture-kit/src/rules/has_license_file.rs:15:1
[INFO] [stdout]    |
[INFO] [stdout] 15 | / lazy_static! {
[INFO] [stdout] 16 | |     static ref HAS_LICENSE_FILE: Regex =
[INFO] [stdout] 17 | |         Regex::new(r"^(?i)LICENSE").expect("Failed to create HasLicenseFile regex.");
[INFO] [stdout] 18 | | }
[INFO] [stdout]    | |_^
[INFO] [stdout]    |
[INFO] [stdout]    = note: this warning originates in the macro `__lazy_static_create` (in Nightly builds, run with -Z macro-backtrace for more info)
[INFO] [stdout] 
[INFO] [stdout] 
[INFO] [stdout] warning: use of deprecated constant `std::sync::ONCE_INIT`: the `new` function is now preferred
[INFO] [stdout]   --> cargo-culture-kit/src/rules/has_readme_file.rs:15:1
[INFO] [stdout]    |
[INFO] [stdout] 15 | / lazy_static! {
[INFO] [stdout] 16 | |     static ref HAS_README_FILE: Regex =
[INFO] [stdout] 17 | |         Regex::new(r"^README\.?.*").expect("Failed to create HasReadmeFile regex.");
[INFO] [stdout] 18 | | }
[INFO] [stdout]    | |_^
[INFO] [stdout]    |
[INFO] [stdout]    = note: this warning originates in the macro `__lazy_static_create` (in Nightly builds, run with -Z macro-backtrace for more info)
[INFO] [stdout] 
[INFO] [stdout] 
[INFO] [stdout] warning: use of deprecated constant `std::sync::ONCE_INIT`: the `new` function is now preferred
[INFO] [stdout]   --> cargo-culture-kit/src/rules/has_rustfmt_file.rs:23:1
[INFO] [stdout]    |
[INFO] [stdout] 23 | / lazy_static! {
[INFO] [stdout] 24 | |     static ref HAS_RUSTFMT_FILE: Regex =
[INFO] [stdout] 25 | |         Regex::new(r"^\.?(legacy-)?rustfmt.toml$").expect("Failed to create HasRustfmtFile regex.");
[INFO] [stdout] 26 | | }
[INFO] [stdout]    | |_^
[INFO] [stdout]    |
[INFO] [stdout]    = note: this warning originates in the macro `__lazy_static_create` (in Nightly builds, run with -Z macro-backtrace for more info)
[INFO] [stdout] 
[INFO] [stdout] 
[INFO] [stdout] warning: use of deprecated constant `std::sync::ONCE_INIT`: the `new` function is now preferred
[INFO] [stdout]   --> cargo-culture-kit/src/rules/passes_multiple_tests.rs:28:1
[INFO] [stdout]    |
[INFO] [stdout] 28 | / lazy_static! {
[INFO] [stdout] 29 | |     static ref TEST_RESULT_NUM_PASSED: Regex =
[INFO] [stdout] 30 | |         Regex::new(r"(?m)^test result: ok. (?P<num_passed>\d+) passed;")
[INFO] [stdout] 31 | |             .expect("Failed to create regex for PassesMultipleTests.");
[INFO] [stdout] 32 | | }
[INFO] [stdout]    | |_^
[INFO] [stdout]    |
[INFO] [stdout]    = note: this warning originates in the macro `__lazy_static_create` (in Nightly builds, run with -Z macro-backtrace for more info)
[INFO] [stdout] 
[INFO] [stdout] 
[INFO] [stdout] warning: use of deprecated constant `std::sync::ONCE_INIT`: the `new` function is now preferred
[INFO] [stdout]   --> cargo-culture-kit/src/rules/uses_property_based_test_library.rs:40:1
[INFO] [stdout]    |
[INFO] [stdout] 40 | / lazy_static! {
[INFO] [stdout] 41 | |     static ref USES_PROPERTY_BASED_TEST_LIBRARY: Regex =
[INFO] [stdout] 42 | |         Regex::new(r"^(?i)(proptest|quickcheck|suppositions).*")
[INFO] [stdout] 43 | |             .expect("Failed to create UsesPropertyBasedTestLibrary regex.");
[INFO] [stdout] 44 | | }
[INFO] [stdout]    | |_^
[INFO] [stdout]    |
[INFO] [stdout]    = note: this warning originates in the macro `__lazy_static_create` (in Nightly builds, run with -Z macro-backtrace for more info)
[INFO] [stdout] 
[INFO] [stdout] 
[INFO] [stdout] warning: 21 warnings emitted
[INFO] [stdout] 
[INFO] [stdout] 
[INFO] [stderr]    Compiling bit-set v0.5.0
[INFO] [stderr]    Compiling tempfile v3.0.2
[INFO] [stderr]    Compiling rusty-fork v0.2.0
[INFO] [stderr]    Compiling proptest v0.7.2
[INFO] [stderr]    Compiling cargo-culture-kit v1.0.0 (/opt/rustwide/workdir/cargo-culture-kit)
[INFO] [stderr]    Compiling cargo-culture v1.0.0 (/opt/rustwide/workdir/cargo-culture)
[INFO] [stdout] warning: unused `#[macro_use]` import
[INFO] [stdout]   --> cargo-culture/src/main.rs:31:1
[INFO] [stdout]    |
[INFO] [stdout] 31 | #[macro_use]
[INFO] [stdout]    | ^^^^^^^^^^^^
[INFO] [stdout]    |
[INFO] [stdout]    = note: `#[warn(unused_imports)]` on by default
[INFO] [stdout] 
[INFO] [stdout] 
[INFO] [stdout] warning: trait objects without an explicit `dyn` are deprecated
[INFO] [stdout]    --> cargo-culture/src/main.rs:125:70
[INFO] [stdout]     |
[INFO] [stdout] 125 |     let rules_refs = rules.iter().map(|r| r.as_ref()).collect::<Vec<&Rule>>();
[INFO] [stdout]     |                                                                      ^^^^ help: use `dyn`: `dyn Rule`
[INFO] [stdout]     |
[INFO] [stdout]     = note: `#[warn(bare_trait_objects)]` on by default
[INFO] [stdout]     = warning: this is accepted in the current edition (Rust 2015) but is a hard error in Rust 2021!
[INFO] [stdout]     = note: for more information, see issue #80165 <https://github.com/rust-lang/rust/issues/80165>
[INFO] [stdout] 
[INFO] [stdout] 
[INFO] [stdout] warning: use of deprecated function `std::env::home_dir`: This function's behavior is unexpected and probably not what you want. Consider using a crate from crates.io instead.
[INFO] [stdout]    --> cargo-culture/src/main.rs:212:25
[INFO] [stdout]     |
[INFO] [stdout] 212 |         let home = env::home_dir().unwrap_or(PathBuf::from("/home/user"));
[INFO] [stdout]     |                         ^^^^^^^^
[INFO] [stdout]     |
[INFO] [stdout]     = note: `#[warn(deprecated)]` on by default
[INFO] [stdout] 
[INFO] [stdout] 
[INFO] [stdout] warning: trait objects without an explicit `dyn` are deprecated
[INFO] [stdout]   --> cargo-culture-kit/src/checklist.rs:87:32
[INFO] [stdout]    |
[INFO] [stdout] 87 |     available_rules: &'rules [&Rule],
[INFO] [stdout]    |                                ^^^^ help: use `dyn`: `dyn Rule`
[INFO] [stdout]    |
[INFO] [stdout]    = note: `#[warn(bare_trait_objects)]` on by default
[INFO] [stdout]    = warning: this is accepted in the current edition (Rust 2015) but is a hard error in Rust 2021!
[INFO] [stdout]    = note: for more information, see issue #80165 <https://github.com/rust-lang/rust/issues/80165>
[INFO] [stdout] 
[INFO] [stdout] 
[INFO] [stdout] warning: trait objects without an explicit `dyn` are deprecated
[INFO] [stdout]   --> cargo-culture-kit/src/checklist.rs:88:25
[INFO] [stdout]    |
[INFO] [stdout] 88 | ) -> Result<Vec<&'rules Rule>, FilterError> {
[INFO] [stdout]    |                         ^^^^ help: use `dyn`: `dyn Rule`
[INFO] [stdout]    |
[INFO] [stdout]    = warning: this is accepted in the current edition (Rust 2015) but is a hard error in Rust 2021!
[INFO] [stdout]    = note: for more information, see issue #80165 <https://github.com/rust-lang/rust/issues/80165>
[INFO] [stdout] 
[INFO] [stdout] 
[INFO] [stdout] warning: trait objects without an explicit `dyn` are deprecated
[INFO] [stdout]    --> cargo-culture-kit/src/checklist.rs:128:28
[INFO] [stdout]     |
[INFO] [stdout] 128 |     available_rules: &'r [&Rule],
[INFO] [stdout]     |                            ^^^^ help: use `dyn`: `dyn Rule`
[INFO] [stdout]     |
[INFO] [stdout]     = warning: this is accepted in the current edition (Rust 2015) but is a hard error in Rust 2021!
[INFO] [stdout]     = note: for more information, see issue #80165 <https://github.com/rust-lang/rust/issues/80165>
[INFO] [stdout] 
[INFO] [stdout] 
[INFO] [stdout] warning: trait objects without an explicit `dyn` are deprecated
[INFO] [stdout]    --> cargo-culture-kit/src/checklist.rs:130:21
[INFO] [stdout]     |
[INFO] [stdout] 130 | ) -> Result<Vec<&'r Rule>, FilterError> {
[INFO] [stdout]     |                     ^^^^ help: use `dyn`: `dyn Rule`
[INFO] [stdout]     |
[INFO] [stdout]     = warning: this is accepted in the current edition (Rust 2015) but is a hard error in Rust 2021!
[INFO] [stdout]     = note: for more information, see issue #80165 <https://github.com/rust-lang/rust/issues/80165>
[INFO] [stdout] 
[INFO] [stdout] 
[INFO] [stdout] warning: trait objects without an explicit `dyn` are deprecated
[INFO] [stdout]    --> cargo-culture-kit/src/checklist.rs:131:25
[INFO] [stdout]     |
[INFO] [stdout] 131 |     let mut rules: Vec<&Rule> = Vec::with_capacity(desired_rule_descriptions.len());
[INFO] [stdout]     |                         ^^^^ help: use `dyn`: `dyn Rule`
[INFO] [stdout]     |
[INFO] [stdout]     = warning: this is accepted in the current edition (Rust 2015) but is a hard error in Rust 2021!
[INFO] [stdout]     = note: for more information, see issue #80165 <https://github.com/rust-lang/rust/issues/80165>
[INFO] [stdout] 
[INFO] [stdout] 
[INFO] [stdout] warning: trait objects without an explicit `dyn` are deprecated
[INFO] [stdout]    --> cargo-culture-kit/src/checklist.rs:270:27
[INFO] [stdout]     |
[INFO] [stdout] 270 |         let raw_rules: &[&Rule] = &[&rule_a, &rule_b];
[INFO] [stdout]     |                           ^^^^ help: use `dyn`: `dyn Rule`
[INFO] [stdout]     |
[INFO] [stdout]     = warning: this is accepted in the current edition (Rust 2015) but is a hard error in Rust 2021!
[INFO] [stdout]     = note: for more information, see issue #80165 <https://github.com/rust-lang/rust/issues/80165>
[INFO] [stdout] 
[INFO] [stdout] 
[INFO] [stdout] warning: trait objects without an explicit `dyn` are deprecated
[INFO] [stdout]    --> cargo-culture-kit/src/checklist.rs:296:27
[INFO] [stdout]     |
[INFO] [stdout] 296 |         let raw_rules: &[&Rule] = &[&rule_a, &rule_b];
[INFO] [stdout]     |                           ^^^^ help: use `dyn`: `dyn Rule`
[INFO] [stdout]     |
[INFO] [stdout]     = warning: this is accepted in the current edition (Rust 2015) but is a hard error in Rust 2021!
[INFO] [stdout]     = note: for more information, see issue #80165 <https://github.com/rust-lang/rust/issues/80165>
[INFO] [stdout] 
[INFO] [stdout] 
[INFO] [stdout] warning: trait objects without an explicit `dyn` are deprecated
[INFO] [stdout]    --> cargo-culture-kit/src/rules/builds_cleanly_without_warnings_or_errors.rs:118:24
[INFO] [stdout]     |
[INFO] [stdout] 118 |     print_output: &mut Write,
[INFO] [stdout]     |                        ^^^^^ help: use `dyn`: `dyn Write`
[INFO] [stdout]     |
[INFO] [stdout]     = warning: this is accepted in the current edition (Rust 2015) but is a hard error in Rust 2021!
[INFO] [stdout]     = note: for more information, see issue #80165 <https://github.com/rust-lang/rust/issues/80165>
[INFO] [stdout] 
[INFO] [stdout] 
[INFO] [stdout] warning: trait objects without an explicit `dyn` are deprecated
[INFO] [stdout]    --> cargo-culture-kit/src/rules/builds_cleanly_without_warnings_or_errors.rs:161:24
[INFO] [stdout]     |
[INFO] [stdout] 161 |     print_output: &mut Write,
[INFO] [stdout]     |                        ^^^^^ help: use `dyn`: `dyn Write`
[INFO] [stdout]     |
[INFO] [stdout]     = warning: this is accepted in the current edition (Rust 2015) but is a hard error in Rust 2021!
[INFO] [stdout]     = note: for more information, see issue #80165 <https://github.com/rust-lang/rust/issues/80165>
[INFO] [stdout] 
[INFO] [stdout] 
[INFO] [stdout] warning: trait objects without an explicit `dyn` are deprecated
[INFO] [stdout]   --> cargo-culture-kit/src/rules/mod.rs:82:31
[INFO] [stdout]    |
[INFO] [stdout] 82 |     pub print_output: &'a mut Write,
[INFO] [stdout]    |                               ^^^^^ help: use `dyn`: `dyn Write`
[INFO] [stdout]    |
[INFO] [stdout]    = warning: this is accepted in the current edition (Rust 2015) but is a hard error in Rust 2021!
[INFO] [stdout]    = note: for more information, see issue #80165 <https://github.com/rust-lang/rust/issues/80165>
[INFO] [stdout] 
[INFO] [stdout] 
[INFO] [stdout] warning: trait objects without an explicit `dyn` are deprecated
[INFO] [stdout]   --> cargo-culture-kit/src/rules/mod.rs:87:35
[INFO] [stdout]    |
[INFO] [stdout] 87 | pub fn default_rules() -> Vec<Box<Rule>> {
[INFO] [stdout]    |                                   ^^^^ help: use `dyn`: `dyn Rule`
[INFO] [stdout]    |
[INFO] [stdout]    = warning: this is accepted in the current edition (Rust 2015) but is a hard error in Rust 2021!
[INFO] [stdout]    = note: for more information, see issue #80165 <https://github.com/rust-lang/rust/issues/80165>
[INFO] [stdout] 
[INFO] [stdout] 
[INFO] [stdout] warning: trait objects without an explicit `dyn` are deprecated
[INFO] [stdout]    --> cargo-culture-kit/src/rules/mod.rs:137:16
[INFO] [stdout]     |
[INFO] [stdout] 137 |         rule: &Rule,
[INFO] [stdout]     |                ^^^^ help: use `dyn`: `dyn Rule`
[INFO] [stdout]     |
[INFO] [stdout]     = warning: this is accepted in the current edition (Rust 2015) but is a hard error in Rust 2021!
[INFO] [stdout]     = note: for more information, see issue #80165 <https://github.com/rust-lang/rust/issues/80165>
[INFO] [stdout] 
[INFO] [stdout] 
[INFO] [stdout] warning: trait objects without an explicit `dyn` are deprecated
[INFO] [stdout]    --> cargo-culture-kit/src/rules/mod.rs:147:16
[INFO] [stdout]     |
[INFO] [stdout] 147 |         rule: &Rule,
[INFO] [stdout]     |                ^^^^ help: use `dyn`: `dyn Rule`
[INFO] [stdout]     |
[INFO] [stdout]     = warning: this is accepted in the current edition (Rust 2015) but is a hard error in Rust 2021!
[INFO] [stdout]     = note: for more information, see issue #80165 <https://github.com/rust-lang/rust/issues/80165>
[INFO] [stdout] 
[INFO] [stdout] 
[INFO] [stdout] warning: trait objects without an explicit `dyn` are deprecated
[INFO] [stdout]    --> cargo-culture-kit/src/lib.rs:174:69
[INFO] [stdout]     |
[INFO] [stdout] 174 |     let rule_refs = rules.iter().map(|r| r.as_ref()).collect::<Vec<&Rule>>();
[INFO] [stdout]     |                                                                     ^^^^ help: use `dyn`: `dyn Rule`
[INFO] [stdout]     |
[INFO] [stdout]     = warning: this is accepted in the current edition (Rust 2015) but is a hard error in Rust 2021!
[INFO] [stdout]     = note: for more information, see issue #80165 <https://github.com/rust-lang/rust/issues/80165>
[INFO] [stdout] 
[INFO] [stdout] 
[INFO] [stdout] warning: trait objects without an explicit `dyn` are deprecated
[INFO] [stdout]    --> cargo-culture-kit/src/lib.rs:227:15
[INFO] [stdout]     |
[INFO] [stdout] 227 |     rules: &[&Rule],
[INFO] [stdout]     |               ^^^^ help: use `dyn`: `dyn Rule`
[INFO] [stdout]     |
[INFO] [stdout]     = warning: this is accepted in the current edition (Rust 2015) but is a hard error in Rust 2021!
[INFO] [stdout]     = note: for more information, see issue #80165 <https://github.com/rust-lang/rust/issues/80165>
[INFO] [stdout] 
[INFO] [stdout] 
[INFO] [stdout] warning: trait objects without an explicit `dyn` are deprecated
[INFO] [stdout]    --> cargo-culture-kit/src/lib.rs:267:15
[INFO] [stdout]     |
[INFO] [stdout] 267 |     rules: &[&Rule],
[INFO] [stdout]     |               ^^^^ help: use `dyn`: `dyn Rule`
[INFO] [stdout]     |
[INFO] [stdout]     = warning: this is accepted in the current edition (Rust 2015) but is a hard error in Rust 2021!
[INFO] [stdout]     = note: for more information, see issue #80165 <https://github.com/rust-lang/rust/issues/80165>
[INFO] [stdout] 
[INFO] [stdout] 
[INFO] [stdout] warning: trait objects without an explicit `dyn` are deprecated
[INFO] [stdout]    --> cargo-culture-kit/src/lib.rs:397:12
[INFO] [stdout]     |
[INFO] [stdout] 397 |     rule: &Rule,
[INFO] [stdout]     |            ^^^^ help: use `dyn`: `dyn Rule`
[INFO] [stdout]     |
[INFO] [stdout]     = warning: this is accepted in the current edition (Rust 2015) but is a hard error in Rust 2021!
[INFO] [stdout]     = note: for more information, see issue #80165 <https://github.com/rust-lang/rust/issues/80165>
[INFO] [stdout] 
[INFO] [stdout] 
[INFO] [stdout] warning: trait objects without an explicit `dyn` are deprecated
[INFO] [stdout]    --> cargo-culture-kit/src/lib.rs:497:64
[INFO] [stdout]     |
[INFO] [stdout] 497 |         fn arb_rule()(rule in arb_predetermined_rule()) -> Box<Rule> {
[INFO] [stdout]     |                                                                ^^^^ help: use `dyn`: `dyn Rule`
[INFO] [stdout]     |
[INFO] [stdout]     = warning: this is accepted in the current edition (Rust 2015) but is a hard error in Rust 2021!
[INFO] [stdout]     = note: for more information, see issue #80165 <https://github.com/rust-lang/rust/issues/80165>
[INFO] [stdout] 
[INFO] [stdout] 
[INFO] [stdout] warning: trait objects without an explicit `dyn` are deprecated
[INFO] [stdout]    --> cargo-culture-kit/src/lib.rs:498:24
[INFO] [stdout]     |
[INFO] [stdout] 498 |             let b: Box<Rule> = Box::new(rule);
[INFO] [stdout]     |                        ^^^^ help: use `dyn`: `dyn Rule`
[INFO] [stdout]     |
[INFO] [stdout]     = warning: this is accepted in the current edition (Rust 2015) but is a hard error in Rust 2021!
[INFO] [stdout]     = note: for more information, see issue #80165 <https://github.com/rust-lang/rust/issues/80165>
[INFO] [stdout] 
[INFO] [stdout] 
[INFO] [stdout] warning: trait objects without an explicit `dyn` are deprecated
[INFO] [stdout]    --> cargo-culture-kit/src/lib.rs:503:60
[INFO] [stdout]     |
[INFO] [stdout] 503 |     fn arb_vec_of_rules() -> VecStrategy<BoxedStrategy<Box<Rule>>> {
[INFO] [stdout]     |                                                            ^^^^ help: use `dyn`: `dyn Rule`
[INFO] [stdout]     |
[INFO] [stdout]     = warning: this is accepted in the current edition (Rust 2015) but is a hard error in Rust 2021!
[INFO] [stdout]     = note: for more information, see issue #80165 <https://github.com/rust-lang/rust/issues/80165>
[INFO] [stdout] 
[INFO] [stdout] 
[INFO] [stdout] warning: trait objects without an explicit `dyn` are deprecated
[INFO] [stdout]    --> cargo-culture-kit/src/lib.rs:538:64
[INFO] [stdout]     |
[INFO] [stdout] 538 | ...                   .collect::<Vec<&Rule>>()
[INFO] [stdout]     |                                       ^^^^ help: use `dyn`: `dyn Rule`
[INFO] [stdout]     |
[INFO] [stdout]     = warning: this is accepted in the current edition (Rust 2015) but is a hard error in Rust 2021!
[INFO] [stdout]     = note: for more information, see issue #80165 <https://github.com/rust-lang/rust/issues/80165>
[INFO] [stdout] 
[INFO] [stdout] 
[INFO] [stdout] warning: use of deprecated constant `std::sync::ONCE_INIT`: the `new` function is now preferred
[INFO] [stdout]    --> cargo-culture-kit/src/rules/builds_cleanly_without_warnings_or_errors.rs:108:1
[INFO] [stdout]     |
[INFO] [stdout] 108 | / lazy_static! {
[INFO] [stdout] 109 | |     static ref WARNING_JSON: Regex = Regex::new(".*\"level\":\"warning\".*")
[INFO] [stdout] 110 | |         .expect("Failed to create BuildsCleanlyWithoutWarningsOrErrors regex.");
[INFO] [stdout] 111 | | }
[INFO] [stdout]     | |_^
[INFO] [stdout]     |
[INFO] [stdout]     = note: `#[warn(deprecated)]` on by default
[INFO] [stdout]     = note: this warning originates in the macro `__lazy_static_create` (in Nightly builds, run with -Z macro-backtrace for more info)
[INFO] [stdout] 
[INFO] [stdout] 
[INFO] [stdout] warning: use of deprecated constant `std::sync::ONCE_INIT`: the `new` function is now preferred
[INFO] [stdout]   --> cargo-culture-kit/src/rules/has_continuous_integration_file.rs:18:1
[INFO] [stdout]    |
[INFO] [stdout] 18 | / lazy_static! {
[INFO] [stdout] 19 | |     static ref HAS_CONTINUOUS_INTEGRATION_FILE: Regex =
[INFO] [stdout] 20 | |         Regex::new(r"^(?i)(appveyor|\.appveyor|\.drone|\.gitlab-ci|\.travis)\.ya?ml$")
[INFO] [stdout] 21 | |             .expect("Failed to create HasContinuousIntegrationFile regex.");
[INFO] [stdout] 22 | | }
[INFO] [stdout]    | |_^
[INFO] [stdout]    |
[INFO] [stdout]    = note: this warning originates in the macro `__lazy_static_create` (in Nightly builds, run with -Z macro-backtrace for more info)
[INFO] [stdout] 
[INFO] [stdout] 
[INFO] [stdout] warning: use of deprecated constant `std::sync::ONCE_INIT`: the `new` function is now preferred
[INFO] [stdout]   --> cargo-culture-kit/src/rules/has_contributing_file.rs:20:1
[INFO] [stdout]    |
[INFO] [stdout] 20 | / lazy_static! {
[INFO] [stdout] 21 | |     static ref HAS_CONTRIBUTING_FILE: Regex =
[INFO] [stdout] 22 | |         Regex::new(r"^(?i)CONTRIBUTING").expect("Failed to create HasContributingFile regex.");
[INFO] [stdout] 23 | | }
[INFO] [stdout]    | |_^
[INFO] [stdout]    |
[INFO] [stdout]    = note: this warning originates in the macro `__lazy_static_create` (in Nightly builds, run with -Z macro-backtrace for more info)
[INFO] [stdout] 
[INFO] [stdout] 
[INFO] [stdout] warning: use of deprecated constant `std::sync::ONCE_INIT`: the `new` function is now preferred
[INFO] [stdout]   --> cargo-culture-kit/src/rules/has_license_file.rs:15:1
[INFO] [stdout]    |
[INFO] [stdout] 15 | / lazy_static! {
[INFO] [stdout] 16 | |     static ref HAS_LICENSE_FILE: Regex =
[INFO] [stdout] 17 | |         Regex::new(r"^(?i)LICENSE").expect("Failed to create HasLicenseFile regex.");
[INFO] [stdout] 18 | | }
[INFO] [stdout]    | |_^
[INFO] [stdout]    |
[INFO] [stdout]    = note: this warning originates in the macro `__lazy_static_create` (in Nightly builds, run with -Z macro-backtrace for more info)
[INFO] [stdout] 
[INFO] [stdout] 
[INFO] [stdout] warning: use of deprecated constant `std::sync::ONCE_INIT`: the `new` function is now preferred
[INFO] [stdout]   --> cargo-culture-kit/src/rules/has_readme_file.rs:15:1
[INFO] [stdout]    |
[INFO] [stdout] 15 | / lazy_static! {
[INFO] [stdout] 16 | |     static ref HAS_README_FILE: Regex =
[INFO] [stdout] 17 | |         Regex::new(r"^README\.?.*").expect("Failed to create HasReadmeFile regex.");
[INFO] [stdout] 18 | | }
[INFO] [stdout]    | |_^
[INFO] [stdout]    |
[INFO] [stdout]    = note: this warning originates in the macro `__lazy_static_create` (in Nightly builds, run with -Z macro-backtrace for more info)
[INFO] [stdout] 
[INFO] [stdout] 
[INFO] [stdout] warning: use of deprecated constant `std::sync::ONCE_INIT`: the `new` function is now preferred
[INFO] [stdout]   --> cargo-culture-kit/src/rules/has_rustfmt_file.rs:23:1
[INFO] [stdout]    |
[INFO] [stdout] 23 | / lazy_static! {
[INFO] [stdout] 24 | |     static ref HAS_RUSTFMT_FILE: Regex =
[INFO] [stdout] 25 | |         Regex::new(r"^\.?(legacy-)?rustfmt.toml$").expect("Failed to create HasRustfmtFile regex.");
[INFO] [stdout] 26 | | }
[INFO] [stdout]    | |_^
[INFO] [stdout]    |
[INFO] [stdout]    = note: this warning originates in the macro `__lazy_static_create` (in Nightly builds, run with -Z macro-backtrace for more info)
[INFO] [stdout] 
[INFO] [stdout] 
[INFO] [stdout] warning: use of deprecated constant `std::sync::ONCE_INIT`: the `new` function is now preferred
[INFO] [stdout]   --> cargo-culture-kit/src/rules/passes_multiple_tests.rs:28:1
[INFO] [stdout]    |
[INFO] [stdout] 28 | / lazy_static! {
[INFO] [stdout] 29 | |     static ref TEST_RESULT_NUM_PASSED: Regex =
[INFO] [stdout] 30 | |         Regex::new(r"(?m)^test result: ok. (?P<num_passed>\d+) passed;")
[INFO] [stdout] 31 | |             .expect("Failed to create regex for PassesMultipleTests.");
[INFO] [stdout] 32 | | }
[INFO] [stdout]    | |_^
[INFO] [stdout]    |
[INFO] [stdout]    = note: this warning originates in the macro `__lazy_static_create` (in Nightly builds, run with -Z macro-backtrace for more info)
[INFO] [stdout] 
[INFO] [stdout] 
[INFO] [stdout] warning: use of deprecated constant `std::sync::ONCE_INIT`: the `new` function is now preferred
[INFO] [stdout]   --> cargo-culture-kit/src/rules/uses_property_based_test_library.rs:40:1
[INFO] [stdout]    |
[INFO] [stdout] 40 | / lazy_static! {
[INFO] [stdout] 41 | |     static ref USES_PROPERTY_BASED_TEST_LIBRARY: Regex =
[INFO] [stdout] 42 | |         Regex::new(r"^(?i)(proptest|quickcheck|suppositions).*")
[INFO] [stdout] 43 | |             .expect("Failed to create UsesPropertyBasedTestLibrary regex.");
[INFO] [stdout] 44 | | }
[INFO] [stdout]    | |_^
[INFO] [stdout]    |
[INFO] [stdout]    = note: this warning originates in the macro `__lazy_static_create` (in Nightly builds, run with -Z macro-backtrace for more info)
[INFO] [stdout] 
[INFO] [stdout] 
[INFO] [stdout] warning: 3 warnings emitted
[INFO] [stdout] 
[INFO] [stdout] 
[INFO] [stdout] warning: 29 warnings emitted
[INFO] [stdout] 
[INFO] [stdout] 
[INFO] [stderr]     Finished test [unoptimized + debuginfo] target(s) in 13.20s
[INFO] running `Command { std: "docker" "inspect" "4b7aec1e9f59b37040662bee8ddf2d29496beb18003d25562fc4518c414747a7", kill_on_drop: false }`
[INFO] running `Command { std: "docker" "rm" "-f" "4b7aec1e9f59b37040662bee8ddf2d29496beb18003d25562fc4518c414747a7", kill_on_drop: false }`
[INFO] [stdout] 4b7aec1e9f59b37040662bee8ddf2d29496beb18003d25562fc4518c414747a7
[INFO] running `Command { std: "docker" "create" "-v" "/var/lib/crater-agent-workspace/builds/worker-12/target:/opt/rustwide/target:rw,Z" "-v" "/var/lib/crater-agent-workspace/builds/worker-12/source:/opt/rustwide/workdir:ro,Z" "-v" "/var/lib/crater-agent-workspace/cargo-home:/opt/rustwide/cargo-home:ro,Z" "-v" "/var/lib/crater-agent-workspace/rustup-home:/opt/rustwide/rustup-home:ro,Z" "-e" "SOURCE_DIR=/opt/rustwide/workdir" "-e" "CARGO_TARGET_DIR=/opt/rustwide/target" "-e" "CARGO_INCREMENTAL=0" "-e" "RUST_BACKTRACE=full" "-e" "RUSTFLAGS=--cap-lints=warn" "-e" "CARGO_HOME=/opt/rustwide/cargo-home" "-e" "RUSTUP_HOME=/opt/rustwide/rustup-home" "-w" "/opt/rustwide/workdir" "-m" "1610612736" "--user" "0:0" "--network" "none" "ghcr.io/rust-lang/crates-build-env/linux@sha256:34b6a614d2c27851fe6cbf88fbd1137609cefab8b10d0615aaeb6fd47975d74e" "/opt/rustwide/cargo-home/bin/cargo" "+beta-2021-08-01" "test" "--frozen", kill_on_drop: false }`
[INFO] [stdout] 776883b4180e648283d26a6f43f564d7fab3b5f8b16192487a5163dea7ee6cf4
[INFO] running `Command { std: "docker" "start" "-a" "776883b4180e648283d26a6f43f564d7fab3b5f8b16192487a5163dea7ee6cf4", kill_on_drop: false }`
[INFO] [stderr] warning: trait objects without an explicit `dyn` are deprecated
[INFO] [stderr]   --> cargo-culture-kit/src/checklist.rs:87:32
[INFO] [stderr]    |
[INFO] [stderr] 87 |     available_rules: &'rules [&Rule],
[INFO] [stderr]    |                                ^^^^ help: use `dyn`: `dyn Rule`
[INFO] [stderr]    |
[INFO] [stderr]    = note: `#[warn(bare_trait_objects)]` on by default
[INFO] [stderr]    = warning: this is accepted in the current edition (Rust 2015) but is a hard error in Rust 2021!
[INFO] [stderr]    = note: for more information, see issue #80165 <https://github.com/rust-lang/rust/issues/80165>
[INFO] [stderr] 
[INFO] [stderr] warning: trait objects without an explicit `dyn` are deprecated
[INFO] [stderr]   --> cargo-culture-kit/src/checklist.rs:88:25
[INFO] [stderr]    |
[INFO] [stderr] 88 | ) -> Result<Vec<&'rules Rule>, FilterError> {
[INFO] [stderr]    |                         ^^^^ help: use `dyn`: `dyn Rule`
[INFO] [stderr]    |
[INFO] [stderr]    = warning: this is accepted in the current edition (Rust 2015) but is a hard error in Rust 2021!
[INFO] [stderr]    = note: for more information, see issue #80165 <https://github.com/rust-lang/rust/issues/80165>
[INFO] [stderr] 
[INFO] [stderr] warning: trait objects without an explicit `dyn` are deprecated
[INFO] [stderr]    --> cargo-culture-kit/src/checklist.rs:128:28
[INFO] [stderr]     |
[INFO] [stderr] 128 |     available_rules: &'r [&Rule],
[INFO] [stderr]     |                            ^^^^ help: use `dyn`: `dyn Rule`
[INFO] [stderr]     |
[INFO] [stderr]     = warning: this is accepted in the current edition (Rust 2015) but is a hard error in Rust 2021!
[INFO] [stderr]     = note: for more information, see issue #80165 <https://github.com/rust-lang/rust/issues/80165>
[INFO] [stderr] 
[INFO] [stderr] warning: trait objects without an explicit `dyn` are deprecated
[INFO] [stderr]    --> cargo-culture-kit/src/checklist.rs:130:21
[INFO] [stderr]     |
[INFO] [stderr] 130 | ) -> Result<Vec<&'r Rule>, FilterError> {
[INFO] [stderr]     |                     ^^^^ help: use `dyn`: `dyn Rule`
[INFO] [stderr]     |
[INFO] [stderr]     = warning: this is accepted in the current edition (Rust 2015) but is a hard error in Rust 2021!
[INFO] [stderr]     = note: for more information, see issue #80165 <https://github.com/rust-lang/rust/issues/80165>
[INFO] [stderr] 
[INFO] [stderr] warning: trait objects without an explicit `dyn` are deprecated
[INFO] [stderr]    --> cargo-culture-kit/src/checklist.rs:131:25
[INFO] [stderr]     |
[INFO] [stderr] 131 |     let mut rules: Vec<&Rule> = Vec::with_capacity(desired_rule_descriptions.len());
[INFO] [stderr]     |                         ^^^^ help: use `dyn`: `dyn Rule`
[INFO] [stderr]     |
[INFO] [stderr]     = warning: this is accepted in the current edition (Rust 2015) but is a hard error in Rust 2021!
[INFO] [stderr]     = note: for more information, see issue #80165 <https://github.com/rust-lang/rust/issues/80165>
[INFO] [stderr] 
[INFO] [stderr] warning: trait objects without an explicit `dyn` are deprecated
[INFO] [stderr]    --> cargo-culture-kit/src/rules/builds_cleanly_without_warnings_or_errors.rs:118:24
[INFO] [stderr]     |
[INFO] [stderr] 118 |     print_output: &mut Write,
[INFO] [stderr]     |                        ^^^^^ help: use `dyn`: `dyn Write`
[INFO] [stderr]     |
[INFO] [stderr]     = warning: this is accepted in the current edition (Rust 2015) but is a hard error in Rust 2021!
[INFO] [stderr]     = note: for more information, see issue #80165 <https://github.com/rust-lang/rust/issues/80165>
[INFO] [stderr] 
[INFO] [stderr] warning: trait objects without an explicit `dyn` are deprecated
[INFO] [stderr]    --> cargo-culture-kit/src/rules/builds_cleanly_without_warnings_or_errors.rs:161:24
[INFO] [stderr]     |
[INFO] [stderr] 161 |     print_output: &mut Write,
[INFO] [stderr]     |                        ^^^^^ help: use `dyn`: `dyn Write`
[INFO] [stderr]     |
[INFO] [stderr]     = warning: this is accepted in the current edition (Rust 2015) but is a hard error in Rust 2021!
[INFO] [stderr]     = note: for more information, see issue #80165 <https://github.com/rust-lang/rust/issues/80165>
[INFO] [stderr] 
[INFO] [stderr] warning: trait objects without an explicit `dyn` are deprecated
[INFO] [stderr]   --> cargo-culture-kit/src/rules/mod.rs:82:31
[INFO] [stderr]    |
[INFO] [stderr] 82 |     pub print_output: &'a mut Write,
[INFO] [stderr]    |                               ^^^^^ help: use `dyn`: `dyn Write`
[INFO] [stderr]    |
[INFO] [stderr]    = warning: this is accepted in the current edition (Rust 2015) but is a hard error in Rust 2021!
[INFO] [stderr]    = note: for more information, see issue #80165 <https://github.com/rust-lang/rust/issues/80165>
[INFO] [stderr] 
[INFO] [stderr] warning: trait objects without an explicit `dyn` are deprecated
[INFO] [stderr]   --> cargo-culture-kit/src/rules/mod.rs:87:35
[INFO] [stderr]    |
[INFO] [stderr] 87 | pub fn default_rules() -> Vec<Box<Rule>> {
[INFO] [stderr]    |                                   ^^^^ help: use `dyn`: `dyn Rule`
[INFO] [stderr]    |
[INFO] [stderr]    = warning: this is accepted in the current edition (Rust 2015) but is a hard error in Rust 2021!
[INFO] [stderr]    = note: for more information, see issue #80165 <https://github.com/rust-lang/rust/issues/80165>
[INFO] [stderr] 
[INFO] [stderr] warning: trait objects without an explicit `dyn` are deprecated
[INFO] [stderr]    --> cargo-culture-kit/src/lib.rs:174:69
[INFO] [stderr]     |
[INFO] [stderr] 174 |     let rule_refs = rules.iter().map(|r| r.as_ref()).collect::<Vec<&Rule>>();
[INFO] [stderr]     |                                                                     ^^^^ help: use `dyn`: `dyn Rule`
[INFO] [stderr]     |
[INFO] [stderr]     = warning: this is accepted in the current edition (Rust 2015) but is a hard error in Rust 2021!
[INFO] [stderr]     = note: for more information, see issue #80165 <https://github.com/rust-lang/rust/issues/80165>
[INFO] [stderr] 
[INFO] [stderr] warning: trait objects without an explicit `dyn` are deprecated
[INFO] [stderr]    --> cargo-culture-kit/src/lib.rs:227:15
[INFO] [stderr]     |
[INFO] [stderr] 227 |     rules: &[&Rule],
[INFO] [stderr]     |               ^^^^ help: use `dyn`: `dyn Rule`
[INFO] [stderr]     |
[INFO] [stderr]     = warning: this is accepted in the current edition (Rust 2015) but is a hard error in Rust 2021!
[INFO] [stderr]     = note: for more information, see issue #80165 <https://github.com/rust-lang/rust/issues/80165>
[INFO] [stderr] 
[INFO] [stderr] warning: trait objects without an explicit `dyn` are deprecated
[INFO] [stderr]    --> cargo-culture-kit/src/lib.rs:267:15
[INFO] [stderr]     |
[INFO] [stderr] 267 |     rules: &[&Rule],
[INFO] [stderr]     |               ^^^^ help: use `dyn`: `dyn Rule`
[INFO] [stderr]     |
[INFO] [stderr]     = warning: this is accepted in the current edition (Rust 2015) but is a hard error in Rust 2021!
[INFO] [stderr]     = note: for more information, see issue #80165 <https://github.com/rust-lang/rust/issues/80165>
[INFO] [stderr] 
[INFO] [stderr] warning: trait objects without an explicit `dyn` are deprecated
[INFO] [stderr]    --> cargo-culture-kit/src/lib.rs:397:12
[INFO] [stderr]     |
[INFO] [stderr] 397 |     rule: &Rule,
[INFO] [stderr]     |            ^^^^ help: use `dyn`: `dyn Rule`
[INFO] [stderr]     |
[INFO] [stderr]     = warning: this is accepted in the current edition (Rust 2015) but is a hard error in Rust 2021!
[INFO] [stderr]     = note: for more information, see issue #80165 <https://github.com/rust-lang/rust/issues/80165>
[INFO] [stderr] 
[INFO] [stderr] warning: use of deprecated constant `std::sync::ONCE_INIT`: the `new` function is now preferred
[INFO] [stderr]    --> cargo-culture-kit/src/rules/builds_cleanly_without_warnings_or_errors.rs:108:1
[INFO] [stderr]     |
[INFO] [stderr] 108 | / lazy_static! {
[INFO] [stderr] 109 | |     static ref WARNING_JSON: Regex = Regex::new(".*\"level\":\"warning\".*")
[INFO] [stderr] 110 | |         .expect("Failed to create BuildsCleanlyWithoutWarningsOrErrors regex.");
[INFO] [stderr] 111 | | }
[INFO] [stderr]     | |_^
[INFO] [stderr]     |
[INFO] [stderr]     = note: `#[warn(deprecated)]` on by default
[INFO] [stderr]     = note: this warning originates in the macro `__lazy_static_create` (in Nightly builds, run with -Z macro-backtrace for more info)
[INFO] [stderr] 
[INFO] [stderr] warning: use of deprecated constant `std::sync::ONCE_INIT`: the `new` function is now preferred
[INFO] [stderr]   --> cargo-culture-kit/src/rules/has_continuous_integration_file.rs:18:1
[INFO] [stderr]    |
[INFO] [stderr] 18 | / lazy_static! {
[INFO] [stderr] 19 | |     static ref HAS_CONTINUOUS_INTEGRATION_FILE: Regex =
[INFO] [stderr] 20 | |         Regex::new(r"^(?i)(appveyor|\.appveyor|\.drone|\.gitlab-ci|\.travis)\.ya?ml$")
[INFO] [stderr] 21 | |             .expect("Failed to create HasContinuousIntegrationFile regex.");
[INFO] [stderr] 22 | | }
[INFO] [stderr]    | |_^
[INFO] [stderr]    |
[INFO] [stderr]    = note: this warning originates in the macro `__lazy_static_create` (in Nightly builds, run with -Z macro-backtrace for more info)
[INFO] [stderr] 
[INFO] [stderr] warning: use of deprecated constant `std::sync::ONCE_INIT`: the `new` function is now preferred
[INFO] [stderr]   --> cargo-culture-kit/src/rules/has_contributing_file.rs:20:1
[INFO] [stderr]    |
[INFO] [stderr] 20 | / lazy_static! {
[INFO] [stderr] 21 | |     static ref HAS_CONTRIBUTING_FILE: Regex =
[INFO] [stderr] 22 | |         Regex::new(r"^(?i)CONTRIBUTING").expect("Failed to create HasContributingFile regex.");
[INFO] [stderr] 23 | | }
[INFO] [stderr]    | |_^
[INFO] [stderr]    |
[INFO] [stderr]    = note: this warning originates in the macro `__lazy_static_create` (in Nightly builds, run with -Z macro-backtrace for more info)
[INFO] [stderr] 
[INFO] [stderr] warning: use of deprecated constant `std::sync::ONCE_INIT`: the `new` function is now preferred
[INFO] [stderr]   --> cargo-culture-kit/src/rules/has_license_file.rs:15:1
[INFO] [stderr]    |
[INFO] [stderr] 15 | / lazy_static! {
[INFO] [stderr] 16 | |     static ref HAS_LICENSE_FILE: Regex =
[INFO] [stderr] 17 | |         Regex::new(r"^(?i)LICENSE").expect("Failed to create HasLicenseFile regex.");
[INFO] [stderr] 18 | | }
[INFO] [stderr]    | |_^
[INFO] [stderr]    |
[INFO] [stderr]    = note: this warning originates in the macro `__lazy_static_create` (in Nightly builds, run with -Z macro-backtrace for more info)
[INFO] [stderr] 
[INFO] [stderr] warning: use of deprecated constant `std::sync::ONCE_INIT`: the `new` function is now preferred
[INFO] [stderr]   --> cargo-culture-kit/src/rules/has_readme_file.rs:15:1
[INFO] [stderr]    |
[INFO] [stderr] 15 | / lazy_static! {
[INFO] [stderr] 16 | |     static ref HAS_README_FILE: Regex =
[INFO] [stderr] 17 | |         Regex::new(r"^README\.?.*").expect("Failed to create HasReadmeFile regex.");
[INFO] [stderr] 18 | | }
[INFO] [stderr]    | |_^
[INFO] [stderr]    |
[INFO] [stderr]    = note: this warning originates in the macro `__lazy_static_create` (in Nightly builds, run with -Z macro-backtrace for more info)
[INFO] [stderr] 
[INFO] [stderr] warning: use of deprecated constant `std::sync::ONCE_INIT`: the `new` function is now preferred
[INFO] [stderr]   --> cargo-culture-kit/src/rules/has_rustfmt_file.rs:23:1
[INFO] [stderr]    |
[INFO] [stderr] 23 | / lazy_static! {
[INFO] [stderr] 24 | |     static ref HAS_RUSTFMT_FILE: Regex =
[INFO] [stderr] 25 | |         Regex::new(r"^\.?(legacy-)?rustfmt.toml$").expect("Failed to create HasRustfmtFile regex.");
[INFO] [stderr] 26 | | }
[INFO] [stderr]    | |_^
[INFO] [stderr]    |
[INFO] [stderr]    = note: this warning originates in the macro `__lazy_static_create` (in Nightly builds, run with -Z macro-backtrace for more info)
[INFO] [stderr] 
[INFO] [stderr] warning: use of deprecated constant `std::sync::ONCE_INIT`: the `new` function is now preferred
[INFO] [stderr]   --> cargo-culture-kit/src/rules/passes_multiple_tests.rs:28:1
[INFO] [stderr]    |
[INFO] [stderr] 28 | / lazy_static! {
[INFO] [stderr] 29 | |     static ref TEST_RESULT_NUM_PASSED: Regex =
[INFO] [stderr] 30 | |         Regex::new(r"(?m)^test result: ok. (?P<num_passed>\d+) passed;")
[INFO] [stderr] 31 | |             .expect("Failed to create regex for PassesMultipleTests.");
[INFO] [stderr] 32 | | }
[INFO] [stderr]    | |_^
[INFO] [stderr]    |
[INFO] [stderr]    = note: this warning originates in the macro `__lazy_static_create` (in Nightly builds, run with -Z macro-backtrace for more info)
[INFO] [stderr] 
[INFO] [stderr] warning: use of deprecated constant `std::sync::ONCE_INIT`: the `new` function is now preferred
[INFO] [stderr]   --> cargo-culture-kit/src/rules/uses_property_based_test_library.rs:40:1
[INFO] [stderr]    |
[INFO] [stderr] 40 | / lazy_static! {
[INFO] [stderr] 41 | |     static ref USES_PROPERTY_BASED_TEST_LIBRARY: Regex =
[INFO] [stderr] 42 | |         Regex::new(r"^(?i)(proptest|quickcheck|suppositions).*")
[INFO] [stderr] 43 | |             .expect("Failed to create UsesPropertyBasedTestLibrary regex.");
[INFO] [stderr] 44 | | }
[INFO] [stderr]    | |_^
[INFO] [stderr]    |
[INFO] [stderr]    = note: this warning originates in the macro `__lazy_static_create` (in Nightly builds, run with -Z macro-backtrace for more info)
[INFO] [stderr] 
[INFO] [stderr] warning: trait objects without an explicit `dyn` are deprecated
[INFO] [stderr]    --> cargo-culture-kit/src/checklist.rs:270:27
[INFO] [stderr]     |
[INFO] [stderr] 270 |         let raw_rules: &[&Rule] = &[&rule_a, &rule_b];
[INFO] [stderr]     |                           ^^^^ help: use `dyn`: `dyn Rule`
[INFO] [stderr]     |
[INFO] [stderr]     = warning: this is accepted in the current edition (Rust 2015) but is a hard error in Rust 2021!
[INFO] [stderr]     = note: for more information, see issue #80165 <https://github.com/rust-lang/rust/issues/80165>
[INFO] [stderr] 
[INFO] [stderr] warning: trait objects without an explicit `dyn` are deprecated
[INFO] [stderr]    --> cargo-culture-kit/src/checklist.rs:296:27
[INFO] [stderr]     |
[INFO] [stderr] 296 |         let raw_rules: &[&Rule] = &[&rule_a, &rule_b];
[INFO] [stderr]     |                           ^^^^ help: use `dyn`: `dyn Rule`
[INFO] [stderr]     |
[INFO] [stderr]     = warning: this is accepted in the current edition (Rust 2015) but is a hard error in Rust 2021!
[INFO] [stderr]     = note: for more information, see issue #80165 <https://github.com/rust-lang/rust/issues/80165>
[INFO] [stderr] 
[INFO] [stderr] warning: trait objects without an explicit `dyn` are deprecated
[INFO] [stderr]    --> cargo-culture-kit/src/rules/mod.rs:137:16
[INFO] [stderr]     |
[INFO] [stderr] 137 |         rule: &Rule,
[INFO] [stderr]     |                ^^^^ help: use `dyn`: `dyn Rule`
[INFO] [stderr]     |
[INFO] [stderr]     = warning: this is accepted in the current edition (Rust 2015) but is a hard error in Rust 2021!
[INFO] [stderr]     = note: for more information, see issue #80165 <https://github.com/rust-lang/rust/issues/80165>
[INFO] [stderr] 
[INFO] [stderr] warning: trait objects without an explicit `dyn` are deprecated
[INFO] [stderr]    --> cargo-culture-kit/src/rules/mod.rs:147:16
[INFO] [stderr]     |
[INFO] [stderr] 147 |         rule: &Rule,
[INFO] [stderr]     |                ^^^^ help: use `dyn`: `dyn Rule`
[INFO] [stderr]     |
[INFO] [stderr]     = warning: this is accepted in the current edition (Rust 2015) but is a hard error in Rust 2021!
[INFO] [stderr]     = note: for more information, see issue #80165 <https://github.com/rust-lang/rust/issues/80165>
[INFO] [stderr] 
[INFO] [stderr] warning: trait objects without an explicit `dyn` are deprecated
[INFO] [stderr]    --> cargo-culture-kit/src/lib.rs:497:64
[INFO] [stderr]     |
[INFO] [stderr] 497 |         fn arb_rule()(rule in arb_predetermined_rule()) -> Box<Rule> {
[INFO] [stderr]     |                                                                ^^^^ help: use `dyn`: `dyn Rule`
[INFO] [stderr]     |
[INFO] [stderr]     = warning: this is accepted in the current edition (Rust 2015) but is a hard error in Rust 2021!
[INFO] [stderr]     = note: for more information, see issue #80165 <https://github.com/rust-lang/rust/issues/80165>
[INFO] [stderr] 
[INFO] [stderr] warning: trait objects without an explicit `dyn` are deprecated
[INFO] [stderr]    --> cargo-culture-kit/src/lib.rs:498:24
[INFO] [stderr]     |
[INFO] [stderr] 498 |             let b: Box<Rule> = Box::new(rule);
[INFO] [stderr]     |                        ^^^^ help: use `dyn`: `dyn Rule`
[INFO] [stderr]     |
[INFO] [stderr]     = warning: this is accepted in the current edition (Rust 2015) but is a hard error in Rust 2021!
[INFO] [stderr]     = note: for more information, see issue #80165 <https://github.com/rust-lang/rust/issues/80165>
[INFO] [stderr] 
[INFO] [stderr] warning: trait objects without an explicit `dyn` are deprecated
[INFO] [stderr]    --> cargo-culture-kit/src/lib.rs:503:60
[INFO] [stderr]     |
[INFO] [stderr] 503 |     fn arb_vec_of_rules() -> VecStrategy<BoxedStrategy<Box<Rule>>> {
[INFO] [stderr]     |                                                            ^^^^ help: use `dyn`: `dyn Rule`
[INFO] [stderr]     |
[INFO] [stderr]     = warning: this is accepted in the current edition (Rust 2015) but is a hard error in Rust 2021!
[INFO] [stderr]     = note: for more information, see issue #80165 <https://github.com/rust-lang/rust/issues/80165>
[INFO] [stderr] 
[INFO] [stderr] warning: trait objects without an explicit `dyn` are deprecated
[INFO] [stderr]    --> cargo-culture-kit/src/lib.rs:538:64
[INFO] [stderr]     |
[INFO] [stderr] 538 | ...                   .collect::<Vec<&Rule>>()
[INFO] [stderr]     |                                       ^^^^ help: use `dyn`: `dyn Rule`
[INFO] [stderr]     |
[INFO] [stderr]     = warning: this is accepted in the current edition (Rust 2015) but is a hard error in Rust 2021!
[INFO] [stderr]     = note: for more information, see issue #80165 <https://github.com/rust-lang/rust/issues/80165>
[INFO] [stderr] 
[INFO] [stderr] warning: `cargo-culture-kit` (lib) generated 21 warnings
[INFO] [stderr] warning: `cargo-culture-kit` (lib test) generated 29 warnings (21 duplicates)
[INFO] [stderr] warning: unused `#[macro_use]` import
[INFO] [stderr]   --> cargo-culture/src/main.rs:31:1
[INFO] [stderr]    |
[INFO] [stderr] 31 | #[macro_use]
[INFO] [stderr]    | ^^^^^^^^^^^^
[INFO] [stderr]    |
[INFO] [stderr]    = note: `#[warn(unused_imports)]` on by default
[INFO] [stderr] 
[INFO] [stderr] warning: trait objects without an explicit `dyn` are deprecated
[INFO] [stderr]    --> cargo-culture/src/main.rs:125:70
[INFO] [stderr]     |
[INFO] [stderr] 125 |     let rules_refs = rules.iter().map(|r| r.as_ref()).collect::<Vec<&Rule>>();
[INFO] [stderr]     |                                                                      ^^^^ help: use `dyn`: `dyn Rule`
[INFO] [stderr]     |
[INFO] [stderr]     = note: `#[warn(bare_trait_objects)]` on by default
[INFO] [stderr]     = warning: this is accepted in the current edition (Rust 2015) but is a hard error in Rust 2021!
[INFO] [stderr]     = note: for more information, see issue #80165 <https://github.com/rust-lang/rust/issues/80165>
[INFO] [stderr] 
[INFO] [stderr] warning: use of deprecated function `std::env::home_dir`: This function's behavior is unexpected and probably not what you want. Consider using a crate from crates.io instead.
[INFO] [stderr]    --> cargo-culture/src/main.rs:212:25
[INFO] [stderr]     |
[INFO] [stderr] 212 |         let home = env::home_dir().unwrap_or(PathBuf::from("/home/user"));
[INFO] [stderr]     |                         ^^^^^^^^
[INFO] [stderr]     |
[INFO] [stderr]     = note: `#[warn(deprecated)]` on by default
[INFO] [stderr] 
[INFO] [stderr] warning: `cargo-culture` (bin "cargo-culture" test) generated 3 warnings
[INFO] [stderr]     Finished test [unoptimized + debuginfo] target(s) in 0.07s
[INFO] [stderr]      Running unittests (/opt/rustwide/target/debug/deps/cargo_culture-016272f592383864)
[INFO] [stdout] 
[INFO] [stdout] running 2 tests
[INFO] [stdout] Should have a well-formed Cargo.toml file readable by `cargo metadata` ... [32mok[0m
[INFO] [stdout] culture result: [32mok[0m. 1 passed. 0 failed. 0 undetermined.
[INFO] [stdout] test tests::check_culture_from_extant_checklist ... ok
[INFO] [stdout] test tests::opt_parseable_from_arbitrary_inputs ... ok
[INFO] [stdout] 
[INFO] [stdout] test result: ok. 2 passed; 0 failed; 0 ignored; 0 measured; 0 filtered out; finished in 0.08s
[INFO] [stdout] 
[INFO] [stderr]      Running unittests (/opt/rustwide/target/debug/deps/cargo_culture_kit-31ca7e3e7d9f1f3c)
[INFO] [stdout] 
[INFO] [stdout] running 82 tests
[INFO] [stdout] test checklist::tests::filter_by_file_error_when_absent_file ... ok
[INFO] [stdout] test checklist::tests::find_extant_none_for_dir_when_absent_file ... ok
[INFO] [stdout] test checklist::tests::filter_by_file_restricts_to_specified_rules ... ok
[INFO] [stdout] test checklist::tests::find_extant_file_direct_file_success ... ok
[INFO] [stdout] test checklist::tests::filter_by_file_errors_when_requested_rule_not_found ... ok
[INFO] [stdout] test checklist::tests::find_extant_file_from_dir_ancestor_success ... ok
[INFO] [stdout] test checklist::tests::find_extant_none_when_absent_file ... ok
[INFO] [stdout] test checklist::tests::find_extant_file_from_dir_success ... ok
[INFO] [stdout] test file::tests::shallow_scan_follows_file_lifecycle ... ok
[INFO] [stdout] test checklist::tests::find_extant_file_direct_file_alternate_name_success ... ok
[INFO] [stdout] test rules::cargo_metadata_readable::tests::cargo_metadata_readable_happy_path_flat_project ... ok
[INFO] [stdout] test rules::cargo_metadata_readable::tests::cargo_metadata_readable_happy_path_workspace_project ... ok
[INFO] [stdout] test rules::has_contributing_file::tests::has_contributing_file_workspace_dot_github_happy_path ... ok
[INFO] [stdout] test rules::has_contributing_file::tests::has_contributing_file_workspace_project_happy_path ... ok
[INFO] [stdout] test rules::has_license_file::tests::has_license_file_workspace_project_happy_path ... ok
[INFO] [stdout] test rules::builds_cleanly_without_warnings_or_errors::tests::builds_cleanly_non_toml_manifest_fails ... ok
[INFO] [stdout] test rules::has_contributing_file::tests::has_contributing_file_fails_with_empty_dot_github_dir ... ok
[INFO] [stdout] test rules::has_contributing_file::tests::has_contributing_file_in_dot_github_dir ... ok
[INFO] [stdout] test rules::has_readme_file::tests::non_md_extension_acceptable ... ok
[INFO] [stdout] test rules::has_continuous_integration_file::tests::has_continuous_integration_empty_ci_file_fails ... ok
[INFO] [stdout] test rules::has_contributing_file::tests::no_contributing_file_at_all_fails ... ok
[INFO] [stdout] test rules::has_readme_file::tests::no_readme_file_at_all_fails ... ok
[INFO] [stdout] test rules::has_license_file::tests::empty_license_file_fails ... ok
[INFO] [stdout] test rules::has_continuous_integration_file::tests::has_continuous_integration_no_ci_file_at_all_fails ... ok
[INFO] [stdout] test rules::has_readme_file::tests::has_readme_happy_path ... ok
[INFO] [stdout] test rules::has_contributing_file::tests::has_contributing_file_minimal_happy_path ... ok
[INFO] [stdout] test rules::has_license_file::tests::happy_path ... ok
[INFO] [stdout] test rules::builds_cleanly_without_warnings_or_errors::tests::builds_cleanly_empty_dir_fails ... ok
[INFO] [stdout] test rules::has_readme_file::tests::empty_readme_file_fails ... ok
[INFO] [stdout] test rules::has_license_file::tests::additional_content_beyond_prefix_allowed ... ok
[INFO] [stdout] test rules::has_contributing_file::tests::empty_contributing_file_fails ... ok
[INFO] [stdout] test rules::has_contributing_file::tests::additional_content_beyond_prefix_allowed ... ok
[INFO] [stdout] test rules::cargo_metadata_readable::tests::empty_dir_fails ... ok
[INFO] [stdout] test rules::cargo_metadata_readable::tests::non_toml_manifest_fails ... ok
[INFO] [stdout] test rules::tests::default_rules_all_have_unique_descriptions ... ok
[INFO] [stdout] test tests::outcome_stats_assert_success_all_zero_failure - should panic ... ok
[INFO] [stdout] test tests::outcome_stats_assert_success_any_fail_count_failure - should panic ... ok
[INFO] [stdout] test tests::outcome_stats_assert_success_any_undetermined_count_failure - should panic ... ok
[INFO] [stdout] test tests::outcome_stats_assert_success_both_fail_and_undetermined_failure - should panic ... ok
[INFO] [stdout] test tests::outcome_stats_assert_success_success ... ok
[INFO] [stdout] test rules::has_license_file::tests::no_license_file_at_all_fails ... ok
[INFO] [stdout] test tests::outcome_stats_to_rule_outcome_never_panics ... ok
[INFO] [stdout] test rules::has_rustfmt_file::tests::has_rustfmt_happy_path ... ok
[INFO] [stdout] test tests::outcomes_by_description_assert_success_any_undetermined_failure - should panic ... ok
[INFO] [stdout] test tests::outcomes_by_description_assert_success_any_failure_failure - should panic ... ok
[INFO] [stdout] test tests::outcomes_by_description_assert_success_both_failure_and_undetermined_failure - should panic ... ok
[INFO] [stdout] test tests::outcomes_by_description_assert_success_minimal_success ... ok
[INFO] [stdout] test tests::outcomes_by_description_assert_success_empty_failure - should panic ... ok
[INFO] [stdout] test tests::rule_outcome_assert_success_failure - should panic ... ok
[INFO] [stdout] test tests::rule_outcome_assert_success_success ... ok
[INFO] [stdout] test tests::sanity_check_a_silly_rule_for_the_readme ... ok
[INFO] [stdout] test rules::has_rustfmt_file::tests::has_rustfmt_additional_suffices_disallowed ... ok
[INFO] [stdout] test tests::rule_outcome_assert_success_undetermined - should panic ... ok
[INFO] [stdout] test rules::has_rustfmt_file::tests::has_rustfmt_empty_rustfmt_file_fails ... ok
[INFO] [stdout] test rules::has_rustfmt_file::tests::has_rustfmt_legacy_prefix_allowed ... ok
[INFO] [stdout] test rules::has_rustfmt_file::tests::has_rustfmt_no_rustfmt_file_at_all_fails ... ok
[INFO] [stdout] test rules::uses_property_based_test_library::tests::uses_property_based_test_library_happy_path_flat_project ... ok
[INFO] [stdout] test rules::under_source_control::tests::not_under_source_control_project_fails ... ok
[INFO] [stdout] test rules::has_rustfmt_file::tests::has_rustfmt_nonempty_blank_content_rustfmt_file_succeeds ... ok
[INFO] [stdout] test rules::has_rustfmt_file::tests::has_rustfmt_period_prefix_allowed ... ok
[INFO] [stdout] test rules::under_source_control::tests::not_under_source_control_project_with_dummy_metadata_subdir_fails ... ok
[INFO] [stdout] test rules::has_rustfmt_file::tests::has_rustfmt_file_workspace_project_happy_path ... ok
[INFO] [stdout] test rules::under_source_control::tests::under_source_control_at_workspace_level_project_succeeds_for_all_hint_subdir ... ok
[INFO] [stdout] test rules::under_source_control::tests::under_source_control_project_succeeds_for_all_hint_subdir ... ok
[INFO] [stdout] test rules::has_continuous_integration_file::tests::has_continuous_integration_file_happy_paths ... ok
[INFO] [stdout] test tests::piles_of_fixed_outcome_rules_evaluable ... ok
[INFO] [stdout] test rules::passes_multiple_tests::tests::passes_multiple_tests_fails_when_only_one_test_present ... ok
[INFO] [stdout] test rules::passes_multiple_tests::tests::passes_multiple_tests_more_specifically_ten_in_a_flat_project_succeeds ... FAILED
[INFO] [stdout] test rules::passes_multiple_tests::tests::passes_multiple_tests_fails_when_zero_tests_present ... ok
[INFO] [stdout] test rules::passes_multiple_tests::tests::passes_multiple_tests_happy_path_flat_project ... FAILED
[INFO] [stdout] test file::tests::shallow_scan_finds_arb_file ... ok
[INFO] [stdout] test rules::builds_cleanly_without_warnings_or_errors::tests::builds_cleanly_fails_for_erroneous_main ... ok
[INFO] [stdout] test rules::builds_cleanly_without_warnings_or_errors::tests::builds_cleanly_happy_path_flat_project ... ok
[INFO] [stdout] test rules::builds_cleanly_without_warnings_or_errors::tests::builds_cleanly_happy_path_workspace_project ... FAILED
[INFO] [stdout] test rules::builds_cleanly_without_warnings_or_errors::tests::builds_cleanly_fails_for_warningful_main ... FAILED
[INFO] [stdout] test rules::builds_cleanly_without_warnings_or_errors::tests::builds_cleanly_fails_for_workspace_project_with_warningful_main_in_subproject ... ok
[INFO] [stdout] test rules::builds_cleanly_without_warnings_or_errors::tests::builds_cleanly_fails_for_workspace_project_with_erroneous_main_in_subproject ... ok
[INFO] [stdout] test rules::has_continuous_integration_file::tests::has_continuous_integration_file_generated ... ok
[INFO] [stdout] test rules::has_continuous_integration_file::tests::has_continuous_integration_additional_prefices_disallowed ... ok
[INFO] [stdout] test rules::has_continuous_integration_file::tests::has_continuous_integration_additional_suffices_disallowed ... ok
[INFO] [stdout] test rules::uses_property_based_test_library::tests::uses_property_based_test_library_generated ... ok
[INFO] [stdout] test file::tests::search_manifest_and_workspace_dir_for_nonempty_file_name_match_file_lifecycle ... ok
[INFO] [stderr] error: test failed, to rerun pass '-p cargo-culture-kit --lib'
[INFO] [stdout] 
[INFO] [stdout] failures:
[INFO] [stdout] 
[INFO] [stdout] ---- rules::passes_multiple_tests::tests::passes_multiple_tests_more_specifically_ten_in_a_flat_project_succeeds stdout ----
[INFO] [stdout] thread 'rules::passes_multiple_tests::tests::passes_multiple_tests_more_specifically_ten_in_a_flat_project_succeeds' panicked at 'assertion failed: `(left == right)`
[INFO] [stdout]   left: `Success`,
[INFO] [stdout]  right: `Failure`', cargo-culture-kit/src/rules/passes_multiple_tests.rs:134:9
[INFO] [stdout] stack backtrace:
[INFO] [stdout]    0:     0x5561621b98c0 - std::backtrace_rs::backtrace::libunwind::trace::hff4d1766e93f64f1
[INFO] [stdout]                                at /rustc/53fd98ca776cb875bc9e5514f56b52eb74f9e7a9/library/std/src/../../backtrace/src/backtrace/libunwind.rs:90:5
[INFO] [stdout]    1:     0x5561621b98c0 - std::backtrace_rs::backtrace::trace_unsynchronized::h56bbc8eb78770bcb
[INFO] [stdout]                                at /rustc/53fd98ca776cb875bc9e5514f56b52eb74f9e7a9/library/std/src/../../backtrace/src/backtrace/mod.rs:66:5
[INFO] [stdout]    2:     0x5561621b98c0 - std::sys_common::backtrace::_print_fmt::h5c8e75464faca780
[INFO] [stdout]                                at /rustc/53fd98ca776cb875bc9e5514f56b52eb74f9e7a9/library/std/src/sys_common/backtrace.rs:67:5
[INFO] [stdout]    3:     0x5561621b98c0 - <std::sys_common::backtrace::_print::DisplayBacktrace as core::fmt::Display>::fmt::h48b88277def8b362
[INFO] [stdout]                                at /rustc/53fd98ca776cb875bc9e5514f56b52eb74f9e7a9/library/std/src/sys_common/backtrace.rs:46:22
[INFO] [stdout]    4:     0x5561621dde3c - core::fmt::write::h3381b3176fe2b3d3
[INFO] [stdout]                                at /rustc/53fd98ca776cb875bc9e5514f56b52eb74f9e7a9/library/core/src/fmt/mod.rs:1115:17
[INFO] [stdout]    5:     0x5561621b5e45 - std::io::Write::write_fmt::h5f34a676f60246b5
[INFO] [stdout]                                at /rustc/53fd98ca776cb875bc9e5514f56b52eb74f9e7a9/library/std/src/io/mod.rs:1665:15
[INFO] [stdout]    6:     0x5561621bbffb - std::sys_common::backtrace::_print::ha537687d6c17dd0d
[INFO] [stdout]                                at /rustc/53fd98ca776cb875bc9e5514f56b52eb74f9e7a9/library/std/src/sys_common/backtrace.rs:49:5
[INFO] [stdout]    7:     0x5561621bbffb - std::sys_common::backtrace::print::h61376ae57d131d72
[INFO] [stdout]                                at /rustc/53fd98ca776cb875bc9e5514f56b52eb74f9e7a9/library/std/src/sys_common/backtrace.rs:36:9
[INFO] [stdout]    8:     0x5561621bbffb - std::panicking::default_hook::{{closure}}::h0f7208c0b9644a54
[INFO] [stdout]                                at /rustc/53fd98ca776cb875bc9e5514f56b52eb74f9e7a9/library/std/src/panicking.rs:208:50
[INFO] [stdout]    9:     0x5561621bbb0c - std::panicking::default_hook::hdac7fc06578c14ce
[INFO] [stdout]                                at /rustc/53fd98ca776cb875bc9e5514f56b52eb74f9e7a9/library/std/src/panicking.rs:222:9
[INFO] [stdout]   10:     0x5561621bc6c4 - std::panicking::rust_panic_with_hook::h72b21c283da3d1ef
[INFO] [stdout]                                at /rustc/53fd98ca776cb875bc9e5514f56b52eb74f9e7a9/library/std/src/panicking.rs:622:17
[INFO] [stdout]   11:     0x5561621bc1a7 - std::panicking::begin_panic_handler::{{closure}}::he5778f1729cff84a
[INFO] [stdout]                                at /rustc/53fd98ca776cb875bc9e5514f56b52eb74f9e7a9/library/std/src/panicking.rs:519:13
[INFO] [stdout]   12:     0x5561621b9d9c - std::sys_common::backtrace::__rust_end_short_backtrace::h2d11ca8b453b4b1d
[INFO] [stdout]                                at /rustc/53fd98ca776cb875bc9e5514f56b52eb74f9e7a9/library/std/src/sys_common/backtrace.rs:141:18
[INFO] [stdout]   13:     0x5561621bc109 - rust_begin_unwind
[INFO] [stdout]                                at /rustc/53fd98ca776cb875bc9e5514f56b52eb74f9e7a9/library/std/src/panicking.rs:515:5
[INFO] [stdout]   14:     0x556161ddc9a1 - core::panicking::panic_fmt::hf9de31d4acbce4db
[INFO] [stdout]                                at /rustc/53fd98ca776cb875bc9e5514f56b52eb74f9e7a9/library/core/src/panicking.rs:92:14
[INFO] [stdout]   15:     0x5561621dc728 - core::panicking::assert_failed_inner::h62e8cb2847a6e7ec
[INFO] [stdout]   16:     0x556161e34b6a - core::panicking::assert_failed::h58d31b874ef98194
[INFO] [stdout]                                at /rustc/53fd98ca776cb875bc9e5514f56b52eb74f9e7a9/library/core/src/panicking.rs:117:5
[INFO] [stdout]   17:     0x556161e77d17 - cargo_culture_kit::rules::passes_multiple_tests::tests::passes_multiple_tests_more_specifically_ten_in_a_flat_project_succeeds::h0c47bd0db59864ea
[INFO] [stdout]                                at /opt/rustwide/workdir/cargo-culture-kit/src/rules/passes_multiple_tests.rs:134:9
[INFO] [stdout]   18:     0x556161e779ea - cargo_culture_kit::rules::passes_multiple_tests::tests::passes_multiple_tests_more_specifically_ten_in_a_flat_project_succeeds::{{closure}}::h5811bd4e95db60f7
[INFO] [stdout]                                at /opt/rustwide/workdir/cargo-culture-kit/src/rules/passes_multiple_tests.rs:122:5
[INFO] [stdout]   19:     0x556161e57e5e - core::ops::function::FnOnce::call_once::h5450aa488df48e63
[INFO] [stdout]                                at /rustc/53fd98ca776cb875bc9e5514f56b52eb74f9e7a9/library/core/src/ops/function.rs:227:5
[INFO] [stdout]   20:     0x556161eaf223 - core::ops::function::FnOnce::call_once::hbb52c4519d3137b0
[INFO] [stdout]                                at /rustc/53fd98ca776cb875bc9e5514f56b52eb74f9e7a9/library/core/src/ops/function.rs:227:5
[INFO] [stdout]   21:     0x556161eaf223 - test::__rust_begin_short_backtrace::h86fe3a2a5a5121af
[INFO] [stdout]                                at /rustc/53fd98ca776cb875bc9e5514f56b52eb74f9e7a9/library/test/src/lib.rs:578:5
[INFO] [stdout]   22:     0x556161eadcd8 - <alloc::boxed::Box<F,A> as core::ops::function::FnOnce<Args>>::call_once::hfd956bc3d57399be
[INFO] [stdout]                                at /rustc/53fd98ca776cb875bc9e5514f56b52eb74f9e7a9/library/alloc/src/boxed.rs:1572:9
[INFO] [stdout]   23:     0x556161eadcd8 - <std::panic::AssertUnwindSafe<F> as core::ops::function::FnOnce<()>>::call_once::h40dc93e0ddb5938a
[INFO] [stdout]                                at /rustc/53fd98ca776cb875bc9e5514f56b52eb74f9e7a9/library/std/src/panic.rs:347:9
[INFO] [stdout]   24:     0x556161eadcd8 - std::panicking::try::do_call::h90d07750cb47c562
[INFO] [stdout]                                at /rustc/53fd98ca776cb875bc9e5514f56b52eb74f9e7a9/library/std/src/panicking.rs:401:40
[INFO] [stdout]   25:     0x556161eadcd8 - std::panicking::try::h063c84733ad2a629
[INFO] [stdout]                                at /rustc/53fd98ca776cb875bc9e5514f56b52eb74f9e7a9/library/std/src/panicking.rs:365:19
[INFO] [stdout]   26:     0x556161eadcd8 - std::panic::catch_unwind::h0c464836a84e7c08
[INFO] [stdout]                                at /rustc/53fd98ca776cb875bc9e5514f56b52eb74f9e7a9/library/std/src/panic.rs:434:14
[INFO] [stdout]   27:     0x556161eadcd8 - test::run_test_in_process::h5cb06ef620b157fc
[INFO] [stdout]                                at /rustc/53fd98ca776cb875bc9e5514f56b52eb74f9e7a9/library/test/src/lib.rs:601:18
[INFO] [stdout]   28:     0x556161eadcd8 - test::run_test::run_test_inner::{{closure}}::h76f677f4b93f9828
[INFO] [stdout]                                at /rustc/53fd98ca776cb875bc9e5514f56b52eb74f9e7a9/library/test/src/lib.rs:493:39
[INFO] [stdout]   29:     0x556161e7c46d - test::run_test::run_test_inner::{{closure}}::h366d01fe04f4d67a
[INFO] [stdout]                                at /rustc/53fd98ca776cb875bc9e5514f56b52eb74f9e7a9/library/test/src/lib.rs:520:37
[INFO] [stdout]   30:     0x556161e7c46d - std::sys_common::backtrace::__rust_begin_short_backtrace::h7dfa0de4eb395af2
[INFO] [stdout]                                at /rustc/53fd98ca776cb875bc9e5514f56b52eb74f9e7a9/library/std/src/sys_common/backtrace.rs:125:18
[INFO] [stdout]   31:     0x556161e80c38 - std::thread::Builder::spawn_unchecked::{{closure}}::{{closure}}::hf0a74bb58798037f
[INFO] [stdout]                                at /rustc/53fd98ca776cb875bc9e5514f56b52eb74f9e7a9/library/std/src/thread/mod.rs:476:17
[INFO] [stdout]   32:     0x556161e80c38 - <std::panic::AssertUnwindSafe<F> as core::ops::function::FnOnce<()>>::call_once::hb024e854818586ac
[INFO] [stdout]                                at /rustc/53fd98ca776cb875bc9e5514f56b52eb74f9e7a9/library/std/src/panic.rs:347:9
[INFO] [stdout]   33:     0x556161e80c38 - std::panicking::try::do_call::hb2dd9f1d0d48e41d
[INFO] [stdout]                                at /rustc/53fd98ca776cb875bc9e5514f56b52eb74f9e7a9/library/std/src/panicking.rs:401:40
[INFO] [stdout]   34:     0x556161e80c38 - std::panicking::try::h4717ae7bac8b2bf3
[INFO] [stdout]                                at /rustc/53fd98ca776cb875bc9e5514f56b52eb74f9e7a9/library/std/src/panicking.rs:365:19
[INFO] [stdout]   35:     0x556161e80c38 - std::panic::catch_unwind::h0dc8a061326ce8d8
[INFO] [stdout]                                at /rustc/53fd98ca776cb875bc9e5514f56b52eb74f9e7a9/library/std/src/panic.rs:434:14
[INFO] [stdout]   36:     0x556161e80c38 - std::thread::Builder::spawn_unchecked::{{closure}}::haa369e2d6fd00aa1
[INFO] [stdout]                                at /rustc/53fd98ca776cb875bc9e5514f56b52eb74f9e7a9/library/std/src/thread/mod.rs:475:30
[INFO] [stdout]   37:     0x556161e80c38 - core::ops::function::FnOnce::call_once{{vtable.shim}}::h36dcf3de8b056f17
[INFO] [stdout]                                at /rustc/53fd98ca776cb875bc9e5514f56b52eb74f9e7a9/library/core/src/ops/function.rs:227:5
[INFO] [stdout]   38:     0x5561621c2237 - <alloc::boxed::Box<F,A> as core::ops::function::FnOnce<Args>>::call_once::h65c29e4642be2358
[INFO] [stdout]                                at /rustc/53fd98ca776cb875bc9e5514f56b52eb74f9e7a9/library/alloc/src/boxed.rs:1572:9
[INFO] [stdout]   39:     0x5561621c2237 - <alloc::boxed::Box<F,A> as core::ops::function::FnOnce<Args>>::call_once::hd0f8f7fbbd9fffbf
[INFO] [stdout]                                at /rustc/53fd98ca776cb875bc9e5514f56b52eb74f9e7a9/library/alloc/src/boxed.rs:1572:9
[INFO] [stdout]   40:     0x5561621c2237 - std::sys::unix::thread::Thread::new::thread_start::h2fd22fee3ca77b65
[INFO] [stdout]                                at /rustc/53fd98ca776cb875bc9e5514f56b52eb74f9e7a9/library/std/src/sys/unix/thread.rs:74:17
[INFO] [stdout]   41:     0x7f2443d3a609 - start_thread
[INFO] [stdout]   42:     0x7f2443b0c293 - clone
[INFO] [stdout]   43:                0x0 - <unknown>
[INFO] [stdout] 
[INFO] [stdout] ---- rules::passes_multiple_tests::tests::passes_multiple_tests_happy_path_flat_project stdout ----
[INFO] [stdout] thread 'rules::passes_multiple_tests::tests::passes_multiple_tests_happy_path_flat_project' panicked at 'assertion failed: `(left == right)`
[INFO] [stdout]   left: `Success`,
[INFO] [stdout]  right: `Failure`', cargo-culture-kit/src/rules/passes_multiple_tests.rs:117:9
[INFO] [stdout] stack backtrace:
[INFO] [stdout]    0:     0x5561621b98c0 - std::backtrace_rs::backtrace::libunwind::trace::hff4d1766e93f64f1
[INFO] [stdout]                                at /rustc/53fd98ca776cb875bc9e5514f56b52eb74f9e7a9/library/std/src/../../backtrace/src/backtrace/libunwind.rs:90:5
[INFO] [stdout]    1:     0x5561621b98c0 - std::backtrace_rs::backtrace::trace_unsynchronized::h56bbc8eb78770bcb
[INFO] [stdout]                                at /rustc/53fd98ca776cb875bc9e5514f56b52eb74f9e7a9/library/std/src/../../backtrace/src/backtrace/mod.rs:66:5
[INFO] [stdout]    2:     0x5561621b98c0 - std::sys_common::backtrace::_print_fmt::h5c8e75464faca780
[INFO] [stdout]                                at /rustc/53fd98ca776cb875bc9e5514f56b52eb74f9e7a9/library/std/src/sys_common/backtrace.rs:67:5
[INFO] [stdout]    3:     0x5561621b98c0 - <std::sys_common::backtrace::_print::DisplayBacktrace as core::fmt::Display>::fmt::h48b88277def8b362
[INFO] [stdout]                                at /rustc/53fd98ca776cb875bc9e5514f56b52eb74f9e7a9/library/std/src/sys_common/backtrace.rs:46:22
[INFO] [stdout]    4:     0x5561621dde3c - core::fmt::write::h3381b3176fe2b3d3
[INFO] [stdout]                                at /rustc/53fd98ca776cb875bc9e5514f56b52eb74f9e7a9/library/core/src/fmt/mod.rs:1115:17
[INFO] [stdout]    5:     0x5561621b5e45 - std::io::Write::write_fmt::h5f34a676f60246b5
[INFO] [stdout]                                at /rustc/53fd98ca776cb875bc9e5514f56b52eb74f9e7a9/library/std/src/io/mod.rs:1665:15
[INFO] [stdout]    6:     0x5561621bbffb - std::sys_common::backtrace::_print::ha537687d6c17dd0d
[INFO] [stdout]                                at /rustc/53fd98ca776cb875bc9e5514f56b52eb74f9e7a9/library/std/src/sys_common/backtrace.rs:49:5
[INFO] [stdout]    7:     0x5561621bbffb - std::sys_common::backtrace::print::h61376ae57d131d72
[INFO] [stdout]                                at /rustc/53fd98ca776cb875bc9e5514f56b52eb74f9e7a9/library/std/src/sys_common/backtrace.rs:36:9
[INFO] [stdout]    8:     0x5561621bbffb - std::panicking::default_hook::{{closure}}::h0f7208c0b9644a54
[INFO] [stdout]                                at /rustc/53fd98ca776cb875bc9e5514f56b52eb74f9e7a9/library/std/src/panicking.rs:208:50
[INFO] [stdout]    9:     0x5561621bbb0c - std::panicking::default_hook::hdac7fc06578c14ce
[INFO] [stdout]                                at /rustc/53fd98ca776cb875bc9e5514f56b52eb74f9e7a9/library/std/src/panicking.rs:222:9
[INFO] [stdout]   10:     0x5561621bc6c4 - std::panicking::rust_panic_with_hook::h72b21c283da3d1ef
[INFO] [stdout]                                at /rustc/53fd98ca776cb875bc9e5514f56b52eb74f9e7a9/library/std/src/panicking.rs:622:17
[INFO] [stdout]   11:     0x5561621bc1a7 - std::panicking::begin_panic_handler::{{closure}}::he5778f1729cff84a
[INFO] [stdout]                                at /rustc/53fd98ca776cb875bc9e5514f56b52eb74f9e7a9/library/std/src/panicking.rs:519:13
[INFO] [stdout]   12:     0x5561621b9d9c - std::sys_common::backtrace::__rust_end_short_backtrace::h2d11ca8b453b4b1d
[INFO] [stdout]                                at /rustc/53fd98ca776cb875bc9e5514f56b52eb74f9e7a9/library/std/src/sys_common/backtrace.rs:141:18
[INFO] [stdout]   13:     0x5561621bc109 - rust_begin_unwind
[INFO] [stdout]                                at /rustc/53fd98ca776cb875bc9e5514f56b52eb74f9e7a9/library/std/src/panicking.rs:515:5
[INFO] [stdout]   14:     0x556161ddc9a1 - core::panicking::panic_fmt::hf9de31d4acbce4db
[INFO] [stdout]                                at /rustc/53fd98ca776cb875bc9e5514f56b52eb74f9e7a9/library/core/src/panicking.rs:92:14
[INFO] [stdout]   15:     0x5561621dc728 - core::panicking::assert_failed_inner::h62e8cb2847a6e7ec
[INFO] [stdout]   16:     0x556161e34b6a - core::panicking::assert_failed::h58d31b874ef98194
[INFO] [stdout]                                at /rustc/53fd98ca776cb875bc9e5514f56b52eb74f9e7a9/library/core/src/panicking.rs:117:5
[INFO] [stdout]   17:     0x556161e77937 - cargo_culture_kit::rules::passes_multiple_tests::tests::passes_multiple_tests_happy_path_flat_project::h6572fb0b9ffab8e8
[INFO] [stdout]                                at /opt/rustwide/workdir/cargo-culture-kit/src/rules/passes_multiple_tests.rs:117:9
[INFO] [stdout]   18:     0x556161e7760a - cargo_culture_kit::rules::passes_multiple_tests::tests::passes_multiple_tests_happy_path_flat_project::{{closure}}::hd650f6d06b72ef28
[INFO] [stdout]                                at /opt/rustwide/workdir/cargo-culture-kit/src/rules/passes_multiple_tests.rs:105:5
[INFO] [stdout]   19:     0x556161e57e9e - core::ops::function::FnOnce::call_once::h591c6b86d2de67a3
[INFO] [stdout]                                at /rustc/53fd98ca776cb875bc9e5514f56b52eb74f9e7a9/library/core/src/ops/function.rs:227:5
[INFO] [stdout]   20:     0x556161eaf223 - core::ops::function::FnOnce::call_once::hbb52c4519d3137b0
[INFO] [stdout]                                at /rustc/53fd98ca776cb875bc9e5514f56b52eb74f9e7a9/library/core/src/ops/function.rs:227:5
[INFO] [stdout]   21:     0x556161eaf223 - test::__rust_begin_short_backtrace::h86fe3a2a5a5121af
[INFO] [stdout]                                at /rustc/53fd98ca776cb875bc9e5514f56b52eb74f9e7a9/library/test/src/lib.rs:578:5
[INFO] [stdout]   22:     0x556161eadcd8 - <alloc::boxed::Box<F,A> as core::ops::function::FnOnce<Args>>::call_once::hfd956bc3d57399be
[INFO] [stdout]                                at /rustc/53fd98ca776cb875bc9e5514f56b52eb74f9e7a9/library/alloc/src/boxed.rs:1572:9
[INFO] [stdout]   23:     0x556161eadcd8 - <std::panic::AssertUnwindSafe<F> as core::ops::function::FnOnce<()>>::call_once::h40dc93e0ddb5938a
[INFO] [stdout]                                at /rustc/53fd98ca776cb875bc9e5514f56b52eb74f9e7a9/library/std/src/panic.rs:347:9
[INFO] [stdout]   24:     0x556161eadcd8 - std::panicking::try::do_call::h90d07750cb47c562
[INFO] [stdout]                                at /rustc/53fd98ca776cb875bc9e5514f56b52eb74f9e7a9/library/std/src/panicking.rs:401:40
[INFO] [stdout]   25:     0x556161eadcd8 - std::panicking::try::h063c84733ad2a629
[INFO] [stdout]                                at /rustc/53fd98ca776cb875bc9e5514f56b52eb74f9e7a9/library/std/src/panicking.rs:365:19
[INFO] [stdout]   26:     0x556161eadcd8 - std::panic::catch_unwind::h0c464836a84e7c08
[INFO] [stdout]                                at /rustc/53fd98ca776cb875bc9e5514f56b52eb74f9e7a9/library/std/src/panic.rs:434:14
[INFO] [stdout]   27:     0x556161eadcd8 - test::run_test_in_process::h5cb06ef620b157fc
[INFO] [stdout]                                at /rustc/53fd98ca776cb875bc9e5514f56b52eb74f9e7a9/library/test/src/lib.rs:601:18
[INFO] [stdout]   28:     0x556161eadcd8 - test::run_test::run_test_inner::{{closure}}::h76f677f4b93f9828
[INFO] [stdout]                                at /rustc/53fd98ca776cb875bc9e5514f56b52eb74f9e7a9/library/test/src/lib.rs:493:39
[INFO] [stdout]   29:     0x556161e7c46d - test::run_test::run_test_inner::{{closure}}::h366d01fe04f4d67a
[INFO] [stdout]                                at /rustc/53fd98ca776cb875bc9e5514f56b52eb74f9e7a9/library/test/src/lib.rs:520:37
[INFO] [stdout]   30:     0x556161e7c46d - std::sys_common::backtrace::__rust_begin_short_backtrace::h7dfa0de4eb395af2
[INFO] [stdout]                                at /rustc/53fd98ca776cb875bc9e5514f56b52eb74f9e7a9/library/std/src/sys_common/backtrace.rs:125:18
[INFO] [stdout]   31:     0x556161e80c38 - std::thread::Builder::spawn_unchecked::{{closure}}::{{closure}}::hf0a74bb58798037f
[INFO] [stdout]                                at /rustc/53fd98ca776cb875bc9e5514f56b52eb74f9e7a9/library/std/src/thread/mod.rs:476:17
[INFO] [stdout]   32:     0x556161e80c38 - <std::panic::AssertUnwindSafe<F> as core::ops::function::FnOnce<()>>::call_once::hb024e854818586ac
[INFO] [stdout]                                at /rustc/53fd98ca776cb875bc9e5514f56b52eb74f9e7a9/library/std/src/panic.rs:347:9
[INFO] [stdout]   33:     0x556161e80c38 - std::panicking::try::do_call::hb2dd9f1d0d48e41d
[INFO] [stdout]                                at /rustc/53fd98ca776cb875bc9e5514f56b52eb74f9e7a9/library/std/src/panicking.rs:401:40
[INFO] [stdout]   34:     0x556161e80c38 - std::panicking::try::h4717ae7bac8b2bf3
[INFO] [stdout]                                at /rustc/53fd98ca776cb875bc9e5514f56b52eb74f9e7a9/library/std/src/panicking.rs:365:19
[INFO] [stdout]   35:     0x556161e80c38 - std::panic::catch_unwind::h0dc8a061326ce8d8
[INFO] [stdout]                                at /rustc/53fd98ca776cb875bc9e5514f56b52eb74f9e7a9/library/std/src/panic.rs:434:14
[INFO] [stdout]   36:     0x556161e80c38 - std::thread::Builder::spawn_unchecked::{{closure}}::haa369e2d6fd00aa1
[INFO] [stdout]                                at /rustc/53fd98ca776cb875bc9e5514f56b52eb74f9e7a9/library/std/src/thread/mod.rs:475:30
[INFO] [stdout]   37:     0x556161e80c38 - core::ops::function::FnOnce::call_once{{vtable.shim}}::h36dcf3de8b056f17
[INFO] [stdout]                                at /rustc/53fd98ca776cb875bc9e5514f56b52eb74f9e7a9/library/core/src/ops/function.rs:227:5
[INFO] [stdout]   38:     0x5561621c2237 - <alloc::boxed::Box<F,A> as core::ops::function::FnOnce<Args>>::call_once::h65c29e4642be2358
[INFO] [stdout]                                at /rustc/53fd98ca776cb875bc9e5514f56b52eb74f9e7a9/library/alloc/src/boxed.rs:1572:9
[INFO] [stdout]   39:     0x5561621c2237 - <alloc::boxed::Box<F,A> as core::ops::function::FnOnce<Args>>::call_once::hd0f8f7fbbd9fffbf
[INFO] [stdout]                                at /rustc/53fd98ca776cb875bc9e5514f56b52eb74f9e7a9/library/alloc/src/boxed.rs:1572:9
[INFO] [stdout]   40:     0x5561621c2237 - std::sys::unix::thread::Thread::new::thread_start::h2fd22fee3ca77b65
[INFO] [stdout]                                at /rustc/53fd98ca776cb875bc9e5514f56b52eb74f9e7a9/library/std/src/sys/unix/thread.rs:74:17
[INFO] [stdout]   41:     0x7f2443d3a609 - start_thread
[INFO] [stdout]   42:     0x7f2443b0c293 - clone
[INFO] [stdout]   43:                0x0 - <unknown>
[INFO] [stdout] 
[INFO] [stdout] ---- rules::builds_cleanly_without_warnings_or_errors::tests::builds_cleanly_happy_path_workspace_project stdout ----
[INFO] [stdout] thread 'rules::builds_cleanly_without_warnings_or_errors::tests::builds_cleanly_happy_path_workspace_project' panicked at 'assertion failed: `(left == right)`
[INFO] [stdout]   left: `Success`,
[INFO] [stdout]  right: `Failure`', cargo-culture-kit/src/rules/builds_cleanly_without_warnings_or_errors.rs:249:13
[INFO] [stdout] stack backtrace:
[INFO] [stdout]    0:     0x5561621b98c0 - std::backtrace_rs::backtrace::libunwind::trace::hff4d1766e93f64f1
[INFO] [stdout]                                at /rustc/53fd98ca776cb875bc9e5514f56b52eb74f9e7a9/library/std/src/../../backtrace/src/backtrace/libunwind.rs:90:5
[INFO] [stdout]    1:     0x5561621b98c0 - std::backtrace_rs::backtrace::trace_unsynchronized::h56bbc8eb78770bcb
[INFO] [stdout]                                at /rustc/53fd98ca776cb875bc9e5514f56b52eb74f9e7a9/library/std/src/../../backtrace/src/backtrace/mod.rs:66:5
[INFO] [stdout]    2:     0x5561621b98c0 - std::sys_common::backtrace::_print_fmt::h5c8e75464faca780
[INFO] [stdout]                                at /rustc/53fd98ca776cb875bc9e5514f56b52eb74f9e7a9/library/std/src/sys_common/backtrace.rs:67:5
[INFO] [stdout]    3:     0x5561621b98c0 - <std::sys_common::backtrace::_print::DisplayBacktrace as core::fmt::Display>::fmt::h48b88277def8b362
[INFO] [stdout]                                at /rustc/53fd98ca776cb875bc9e5514f56b52eb74f9e7a9/library/std/src/sys_common/backtrace.rs:46:22
[INFO] [stdout]    4:     0x5561621dde3c - core::fmt::write::h3381b3176fe2b3d3
[INFO] [stdout]                                at /rustc/53fd98ca776cb875bc9e5514f56b52eb74f9e7a9/library/core/src/fmt/mod.rs:1115:17
[INFO] [stdout]    5:     0x5561621b5e45 - std::io::Write::write_fmt::h5f34a676f60246b5
[INFO] [stdout]                                at /rustc/53fd98ca776cb875bc9e5514f56b52eb74f9e7a9/library/std/src/io/mod.rs:1665:15
[INFO] [stdout]    6:     0x5561621bbffb - std::sys_common::backtrace::_print::ha537687d6c17dd0d
[INFO] [stdout]                                at /rustc/53fd98ca776cb875bc9e5514f56b52eb74f9e7a9/library/std/src/sys_common/backtrace.rs:49:5
[INFO] [stdout]    7:     0x5561621bbffb - std::sys_common::backtrace::print::h61376ae57d131d72
[INFO] [stdout]                                at /rustc/53fd98ca776cb875bc9e5514f56b52eb74f9e7a9/library/std/src/sys_common/backtrace.rs:36:9
[INFO] [stdout]    8:     0x5561621bbffb - std::panicking::default_hook::{{closure}}::h0f7208c0b9644a54
[INFO] [stdout]                                at /rustc/53fd98ca776cb875bc9e5514f56b52eb74f9e7a9/library/std/src/panicking.rs:208:50
[INFO] [stdout]    9:     0x5561621bbb0c - std::panicking::default_hook::hdac7fc06578c14ce
[INFO] [stdout]                                at /rustc/53fd98ca776cb875bc9e5514f56b52eb74f9e7a9/library/std/src/panicking.rs:222:9
[INFO] [stdout]   10:     0x5561621bc6c4 - std::panicking::rust_panic_with_hook::h72b21c283da3d1ef
[INFO] [stdout]                                at /rustc/53fd98ca776cb875bc9e5514f56b52eb74f9e7a9/library/std/src/panicking.rs:622:17
[INFO] [stdout]   11:     0x5561621bc1a7 - std::panicking::begin_panic_handler::{{closure}}::he5778f1729cff84a
[INFO] [stdout]                                at /rustc/53fd98ca776cb875bc9e5514f56b52eb74f9e7a9/library/std/src/panicking.rs:519:13
[INFO] [stdout]   12:     0x5561621b9d9c - std::sys_common::backtrace::__rust_end_short_backtrace::h2d11ca8b453b4b1d
[INFO] [stdout]                                at /rustc/53fd98ca776cb875bc9e5514f56b52eb74f9e7a9/library/std/src/sys_common/backtrace.rs:141:18
[INFO] [stdout]   13:     0x5561621bc109 - rust_begin_unwind
[INFO] [stdout]                                at /rustc/53fd98ca776cb875bc9e5514f56b52eb74f9e7a9/library/std/src/panicking.rs:515:5
[INFO] [stdout]   14:     0x556161ddc9a1 - core::panicking::panic_fmt::hf9de31d4acbce4db
[INFO] [stdout]                                at /rustc/53fd98ca776cb875bc9e5514f56b52eb74f9e7a9/library/core/src/panicking.rs:92:14
[INFO] [stdout]   15:     0x5561621dc728 - core::panicking::assert_failed_inner::h62e8cb2847a6e7ec
[INFO] [stdout]   16:     0x556161e34b6a - core::panicking::assert_failed::h58d31b874ef98194
[INFO] [stdout]                                at /rustc/53fd98ca776cb875bc9e5514f56b52eb74f9e7a9/library/core/src/panicking.rs:117:5
[INFO] [stdout]   17:     0x556161e6b7ca - cargo_culture_kit::rules::builds_cleanly_without_warnings_or_errors::tests::builds_cleanly_happy_path_workspace_project::h7b285628b319e1a2
[INFO] [stdout]                                at /opt/rustwide/workdir/cargo-culture-kit/src/rules/builds_cleanly_without_warnings_or_errors.rs:249:13
[INFO] [stdout]   18:     0x556161e6b39a - cargo_culture_kit::rules::builds_cleanly_without_warnings_or_errors::tests::builds_cleanly_happy_path_workspace_project::{{closure}}::hc73619be934501ca
[INFO] [stdout]                                at /opt/rustwide/workdir/cargo-culture-kit/src/rules/builds_cleanly_without_warnings_or_errors.rs:235:5
[INFO] [stdout]   19:     0x556161e5931e - core::ops::function::FnOnce::call_once::he734d51341a2d1d3
[INFO] [stdout]                                at /rustc/53fd98ca776cb875bc9e5514f56b52eb74f9e7a9/library/core/src/ops/function.rs:227:5
[INFO] [stdout]   20:     0x556161eaf223 - core::ops::function::FnOnce::call_once::hbb52c4519d3137b0
[INFO] [stdout]                                at /rustc/53fd98ca776cb875bc9e5514f56b52eb74f9e7a9/library/core/src/ops/function.rs:227:5
[INFO] [stdout]   21:     0x556161eaf223 - test::__rust_begin_short_backtrace::h86fe3a2a5a5121af
[INFO] [stdout]                                at /rustc/53fd98ca776cb875bc9e5514f56b52eb74f9e7a9/library/test/src/lib.rs:578:5
[INFO] [stdout]   22:     0x556161eadcd8 - <alloc::boxed::Box<F,A> as core::ops::function::FnOnce<Args>>::call_once::hfd956bc3d57399be
[INFO] [stdout]                                at /rustc/53fd98ca776cb875bc9e5514f56b52eb74f9e7a9/library/alloc/src/boxed.rs:1572:9
[INFO] [stdout]   23:     0x556161eadcd8 - <std::panic::AssertUnwindSafe<F> as core::ops::function::FnOnce<()>>::call_once::h40dc93e0ddb5938a
[INFO] [stdout]                                at /rustc/53fd98ca776cb875bc9e5514f56b52eb74f9e7a9/library/std/src/panic.rs:347:9
[INFO] [stdout]   24:     0x556161eadcd8 - std::panicking::try::do_call::h90d07750cb47c562
[INFO] [stdout]                                at /rustc/53fd98ca776cb875bc9e5514f56b52eb74f9e7a9/library/std/src/panicking.rs:401:40
[INFO] [stdout]   25:     0x556161eadcd8 - std::panicking::try::h063c84733ad2a629
[INFO] [stdout]                                at /rustc/53fd98ca776cb875bc9e5514f56b52eb74f9e7a9/library/std/src/panicking.rs:365:19
[INFO] [stdout]   26:     0x556161eadcd8 - std::panic::catch_unwind::h0c464836a84e7c08
[INFO] [stdout]                                at /rustc/53fd98ca776cb875bc9e5514f56b52eb74f9e7a9/library/std/src/panic.rs:434:14
[INFO] [stdout]   27:     0x556161eadcd8 - test::run_test_in_process::h5cb06ef620b157fc
[INFO] [stdout]                                at /rustc/53fd98ca776cb875bc9e5514f56b52eb74f9e7a9/library/test/src/lib.rs:601:18
[INFO] [stdout]   28:     0x556161eadcd8 - test::run_test::run_test_inner::{{closure}}::h76f677f4b93f9828
[INFO] [stdout]                                at /rustc/53fd98ca776cb875bc9e5514f56b52eb74f9e7a9/library/test/src/lib.rs:493:39
[INFO] [stdout]   29:     0x556161e7c46d - test::run_test::run_test_inner::{{closure}}::h366d01fe04f4d67a
[INFO] [stdout]                                at /rustc/53fd98ca776cb875bc9e5514f56b52eb74f9e7a9/library/test/src/lib.rs:520:37
[INFO] [stdout]   30:     0x556161e7c46d - std::sys_common::backtrace::__rust_begin_short_backtrace::h7dfa0de4eb395af2
[INFO] [stdout]                                at /rustc/53fd98ca776cb875bc9e5514f56b52eb74f9e7a9/library/std/src/sys_common/backtrace.rs:125:18
[INFO] [stdout]   31:     0x556161e80c38 - std::thread::Builder::spawn_unchecked::{{closure}}::{{closure}}::hf0a74bb58798037f
[INFO] [stdout]                                at /rustc/53fd98ca776cb875bc9e5514f56b52eb74f9e7a9/library/std/src/thread/mod.rs:476:17
[INFO] [stdout]   32:     0x556161e80c38 - <std::panic::AssertUnwindSafe<F> as core::ops::function::FnOnce<()>>::call_once::hb024e854818586ac
[INFO] [stdout]                                at /rustc/53fd98ca776cb875bc9e5514f56b52eb74f9e7a9/library/std/src/panic.rs:347:9
[INFO] [stdout]   33:     0x556161e80c38 - std::panicking::try::do_call::hb2dd9f1d0d48e41d
[INFO] [stdout]                                at /rustc/53fd98ca776cb875bc9e5514f56b52eb74f9e7a9/library/std/src/panicking.rs:401:40
[INFO] [stdout]   34:     0x556161e80c38 - std::panicking::try::h4717ae7bac8b2bf3
[INFO] [stdout]                                at /rustc/53fd98ca776cb875bc9e5514f56b52eb74f9e7a9/library/std/src/panicking.rs:365:19
[INFO] [stdout]   35:     0x556161e80c38 - std::panic::catch_unwind::h0dc8a061326ce8d8
[INFO] [stdout]                                at /rustc/53fd98ca776cb875bc9e5514f56b52eb74f9e7a9/library/std/src/panic.rs:434:14
[INFO] [stdout]   36:     0x556161e80c38 - std::thread::Builder::spawn_unchecked::{{closure}}::haa369e2d6fd00aa1
[INFO] [stdout]                                at /rustc/53fd98ca776cb875bc9e5514f56b52eb74f9e7a9/library/std/src/thread/mod.rs:475:30
[INFO] [stdout]   37:     0x556161e80c38 - core::ops::function::FnOnce::call_once{{vtable.shim}}::h36dcf3de8b056f17
[INFO] [stdout]                                at /rustc/53fd98ca776cb875bc9e5514f56b52eb74f9e7a9/library/core/src/ops/function.rs:227:5
[INFO] [stdout]   38:     0x5561621c2237 - <alloc::boxed::Box<F,A> as core::ops::function::FnOnce<Args>>::call_once::h65c29e4642be2358
[INFO] [stdout]                                at /rustc/53fd98ca776cb875bc9e5514f56b52eb74f9e7a9/library/alloc/src/boxed.rs:1572:9
[INFO] [stdout]   39:     0x5561621c2237 - <alloc::boxed::Box<F,A> as core::ops::function::FnOnce<Args>>::call_once::hd0f8f7fbbd9fffbf
[INFO] [stdout]                                at /rustc/53fd98ca776cb875bc9e5514f56b52eb74f9e7a9/library/alloc/src/boxed.rs:1572:9
[INFO] [stdout]   40:     0x5561621c2237 - std::sys::unix::thread::Thread::new::thread_start::h2fd22fee3ca77b65
[INFO] [stdout]                                at /rustc/53fd98ca776cb875bc9e5514f56b52eb74f9e7a9/library/std/src/sys/unix/thread.rs:74:17
[INFO] [stdout]   41:     0x7f2443d3a609 - start_thread
[INFO] [stdout]   42:     0x7f2443b0c293 - clone
[INFO] [stdout]   43:                0x0 - <unknown>
[INFO] [stdout] 
[INFO] [stdout] ---- rules::builds_cleanly_without_warnings_or_errors::tests::builds_cleanly_fails_for_warningful_main stdout ----
[INFO] [stdout] thread 'rules::builds_cleanly_without_warnings_or_errors::tests::builds_cleanly_fails_for_warningful_main' panicked at 'assertion failed: `(left == right)`
[INFO] [stdout]   left: `Failure`,
[INFO] [stdout]  right: `Success`', cargo-culture-kit/src/rules/builds_cleanly_without_warnings_or_errors.rs:230:9
[INFO] [stdout] stack backtrace:
[INFO] [stdout]    0:     0x5561621b98c0 - std::backtrace_rs::backtrace::libunwind::trace::hff4d1766e93f64f1
[INFO] [stdout]                                at /rustc/53fd98ca776cb875bc9e5514f56b52eb74f9e7a9/library/std/src/../../backtrace/src/backtrace/libunwind.rs:90:5
[INFO] [stdout]    1:     0x5561621b98c0 - std::backtrace_rs::backtrace::trace_unsynchronized::h56bbc8eb78770bcb
[INFO] [stdout]                                at /rustc/53fd98ca776cb875bc9e5514f56b52eb74f9e7a9/library/std/src/../../backtrace/src/backtrace/mod.rs:66:5
[INFO] [stdout]    2:     0x5561621b98c0 - std::sys_common::backtrace::_print_fmt::h5c8e75464faca780
[INFO] [stdout]                                at /rustc/53fd98ca776cb875bc9e5514f56b52eb74f9e7a9/library/std/src/sys_common/backtrace.rs:67:5
[INFO] [stdout]    3:     0x5561621b98c0 - <std::sys_common::backtrace::_print::DisplayBacktrace as core::fmt::Display>::fmt::h48b88277def8b362
[INFO] [stdout]                                at /rustc/53fd98ca776cb875bc9e5514f56b52eb74f9e7a9/library/std/src/sys_common/backtrace.rs:46:22
[INFO] [stdout]    4:     0x5561621dde3c - core::fmt::write::h3381b3176fe2b3d3
[INFO] [stdout]                                at /rustc/53fd98ca776cb875bc9e5514f56b52eb74f9e7a9/library/core/src/fmt/mod.rs:1115:17
[INFO] [stdout]    5:     0x5561621b5e45 - std::io::Write::write_fmt::h5f34a676f60246b5
[INFO] [stdout]                                at /rustc/53fd98ca776cb875bc9e5514f56b52eb74f9e7a9/library/std/src/io/mod.rs:1665:15
[INFO] [stdout]    6:     0x5561621bbffb - std::sys_common::backtrace::_print::ha537687d6c17dd0d
[INFO] [stdout]                                at /rustc/53fd98ca776cb875bc9e5514f56b52eb74f9e7a9/library/std/src/sys_common/backtrace.rs:49:5
[INFO] [stdout]    7:     0x5561621bbffb - std::sys_common::backtrace::print::h61376ae57d131d72
[INFO] [stdout]                                at /rustc/53fd98ca776cb875bc9e5514f56b52eb74f9e7a9/library/std/src/sys_common/backtrace.rs:36:9
[INFO] [stdout]    8:     0x5561621bbffb - std::panicking::default_hook::{{closure}}::h0f7208c0b9644a54
[INFO] [stdout]                                at /rustc/53fd98ca776cb875bc9e5514f56b52eb74f9e7a9/library/std/src/panicking.rs:208:50
[INFO] [stdout]    9:     0x5561621bbb0c - std::panicking::default_hook::hdac7fc06578c14ce
[INFO] [stdout]                                at /rustc/53fd98ca776cb875bc9e5514f56b52eb74f9e7a9/library/std/src/panicking.rs:222:9
[INFO] [stdout]   10:     0x5561621bc6c4 - std::panicking::rust_panic_with_hook::h72b21c283da3d1ef
[INFO] [stdout]                                at /rustc/53fd98ca776cb875bc9e5514f56b52eb74f9e7a9/library/std/src/panicking.rs:622:17
[INFO] [stdout]   11:     0x5561621bc1a7 - std::panicking::begin_panic_handler::{{closure}}::he5778f1729cff84a
[INFO] [stdout]                                at /rustc/53fd98ca776cb875bc9e5514f56b52eb74f9e7a9/library/std/src/panicking.rs:519:13
[INFO] [stdout]   12:     0x5561621b9d9c - std::sys_common::backtrace::__rust_end_short_backtrace::h2d11ca8b453b4b1d
[INFO] [stdout]                                at /rustc/53fd98ca776cb875bc9e5514f56b52eb74f9e7a9/library/std/src/sys_common/backtrace.rs:141:18
[INFO] [stdout]   13:     0x5561621bc109 - rust_begin_unwind
[INFO] [stdout]                                at /rustc/53fd98ca776cb875bc9e5514f56b52eb74f9e7a9/library/std/src/panicking.rs:515:5
[INFO] [stdout]   14:     0x556161ddc9a1 - core::panicking::panic_fmt::hf9de31d4acbce4db
[INFO] [stdout]                                at /rustc/53fd98ca776cb875bc9e5514f56b52eb74f9e7a9/library/core/src/panicking.rs:92:14
[INFO] [stdout]   15:     0x5561621dc728 - core::panicking::assert_failed_inner::h62e8cb2847a6e7ec
[INFO] [stdout]   16:     0x556161e34b6a - core::panicking::assert_failed::h58d31b874ef98194
[INFO] [stdout]                                at /rustc/53fd98ca776cb875bc9e5514f56b52eb74f9e7a9/library/core/src/panicking.rs:117:5
[INFO] [stdout]   17:     0x556161e6b2da - cargo_culture_kit::rules::builds_cleanly_without_warnings_or_errors::tests::builds_cleanly_fails_for_warningful_main::h774565989fec686a
[INFO] [stdout]                                at /opt/rustwide/workdir/cargo-culture-kit/src/rules/builds_cleanly_without_warnings_or_errors.rs:230:9
[INFO] [stdout]   18:     0x556161e6b04a - cargo_culture_kit::rules::builds_cleanly_without_warnings_or_errors::tests::builds_cleanly_fails_for_warningful_main::{{closure}}::h2e23948e487b6977
[INFO] [stdout]                                at /opt/rustwide/workdir/cargo-culture-kit/src/rules/builds_cleanly_without_warnings_or_errors.rs:221:5
[INFO] [stdout]   19:     0x556161e57fbe - core::ops::function::FnOnce::call_once::h5de0209926974cdf
[INFO] [stdout]                                at /rustc/53fd98ca776cb875bc9e5514f56b52eb74f9e7a9/library/core/src/ops/function.rs:227:5
[INFO] [stdout]   20:     0x556161eaf223 - core::ops::function::FnOnce::call_once::hbb52c4519d3137b0
[INFO] [stdout]                                at /rustc/53fd98ca776cb875bc9e5514f56b52eb74f9e7a9/library/core/src/ops/function.rs:227:5
[INFO] [stdout]   21:     0x556161eaf223 - test::__rust_begin_short_backtrace::h86fe3a2a5a5121af
[INFO] [stdout]                                at /rustc/53fd98ca776cb875bc9e5514f56b52eb74f9e7a9/library/test/src/lib.rs:578:5
[INFO] [stdout]   22:     0x556161eadcd8 - <alloc::boxed::Box<F,A> as core::ops::function::FnOnce<Args>>::call_once::hfd956bc3d57399be
[INFO] [stdout]                                at /rustc/53fd98ca776cb875bc9e5514f56b52eb74f9e7a9/library/alloc/src/boxed.rs:1572:9
[INFO] [stdout]   23:     0x556161eadcd8 - <std::panic::AssertUnwindSafe<F> as core::ops::function::FnOnce<()>>::call_once::h40dc93e0ddb5938a
[INFO] [stdout]                                at /rustc/53fd98ca776cb875bc9e5514f56b52eb74f9e7a9/library/std/src/panic.rs:347:9
[INFO] [stdout]   24:     0x556161eadcd8 - std::panicking::try::do_call::h90d07750cb47c562
[INFO] [stdout]                                at /rustc/53fd98ca776cb875bc9e5514f56b52eb74f9e7a9/library/std/src/panicking.rs:401:40
[INFO] [stdout]   25:     0x556161eadcd8 - std::panicking::try::h063c84733ad2a629
[INFO] [stdout]                                at /rustc/53fd98ca776cb875bc9e5514f56b52eb74f9e7a9/library/std/src/panicking.rs:365:19
[INFO] [stdout]   26:     0x556161eadcd8 - std::panic::catch_unwind::h0c464836a84e7c08
[INFO] [stdout]                                at /rustc/53fd98ca776cb875bc9e5514f56b52eb74f9e7a9/library/std/src/panic.rs:434:14
[INFO] [stdout]   27:     0x556161eadcd8 - test::run_test_in_process::h5cb06ef620b157fc
[INFO] [stdout]                                at /rustc/53fd98ca776cb875bc9e5514f56b52eb74f9e7a9/library/test/src/lib.rs:601:18
[INFO] [stdout]   28:     0x556161eadcd8 - test::run_test::run_test_inner::{{closure}}::h76f677f4b93f9828
[INFO] [stdout]                                at /rustc/53fd98ca776cb875bc9e5514f56b52eb74f9e7a9/library/test/src/lib.rs:493:39
[INFO] [stdout]   29:     0x556161e7c46d - test::run_test::run_test_inner::{{closure}}::h366d01fe04f4d67a
[INFO] [stdout]                                at /rustc/53fd98ca776cb875bc9e5514f56b52eb74f9e7a9/library/test/src/lib.rs:520:37
[INFO] [stdout]   30:     0x556161e7c46d - std::sys_common::backtrace::__rust_begin_short_backtrace::h7dfa0de4eb395af2
[INFO] [stdout]                                at /rustc/53fd98ca776cb875bc9e5514f56b52eb74f9e7a9/library/std/src/sys_common/backtrace.rs:125:18
[INFO] [stdout]   31:     0x556161e80c38 - std::thread::Builder::spawn_unchecked::{{closure}}::{{closure}}::hf0a74bb58798037f
[INFO] [stdout]                                at /rustc/53fd98ca776cb875bc9e5514f56b52eb74f9e7a9/library/std/src/thread/mod.rs:476:17
[INFO] [stdout]   32:     0x556161e80c38 - <std::panic::AssertUnwindSafe<F> as core::ops::function::FnOnce<()>>::call_once::hb024e854818586ac
[INFO] [stdout]                                at /rustc/53fd98ca776cb875bc9e5514f56b52eb74f9e7a9/library/std/src/panic.rs:347:9
[INFO] [stdout]   33:     0x556161e80c38 - std::panicking::try::do_call::hb2dd9f1d0d48e41d
[INFO] [stdout]                                at /rustc/53fd98ca776cb875bc9e5514f56b52eb74f9e7a9/library/std/src/panicking.rs:401:40
[INFO] [stdout]   34:     0x556161e80c38 - std::panicking::try::h4717ae7bac8b2bf3
[INFO] [stdout]                                at /rustc/53fd98ca776cb875bc9e5514f56b52eb74f9e7a9/library/std/src/panicking.rs:365:19
[INFO] [stdout]   35:     0x556161e80c38 - std::panic::catch_unwind::h0dc8a061326ce8d8
[INFO] [stdout]                                at /rustc/53fd98ca776cb875bc9e5514f56b52eb74f9e7a9/library/std/src/panic.rs:434:14
[INFO] [stdout]   36:     0x556161e80c38 - std::thread::Builder::spawn_unchecked::{{closure}}::haa369e2d6fd00aa1
[INFO] [stdout]                                at /rustc/53fd98ca776cb875bc9e5514f56b52eb74f9e7a9/library/std/src/thread/mod.rs:475:30
[INFO] [stdout]   37:     0x556161e80c38 - core::ops::function::FnOnce::call_once{{vtable.shim}}::h36dcf3de8b056f17
[INFO] [stdout]                                at /rustc/53fd98ca776cb875bc9e5514f56b52eb74f9e7a9/library/core/src/ops/function.rs:227:5
[INFO] [stdout]   38:     0x5561621c2237 - <alloc::boxed::Box<F,A> as core::ops::function::FnOnce<Args>>::call_once::h65c29e4642be2358
[INFO] [stdout]                                at /rustc/53fd98ca776cb875bc9e5514f56b52eb74f9e7a9/library/alloc/src/boxed.rs:1572:9
[INFO] [stdout]   39:     0x5561621c2237 - <alloc::boxed::Box<F,A> as core::ops::function::FnOnce<Args>>::call_once::hd0f8f7fbbd9fffbf
[INFO] [stdout]                                at /rustc/53fd98ca776cb875bc9e5514f56b52eb74f9e7a9/library/alloc/src/boxed.rs:1572:9
[INFO] [stdout]   40:     0x5561621c2237 - std::sys::unix::thread::Thread::new::thread_start::h2fd22fee3ca77b65
[INFO] [stdout]                                at /rustc/53fd98ca776cb875bc9e5514f56b52eb74f9e7a9/library/std/src/sys/unix/thread.rs:74:17
[INFO] [stdout]   41:     0x7f2443d3a609 - start_thread
[INFO] [stdout]   42:     0x7f2443b0c293 - clone
[INFO] [stdout]   43:                0x0 - <unknown>
[INFO] [stdout] 
[INFO] [stdout] 
[INFO] [stdout] failures:
[INFO] [stdout]     rules::builds_cleanly_without_warnings_or_errors::tests::builds_cleanly_fails_for_warningful_main
[INFO] [stdout]     rules::builds_cleanly_without_warnings_or_errors::tests::builds_cleanly_happy_path_workspace_project
[INFO] [stdout]     rules::passes_multiple_tests::tests::passes_multiple_tests_happy_path_flat_project
[INFO] [stdout]     rules::passes_multiple_tests::tests::passes_multiple_tests_more_specifically_ten_in_a_flat_project_succeeds
[INFO] [stdout] 
[INFO] [stdout] test result: FAILED. 78 passed; 4 failed; 0 ignored; 0 measured; 0 filtered out; finished in 25.75s
[INFO] [stdout] 
[INFO] running `Command { std: "docker" "inspect" "776883b4180e648283d26a6f43f564d7fab3b5f8b16192487a5163dea7ee6cf4", kill_on_drop: false }`
[INFO] running `Command { std: "docker" "rm" "-f" "776883b4180e648283d26a6f43f564d7fab3b5f8b16192487a5163dea7ee6cf4", kill_on_drop: false }`
[INFO] [stdout] 776883b4180e648283d26a6f43f564d7fab3b5f8b16192487a5163dea7ee6cf4
