[INFO] cloning repository https://github.com/PhilipDaniels/dnscan
[INFO] running `Command { std: "git" "-c" "credential.helper=" "-c" "credential.helper=/workspace/cargo-home/bin/git-credential-null" "clone" "--bare" "https://github.com/PhilipDaniels/dnscan" "/workspace/cache/git-repos/https%3A%2F%2Fgithub.com%2FPhilipDaniels%2Fdnscan", kill_on_drop: false }`
[INFO] [stderr] Cloning into bare repository '/workspace/cache/git-repos/https%3A%2F%2Fgithub.com%2FPhilipDaniels%2Fdnscan'...
[INFO] running `Command { std: "git" "rev-parse" "HEAD", kill_on_drop: false }`
[INFO] [stdout] b75aaa4df2adba35ff45de69fc247116ae8ade50
[INFO] testing PhilipDaniels/dnscan against 1.54.0 for beta-1.55-1
[INFO] running `Command { std: "git" "clone" "/workspace/cache/git-repos/https%3A%2F%2Fgithub.com%2FPhilipDaniels%2Fdnscan" "/workspace/builds/worker-7/source", kill_on_drop: false }`
[INFO] [stderr] Cloning into '/workspace/builds/worker-7/source'...
[INFO] [stderr] done.
[INFO] validating manifest of git repo https://github.com/PhilipDaniels/dnscan on toolchain 1.54.0
[INFO] running `Command { std: "/workspace/cargo-home/bin/cargo" "+1.54.0" "metadata" "--manifest-path" "Cargo.toml" "--no-deps", kill_on_drop: false }`
[INFO] started tweaking git repo https://github.com/PhilipDaniels/dnscan
[INFO] finished tweaking git repo https://github.com/PhilipDaniels/dnscan
[INFO] tweaked toml for git repo https://github.com/PhilipDaniels/dnscan written to /workspace/builds/worker-7/source/Cargo.toml
[INFO] crate git repo https://github.com/PhilipDaniels/dnscan already has a lockfile, it will not be regenerated
[INFO] running `Command { std: "/workspace/cargo-home/bin/cargo" "+1.54.0" "fetch" "--manifest-path" "Cargo.toml", kill_on_drop: false }`
[INFO] running `Command { std: "docker" "create" "-v" "/var/lib/crater-agent-workspace/builds/worker-7/target:/opt/rustwide/target:rw,Z" "-v" "/var/lib/crater-agent-workspace/builds/worker-7/source:/opt/rustwide/workdir:ro,Z" "-v" "/var/lib/crater-agent-workspace/cargo-home:/opt/rustwide/cargo-home:ro,Z" "-v" "/var/lib/crater-agent-workspace/rustup-home:/opt/rustwide/rustup-home:ro,Z" "-e" "SOURCE_DIR=/opt/rustwide/workdir" "-e" "CARGO_TARGET_DIR=/opt/rustwide/target" "-e" "CARGO_HOME=/opt/rustwide/cargo-home" "-e" "RUSTUP_HOME=/opt/rustwide/rustup-home" "-w" "/opt/rustwide/workdir" "-m" "1610612736" "--user" "0:0" "--network" "none" "ghcr.io/rust-lang/crates-build-env/linux@sha256:34b6a614d2c27851fe6cbf88fbd1137609cefab8b10d0615aaeb6fd47975d74e" "/opt/rustwide/cargo-home/bin/cargo" "+1.54.0" "metadata" "--no-deps" "--format-version=1", kill_on_drop: false }`
[INFO] [stdout] 640ca73d6309f2a2be0f0558823cd6686778d7ca63e4ed3d40440e5a3efdc3b1
[INFO] [stderr] WARNING: Your kernel does not support swap limit capabilities or the cgroup is not mounted. Memory limited without swap.
[INFO] running `Command { std: "docker" "start" "-a" "640ca73d6309f2a2be0f0558823cd6686778d7ca63e4ed3d40440e5a3efdc3b1", kill_on_drop: false }`
[INFO] running `Command { std: "docker" "inspect" "640ca73d6309f2a2be0f0558823cd6686778d7ca63e4ed3d40440e5a3efdc3b1", kill_on_drop: false }`
[INFO] running `Command { std: "docker" "rm" "-f" "640ca73d6309f2a2be0f0558823cd6686778d7ca63e4ed3d40440e5a3efdc3b1", kill_on_drop: false }`
[INFO] [stdout] 640ca73d6309f2a2be0f0558823cd6686778d7ca63e4ed3d40440e5a3efdc3b1
[INFO] running `Command { std: "docker" "create" "-v" "/var/lib/crater-agent-workspace/builds/worker-7/target:/opt/rustwide/target:rw,Z" "-v" "/var/lib/crater-agent-workspace/builds/worker-7/source:/opt/rustwide/workdir:ro,Z" "-v" "/var/lib/crater-agent-workspace/cargo-home:/opt/rustwide/cargo-home:ro,Z" "-v" "/var/lib/crater-agent-workspace/rustup-home:/opt/rustwide/rustup-home:ro,Z" "-e" "SOURCE_DIR=/opt/rustwide/workdir" "-e" "CARGO_TARGET_DIR=/opt/rustwide/target" "-e" "CARGO_INCREMENTAL=0" "-e" "RUST_BACKTRACE=full" "-e" "RUSTFLAGS=--cap-lints=warn" "-e" "CARGO_HOME=/opt/rustwide/cargo-home" "-e" "RUSTUP_HOME=/opt/rustwide/rustup-home" "-w" "/opt/rustwide/workdir" "-m" "1610612736" "--user" "0:0" "--network" "none" "ghcr.io/rust-lang/crates-build-env/linux@sha256:34b6a614d2c27851fe6cbf88fbd1137609cefab8b10d0615aaeb6fd47975d74e" "/opt/rustwide/cargo-home/bin/cargo" "+1.54.0" "build" "--frozen" "--message-format=json", kill_on_drop: false }`
[INFO] [stdout] e421645628daddde7d95d77c7e853507823264431eff9aa4b6a68251b5b1410c
[INFO] [stderr] WARNING: Your kernel does not support swap limit capabilities or the cgroup is not mounted. Memory limited without swap.
[INFO] running `Command { std: "docker" "start" "-a" "e421645628daddde7d95d77c7e853507823264431eff9aa4b6a68251b5b1410c", kill_on_drop: false }`
[INFO] [stderr]    Compiling memchr v2.2.0
[INFO] [stderr]    Compiling serde v1.0.91
[INFO] [stderr]    Compiling libz-sys v1.0.25
[INFO] [stderr]    Compiling openssl-sys v0.9.47
[INFO] [stderr]    Compiling libssh2-sys v0.2.11
[INFO] [stderr]    Compiling curl-sys v0.4.18
[INFO] [stderr]    Compiling crossbeam-utils v0.2.2
[INFO] [stderr]    Compiling libgit2-sys v0.7.11
[INFO] [stderr]    Compiling logging_timer v0.2.1
[INFO] [stderr]    Compiling dirs v1.0.5
[INFO] [stderr]    Compiling termios v0.2.2
[INFO] [stderr]    Compiling serde_derive v1.0.91
[INFO] [stderr]    Compiling strum_macros v0.15.0
[INFO] [stderr]    Compiling smart-default v0.5.2
[INFO] [stderr]    Compiling chrono v0.4.6
[INFO] [stderr]    Compiling crossbeam-epoch v0.3.1
[INFO] [stderr]    Compiling getch v0.2.1
[INFO] [stderr]    Compiling crossbeam-deque v0.2.0
[INFO] [stderr]    Compiling rayon-core v1.4.1
[INFO] [stderr]    Compiling aho-corasick v0.7.3
[INFO] [stderr]    Compiling csv-core v0.1.5
[INFO] [stderr]    Compiling rayon v1.0.3
[INFO] [stderr]    Compiling regex v1.1.6
[INFO] [stderr]    Compiling env_logger v0.6.1
[INFO] [stderr]    Compiling serde_regex v0.3.1
[INFO] [stderr]    Compiling serde_json v1.0.39
[INFO] [stderr]    Compiling csv v1.0.7
[INFO] [stderr]    Compiling git2 v0.8.0
[INFO] [stderr]    Compiling dnlib v0.1.0 (/opt/rustwide/workdir/dnlib)
[INFO] [stderr]    Compiling dnscan v0.1.0 (/opt/rustwide/workdir/dnscan)
[INFO] [stderr]    Compiling dnclean v0.1.0 (/opt/rustwide/workdir/dnclean)
[INFO] [stdout] warning: use of deprecated associated function `std::error::Error::description`: use the Display impl or to_string()
[INFO] [stdout]   --> dnscan/src/errors.rs:20:50
[INFO] [stdout]    |
[INFO] [stdout] 20 |             AnalysisError::DnLib(ref err) => err.description(),
[INFO] [stdout]    |                                                  ^^^^^^^^^^^
[INFO] [stdout]    |
[INFO] [stdout]    = note: `#[warn(deprecated)]` on by default
[INFO] [stdout] 
[INFO] [stdout] 
[INFO] [stdout] warning: use of deprecated associated function `std::error::Error::description`: use the Display impl or to_string()
[INFO] [stdout]   --> dnscan/src/errors.rs:21:47
[INFO] [stdout]    |
[INFO] [stdout] 21 |             AnalysisError::Io(ref err) => err.description(),
[INFO] [stdout]    |                                               ^^^^^^^^^^^
[INFO] [stdout] 
[INFO] [stdout] 
[INFO] [stdout] warning: use of deprecated associated function `std::error::Error::description`: use the Display impl or to_string()
[INFO] [stdout]   --> dnscan/src/errors.rs:22:48
[INFO] [stdout]    |
[INFO] [stdout] 22 |             AnalysisError::Csv(ref err) => err.description(),
[INFO] [stdout]    |                                                ^^^^^^^^^^^
[INFO] [stdout] 
[INFO] [stdout] 
[INFO] [stdout] warning: 3 warnings emitted
[INFO] [stdout] 
[INFO] [stdout] 
[INFO] [stderr]     Finished dev [unoptimized + debuginfo] target(s) in 1m 09s
[INFO] running `Command { std: "docker" "inspect" "e421645628daddde7d95d77c7e853507823264431eff9aa4b6a68251b5b1410c", kill_on_drop: false }`
[INFO] running `Command { std: "docker" "rm" "-f" "e421645628daddde7d95d77c7e853507823264431eff9aa4b6a68251b5b1410c", kill_on_drop: false }`
[INFO] [stdout] e421645628daddde7d95d77c7e853507823264431eff9aa4b6a68251b5b1410c
[INFO] running `Command { std: "docker" "create" "-v" "/var/lib/crater-agent-workspace/builds/worker-7/target:/opt/rustwide/target:rw,Z" "-v" "/var/lib/crater-agent-workspace/builds/worker-7/source:/opt/rustwide/workdir:ro,Z" "-v" "/var/lib/crater-agent-workspace/cargo-home:/opt/rustwide/cargo-home:ro,Z" "-v" "/var/lib/crater-agent-workspace/rustup-home:/opt/rustwide/rustup-home:ro,Z" "-e" "SOURCE_DIR=/opt/rustwide/workdir" "-e" "CARGO_TARGET_DIR=/opt/rustwide/target" "-e" "CARGO_INCREMENTAL=0" "-e" "RUST_BACKTRACE=full" "-e" "RUSTFLAGS=--cap-lints=warn" "-e" "CARGO_HOME=/opt/rustwide/cargo-home" "-e" "RUSTUP_HOME=/opt/rustwide/rustup-home" "-w" "/opt/rustwide/workdir" "-m" "1610612736" "--user" "0:0" "--network" "none" "ghcr.io/rust-lang/crates-build-env/linux@sha256:34b6a614d2c27851fe6cbf88fbd1137609cefab8b10d0615aaeb6fd47975d74e" "/opt/rustwide/cargo-home/bin/cargo" "+1.54.0" "test" "--frozen" "--no-run" "--message-format=json", kill_on_drop: false }`
[INFO] [stdout] 60dea72ea459b19fdad2a096f8d09c68ff1e89584e89920b9396c5e1596719fc
[INFO] [stderr] WARNING: Your kernel does not support swap limit capabilities or the cgroup is not mounted. Memory limited without swap.
[INFO] running `Command { std: "docker" "start" "-a" "60dea72ea459b19fdad2a096f8d09c68ff1e89584e89920b9396c5e1596719fc", kill_on_drop: false }`
[INFO] [stderr]    Compiling rand v0.6.5
[INFO] [stderr]    Compiling dnclean v0.1.0 (/opt/rustwide/workdir/dnclean)
[INFO] [stderr]    Compiling dnscan v0.1.0 (/opt/rustwide/workdir/dnscan)
[INFO] [stdout] warning: use of deprecated associated function `std::error::Error::description`: use the Display impl or to_string()
[INFO] [stdout]   --> dnscan/src/errors.rs:20:50
[INFO] [stdout]    |
[INFO] [stdout] 20 |             AnalysisError::DnLib(ref err) => err.description(),
[INFO] [stdout]    |                                                  ^^^^^^^^^^^
[INFO] [stdout]    |
[INFO] [stdout]    = note: `#[warn(deprecated)]` on by default
[INFO] [stdout] 
[INFO] [stdout] 
[INFO] [stdout] warning: use of deprecated associated function `std::error::Error::description`: use the Display impl or to_string()
[INFO] [stdout]   --> dnscan/src/errors.rs:21:47
[INFO] [stdout]    |
[INFO] [stdout] 21 |             AnalysisError::Io(ref err) => err.description(),
[INFO] [stdout]    |                                               ^^^^^^^^^^^
[INFO] [stdout] 
[INFO] [stdout] 
[INFO] [stdout] warning: use of deprecated associated function `std::error::Error::description`: use the Display impl or to_string()
[INFO] [stdout]   --> dnscan/src/errors.rs:22:48
[INFO] [stdout]    |
[INFO] [stdout] 22 |             AnalysisError::Csv(ref err) => err.description(),
[INFO] [stdout]    |                                                ^^^^^^^^^^^
[INFO] [stdout] 
[INFO] [stdout] 
[INFO] [stdout] warning: 3 warnings emitted
[INFO] [stdout] 
[INFO] [stdout] 
[INFO] [stderr]    Compiling tempfile v3.0.8
[INFO] [stderr]    Compiling dnlib v0.1.0 (/opt/rustwide/workdir/dnlib)
[INFO] [stderr]     Finished test [unoptimized + debuginfo] target(s) in 10.56s
[INFO] running `Command { std: "docker" "inspect" "60dea72ea459b19fdad2a096f8d09c68ff1e89584e89920b9396c5e1596719fc", kill_on_drop: false }`
[INFO] running `Command { std: "docker" "rm" "-f" "60dea72ea459b19fdad2a096f8d09c68ff1e89584e89920b9396c5e1596719fc", kill_on_drop: false }`
[INFO] [stdout] 60dea72ea459b19fdad2a096f8d09c68ff1e89584e89920b9396c5e1596719fc
[INFO] running `Command { std: "docker" "create" "-v" "/var/lib/crater-agent-workspace/builds/worker-7/target:/opt/rustwide/target:rw,Z" "-v" "/var/lib/crater-agent-workspace/builds/worker-7/source:/opt/rustwide/workdir:ro,Z" "-v" "/var/lib/crater-agent-workspace/cargo-home:/opt/rustwide/cargo-home:ro,Z" "-v" "/var/lib/crater-agent-workspace/rustup-home:/opt/rustwide/rustup-home:ro,Z" "-e" "SOURCE_DIR=/opt/rustwide/workdir" "-e" "CARGO_TARGET_DIR=/opt/rustwide/target" "-e" "CARGO_INCREMENTAL=0" "-e" "RUST_BACKTRACE=full" "-e" "RUSTFLAGS=--cap-lints=warn" "-e" "CARGO_HOME=/opt/rustwide/cargo-home" "-e" "RUSTUP_HOME=/opt/rustwide/rustup-home" "-w" "/opt/rustwide/workdir" "-m" "1610612736" "--user" "0:0" "--network" "none" "ghcr.io/rust-lang/crates-build-env/linux@sha256:34b6a614d2c27851fe6cbf88fbd1137609cefab8b10d0615aaeb6fd47975d74e" "/opt/rustwide/cargo-home/bin/cargo" "+1.54.0" "test" "--frozen", kill_on_drop: false }`
[INFO] [stdout] 2c3da2b2fae51ed50ebf5c601dc5a3f0ef952099dccf52bba5ecb3d0715fc529
[INFO] [stderr] WARNING: Your kernel does not support swap limit capabilities or the cgroup is not mounted. Memory limited without swap.
[INFO] running `Command { std: "docker" "start" "-a" "2c3da2b2fae51ed50ebf5c601dc5a3f0ef952099dccf52bba5ecb3d0715fc529", kill_on_drop: false }`
[INFO] [stderr] warning: use of deprecated associated function `std::error::Error::description`: use the Display impl or to_string()
[INFO] [stderr]   --> dnscan/src/errors.rs:20:50
[INFO] [stderr]    |
[INFO] [stderr] 20 |             AnalysisError::DnLib(ref err) => err.description(),
[INFO] [stderr]    |                                                  ^^^^^^^^^^^
[INFO] [stderr]    |
[INFO] [stderr]    = note: `#[warn(deprecated)]` on by default
[INFO] [stderr] 
[INFO] [stderr] warning: use of deprecated associated function `std::error::Error::description`: use the Display impl or to_string()
[INFO] [stderr]   --> dnscan/src/errors.rs:21:47
[INFO] [stderr]    |
[INFO] [stderr] 21 |             AnalysisError::Io(ref err) => err.description(),
[INFO] [stderr]    |                                               ^^^^^^^^^^^
[INFO] [stderr] 
[INFO] [stderr] warning: use of deprecated associated function `std::error::Error::description`: use the Display impl or to_string()
[INFO] [stderr]   --> dnscan/src/errors.rs:22:48
[INFO] [stderr]    |
[INFO] [stderr] 22 |             AnalysisError::Csv(ref err) => err.description(),
[INFO] [stderr]    |                                                ^^^^^^^^^^^
[INFO] [stderr] 
[INFO] [stderr] warning: 3 warnings emitted
[INFO] [stderr] 
[INFO] [stderr]     Finished test [unoptimized + debuginfo] target(s) in 0.14s
[INFO] [stdout] 
[INFO] [stderr]      Running unittests (/opt/rustwide/target/debug/deps/dnclean-9f2fd52d0c3a39f1)
[INFO] [stdout] running 0 tests
[INFO] [stderr]      Running unittests (/opt/rustwide/target/debug/deps/dnlib-c646d2f7057fb2fb)
[INFO] [stdout] 
[INFO] [stdout] test result: ok. 0 passed; 0 failed; 0 ignored; 0 measured; 0 filtered out; finished in 0.00s
[INFO] [stdout] 
[INFO] [stdout] 
[INFO] [stdout] running 78 tests
[INFO] [stdout] test analysis::project_tests::extract_test_framework_none ... ok
[INFO] [stdout] test analysis::project_tests::extract_packages_sdk_multi_line_flip_flop ... ok
[INFO] [stdout] test analysis::project_tests::extract_packages_sdk_one_line_dedups ... ok
[INFO] [stdout] test analysis::project_tests::extract_test_framework_xunit ... ok
[INFO] [stdout] test analysis::project_tests::extract_packages_sdk_one_line_sorts ... ok
[INFO] [stdout] test analysis::project_tests::extract_test_framework_nunit ... ok
[INFO] [stdout] test analysis::project_tests::extract_packages_old_including_sort_and_dedup ... ok
[INFO] [stdout] test analysis::project_tests::extract_packages_sdk_one_line ... ok
[INFO] [stdout] test analysis::project_tests::extract_output_type_works ... ok
[INFO] [stdout] test analysis::project_tests::extract_auto_generate_binding_redirects_works ... ok
[INFO] [stdout] test analysis::project_tests::has_packages_config_in_project_file_and_on_disk ... ok
[INFO] [stdout] test analysis::project_tests::has_packages_config_in_project_file_only ... ok
[INFO] [stdout] test analysis::project_tests::extract_packages_sdk_multi_line_private_assets ... ok
[INFO] [stdout] test analysis::project_tests::extract_version_works ... ok
[INFO] [stdout] test analysis::project_tests::has_packages_config_on_disk ... ok
[INFO] [stdout] test analysis::project_tests::has_packages_config_not_present ... ok
[INFO] [stdout] test analysis::project_tests::extract_uses_specflow_works ... ok
[INFO] [stdout] test analysis::project_tests::extract_xml_doc_works ... ok
[INFO] [stdout] test analysis::project_tests::extract_test_framework_mstest ... ok
[INFO] [stdout] test analysis::project_tests::extract_embedded_debugging_works ... ok
[INFO] [stdout] test analysis::project_tests::old_extract_target_frameworks_works ... ok
[INFO] [stdout] test analysis::project_tests::extract_tt_file_works ... ok
[INFO] [stdout] test analysis::project_tests::extract_referenced_assemblies_works ... ok
[INFO] [stdout] test analysis::project_tests::extract_packages_sdk_multi_line ... ok
[INFO] [stdout] test analysis::project_tests::old_style_tests::can_detect_has_auto_generate_binding_redirects ... ok
[INFO] [stdout] test analysis::project_tests::extract_linked_solution_info_works ... ok
[INFO] [stdout] test analysis::project_tests::old_style_tests::can_detect_web_config ... ok
[INFO] [stdout] test analysis::project_tests::old_style_tests::can_detect_app_settings_json ... ok
[INFO] [stdout] test analysis::project_tests::old_style_tests::can_detect_linked_solution_info ... ok
[INFO] [stdout] test analysis::project_tests::old_style_tests::can_detect_output_type ... ok
[INFO] [stdout] test analysis::project_tests::old_style_tests::can_detect_tt_file ... ok
[INFO] [stdout] test analysis::project_tests::old_style_tests::can_detect_package_json ... ok
[INFO] [stdout] test analysis::project_tests::old_style_tests::can_detect_packages_config ... ok
[INFO] [stdout] test analysis::project_tests::old_style_tests::can_detect_xml_doc ... ok
[INFO] [stdout] test analysis::project_tests::old_style_tests::can_detect_project_json ... ok
[INFO] [stdout] test analysis::project_tests::sdk_tests::can_detect_app_settings_json ... ok
[INFO] [stdout] test analysis::project_tests::sdk_tests::can_detect_app_config ... ok
[INFO] [stdout] test analysis::project_tests::sdk_tests::can_detect_packages_config ... ok
[INFO] [stdout] test analysis::project_tests::sdk_tests::can_detect_package_json ... ok
[INFO] [stdout] test analysis::project_tests::old_style_tests::can_detect_packages ... FAILED
[INFO] [stdout] test analysis::project_tests::extract_packages_worst_case_seen_in_real_life ... FAILED
[INFO] [stdout] test analysis::project_tests::old_style_tests::can_detect_app_config ... ok
[INFO] [stdout] test analysis::project_tests::old_style_tests::embedded_debugging_is_always_false ... ok
[INFO] [stdout] test analysis::project_tests::old_style_tests::can_detect_referenced_assemblies ... ok
[INFO] [stdout] test analysis::project_tests::sdk_tests::can_detect_linked_solution_info ... ok
[INFO] [stdout] test analysis::project_tests::sdk_tests::can_detect_project_json ... ok
[INFO] [stdout] test analysis::project_tests::sdk_tests::can_detect_packages ... FAILED
[INFO] [stdout] test analysis::analysis_tests::test_disk_scanning_and_project_association ... FAILED
[INFO] [stdout] test analysis::project_tests::sdk_tests::can_detect_referenced_assemblies ... ok
[INFO] [stdout] test analysis::project_tests::old_style_tests::can_detect_target_framework ... ok
[INFO] [stdout] test graph::tests::path_matrix_tests::cpm_graph_a ... ok
[INFO] [stdout] test graph::tests::path_matrix_tests::cpm_graph_ab ... ok
[INFO] [stdout] test analysis::project_tests::sdk_tests::can_detect_tt_file ... ok
[INFO] [stdout] test analysis::project_tests::sdk_tests::can_detect_output_type ... ok
[INFO] [stdout] test analysis::project_tests::sdk_tests::can_detect_version ... ok
[INFO] [stdout] test analysis::project_tests::old_style_tests::can_detect_version ... ok
[INFO] [stdout] test analysis::project_tests::sdk_tests::can_detect_embedded_debugging ... ok
[INFO] [stdout] test analysis::project_tests::sdk_tests::can_detect_xml_doc ... ok
[INFO] [stdout] test analysis::project_tests::sdk_tests::can_detect_has_auto_generate_binding_redirects ... ok
[INFO] [stdout] test analysis::project_tests::sdk_extract_target_frameworks_works ... ok
[INFO] [stdout] test graph::tests::path_matrix_tests::cpm_graph_abc_axb_bxc ... ok
[INFO] [stdout] test graph::tests::tred_tests::tred_graph_abc_edges_ab_bc ... ok
[INFO] [stdout] test graph::tests::path_matrix_tests::cpm_graph_abcdef ... ok
[INFO] [stdout] test graph::tests::tred_tests::tred_graph_abc_edges_ab_bc_ac ... ok
[INFO] [stdout] test graph::tests::tred_tests::tred_graph_ab ... ok
[INFO] [stdout] test graph::tests::tred_tests::tred_graph_wikipedia ... ok
[INFO] [stdout] test io::tests::eq_ignoring_case ... ok
[INFO] [stdout] test graph::tests::path_matrix_tests::cpm_graph_abc_edges_ac ... ok
[INFO] [stdout] test graph::tests::path_matrix_tests::cpm_graph_abc_edges_ac_bc ... ok
[INFO] [stdout] test graph::tests::path_matrix_tests::cpm_graph_ab_edges_ab ... ok
[INFO] [stdout] test graph::tests::tred_tests::tred_graph_abcd_edges_ab_ac_bd_cd ... ok
[INFO] [stdout] test graph::tests::tred_tests::tred_graph_a ... ok
[INFO] [stdout] test graph::tests::tred_tests::tred_graph_abcdef_edges_ab_bc_cd_ce_bf ... ok
[INFO] [stdout] test graph::tests::tred_tests::tred_graph_abc_edges_ac ... ok
[INFO] [stdout] test graph::tests::tred_tests::tred_graph_abc_edges_ac_bc ... ok
[INFO] [stdout] test graph::tests::tred_tests::tred_graph_ab_edges_ab ... ok
[INFO] [stdout] test analysis::project_tests::sdk_tests::can_detect_target_framework ... ok
[INFO] [stdout] test analysis::project_tests::sdk_tests::can_detect_web_config ... ok
[INFO] [stdout] 
[INFO] [stdout] failures:
[INFO] [stdout] 
[INFO] [stdout] ---- analysis::project_tests::old_style_tests::can_detect_packages stdout ----
[INFO] [stdout] thread 'analysis::project_tests::old_style_tests::can_detect_packages' panicked at 'assertion failed: `(left == right)`
[INFO] [stdout]   left: `[Package { name: "Clarius.TransformOnBuild", version: "1.1.12", development: true, class: "Third Party" }, Package { name: "Microsoft.Owin.Hosting", version: "4.0.0", development: false, class: "Microsoft" }, Package { name: "Microsoft.Owin.SelfHost", version: "4.0.0", development: false, class: "Microsoft" }, Package { name: "Moq", version: "4.8.3", development: false, class: "Third Party" }, Package { name: "MyCorp.Fundamentals", version: "1.2.18268.136", development: false, class: "Third Party" }, Package { name: "MyProject.Core", version: "1.12.18297.228", development: false, class: "Third Party" }, Package { name: "Newtonsoft.Json", version: "11.0.2", development: false, class: "Third Party" }, Package { name: "Npgsql", version: "3.2.7", development: false, class: "Third Party" }, Package { name: "WorkflowService.Client", version: "1.12.18297.23", development: false, class: "Third Party" }]`,
[INFO] [stdout]  right: `[Package { name: "Clarius.TransformOnBuild", version: "1.1.12", development: true, class: "Third Party" }, Package { name: "Microsoft.Owin.Hosting", version: "4.0.0", development: false, class: "Microsoft" }, Package { name: "Microsoft.Owin.SelfHost", version: "4.0.0", development: false, class: "Microsoft" }, Package { name: "Moq", version: "4.8.3", development: false, class: "Third Party" }, Package { name: "MyCorp.Fundamentals", version: "1.2.18268.136", development: false, class: "Third Party" }, Package { name: "MyProject.Core", version: "1.12.18297.228", development: false, class: "Third Party" }, Package { name: "Newtonsoft.Json", version: "11.0.2", development: false, class: "Third Party" }, Package { name: "Npgsql", version: "3.2.7", development: false, class: "Third Party" }, Package { name: "WorkflowService.Client", version: "1.12.18297.23", development: false, class: "VRM" }]`', dnlib/src/analysis.rs:1731:13
[INFO] [stdout] stack backtrace:
[INFO] [stdout]    0:     0x55ca2d8713b0 - std::backtrace_rs::backtrace::libunwind::trace::h34055254b57d8e79
[INFO] [stdout]                                at /rustc/a178d0322ce20e33eac124758e837cbd80a6f633/library/std/src/../../backtrace/src/backtrace/libunwind.rs:90:5
[INFO] [stdout]    1:     0x55ca2d8713b0 - std::backtrace_rs::backtrace::trace_unsynchronized::h8f1e3fbd9afff6ec
[INFO] [stdout]                                at /rustc/a178d0322ce20e33eac124758e837cbd80a6f633/library/std/src/../../backtrace/src/backtrace/mod.rs:66:5
[INFO] [stdout]    2:     0x55ca2d8713b0 - std::sys_common::backtrace::_print_fmt::h3a99a796b770c360
[INFO] [stdout]                                at /rustc/a178d0322ce20e33eac124758e837cbd80a6f633/library/std/src/sys_common/backtrace.rs:67:5
[INFO] [stdout]    3:     0x55ca2d8713b0 - <std::sys_common::backtrace::_print::DisplayBacktrace as core::fmt::Display>::fmt::h32d1f94a80615d18
[INFO] [stdout]                                at /rustc/a178d0322ce20e33eac124758e837cbd80a6f633/library/std/src/sys_common/backtrace.rs:46:22
[INFO] [stdout]    4:     0x55ca2d8953ec - core::fmt::write::h306731c068f7162c
[INFO] [stdout]                                at /rustc/a178d0322ce20e33eac124758e837cbd80a6f633/library/core/src/fmt/mod.rs:1110:17
[INFO] [stdout]    5:     0x55ca2d86d9d5 - std::io::Write::write_fmt::h87f19b0a2cd190bc
[INFO] [stdout]                                at /rustc/a178d0322ce20e33eac124758e837cbd80a6f633/library/std/src/io/mod.rs:1588:15
[INFO] [stdout]    6:     0x55ca2d873a4b - std::sys_common::backtrace::_print::h5abaa2601a852287
[INFO] [stdout]                                at /rustc/a178d0322ce20e33eac124758e837cbd80a6f633/library/std/src/sys_common/backtrace.rs:49:5
[INFO] [stdout]    7:     0x55ca2d873a4b - std::sys_common::backtrace::print::h8d81445442bb638f
[INFO] [stdout]                                at /rustc/a178d0322ce20e33eac124758e837cbd80a6f633/library/std/src/sys_common/backtrace.rs:36:9
[INFO] [stdout]    8:     0x55ca2d873a4b - std::panicking::default_hook::{{closure}}::hcfe804496a9fa747
[INFO] [stdout]                                at /rustc/a178d0322ce20e33eac124758e837cbd80a6f633/library/std/src/panicking.rs:208:50
[INFO] [stdout]    9:     0x55ca2d87355c - std::panicking::default_hook::hbea8e3ccf2ba8901
[INFO] [stdout]                                at /rustc/a178d0322ce20e33eac124758e837cbd80a6f633/library/std/src/panicking.rs:222:9
[INFO] [stdout]   10:     0x55ca2d874114 - std::panicking::rust_panic_with_hook::h7ee9e1a2d0f8975a
[INFO] [stdout]                                at /rustc/a178d0322ce20e33eac124758e837cbd80a6f633/library/std/src/panicking.rs:622:17
[INFO] [stdout]   11:     0x55ca2d873bf7 - std::panicking::begin_panic_handler::{{closure}}::h8ab3b4491718b2c7
[INFO] [stdout]                                at /rustc/a178d0322ce20e33eac124758e837cbd80a6f633/library/std/src/panicking.rs:519:13
[INFO] [stdout]   12:     0x55ca2d8718ac - std::sys_common::backtrace::__rust_end_short_backtrace::hd489062ffa586a9f
[INFO] [stdout]                                at /rustc/a178d0322ce20e33eac124758e837cbd80a6f633/library/std/src/sys_common/backtrace.rs:141:18
[INFO] [stdout]   13:     0x55ca2d873b59 - rust_begin_unwind
[INFO] [stdout]                                at /rustc/a178d0322ce20e33eac124758e837cbd80a6f633/library/std/src/panicking.rs:515:5
[INFO] [stdout]   14:     0x55ca2d4c5d71 - core::panicking::panic_fmt::hca6330e3e14086b4
[INFO] [stdout]                                at /rustc/a178d0322ce20e33eac124758e837cbd80a6f633/library/core/src/panicking.rs:92:14
[INFO] [stdout]   15:     0x55ca2d893d08 - core::panicking::assert_failed_inner::h33b45280069a80ed
[INFO] [stdout]   16:     0x55ca2d53f94a - core::panicking::assert_failed::h96e7525df6128d3e
[INFO] [stdout]                                at /rustc/a178d0322ce20e33eac124758e837cbd80a6f633/library/core/src/panicking.rs:117:5
[INFO] [stdout]   17:     0x55ca2d504735 - dnlib::analysis::project_tests::old_style_tests::can_detect_packages::h95836daaa903e434
[INFO] [stdout]                                at /opt/rustwide/workdir/dnlib/src/analysis.rs:1731:13
[INFO] [stdout]   18:     0x55ca2d503fba - dnlib::analysis::project_tests::old_style_tests::can_detect_packages::{{closure}}::hf0a6547de9eea33e
[INFO] [stdout]                                at /opt/rustwide/workdir/dnlib/src/analysis.rs:1718:9
[INFO] [stdout]   19:     0x55ca2d4dc6de - core::ops::function::FnOnce::call_once::h859668b8a7e59367
[INFO] [stdout]                                at /rustc/a178d0322ce20e33eac124758e837cbd80a6f633/library/core/src/ops/function.rs:227:5
[INFO] [stdout]   20:     0x55ca2d588b53 - core::ops::function::FnOnce::call_once::h152e7e439ff59e19
[INFO] [stdout]                                at /rustc/a178d0322ce20e33eac124758e837cbd80a6f633/library/core/src/ops/function.rs:227:5
[INFO] [stdout]   21:     0x55ca2d588b53 - test::__rust_begin_short_backtrace::h0908f3b1fdbb72ab
[INFO] [stdout]                                at /rustc/a178d0322ce20e33eac124758e837cbd80a6f633/library/test/src/lib.rs:577:5
[INFO] [stdout]   22:     0x55ca2d587610 - <alloc::boxed::Box<F,A> as core::ops::function::FnOnce<Args>>::call_once::hf6d2a51e5587546c
[INFO] [stdout]                                at /rustc/a178d0322ce20e33eac124758e837cbd80a6f633/library/alloc/src/boxed.rs:1575:9
[INFO] [stdout]   23:     0x55ca2d587610 - <std::panic::AssertUnwindSafe<F> as core::ops::function::FnOnce<()>>::call_once::h8af660f3a89ef593
[INFO] [stdout]                                at /rustc/a178d0322ce20e33eac124758e837cbd80a6f633/library/std/src/panic.rs:347:9
[INFO] [stdout]   24:     0x55ca2d587610 - std::panicking::try::do_call::hd36aef60f84b6d36
[INFO] [stdout]                                at /rustc/a178d0322ce20e33eac124758e837cbd80a6f633/library/std/src/panicking.rs:401:40
[INFO] [stdout]   25:     0x55ca2d587610 - std::panicking::try::h9932b4480e69817c
[INFO] [stdout]                                at /rustc/a178d0322ce20e33eac124758e837cbd80a6f633/library/std/src/panicking.rs:365:19
[INFO] [stdout]   26:     0x55ca2d587610 - std::panic::catch_unwind::h6aa177099cfff5f8
[INFO] [stdout]                                at /rustc/a178d0322ce20e33eac124758e837cbd80a6f633/library/std/src/panic.rs:434:14
[INFO] [stdout]   27:     0x55ca2d587610 - test::run_test_in_process::h5884d6f2d99e20c3
[INFO] [stdout]                                at /rustc/a178d0322ce20e33eac124758e837cbd80a6f633/library/test/src/lib.rs:600:18
[INFO] [stdout]   28:     0x55ca2d587610 - test::run_test::run_test_inner::{{closure}}::h6fdc58c6d5f5b6e3
[INFO] [stderr] error: test failed, to rerun pass '-p dnlib --lib'
[INFO] [stdout]                                at /rustc/a178d0322ce20e33eac124758e837cbd80a6f633/library/test/src/lib.rs:492:39
[INFO] [stdout]   29:     0x55ca2d560cc2 - test::run_test::run_test_inner::{{closure}}::h408365d67a78ade8
[INFO] [stdout]                                at /rustc/a178d0322ce20e33eac124758e837cbd80a6f633/library/test/src/lib.rs:519:37
[INFO] [stdout]   30:     0x55ca2d560cc2 - std::sys_common::backtrace::__rust_begin_short_backtrace::hb560b77c4f701523
[INFO] [stdout]                                at /rustc/a178d0322ce20e33eac124758e837cbd80a6f633/library/std/src/sys_common/backtrace.rs:125:18
[INFO] [stdout]   31:     0x55ca2d564878 - std::thread::Builder::spawn_unchecked::{{closure}}::{{closure}}::hf2e7831dad93c597
[INFO] [stdout]                                at /rustc/a178d0322ce20e33eac124758e837cbd80a6f633/library/std/src/thread/mod.rs:481:17
[INFO] [stdout]   32:     0x55ca2d564878 - <std::panic::AssertUnwindSafe<F> as core::ops::function::FnOnce<()>>::call_once::hd2e08783d8be4d02
[INFO] [stdout]                                at /rustc/a178d0322ce20e33eac124758e837cbd80a6f633/library/std/src/panic.rs:347:9
[INFO] [stdout]   33:     0x55ca2d564878 - std::panicking::try::do_call::h062597b7acfd6b82
[INFO] [stdout]                                at /rustc/a178d0322ce20e33eac124758e837cbd80a6f633/library/std/src/panicking.rs:401:40
[INFO] [stdout]   34:     0x55ca2d564878 - std::panicking::try::h0d7b79db04c14552
[INFO] [stdout]                                at /rustc/a178d0322ce20e33eac124758e837cbd80a6f633/library/std/src/panicking.rs:365:19
[INFO] [stdout]   35:     0x55ca2d564878 - std::panic::catch_unwind::hb01a0b5e7c8cd43b
[INFO] [stdout]                                at /rustc/a178d0322ce20e33eac124758e837cbd80a6f633/library/std/src/panic.rs:434:14
[INFO] [stdout]   36:     0x55ca2d564878 - std::thread::Builder::spawn_unchecked::{{closure}}::h5bde48cc887e0d1e
[INFO] [stdout]                                at /rustc/a178d0322ce20e33eac124758e837cbd80a6f633/library/std/src/thread/mod.rs:480:30
[INFO] [stdout]   37:     0x55ca2d564878 - core::ops::function::FnOnce::call_once{{vtable.shim}}::h745ea30807a29e55
[INFO] [stdout]                                at /rustc/a178d0322ce20e33eac124758e837cbd80a6f633/library/core/src/ops/function.rs:227:5
[INFO] [stdout]   38:     0x55ca2d8798d7 - <alloc::boxed::Box<F,A> as core::ops::function::FnOnce<Args>>::call_once::h7ece6cfefaff1005
[INFO] [stdout]                                at /rustc/a178d0322ce20e33eac124758e837cbd80a6f633/library/alloc/src/boxed.rs:1575:9
[INFO] [stdout]   39:     0x55ca2d8798d7 - <alloc::boxed::Box<F,A> as core::ops::function::FnOnce<Args>>::call_once::hb8b48e55c21f193e
[INFO] [stdout]                                at /rustc/a178d0322ce20e33eac124758e837cbd80a6f633/library/alloc/src/boxed.rs:1575:9
[INFO] [stdout]   40:     0x55ca2d8798d7 - std::sys::unix::thread::Thread::new::thread_start::h8c7c4450dba62914
[INFO] [stdout]                                at /rustc/a178d0322ce20e33eac124758e837cbd80a6f633/library/std/src/sys/unix/thread.rs:71:17
[INFO] [stdout]   41:     0x7fdf597ec609 - start_thread
[INFO] [stdout]   42:     0x7fdf595bc293 - clone
[INFO] [stdout]   43:                0x0 - <unknown>
[INFO] [stdout] 
[INFO] [stdout] ---- analysis::project_tests::extract_packages_worst_case_seen_in_real_life stdout ----
[INFO] [stdout] thread 'analysis::project_tests::extract_packages_worst_case_seen_in_real_life' panicked at 'assertion failed: `(left == right)`
[INFO] [stdout]   left: `[Package { name: "FluentAssertions", version: "5.6.0", development: false, class: "Third Party" }, Package { name: "JsonNet.PrivateSettersContractResolvers.Source", version: "0.1.0", development: true, class: "Third Party" }, Package { name: "Landmark.Versioning.Bamboo", version: "3.3.19078.47", development: true, class: "Third Party" }, Package { name: "Microsoft.EntityFrameworkCore", version: "2.1.4", development: false, class: "Microsoft" }, Package { name: "MoreFluentAssertions", version: "1.2.3", development: false, class: "Third Party" }]`,
[INFO] [stdout]  right: `[Package { name: "FluentAssertions", version: "5.6.0", development: false, class: "Third Party" }, Package { name: "JsonNet.PrivateSettersContractResolvers.Source", version: "0.1.0", development: true, class: "Third Party" }, Package { name: "Landmark.Versioning.Bamboo", version: "3.3.19078.47", development: true, class: "ValHub" }, Package { name: "Microsoft.EntityFrameworkCore", version: "2.1.4", development: false, class: "Microsoft" }, Package { name: "MoreFluentAssertions", version: "1.2.3", development: false, class: "Third Party" }]`', dnlib/src/analysis.rs:1428:9
[INFO] [stdout] stack backtrace:
[INFO] [stdout]    0:     0x55ca2d8713b0 - std::backtrace_rs::backtrace::libunwind::trace::h34055254b57d8e79
[INFO] [stdout]                                at /rustc/a178d0322ce20e33eac124758e837cbd80a6f633/library/std/src/../../backtrace/src/backtrace/libunwind.rs:90:5
[INFO] [stdout]    1:     0x55ca2d8713b0 - std::backtrace_rs::backtrace::trace_unsynchronized::h8f1e3fbd9afff6ec
[INFO] [stdout]                                at /rustc/a178d0322ce20e33eac124758e837cbd80a6f633/library/std/src/../../backtrace/src/backtrace/mod.rs:66:5
[INFO] [stdout]    2:     0x55ca2d8713b0 - std::sys_common::backtrace::_print_fmt::h3a99a796b770c360
[INFO] [stdout]                                at /rustc/a178d0322ce20e33eac124758e837cbd80a6f633/library/std/src/sys_common/backtrace.rs:67:5
[INFO] [stdout]    3:     0x55ca2d8713b0 - <std::sys_common::backtrace::_print::DisplayBacktrace as core::fmt::Display>::fmt::h32d1f94a80615d18
[INFO] [stdout]                                at /rustc/a178d0322ce20e33eac124758e837cbd80a6f633/library/std/src/sys_common/backtrace.rs:46:22
[INFO] [stdout]    4:     0x55ca2d8953ec - core::fmt::write::h306731c068f7162c
[INFO] [stdout]                                at /rustc/a178d0322ce20e33eac124758e837cbd80a6f633/library/core/src/fmt/mod.rs:1110:17
[INFO] [stdout]    5:     0x55ca2d86d9d5 - std::io::Write::write_fmt::h87f19b0a2cd190bc
[INFO] [stdout]                                at /rustc/a178d0322ce20e33eac124758e837cbd80a6f633/library/std/src/io/mod.rs:1588:15
[INFO] [stdout]    6:     0x55ca2d873a4b - std::sys_common::backtrace::_print::h5abaa2601a852287
[INFO] [stdout]                                at /rustc/a178d0322ce20e33eac124758e837cbd80a6f633/library/std/src/sys_common/backtrace.rs:49:5
[INFO] [stdout]    7:     0x55ca2d873a4b - std::sys_common::backtrace::print::h8d81445442bb638f
[INFO] [stdout]                                at /rustc/a178d0322ce20e33eac124758e837cbd80a6f633/library/std/src/sys_common/backtrace.rs:36:9
[INFO] [stdout]    8:     0x55ca2d873a4b - std::panicking::default_hook::{{closure}}::hcfe804496a9fa747
[INFO] [stdout]                                at /rustc/a178d0322ce20e33eac124758e837cbd80a6f633/library/std/src/panicking.rs:208:50
[INFO] [stdout]    9:     0x55ca2d87355c - std::panicking::default_hook::hbea8e3ccf2ba8901
[INFO] [stdout]                                at /rustc/a178d0322ce20e33eac124758e837cbd80a6f633/library/std/src/panicking.rs:222:9
[INFO] [stdout]   10:     0x55ca2d874114 - std::panicking::rust_panic_with_hook::h7ee9e1a2d0f8975a
[INFO] [stdout]                                at /rustc/a178d0322ce20e33eac124758e837cbd80a6f633/library/std/src/panicking.rs:622:17
[INFO] [stdout]   11:     0x55ca2d873bf7 - std::panicking::begin_panic_handler::{{closure}}::h8ab3b4491718b2c7
[INFO] [stdout]                                at /rustc/a178d0322ce20e33eac124758e837cbd80a6f633/library/std/src/panicking.rs:519:13
[INFO] [stdout]   12:     0x55ca2d8718ac - std::sys_common::backtrace::__rust_end_short_backtrace::hd489062ffa586a9f
[INFO] [stdout]                                at /rustc/a178d0322ce20e33eac124758e837cbd80a6f633/library/std/src/sys_common/backtrace.rs:141:18
[INFO] [stdout]   13:     0x55ca2d873b59 - rust_begin_unwind
[INFO] [stdout]                                at /rustc/a178d0322ce20e33eac124758e837cbd80a6f633/library/std/src/panicking.rs:515:5
[INFO] [stdout]   14:     0x55ca2d4c5d71 - core::panicking::panic_fmt::hca6330e3e14086b4
[INFO] [stdout]                                at /rustc/a178d0322ce20e33eac124758e837cbd80a6f633/library/core/src/panicking.rs:92:14
[INFO] [stdout]   15:     0x55ca2d893d08 - core::panicking::assert_failed_inner::h33b45280069a80ed
[INFO] [stdout]   16:     0x55ca2d53f94a - core::panicking::assert_failed::h96e7525df6128d3e
[INFO] [stdout]                                at /rustc/a178d0322ce20e33eac124758e837cbd80a6f633/library/core/src/panicking.rs:117:5
[INFO] [stdout]   17:     0x55ca2d530734 - dnlib::analysis::project_tests::extract_packages_worst_case_seen_in_real_life::h12b1413e16931e89
[INFO] [stdout]                                at /opt/rustwide/workdir/dnlib/src/analysis.rs:1428:9
[INFO] [stdout]   18:     0x55ca2d53024a - dnlib::analysis::project_tests::extract_packages_worst_case_seen_in_real_life::{{closure}}::h6435324b49a3dfea
[INFO] [stdout]                                at /opt/rustwide/workdir/dnlib/src/analysis.rs:1400:5
[INFO] [stdout]   19:     0x55ca2d4dc71e - core::ops::function::FnOnce::call_once::h8c5115dc445e2898
[INFO] [stdout]                                at /rustc/a178d0322ce20e33eac124758e837cbd80a6f633/library/core/src/ops/function.rs:227:5
[INFO] [stdout]   20:     0x55ca2d588b53 - core::ops::function::FnOnce::call_once::h152e7e439ff59e19
[INFO] [stdout]                                at /rustc/a178d0322ce20e33eac124758e837cbd80a6f633/library/core/src/ops/function.rs:227:5
[INFO] [stdout]   21:     0x55ca2d588b53 - test::__rust_begin_short_backtrace::h0908f3b1fdbb72ab
[INFO] [stdout]                                at /rustc/a178d0322ce20e33eac124758e837cbd80a6f633/library/test/src/lib.rs:577:5
[INFO] [stdout]   22:     0x55ca2d587610 - <alloc::boxed::Box<F,A> as core::ops::function::FnOnce<Args>>::call_once::hf6d2a51e5587546c
[INFO] [stdout]                                at /rustc/a178d0322ce20e33eac124758e837cbd80a6f633/library/alloc/src/boxed.rs:1575:9
[INFO] [stdout]   23:     0x55ca2d587610 - <std::panic::AssertUnwindSafe<F> as core::ops::function::FnOnce<()>>::call_once::h8af660f3a89ef593
[INFO] [stdout]                                at /rustc/a178d0322ce20e33eac124758e837cbd80a6f633/library/std/src/panic.rs:347:9
[INFO] [stdout]   24:     0x55ca2d587610 - std::panicking::try::do_call::hd36aef60f84b6d36
[INFO] [stdout]                                at /rustc/a178d0322ce20e33eac124758e837cbd80a6f633/library/std/src/panicking.rs:401:40
[INFO] [stdout]   25:     0x55ca2d587610 - std::panicking::try::h9932b4480e69817c
[INFO] [stdout]                                at /rustc/a178d0322ce20e33eac124758e837cbd80a6f633/library/std/src/panicking.rs:365:19
[INFO] [stdout]   26:     0x55ca2d587610 - std::panic::catch_unwind::h6aa177099cfff5f8
[INFO] [stdout]                                at /rustc/a178d0322ce20e33eac124758e837cbd80a6f633/library/std/src/panic.rs:434:14
[INFO] [stdout]   27:     0x55ca2d587610 - test::run_test_in_process::h5884d6f2d99e20c3
[INFO] [stdout]                                at /rustc/a178d0322ce20e33eac124758e837cbd80a6f633/library/test/src/lib.rs:600:18
[INFO] [stdout]   28:     0x55ca2d587610 - test::run_test::run_test_inner::{{closure}}::h6fdc58c6d5f5b6e3
[INFO] [stdout]                                at /rustc/a178d0322ce20e33eac124758e837cbd80a6f633/library/test/src/lib.rs:492:39
[INFO] [stdout]   29:     0x55ca2d560cc2 - test::run_test::run_test_inner::{{closure}}::h408365d67a78ade8
[INFO] [stdout]                                at /rustc/a178d0322ce20e33eac124758e837cbd80a6f633/library/test/src/lib.rs:519:37
[INFO] [stdout]   30:     0x55ca2d560cc2 - std::sys_common::backtrace::__rust_begin_short_backtrace::hb560b77c4f701523
[INFO] [stdout]                                at /rustc/a178d0322ce20e33eac124758e837cbd80a6f633/library/std/src/sys_common/backtrace.rs:125:18
[INFO] [stdout]   31:     0x55ca2d564878 - std::thread::Builder::spawn_unchecked::{{closure}}::{{closure}}::hf2e7831dad93c597
[INFO] [stdout]                                at /rustc/a178d0322ce20e33eac124758e837cbd80a6f633/library/std/src/thread/mod.rs:481:17
[INFO] [stdout]   32:     0x55ca2d564878 - <std::panic::AssertUnwindSafe<F> as core::ops::function::FnOnce<()>>::call_once::hd2e08783d8be4d02
[INFO] [stdout]                                at /rustc/a178d0322ce20e33eac124758e837cbd80a6f633/library/std/src/panic.rs:347:9
[INFO] [stdout]   33:     0x55ca2d564878 - std::panicking::try::do_call::h062597b7acfd6b82
[INFO] [stdout]                                at /rustc/a178d0322ce20e33eac124758e837cbd80a6f633/library/std/src/panicking.rs:401:40
[INFO] [stdout]   34:     0x55ca2d564878 - std::panicking::try::h0d7b79db04c14552
[INFO] [stdout]                                at /rustc/a178d0322ce20e33eac124758e837cbd80a6f633/library/std/src/panicking.rs:365:19
[INFO] [stdout]   35:     0x55ca2d564878 - std::panic::catch_unwind::hb01a0b5e7c8cd43b
[INFO] [stdout]                                at /rustc/a178d0322ce20e33eac124758e837cbd80a6f633/library/std/src/panic.rs:434:14
[INFO] [stdout]   36:     0x55ca2d564878 - std::thread::Builder::spawn_unchecked::{{closure}}::h5bde48cc887e0d1e
[INFO] [stdout]                                at /rustc/a178d0322ce20e33eac124758e837cbd80a6f633/library/std/src/thread/mod.rs:480:30
[INFO] [stdout]   37:     0x55ca2d564878 - core::ops::function::FnOnce::call_once{{vtable.shim}}::h745ea30807a29e55
[INFO] [stdout]                                at /rustc/a178d0322ce20e33eac124758e837cbd80a6f633/library/core/src/ops/function.rs:227:5
[INFO] [stdout]   38:     0x55ca2d8798d7 - <alloc::boxed::Box<F,A> as core::ops::function::FnOnce<Args>>::call_once::h7ece6cfefaff1005
[INFO] [stdout]                                at /rustc/a178d0322ce20e33eac124758e837cbd80a6f633/library/alloc/src/boxed.rs:1575:9
[INFO] [stdout]   39:     0x55ca2d8798d7 - <alloc::boxed::Box<F,A> as core::ops::function::FnOnce<Args>>::call_once::hb8b48e55c21f193e
[INFO] [stdout]                                at /rustc/a178d0322ce20e33eac124758e837cbd80a6f633/library/alloc/src/boxed.rs:1575:9
[INFO] [stdout]   40:     0x55ca2d8798d7 - std::sys::unix::thread::Thread::new::thread_start::h8c7c4450dba62914
[INFO] [stdout]                                at /rustc/a178d0322ce20e33eac124758e837cbd80a6f633/library/std/src/sys/unix/thread.rs:71:17
[INFO] [stdout]   41:     0x7fdf597ec609 - start_thread
[INFO] [stdout]   42:     0x7fdf595bc293 - clone
[INFO] [stdout]   43:                0x0 - <unknown>
[INFO] [stdout] 
[INFO] [stdout] ---- analysis::project_tests::sdk_tests::can_detect_packages stdout ----
[INFO] [stdout] thread 'analysis::project_tests::sdk_tests::can_detect_packages' panicked at 'assertion failed: `(left == right)`
[INFO] [stdout]   left: `[Package { name: "Landmark.Versioning.Bamboo", version: "3.1.44", development: true, class: "Third Party" }, Package { name: "Unity", version: "4.0.1", development: false, class: "Third Party" }]`,
[INFO] [stdout]  right: `[Package { name: "Landmark.Versioning.Bamboo", version: "3.1.44", development: true, class: "ValHub" }, Package { name: "Unity", version: "4.0.1", development: false, class: "Third Party" }]`', dnlib/src/analysis.rs:1595:13
[INFO] [stdout] stack backtrace:
[INFO] [stdout]    0:     0x55ca2d8713b0 - std::backtrace_rs::backtrace::libunwind::trace::h34055254b57d8e79
[INFO] [stdout]                                at /rustc/a178d0322ce20e33eac124758e837cbd80a6f633/library/std/src/../../backtrace/src/backtrace/libunwind.rs:90:5
[INFO] [stdout]    1:     0x55ca2d8713b0 - std::backtrace_rs::backtrace::trace_unsynchronized::h8f1e3fbd9afff6ec
[INFO] [stdout]                                at /rustc/a178d0322ce20e33eac124758e837cbd80a6f633/library/std/src/../../backtrace/src/backtrace/mod.rs:66:5
[INFO] [stdout]    2:     0x55ca2d8713b0 - std::sys_common::backtrace::_print_fmt::h3a99a796b770c360
[INFO] [stdout]                                at /rustc/a178d0322ce20e33eac124758e837cbd80a6f633/library/std/src/sys_common/backtrace.rs:67:5
[INFO] [stdout]    3:     0x55ca2d8713b0 - <std::sys_common::backtrace::_print::DisplayBacktrace as core::fmt::Display>::fmt::h32d1f94a80615d18
[INFO] [stdout]                                at /rustc/a178d0322ce20e33eac124758e837cbd80a6f633/library/std/src/sys_common/backtrace.rs:46:22
[INFO] [stdout]    4:     0x55ca2d8953ec - core::fmt::write::h306731c068f7162c
[INFO] [stdout]                                at /rustc/a178d0322ce20e33eac124758e837cbd80a6f633/library/core/src/fmt/mod.rs:1110:17
[INFO] [stdout]    5:     0x55ca2d86d9d5 - std::io::Write::write_fmt::h87f19b0a2cd190bc
[INFO] [stdout]                                at /rustc/a178d0322ce20e33eac124758e837cbd80a6f633/library/std/src/io/mod.rs:1588:15
[INFO] [stdout]    6:     0x55ca2d873a4b - std::sys_common::backtrace::_print::h5abaa2601a852287
[INFO] [stdout]                                at /rustc/a178d0322ce20e33eac124758e837cbd80a6f633/library/std/src/sys_common/backtrace.rs:49:5
[INFO] [stdout]    7:     0x55ca2d873a4b - std::sys_common::backtrace::print::h8d81445442bb638f
[INFO] [stdout]                                at /rustc/a178d0322ce20e33eac124758e837cbd80a6f633/library/std/src/sys_common/backtrace.rs:36:9
[INFO] [stdout]    8:     0x55ca2d873a4b - std::panicking::default_hook::{{closure}}::hcfe804496a9fa747
[INFO] [stdout]                                at /rustc/a178d0322ce20e33eac124758e837cbd80a6f633/library/std/src/panicking.rs:208:50
[INFO] [stdout]    9:     0x55ca2d87355c - std::panicking::default_hook::hbea8e3ccf2ba8901
[INFO] [stdout]                                at /rustc/a178d0322ce20e33eac124758e837cbd80a6f633/library/std/src/panicking.rs:222:9
[INFO] [stdout]   10:     0x55ca2d874114 - std::panicking::rust_panic_with_hook::h7ee9e1a2d0f8975a
[INFO] [stdout]                                at /rustc/a178d0322ce20e33eac124758e837cbd80a6f633/library/std/src/panicking.rs:622:17
[INFO] [stdout]   11:     0x55ca2d873bf7 - std::panicking::begin_panic_handler::{{closure}}::h8ab3b4491718b2c7
[INFO] [stdout]                                at /rustc/a178d0322ce20e33eac124758e837cbd80a6f633/library/std/src/panicking.rs:519:13
[INFO] [stdout]   12:     0x55ca2d8718ac - std::sys_common::backtrace::__rust_end_short_backtrace::hd489062ffa586a9f
[INFO] [stdout]                                at /rustc/a178d0322ce20e33eac124758e837cbd80a6f633/library/std/src/sys_common/backtrace.rs:141:18
[INFO] [stdout]   13:     0x55ca2d873b59 - rust_begin_unwind
[INFO] [stdout]                                at /rustc/a178d0322ce20e33eac124758e837cbd80a6f633/library/std/src/panicking.rs:515:5
[INFO] [stdout]   14:     0x55ca2d4c5d71 - core::panicking::panic_fmt::hca6330e3e14086b4
[INFO] [stdout]                                at /rustc/a178d0322ce20e33eac124758e837cbd80a6f633/library/core/src/panicking.rs:92:14
[INFO] [stdout]   15:     0x55ca2d893d08 - core::panicking::assert_failed_inner::h33b45280069a80ed
[INFO] [stdout]   16:     0x55ca2d53f94a - core::panicking::assert_failed::h96e7525df6128d3e
[INFO] [stdout]                                at /rustc/a178d0322ce20e33eac124758e837cbd80a6f633/library/core/src/panicking.rs:117:5
[INFO] [stdout]   17:     0x55ca2d520749 - dnlib::analysis::project_tests::sdk_tests::can_detect_packages::h18f64efc10b49485
[INFO] [stdout]                                at /opt/rustwide/workdir/dnlib/src/analysis.rs:1595:13
[INFO] [stdout]   18:     0x55ca2d5204aa - dnlib::analysis::project_tests::sdk_tests::can_detect_packages::{{closure}}::hf20aff1efe07e313
[INFO] [stdout]                                at /opt/rustwide/workdir/dnlib/src/analysis.rs:1593:9
[INFO] [stdout]   19:     0x55ca2d4dd24e - core::ops::function::FnOnce::call_once::hd4da3736802518c6
[INFO] [stdout]                                at /rustc/a178d0322ce20e33eac124758e837cbd80a6f633/library/core/src/ops/function.rs:227:5
[INFO] [stdout]   20:     0x55ca2d588b53 - core::ops::function::FnOnce::call_once::h152e7e439ff59e19
[INFO] [stdout]                                at /rustc/a178d0322ce20e33eac124758e837cbd80a6f633/library/core/src/ops/function.rs:227:5
[INFO] [stdout]   21:     0x55ca2d588b53 - test::__rust_begin_short_backtrace::h0908f3b1fdbb72ab
[INFO] [stdout]                                at /rustc/a178d0322ce20e33eac124758e837cbd80a6f633/library/test/src/lib.rs:577:5
[INFO] [stdout]   22:     0x55ca2d587610 - <alloc::boxed::Box<F,A> as core::ops::function::FnOnce<Args>>::call_once::hf6d2a51e5587546c
[INFO] [stdout]                                at /rustc/a178d0322ce20e33eac124758e837cbd80a6f633/library/alloc/src/boxed.rs:1575:9
[INFO] [stdout]   23:     0x55ca2d587610 - <std::panic::AssertUnwindSafe<F> as core::ops::function::FnOnce<()>>::call_once::h8af660f3a89ef593
[INFO] [stdout]                                at /rustc/a178d0322ce20e33eac124758e837cbd80a6f633/library/std/src/panic.rs:347:9
[INFO] [stdout]   24:     0x55ca2d587610 - std::panicking::try::do_call::hd36aef60f84b6d36
[INFO] [stdout]                                at /rustc/a178d0322ce20e33eac124758e837cbd80a6f633/library/std/src/panicking.rs:401:40
[INFO] [stdout]   25:     0x55ca2d587610 - std::panicking::try::h9932b4480e69817c
[INFO] [stdout]                                at /rustc/a178d0322ce20e33eac124758e837cbd80a6f633/library/std/src/panicking.rs:365:19
[INFO] [stdout]   26:     0x55ca2d587610 - std::panic::catch_unwind::h6aa177099cfff5f8
[INFO] [stdout]                                at /rustc/a178d0322ce20e33eac124758e837cbd80a6f633/library/std/src/panic.rs:434:14
[INFO] [stdout]   27:     0x55ca2d587610 - test::run_test_in_process::h5884d6f2d99e20c3
[INFO] [stdout]                                at /rustc/a178d0322ce20e33eac124758e837cbd80a6f633/library/test/src/lib.rs:600:18
[INFO] [stdout]   28:     0x55ca2d587610 - test::run_test::run_test_inner::{{closure}}::h6fdc58c6d5f5b6e3
[INFO] [stdout]                                at /rustc/a178d0322ce20e33eac124758e837cbd80a6f633/library/test/src/lib.rs:492:39
[INFO] [stdout]   29:     0x55ca2d560cc2 - test::run_test::run_test_inner::{{closure}}::h408365d67a78ade8
[INFO] [stdout]                                at /rustc/a178d0322ce20e33eac124758e837cbd80a6f633/library/test/src/lib.rs:519:37
[INFO] [stdout]   30:     0x55ca2d560cc2 - std::sys_common::backtrace::__rust_begin_short_backtrace::hb560b77c4f701523
[INFO] [stdout]                                at /rustc/a178d0322ce20e33eac124758e837cbd80a6f633/library/std/src/sys_common/backtrace.rs:125:18
[INFO] [stdout]   31:     0x55ca2d564878 - std::thread::Builder::spawn_unchecked::{{closure}}::{{closure}}::hf2e7831dad93c597
[INFO] [stdout]                                at /rustc/a178d0322ce20e33eac124758e837cbd80a6f633/library/std/src/thread/mod.rs:481:17
[INFO] [stdout]   32:     0x55ca2d564878 - <std::panic::AssertUnwindSafe<F> as core::ops::function::FnOnce<()>>::call_once::hd2e08783d8be4d02
[INFO] [stdout]                                at /rustc/a178d0322ce20e33eac124758e837cbd80a6f633/library/std/src/panic.rs:347:9
[INFO] [stdout]   33:     0x55ca2d564878 - std::panicking::try::do_call::h062597b7acfd6b82
[INFO] [stdout]                                at /rustc/a178d0322ce20e33eac124758e837cbd80a6f633/library/std/src/panicking.rs:401:40
[INFO] [stdout]   34:     0x55ca2d564878 - std::panicking::try::h0d7b79db04c14552
[INFO] [stdout]                                at /rustc/a178d0322ce20e33eac124758e837cbd80a6f633/library/std/src/panicking.rs:365:19
[INFO] [stdout]   35:     0x55ca2d564878 - std::panic::catch_unwind::hb01a0b5e7c8cd43b
[INFO] [stdout]                                at /rustc/a178d0322ce20e33eac124758e837cbd80a6f633/library/std/src/panic.rs:434:14
[INFO] [stdout]   36:     0x55ca2d564878 - std::thread::Builder::spawn_unchecked::{{closure}}::h5bde48cc887e0d1e
[INFO] [stdout]                                at /rustc/a178d0322ce20e33eac124758e837cbd80a6f633/library/std/src/thread/mod.rs:480:30
[INFO] [stdout]   37:     0x55ca2d564878 - core::ops::function::FnOnce::call_once{{vtable.shim}}::h745ea30807a29e55
[INFO] [stdout]                                at /rustc/a178d0322ce20e33eac124758e837cbd80a6f633/library/core/src/ops/function.rs:227:5
[INFO] [stdout]   38:     0x55ca2d8798d7 - <alloc::boxed::Box<F,A> as core::ops::function::FnOnce<Args>>::call_once::h7ece6cfefaff1005
[INFO] [stdout]                                at /rustc/a178d0322ce20e33eac124758e837cbd80a6f633/library/alloc/src/boxed.rs:1575:9
[INFO] [stdout]   39:     0x55ca2d8798d7 - <alloc::boxed::Box<F,A> as core::ops::function::FnOnce<Args>>::call_once::hb8b48e55c21f193e
[INFO] [stdout]                                at /rustc/a178d0322ce20e33eac124758e837cbd80a6f633/library/alloc/src/boxed.rs:1575:9
[INFO] [stdout]   40:     0x55ca2d8798d7 - std::sys::unix::thread::Thread::new::thread_start::h8c7c4450dba62914
[INFO] [stdout]                                at /rustc/a178d0322ce20e33eac124758e837cbd80a6f633/library/std/src/sys/unix/thread.rs:71:17
[INFO] [stdout]   41:     0x7fdf597ec609 - start_thread
[INFO] [stdout]   42:     0x7fdf595bc293 - clone
[INFO] [stdout]   43:                0x0 - <unknown>
[INFO] [stdout] 
[INFO] [stdout] ---- analysis::analysis_tests::test_disk_scanning_and_project_association stdout ----
[INFO] [stdout] thread 'analysis::analysis_tests::test_disk_scanning_and_project_association' panicked at 'called `Result::unwrap()` on an `Err` value: WalkError("IO error for operation on : No such file or directory (os error 2)")', dnlib/src/analysis.rs:991:53
[INFO] [stdout] stack backtrace:
[INFO] [stdout]    0:     0x55ca2d8713b0 - std::backtrace_rs::backtrace::libunwind::trace::h34055254b57d8e79
[INFO] [stdout]                                at /rustc/a178d0322ce20e33eac124758e837cbd80a6f633/library/std/src/../../backtrace/src/backtrace/libunwind.rs:90:5
[INFO] [stdout]    1:     0x55ca2d8713b0 - std::backtrace_rs::backtrace::trace_unsynchronized::h8f1e3fbd9afff6ec
[INFO] [stdout]                                at /rustc/a178d0322ce20e33eac124758e837cbd80a6f633/library/std/src/../../backtrace/src/backtrace/mod.rs:66:5
[INFO] [stdout]    2:     0x55ca2d8713b0 - std::sys_common::backtrace::_print_fmt::h3a99a796b770c360
[INFO] [stdout]                                at /rustc/a178d0322ce20e33eac124758e837cbd80a6f633/library/std/src/sys_common/backtrace.rs:67:5
[INFO] [stdout]    3:     0x55ca2d8713b0 - <std::sys_common::backtrace::_print::DisplayBacktrace as core::fmt::Display>::fmt::h32d1f94a80615d18
[INFO] [stdout]                                at /rustc/a178d0322ce20e33eac124758e837cbd80a6f633/library/std/src/sys_common/backtrace.rs:46:22
[INFO] [stdout]    4:     0x55ca2d8953ec - core::fmt::write::h306731c068f7162c
[INFO] [stdout]                                at /rustc/a178d0322ce20e33eac124758e837cbd80a6f633/library/core/src/fmt/mod.rs:1110:17
[INFO] [stdout]    5:     0x55ca2d86d9d5 - std::io::Write::write_fmt::h87f19b0a2cd190bc
[INFO] [stdout]                                at /rustc/a178d0322ce20e33eac124758e837cbd80a6f633/library/std/src/io/mod.rs:1588:15
[INFO] [stdout]    6:     0x55ca2d873a4b - std::sys_common::backtrace::_print::h5abaa2601a852287
[INFO] [stdout]                                at /rustc/a178d0322ce20e33eac124758e837cbd80a6f633/library/std/src/sys_common/backtrace.rs:49:5
[INFO] [stdout]    7:     0x55ca2d873a4b - std::sys_common::backtrace::print::h8d81445442bb638f
[INFO] [stdout]                                at /rustc/a178d0322ce20e33eac124758e837cbd80a6f633/library/std/src/sys_common/backtrace.rs:36:9
[INFO] [stdout]    8:     0x55ca2d873a4b - std::panicking::default_hook::{{closure}}::hcfe804496a9fa747
[INFO] [stdout]                                at /rustc/a178d0322ce20e33eac124758e837cbd80a6f633/library/std/src/panicking.rs:208:50
[INFO] [stdout]    9:     0x55ca2d87355c - std::panicking::default_hook::hbea8e3ccf2ba8901
[INFO] [stdout]                                at /rustc/a178d0322ce20e33eac124758e837cbd80a6f633/library/std/src/panicking.rs:222:9
[INFO] [stdout]   10:     0x55ca2d874114 - std::panicking::rust_panic_with_hook::h7ee9e1a2d0f8975a
[INFO] [stdout]                                at /rustc/a178d0322ce20e33eac124758e837cbd80a6f633/library/std/src/panicking.rs:622:17
[INFO] [stdout]   11:     0x55ca2d873bf7 - std::panicking::begin_panic_handler::{{closure}}::h8ab3b4491718b2c7
[INFO] [stdout]                                at /rustc/a178d0322ce20e33eac124758e837cbd80a6f633/library/std/src/panicking.rs:519:13
[INFO] [stdout]   12:     0x55ca2d8718ac - std::sys_common::backtrace::__rust_end_short_backtrace::hd489062ffa586a9f
[INFO] [stdout]                                at /rustc/a178d0322ce20e33eac124758e837cbd80a6f633/library/std/src/sys_common/backtrace.rs:141:18
[INFO] [stdout]   13:     0x55ca2d873b59 - rust_begin_unwind
[INFO] [stdout]                                at /rustc/a178d0322ce20e33eac124758e837cbd80a6f633/library/std/src/panicking.rs:515:5
[INFO] [stdout]   14:     0x55ca2d4c5d71 - core::panicking::panic_fmt::hca6330e3e14086b4
[INFO] [stdout]                                at /rustc/a178d0322ce20e33eac124758e837cbd80a6f633/library/core/src/panicking.rs:92:14
[INFO] [stdout]   15:     0x55ca2d4c5e63 - core::result::unwrap_failed::h6160d2b4bfbb0e87
[INFO] [stdout]                                at /rustc/a178d0322ce20e33eac124758e837cbd80a6f633/library/core/src/result.rs:1355:5
[INFO] [stdout]   16:     0x55ca2d4e1d64 - core::result::Result<T,E>::unwrap::hf35970a14467bb78
[INFO] [stdout]                                at /rustc/a178d0322ce20e33eac124758e837cbd80a6f633/library/core/src/result.rs:1037:23
[INFO] [stdout]   17:     0x55ca2d51e104 - dnlib::analysis::analysis_tests::test_disk_scanning_and_project_association::hae39c92ae4626111
[INFO] [stdout]                                at /opt/rustwide/workdir/dnlib/src/analysis.rs:991:30
[INFO] [stdout]   18:     0x55ca2d51e00a - dnlib::analysis::analysis_tests::test_disk_scanning_and_project_association::{{closure}}::hb7ba4ec50c57fd27
[INFO] [stdout]                                at /opt/rustwide/workdir/dnlib/src/analysis.rs:987:5
[INFO] [stdout]   19:     0x55ca2d4dbfce - core::ops::function::FnOnce::call_once::h56900434bd7aaf01
[INFO] [stdout]                                at /rustc/a178d0322ce20e33eac124758e837cbd80a6f633/library/core/src/ops/function.rs:227:5
[INFO] [stdout]   20:     0x55ca2d588b53 - core::ops::function::FnOnce::call_once::h152e7e439ff59e19
[INFO] [stdout]                                at /rustc/a178d0322ce20e33eac124758e837cbd80a6f633/library/core/src/ops/function.rs:227:5
[INFO] [stdout]   21:     0x55ca2d588b53 - test::__rust_begin_short_backtrace::h0908f3b1fdbb72ab
[INFO] [stdout]                                at /rustc/a178d0322ce20e33eac124758e837cbd80a6f633/library/test/src/lib.rs:577:5
[INFO] [stdout]   22:     0x55ca2d587610 - <alloc::boxed::Box<F,A> as core::ops::function::FnOnce<Args>>::call_once::hf6d2a51e5587546c
[INFO] [stdout]                                at /rustc/a178d0322ce20e33eac124758e837cbd80a6f633/library/alloc/src/boxed.rs:1575:9
[INFO] [stdout]   23:     0x55ca2d587610 - <std::panic::AssertUnwindSafe<F> as core::ops::function::FnOnce<()>>::call_once::h8af660f3a89ef593
[INFO] [stdout]                                at /rustc/a178d0322ce20e33eac124758e837cbd80a6f633/library/std/src/panic.rs:347:9
[INFO] [stdout]   24:     0x55ca2d587610 - std::panicking::try::do_call::hd36aef60f84b6d36
[INFO] [stdout]                                at /rustc/a178d0322ce20e33eac124758e837cbd80a6f633/library/std/src/panicking.rs:401:40
[INFO] [stdout]   25:     0x55ca2d587610 - std::panicking::try::h9932b4480e69817c
[INFO] [stdout]                                at /rustc/a178d0322ce20e33eac124758e837cbd80a6f633/library/std/src/panicking.rs:365:19
[INFO] [stdout]   26:     0x55ca2d587610 - std::panic::catch_unwind::h6aa177099cfff5f8
[INFO] [stdout]                                at /rustc/a178d0322ce20e33eac124758e837cbd80a6f633/library/std/src/panic.rs:434:14
[INFO] [stdout]   27:     0x55ca2d587610 - test::run_test_in_process::h5884d6f2d99e20c3
[INFO] [stdout]                                at /rustc/a178d0322ce20e33eac124758e837cbd80a6f633/library/test/src/lib.rs:600:18
[INFO] [stdout]   28:     0x55ca2d587610 - test::run_test::run_test_inner::{{closure}}::h6fdc58c6d5f5b6e3
[INFO] [stdout]                                at /rustc/a178d0322ce20e33eac124758e837cbd80a6f633/library/test/src/lib.rs:492:39
[INFO] [stdout]   29:     0x55ca2d560cc2 - test::run_test::run_test_inner::{{closure}}::h408365d67a78ade8
[INFO] [stdout]                                at /rustc/a178d0322ce20e33eac124758e837cbd80a6f633/library/test/src/lib.rs:519:37
[INFO] [stdout]   30:     0x55ca2d560cc2 - std::sys_common::backtrace::__rust_begin_short_backtrace::hb560b77c4f701523
[INFO] [stdout]                                at /rustc/a178d0322ce20e33eac124758e837cbd80a6f633/library/std/src/sys_common/backtrace.rs:125:18
[INFO] [stdout]   31:     0x55ca2d564878 - std::thread::Builder::spawn_unchecked::{{closure}}::{{closure}}::hf2e7831dad93c597
[INFO] [stdout]                                at /rustc/a178d0322ce20e33eac124758e837cbd80a6f633/library/std/src/thread/mod.rs:481:17
[INFO] [stdout]   32:     0x55ca2d564878 - <std::panic::AssertUnwindSafe<F> as core::ops::function::FnOnce<()>>::call_once::hd2e08783d8be4d02
[INFO] [stdout]                                at /rustc/a178d0322ce20e33eac124758e837cbd80a6f633/library/std/src/panic.rs:347:9
[INFO] [stdout]   33:     0x55ca2d564878 - std::panicking::try::do_call::h062597b7acfd6b82
[INFO] [stdout]                                at /rustc/a178d0322ce20e33eac124758e837cbd80a6f633/library/std/src/panicking.rs:401:40
[INFO] [stdout]   34:     0x55ca2d564878 - std::panicking::try::h0d7b79db04c14552
[INFO] [stdout]                                at /rustc/a178d0322ce20e33eac124758e837cbd80a6f633/library/std/src/panicking.rs:365:19
[INFO] [stdout]   35:     0x55ca2d564878 - std::panic::catch_unwind::hb01a0b5e7c8cd43b
[INFO] [stdout]                                at /rustc/a178d0322ce20e33eac124758e837cbd80a6f633/library/std/src/panic.rs:434:14
[INFO] [stdout]   36:     0x55ca2d564878 - std::thread::Builder::spawn_unchecked::{{closure}}::h5bde48cc887e0d1e
[INFO] [stdout]                                at /rustc/a178d0322ce20e33eac124758e837cbd80a6f633/library/std/src/thread/mod.rs:480:30
[INFO] [stdout]   37:     0x55ca2d564878 - core::ops::function::FnOnce::call_once{{vtable.shim}}::h745ea30807a29e55
[INFO] [stdout]                                at /rustc/a178d0322ce20e33eac124758e837cbd80a6f633/library/core/src/ops/function.rs:227:5
[INFO] [stdout]   38:     0x55ca2d8798d7 - <alloc::boxed::Box<F,A> as core::ops::function::FnOnce<Args>>::call_once::h7ece6cfefaff1005
[INFO] [stdout]                                at /rustc/a178d0322ce20e33eac124758e837cbd80a6f633/library/alloc/src/boxed.rs:1575:9
[INFO] [stdout]   39:     0x55ca2d8798d7 - <alloc::boxed::Box<F,A> as core::ops::function::FnOnce<Args>>::call_once::hb8b48e55c21f193e
[INFO] [stdout]                                at /rustc/a178d0322ce20e33eac124758e837cbd80a6f633/library/alloc/src/boxed.rs:1575:9
[INFO] [stdout]   40:     0x55ca2d8798d7 - std::sys::unix::thread::Thread::new::thread_start::h8c7c4450dba62914
[INFO] [stdout]                                at /rustc/a178d0322ce20e33eac124758e837cbd80a6f633/library/std/src/sys/unix/thread.rs:71:17
[INFO] [stdout]   41:     0x7fdf597ec609 - start_thread
[INFO] [stdout]   42:     0x7fdf595bc293 - clone
[INFO] [stdout]   43:                0x0 - <unknown>
[INFO] [stdout] 
[INFO] [stdout] 
[INFO] [stdout] failures:
[INFO] [stdout]     analysis::analysis_tests::test_disk_scanning_and_project_association
[INFO] [stdout]     analysis::project_tests::extract_packages_worst_case_seen_in_real_life
[INFO] [stdout]     analysis::project_tests::old_style_tests::can_detect_packages
[INFO] [stdout]     analysis::project_tests::sdk_tests::can_detect_packages
[INFO] [stdout] 
[INFO] [stdout] test result: FAILED. 74 passed; 4 failed; 0 ignored; 0 measured; 0 filtered out; finished in 1.42s
[INFO] [stdout] 
[INFO] running `Command { std: "docker" "inspect" "2c3da2b2fae51ed50ebf5c601dc5a3f0ef952099dccf52bba5ecb3d0715fc529", kill_on_drop: false }`
[INFO] running `Command { std: "docker" "rm" "-f" "2c3da2b2fae51ed50ebf5c601dc5a3f0ef952099dccf52bba5ecb3d0715fc529", kill_on_drop: false }`
[INFO] [stdout] 2c3da2b2fae51ed50ebf5c601dc5a3f0ef952099dccf52bba5ecb3d0715fc529
