[INFO] cloning repository https://github.com/Pedrexus/lambda.strategy
[INFO] running `Command { std: "git" "-c" "credential.helper=" "-c" "credential.helper=/workspace/cargo-home/bin/git-credential-null" "clone" "--bare" "https://github.com/Pedrexus/lambda.strategy" "/workspace/cache/git-repos/https%3A%2F%2Fgithub.com%2FPedrexus%2Flambda.strategy", kill_on_drop: false }`
[INFO] [stderr] Cloning into bare repository '/workspace/cache/git-repos/https%3A%2F%2Fgithub.com%2FPedrexus%2Flambda.strategy'...
[INFO] running `Command { std: "git" "rev-parse" "HEAD", kill_on_drop: false }`
[INFO] [stdout] 954caac3a230fabd7edb9e436985fed09341e991
[INFO] testing Pedrexus/lambda.strategy against 1.54.0 for beta-1.55-1
[INFO] running `Command { std: "git" "clone" "/workspace/cache/git-repos/https%3A%2F%2Fgithub.com%2FPedrexus%2Flambda.strategy" "/workspace/builds/worker-4/source", kill_on_drop: false }`
[INFO] [stderr] Cloning into '/workspace/builds/worker-4/source'...
[INFO] [stderr] done.
[INFO] validating manifest of git repo https://github.com/Pedrexus/lambda.strategy on toolchain 1.54.0
[INFO] running `Command { std: "/workspace/cargo-home/bin/cargo" "+1.54.0" "metadata" "--manifest-path" "Cargo.toml" "--no-deps", kill_on_drop: false }`
[INFO] started tweaking git repo https://github.com/Pedrexus/lambda.strategy
[INFO] finished tweaking git repo https://github.com/Pedrexus/lambda.strategy
[INFO] tweaked toml for git repo https://github.com/Pedrexus/lambda.strategy written to /workspace/builds/worker-4/source/Cargo.toml
[INFO] crate git repo https://github.com/Pedrexus/lambda.strategy already has a lockfile, it will not be regenerated
[INFO] running `Command { std: "/workspace/cargo-home/bin/cargo" "+1.54.0" "fetch" "--manifest-path" "Cargo.toml", kill_on_drop: false }`
[INFO] [stderr]     Blocking waiting for file lock on package cache
[INFO] running `Command { std: "docker" "create" "-v" "/var/lib/crater-agent-workspace/builds/worker-4/target:/opt/rustwide/target:rw,Z" "-v" "/var/lib/crater-agent-workspace/builds/worker-4/source:/opt/rustwide/workdir:ro,Z" "-v" "/var/lib/crater-agent-workspace/cargo-home:/opt/rustwide/cargo-home:ro,Z" "-v" "/var/lib/crater-agent-workspace/rustup-home:/opt/rustwide/rustup-home:ro,Z" "-e" "SOURCE_DIR=/opt/rustwide/workdir" "-e" "CARGO_TARGET_DIR=/opt/rustwide/target" "-e" "CARGO_HOME=/opt/rustwide/cargo-home" "-e" "RUSTUP_HOME=/opt/rustwide/rustup-home" "-w" "/opt/rustwide/workdir" "-m" "1610612736" "--user" "0:0" "--network" "none" "ghcr.io/rust-lang/crates-build-env/linux@sha256:34b6a614d2c27851fe6cbf88fbd1137609cefab8b10d0615aaeb6fd47975d74e" "/opt/rustwide/cargo-home/bin/cargo" "+1.54.0" "metadata" "--no-deps" "--format-version=1", kill_on_drop: false }`
[INFO] [stderr] WARNING: Your kernel does not support swap limit capabilities or the cgroup is not mounted. Memory limited without swap.
[INFO] [stdout] f087ffdbcbee28434179ebadc44c5d968be684d103b9b9552f1fb894ce1c0624
[INFO] running `Command { std: "docker" "start" "-a" "f087ffdbcbee28434179ebadc44c5d968be684d103b9b9552f1fb894ce1c0624", kill_on_drop: false }`
[INFO] running `Command { std: "docker" "inspect" "f087ffdbcbee28434179ebadc44c5d968be684d103b9b9552f1fb894ce1c0624", kill_on_drop: false }`
[INFO] running `Command { std: "docker" "rm" "-f" "f087ffdbcbee28434179ebadc44c5d968be684d103b9b9552f1fb894ce1c0624", kill_on_drop: false }`
[INFO] [stdout] f087ffdbcbee28434179ebadc44c5d968be684d103b9b9552f1fb894ce1c0624
[INFO] running `Command { std: "docker" "create" "-v" "/var/lib/crater-agent-workspace/builds/worker-4/target:/opt/rustwide/target:rw,Z" "-v" "/var/lib/crater-agent-workspace/builds/worker-4/source:/opt/rustwide/workdir:ro,Z" "-v" "/var/lib/crater-agent-workspace/cargo-home:/opt/rustwide/cargo-home:ro,Z" "-v" "/var/lib/crater-agent-workspace/rustup-home:/opt/rustwide/rustup-home:ro,Z" "-e" "SOURCE_DIR=/opt/rustwide/workdir" "-e" "CARGO_TARGET_DIR=/opt/rustwide/target" "-e" "CARGO_INCREMENTAL=0" "-e" "RUST_BACKTRACE=full" "-e" "RUSTFLAGS=--cap-lints=warn" "-e" "CARGO_HOME=/opt/rustwide/cargo-home" "-e" "RUSTUP_HOME=/opt/rustwide/rustup-home" "-w" "/opt/rustwide/workdir" "-m" "1610612736" "--user" "0:0" "--network" "none" "ghcr.io/rust-lang/crates-build-env/linux@sha256:34b6a614d2c27851fe6cbf88fbd1137609cefab8b10d0615aaeb6fd47975d74e" "/opt/rustwide/cargo-home/bin/cargo" "+1.54.0" "build" "--frozen" "--message-format=json", kill_on_drop: false }`
[INFO] [stderr] WARNING: Your kernel does not support swap limit capabilities or the cgroup is not mounted. Memory limited without swap.
[INFO] [stdout] 2d9c00d490716cac14868d50155993b26120b38989a3d592b6c26075e4d2274c
[INFO] running `Command { std: "docker" "start" "-a" "2d9c00d490716cac14868d50155993b26120b38989a3d592b6c26075e4d2274c", kill_on_drop: false }`
[INFO] [stderr]    Compiling syn v1.0.33
[INFO] [stderr]    Compiling futures-core v0.3.6
[INFO] [stderr]    Compiling futures-sink v0.3.6
[INFO] [stderr]    Compiling futures-io v0.3.6
[INFO] [stderr]    Compiling bytes v0.5.5
[INFO] [stderr]    Compiling cc v1.0.57
[INFO] [stderr]    Compiling arc-swap v0.4.7
[INFO] [stderr]    Compiling openssl v0.10.30
[INFO] [stderr]    Compiling const_fn v0.4.2
[INFO] [stderr]    Compiling regex-syntax v0.6.20
[INFO] [stderr]    Compiling zeroize v1.1.1
[INFO] [stderr]    Compiling encoding_rs v0.8.24
[INFO] [stderr]    Compiling genawaiter-macro v0.99.1
[INFO] [stderr]    Compiling futures-task v0.3.6
[INFO] [stderr]    Compiling standback v0.2.11
[INFO] [stderr]    Compiling time v0.2.22
[INFO] [stderr]    Compiling miniz_oxide v0.4.3
[INFO] [stderr]    Compiling instant v0.1.7
[INFO] [stderr]    Compiling tracing-core v0.1.10
[INFO] [stderr]    Compiling error-chain v0.12.4
[INFO] [stderr]    Compiling futures-channel v0.3.6
[INFO] [stderr]    Compiling socket2 v0.3.12
[INFO] [stderr]    Compiling getrandom v0.1.15
[INFO] [stderr]    Compiling dirs-sys v0.3.5
[INFO] [stderr]    Compiling aho-corasick v0.7.14
[INFO] [stderr]    Compiling indexmap v1.4.0
[INFO] [stderr]    Compiling rusoto_core v0.45.0
[INFO] [stderr]    Compiling proc-macro-error-attr v1.0.4
[INFO] [stderr]    Compiling signal-hook-registry v1.2.0
[INFO] [stderr]    Compiling parking_lot_core v0.8.0
[INFO] [stderr]    Compiling crypto-mac v0.8.0
[INFO] [stderr]    Compiling mio-uds v0.6.8
[INFO] [stderr]    Compiling rand_core v0.5.1
[INFO] [stderr]    Compiling http v0.2.1
[INFO] [stderr]    Compiling dirs v2.0.2
[INFO] [stderr]    Compiling openssl-src v111.12.0+1.1.1h
[INFO] [stderr]    Compiling tracing-subscriber v0.2.7
[INFO] [stderr]    Compiling sha2 v0.9.1
[INFO] [stderr]    Compiling hmac v0.8.1
[INFO] [stderr]    Compiling parking_lot v0.11.0
[INFO] [stderr]    Compiling rand_chacha v0.2.2
[INFO] [stderr]    Compiling openssl-sys v0.9.58
[INFO] [stderr]    Compiling rand v0.7.3
[INFO] [stderr]    Compiling backtrace v0.3.53
[INFO] [stderr]    Compiling regex v1.4.1
[INFO] [stderr]    Compiling uuid v0.8.1
[INFO] [stderr]    Compiling ta v0.3.0
[INFO] [stderr]    Compiling http-body v0.3.1
[INFO] [stderr]    Compiling syn-mid v0.5.0
[INFO] [stderr]    Compiling proc-macro-error v1.0.4
[INFO] [stderr]    Compiling pin-project-internal v0.4.22
[INFO] [stderr]    Compiling futures-macro v0.3.6
[INFO] [stderr]    Compiling tokio-macros v0.2.5
[INFO] [stderr]    Compiling serde_derive v1.0.114
[INFO] [stderr]    Compiling time-macros-impl v0.1.1
[INFO] [stderr]    Compiling async-trait v0.1.41
[INFO] [stderr]    Compiling proc-macro-error-attr v0.4.12
[INFO] [stderr]    Compiling tracing-attributes v0.1.8
[INFO] [stderr]    Compiling snafu-derive v0.6.9
[INFO] [stderr]    Compiling dynomite-derive v0.10.0
[INFO] [stderr]    Compiling lambda-attributes v0.1.0 (https://github.com/awslabs/aws-lambda-rust-runtime/?branch=master#c8dbcd39)
[INFO] [stderr]    Compiling time-macros v0.1.1
[INFO] [stderr]    Compiling tokio v0.2.21
[INFO] [stderr]    Compiling proc-macro-error v0.4.12
[INFO] [stderr]    Compiling genawaiter-proc-macro v0.99.1
[INFO] [stderr]    Compiling tracing v0.1.15
[INFO] [stderr]    Compiling tracing-error v0.1.2
[INFO] [stderr]    Compiling pin-project v0.4.22
[INFO] [stderr]    Compiling snafu v0.6.9
[INFO] [stderr]    Compiling futures-util v0.3.6
[INFO] [stderr]    Compiling tracing-futures v0.2.4
[INFO] [stderr]    Compiling genawaiter v0.99.1
[INFO] [stderr]    Compiling tokio-util v0.3.1
[INFO] [stderr]    Compiling serde v1.0.114
[INFO] [stderr]    Compiling h2 v0.2.5
[INFO] [stderr]    Compiling futures-executor v0.3.6
[INFO] [stderr]    Compiling futures v0.3.6
[INFO] [stderr]    Compiling wasm-timer v0.2.5
[INFO] [stderr]    Compiling again v0.1.2
[INFO] [stderr]    Compiling serde_json v1.0.56
[INFO] [stderr]    Compiling chrono v0.4.19
[INFO] [stderr]    Compiling serde_urlencoded v0.6.1
[INFO] [stderr]    Compiling hyper v0.13.6
[INFO] [stderr]    Compiling market-finance v0.3.0
[INFO] [stderr]    Compiling native-tls v0.2.4
[INFO] [stderr]    Compiling rusoto_credential v0.45.0
[INFO] [stderr]    Compiling lambda v0.1.0 (https://github.com/awslabs/aws-lambda-rust-runtime/?branch=master#c8dbcd39)
[INFO] [stderr]    Compiling rusoto_signature v0.45.0
[INFO] [stderr]    Compiling tokio-tls v0.3.1
[INFO] [stderr]    Compiling hyper-tls v0.4.3
[INFO] [stderr]    Compiling reqwest v0.10.8
[INFO] [stderr]    Compiling rusoto_dynamodb v0.45.0
[INFO] [stderr]    Compiling dynomite v0.10.0
[INFO] [stderr]    Compiling strategy v0.1.0 (/opt/rustwide/workdir)
[INFO] [stdout] warning: unused import: `crate::sources::models::Source`
[INFO] [stdout]   --> src/sources/models.rs:30:9
[INFO] [stdout]    |
[INFO] [stdout] 30 |     use crate::sources::models::Source;
[INFO] [stdout]    |         ^^^^^^^^^^^^^^^^^^^^^^^^^^^^^^
[INFO] [stdout]    |
[INFO] [stdout]    = note: `#[warn(unused_imports)]` on by default
[INFO] [stdout] 
[INFO] [stdout] 
[INFO] [stdout] warning: associated function is never used: `allows_intraday`
[INFO] [stdout]   --> src/sources/yahoo/period.rs:26:12
[INFO] [stdout]    |
[INFO] [stdout] 26 |     pub fn allows_intraday(&self) -> bool {
[INFO] [stdout]    |            ^^^^^^^^^^^^^^^
[INFO] [stdout]    |
[INFO] [stdout]    = note: `#[warn(dead_code)]` on by default
[INFO] [stdout] 
[INFO] [stdout] 
[INFO] [stdout] warning: associated function is never used: `is_intraday`
[INFO] [stdout]    --> src/sources/yahoo/period.rs:101:12
[INFO] [stdout]     |
[INFO] [stdout] 101 |     pub fn is_intraday(&self) -> bool {
[INFO] [stdout]     |            ^^^^^^^^^^^
[INFO] [stdout] 
[INFO] [stdout] 
[INFO] [stdout] warning: 3 warnings emitted
[INFO] [stdout] 
[INFO] [stdout] 
[INFO] [stderr]     Finished dev [unoptimized + debuginfo] target(s) in 2m 21s
[INFO] running `Command { std: "docker" "inspect" "2d9c00d490716cac14868d50155993b26120b38989a3d592b6c26075e4d2274c", kill_on_drop: false }`
[INFO] running `Command { std: "docker" "rm" "-f" "2d9c00d490716cac14868d50155993b26120b38989a3d592b6c26075e4d2274c", kill_on_drop: false }`
[INFO] [stdout] 2d9c00d490716cac14868d50155993b26120b38989a3d592b6c26075e4d2274c
[INFO] running `Command { std: "docker" "create" "-v" "/var/lib/crater-agent-workspace/builds/worker-4/target:/opt/rustwide/target:rw,Z" "-v" "/var/lib/crater-agent-workspace/builds/worker-4/source:/opt/rustwide/workdir:ro,Z" "-v" "/var/lib/crater-agent-workspace/cargo-home:/opt/rustwide/cargo-home:ro,Z" "-v" "/var/lib/crater-agent-workspace/rustup-home:/opt/rustwide/rustup-home:ro,Z" "-e" "SOURCE_DIR=/opt/rustwide/workdir" "-e" "CARGO_TARGET_DIR=/opt/rustwide/target" "-e" "CARGO_INCREMENTAL=0" "-e" "RUST_BACKTRACE=full" "-e" "RUSTFLAGS=--cap-lints=warn" "-e" "CARGO_HOME=/opt/rustwide/cargo-home" "-e" "RUSTUP_HOME=/opt/rustwide/rustup-home" "-w" "/opt/rustwide/workdir" "-m" "1610612736" "--user" "0:0" "--network" "none" "ghcr.io/rust-lang/crates-build-env/linux@sha256:34b6a614d2c27851fe6cbf88fbd1137609cefab8b10d0615aaeb6fd47975d74e" "/opt/rustwide/cargo-home/bin/cargo" "+1.54.0" "test" "--frozen" "--no-run" "--message-format=json", kill_on_drop: false }`
[INFO] [stdout] e005439c4441496de4dc53cc282c65256d79c55b9a7fc8ad727047cc6371fbd6
[INFO] [stderr] WARNING: Your kernel does not support swap limit capabilities or the cgroup is not mounted. Memory limited without swap.
[INFO] running `Command { std: "docker" "start" "-a" "e005439c4441496de4dc53cc282c65256d79c55b9a7fc8ad727047cc6371fbd6", kill_on_drop: false }`
[INFO] [stderr]    Compiling strategy v0.1.0 (/opt/rustwide/workdir)
[INFO] [stdout] warning: unused import: `super::*`
[INFO] [stdout]   --> src/notifications/discord.rs:24:9
[INFO] [stdout]    |
[INFO] [stdout] 24 |     use super::*;
[INFO] [stdout]    |         ^^^^^^^^
[INFO] [stdout]    |
[INFO] [stdout]    = note: `#[warn(unused_imports)]` on by default
[INFO] [stdout] 
[INFO] [stdout] 
[INFO] [stdout] warning: unused import: `super::*`
[INFO] [stdout]   --> src/sources/poloniex/mod.rs:83:9
[INFO] [stdout]    |
[INFO] [stdout] 83 |     use super::*;
[INFO] [stdout]    |         ^^^^^^^^
[INFO] [stdout] 
[INFO] [stdout] 
[INFO] [stdout] warning: 2 warnings emitted
[INFO] [stdout] 
[INFO] [stdout] 
[INFO] [stderr]     Finished test [unoptimized + debuginfo] target(s) in 7.58s
[INFO] running `Command { std: "docker" "inspect" "e005439c4441496de4dc53cc282c65256d79c55b9a7fc8ad727047cc6371fbd6", kill_on_drop: false }`
[INFO] running `Command { std: "docker" "rm" "-f" "e005439c4441496de4dc53cc282c65256d79c55b9a7fc8ad727047cc6371fbd6", kill_on_drop: false }`
[INFO] [stdout] e005439c4441496de4dc53cc282c65256d79c55b9a7fc8ad727047cc6371fbd6
[INFO] running `Command { std: "docker" "create" "-v" "/var/lib/crater-agent-workspace/builds/worker-4/target:/opt/rustwide/target:rw,Z" "-v" "/var/lib/crater-agent-workspace/builds/worker-4/source:/opt/rustwide/workdir:ro,Z" "-v" "/var/lib/crater-agent-workspace/cargo-home:/opt/rustwide/cargo-home:ro,Z" "-v" "/var/lib/crater-agent-workspace/rustup-home:/opt/rustwide/rustup-home:ro,Z" "-e" "SOURCE_DIR=/opt/rustwide/workdir" "-e" "CARGO_TARGET_DIR=/opt/rustwide/target" "-e" "CARGO_INCREMENTAL=0" "-e" "RUST_BACKTRACE=full" "-e" "RUSTFLAGS=--cap-lints=warn" "-e" "CARGO_HOME=/opt/rustwide/cargo-home" "-e" "RUSTUP_HOME=/opt/rustwide/rustup-home" "-w" "/opt/rustwide/workdir" "-m" "1610612736" "--user" "0:0" "--network" "none" "ghcr.io/rust-lang/crates-build-env/linux@sha256:34b6a614d2c27851fe6cbf88fbd1137609cefab8b10d0615aaeb6fd47975d74e" "/opt/rustwide/cargo-home/bin/cargo" "+1.54.0" "test" "--frozen", kill_on_drop: false }`
[INFO] [stdout] efd61a6cb0aa18ebd37e667d5dac5c065aa12f45af5c503f85be1631ad7c2a7e
[INFO] [stderr] WARNING: Your kernel does not support swap limit capabilities or the cgroup is not mounted. Memory limited without swap.
[INFO] running `Command { std: "docker" "start" "-a" "efd61a6cb0aa18ebd37e667d5dac5c065aa12f45af5c503f85be1631ad7c2a7e", kill_on_drop: false }`
[INFO] [stderr] warning: unused import: `super::*`
[INFO] [stderr]   --> src/notifications/discord.rs:24:9
[INFO] [stderr]    |
[INFO] [stderr] 24 |     use super::*;
[INFO] [stderr]    |         ^^^^^^^^
[INFO] [stderr]    |
[INFO] [stderr]    = note: `#[warn(unused_imports)]` on by default
[INFO] [stderr] 
[INFO] [stderr] warning: unused import: `super::*`
[INFO] [stderr]   --> src/sources/poloniex/mod.rs:83:9
[INFO] [stderr]    |
[INFO] [stderr] 83 |     use super::*;
[INFO] [stderr]    |         ^^^^^^^^
[INFO] [stderr] 
[INFO] [stderr] warning: 2 warnings emitted
[INFO] [stderr] 
[INFO] [stderr]     Finished test [unoptimized + debuginfo] target(s) in 0.19s
[INFO] [stderr]      Running unittests (/opt/rustwide/target/debug/deps/bootstrap-9eda11e4832a66ea)
[INFO] [stdout] 
[INFO] [stdout] running 25 tests
[INFO] [stdout] test sources::yahoo::period::tests::interval_2m ... ok
[INFO] [stdout] test sources::models::tests::test_from_str ... ok
[INFO] [stdout] test sources::yahoo::period::tests::interval_1d ... ok
[INFO] [stdout] test sources::yahoo::period::tests::interval_2y ... ok
[INFO] [stdout] test sources::yahoo::period::tests::interval_1y ... ok
[INFO] [stdout] test sources::yahoo::period::tests::interval_3mo ... ok
[INFO] [stdout] test sources::yahoo::period::tests::interval_5d ... ok
[INFO] [stdout] test sources::yahoo::period::tests::interval_5y ... ok
[INFO] [stdout] test sources::yahoo::period::tests::interval_60m ... ok
[INFO] [stdout] test sources::yahoo::period::tests::interval_30m ... ok
[INFO] [stdout] test sources::yahoo::period::tests::interval_5m ... ok
[INFO] [stdout] test sources::yahoo::period::tests::interval_6mo ... ok
[INFO] [stdout] test sources::yahoo::period::tests::interval_90m ... ok
[INFO] [stdout] test sources::models::tests::test_display ... ok
[INFO] [stdout] test sources::yahoo::period::tests::interval_10y ... ok
[INFO] [stdout] test sources::yahoo::period::tests::interval_1mo ... ok
[INFO] [stdout] test sources::yahoo::period::tests::interval_15m ... ok
[INFO] [stdout] test sources::yahoo::period::tests::range_1mo ... ok
[INFO] [stdout] test sources::yahoo::period::tests::range_3mo ... ok
[INFO] [stdout] test sources::yahoo::period::tests::interval_1m ... ok
[INFO] [stdout] test sources::yahoo::period::tests::interval_max ... ok
[INFO] [stdout] test sources::yahoo::period::tests::interval_ytd ... ok
[INFO] [stdout] test sources::yahoo::period::tests::range_1d ... ok
[INFO] [stdout] test sources::yahoo::period::tests::range_5d ... ok
[INFO] [stdout] test handler::tests::handler_handles ... FAILED
[INFO] [stdout] 
[INFO] [stdout] failures:
[INFO] [stdout] 
[INFO] [stdout] ---- handler::tests::handler_handles stdout ----
[INFO] [stdout] thread 'handler::tests::handler_handles' panicked at 'chart didn't returned: Error(RequestFailed { api: Yahoo, source: reqwest::Error { kind: Request, url: "https://query1.finance.yahoo.com/v8/finance/chart/PETR4.SA?range=1mo&interval=30m", source: hyper::Error(Connect, ConnectError("dns error", Custom { kind: Other, error: "failed to lookup address information: Temporary failure in name resolution" })) } })', src/handler.rs:94:18
[INFO] [stdout] stack backtrace:
[INFO] [stdout]    0:     0x55b03768be00 - std::backtrace_rs::backtrace::libunwind::trace::h34055254b57d8e79
[INFO] [stdout]                                at /rustc/a178d0322ce20e33eac124758e837cbd80a6f633/library/std/src/../../backtrace/src/backtrace/libunwind.rs:90:5
[INFO] [stdout]    1:     0x55b03768be00 - std::backtrace_rs::backtrace::trace_unsynchronized::h8f1e3fbd9afff6ec
[INFO] [stdout]                                at /rustc/a178d0322ce20e33eac124758e837cbd80a6f633/library/std/src/../../backtrace/src/backtrace/mod.rs:66:5
[INFO] [stdout]    2:     0x55b03768be00 - std::sys_common::backtrace::_print_fmt::h3a99a796b770c360
[INFO] [stdout]                                at /rustc/a178d0322ce20e33eac124758e837cbd80a6f633/library/std/src/sys_common/backtrace.rs:67:5
[INFO] [stdout]    3:     0x55b03768be00 - <std::sys_common::backtrace::_print::DisplayBacktrace as core::fmt::Display>::fmt::h32d1f94a80615d18
[INFO] [stdout]                                at /rustc/a178d0322ce20e33eac124758e837cbd80a6f633/library/std/src/sys_common/backtrace.rs:46:22
[INFO] [stdout]    4:     0x55b0376af56c - core::fmt::write::h306731c068f7162c
[INFO] [stdout]                                at /rustc/a178d0322ce20e33eac124758e837cbd80a6f633/library/core/src/fmt/mod.rs:1110:17
[INFO] [stdout]    5:     0x55b0376857c5 - std::io::Write::write_fmt::h87f19b0a2cd190bc
[INFO] [stdout]                                at /rustc/a178d0322ce20e33eac124758e837cbd80a6f633/library/std/src/io/mod.rs:1588:15
[INFO] [stdout]    6:     0x55b03768dfdb - std::sys_common::backtrace::_print::h5abaa2601a852287
[INFO] [stdout]                                at /rustc/a178d0322ce20e33eac124758e837cbd80a6f633/library/std/src/sys_common/backtrace.rs:49:5
[INFO] [stdout]    7:     0x55b03768dfdb - std::sys_common::backtrace::print::h8d81445442bb638f
[INFO] [stdout]                                at /rustc/a178d0322ce20e33eac124758e837cbd80a6f633/library/std/src/sys_common/backtrace.rs:36:9
[INFO] [stdout]    8:     0x55b03768dfdb - std::panicking::default_hook::{{closure}}::hcfe804496a9fa747
[INFO] [stdout]                                at /rustc/a178d0322ce20e33eac124758e837cbd80a6f633/library/std/src/panicking.rs:208:50
[INFO] [stdout]    9:     0x55b03768daec - std::panicking::default_hook::hbea8e3ccf2ba8901
[INFO] [stdout]                                at /rustc/a178d0322ce20e33eac124758e837cbd80a6f633/library/std/src/panicking.rs:222:9
[INFO] [stdout]   10:     0x55b03768e6a4 - std::panicking::rust_panic_with_hook::h7ee9e1a2d0f8975a
[INFO] [stdout]                                at /rustc/a178d0322ce20e33eac124758e837cbd80a6f633/library/std/src/panicking.rs:622:17
[INFO] [stdout]   11:     0x55b03768e187 - std::panicking::begin_panic_handler::{{closure}}::h8ab3b4491718b2c7
[INFO] [stdout]                                at /rustc/a178d0322ce20e33eac124758e837cbd80a6f633/library/std/src/panicking.rs:519:13
[INFO] [stdout]   12:     0x55b03768c2fc - std::sys_common::backtrace::__rust_end_short_backtrace::hd489062ffa586a9f
[INFO] [stdout]                                at /rustc/a178d0322ce20e33eac124758e837cbd80a6f633/library/std/src/sys_common/backtrace.rs:141:18
[INFO] [stdout]   13:     0x55b03768e0e9 - rust_begin_unwind
[INFO] [stdout]                                at /rustc/a178d0322ce20e33eac124758e837cbd80a6f633/library/std/src/panicking.rs:515:5
[INFO] [stdout]   14:     0x55b036f75c91 - core::panicking::panic_fmt::hca6330e3e14086b4
[INFO] [stdout]                                at /rustc/a178d0322ce20e33eac124758e837cbd80a6f633/library/core/src/panicking.rs:92:14
[INFO] [stdout]   15:     0x55b036f75d83 - core::result::unwrap_failed::h6160d2b4bfbb0e87
[INFO] [stdout]                                at /rustc/a178d0322ce20e33eac124758e837cbd80a6f633/library/core/src/result.rs:1355:5
[INFO] [stdout]   16:     0x55b036f95b57 - core::result::Result<T,E>::expect::ha44cc74ba87eeaf8
[INFO] [stdout]                                at /rustc/a178d0322ce20e33eac124758e837cbd80a6f633/library/core/src/result.rs:997:23
[INFO] [stdout]   17:     0x55b036fa76cb - bootstrap::handler::handler::{{closure}}::h731944632d99df41
[INFO] [stdout]                                at /opt/rustwide/workdir/src/handler.rs:92:13
[INFO] [stdout]   18:     0x55b036fb89a1 - <core::future::from_generator::GenFuture<T> as core::future::future::Future>::poll::h7ab9a2964519d8b4
[INFO] [stdout]                                at /rustc/a178d0322ce20e33eac124758e837cbd80a6f633/library/core/src/future/mod.rs:80:19
[INFO] [stdout]   19:     0x55b036fb028e - bootstrap::handler::tests::handler_handles::{{closure}}::h2dfe69282aca4233
[INFO] [stdout]                                at /opt/rustwide/workdir/src/handler.rs:130:24
[INFO] [stdout]   20:     0x55b036fb862a - <core::future::from_generator::GenFuture<T> as core::future::future::Future>::poll::h3e3f20528190e74d
[INFO] [stdout]                                at /rustc/a178d0322ce20e33eac124758e837cbd80a6f633/library/core/src/future/mod.rs:80:19
[INFO] [stdout]   21:     0x55b036fcb49c - tokio::runtime::basic_scheduler::BasicScheduler<P>::block_on::{{closure}}::{{closure}}::h4dc7b84049e0996c
[INFO] [stdout]                                at /opt/rustwide/cargo-home/registry/src/github.com-1ecc6299db9ec823/tokio-0.2.21/src/runtime/basic_scheduler.rs:131:58
[INFO] [stdout]   22:     0x55b036f9f769 - tokio::coop::with_budget::{{closure}}::hd48abe36ecb80bfc
[INFO] [stdout]                                at /opt/rustwide/cargo-home/registry/src/github.com-1ecc6299db9ec823/tokio-0.2.21/src/coop.rs:127:9
[INFO] [stdout]   23:     0x55b036f9b925 - std::thread::local::LocalKey<T>::try_with::he771230fb0b8ecec
[INFO] [stdout]                                at /rustc/a178d0322ce20e33eac124758e837cbd80a6f633/library/std/src/thread/local.rs:400:16
[INFO] [stdout]   24:     0x55b036f9b0fb - std::thread::local::LocalKey<T>::with::hf4eb15b9accb5448
[INFO] [stdout]                                at /rustc/a178d0322ce20e33eac124758e837cbd80a6f633/library/std/src/thread/local.rs:376:9
[INFO] [stdout]   25:     0x55b036fcae82 - tokio::coop::with_budget::h8762f0c042d15d3a
[INFO] [stdout]                                at /opt/rustwide/cargo-home/registry/src/github.com-1ecc6299db9ec823/tokio-0.2.21/src/coop.rs:120:5
[INFO] [stdout]   26:     0x55b036fcae82 - tokio::coop::budget::ha8753a9008805b86
[INFO] [stdout]                                at /opt/rustwide/cargo-home/registry/src/github.com-1ecc6299db9ec823/tokio-0.2.21/src/coop.rs:96:5
[INFO] [stdout]   27:     0x55b036fcae82 - tokio::runtime::basic_scheduler::BasicScheduler<P>::block_on::{{closure}}::hcfb7863e2e7c9fa1
[INFO] [stdout]                                at /opt/rustwide/cargo-home/registry/src/github.com-1ecc6299db9ec823/tokio-0.2.21/src/runtime/basic_scheduler.rs:131:35
[INFO] [stdout]   28:     0x55b036fcb9af - tokio::runtime::basic_scheduler::enter::{{closure}}::h0aa84bcc85dd146b
[INFO] [stdout]                                at /opt/rustwide/cargo-home/registry/src/github.com-1ecc6299db9ec823/tokio-0.2.21/src/runtime/basic_scheduler.rs:213:29
[INFO] [stdout]   29:     0x55b036fc06f0 - tokio::macros::scoped_tls::ScopedKey<T>::set::hc54eca78b672664c
[INFO] [stdout]                                at /opt/rustwide/cargo-home/registry/src/github.com-1ecc6299db9ec823/tokio-0.2.21/src/macros/scoped_tls.rs:63:9
[INFO] [stdout]   30:     0x55b036fcb8c7 - tokio::runtime::basic_scheduler::enter::h1fec932afd2fccad
[INFO] [stdout]                                at /opt/rustwide/cargo-home/registry/src/github.com-1ecc6299db9ec823/tokio-0.2.21/src/runtime/basic_scheduler.rs:213:5
[INFO] [stdout]   31:     0x55b036fcab92 - tokio::runtime::basic_scheduler::BasicScheduler<P>::block_on::h4823aa6ec368392c
[INFO] [stdout]                                at /opt/rustwide/cargo-home/registry/src/github.com-1ecc6299db9ec823/tokio-0.2.21/src/runtime/basic_scheduler.rs:123:9
[INFO] [stdout]   32:     0x55b036fc093b - tokio::runtime::Runtime::block_on::{{closure}}::heb0decab88f093e9
[INFO] [stdout]                                at /opt/rustwide/cargo-home/registry/src/github.com-1ecc6299db9ec823/tokio-0.2.21/src/runtime/mod.rs:444:34
[INFO] [stdout]   33:     0x55b036fadd43 - tokio::runtime::context::enter::hea3f8e279f037056
[INFO] [stdout]                                at /opt/rustwide/cargo-home/registry/src/github.com-1ecc6299db9ec823/tokio-0.2.21/src/runtime/context.rs:72:5
[INFO] [stdout]   34:     0x55b036fcba3a - tokio::runtime::handle::Handle::enter::h8b10caa5ae595db1
[INFO] [stdout]                                at /opt/rustwide/cargo-home/registry/src/github.com-1ecc6299db9ec823/tokio-0.2.21/src/runtime/handle.rs:76:9
[INFO] [stdout]   35:     0x55b036fc083f - tokio::runtime::Runtime::block_on::hf229740215394f5b
[INFO] [stdout]                                at /opt/rustwide/cargo-home/registry/src/github.com-1ecc6299db9ec823/tokio-0.2.21/src/runtime/mod.rs:441:9
[INFO] [stdout]   36:     0x55b036faff7b - bootstrap::handler::tests::handler_handles::h8aeb41997f5d40ad
[INFO] [stdout]                                at /opt/rustwide/workdir/src/handler.rs:126:5
[INFO] [stdout]   37:     0x55b036fafe7e - bootstrap::handler::tests::handler_handles::{{closure}}::ha6328418c421e58e
[INFO] [stdout]                                at /opt/rustwide/workdir/src/handler.rs:126:5
[INFO] [stdout]   38:     0x55b036f9c22e - core::ops::function::FnOnce::call_once::hc18f188507dc977d
[INFO] [stdout]                                at /rustc/a178d0322ce20e33eac124758e837cbd80a6f633/library/core/src/ops/function.rs:227:5
[INFO] [stdout]   39:     0x55b0370053f3 - core::ops::function::FnOnce::call_once::h152e7e439ff59e19
[INFO] [stdout]                                at /rustc/a178d0322ce20e33eac124758e837cbd80a6f633/library/core/src/ops/function.rs:227:5
[INFO] [stdout]   40:     0x55b0370053f3 - test::__rust_begin_short_backtrace::h0908f3b1fdbb72ab
[INFO] [stdout]                                at /rustc/a178d0322ce20e33eac124758e837cbd80a6f633/library/test/src/lib.rs:577:5
[INFO] [stdout]   41:     0x55b037003eb0 - <alloc::boxed::Box<F,A> as core::ops::function::FnOnce<Args>>::call_once::hf6d2a51e5587546c
[INFO] [stdout]                                at /rustc/a178d0322ce20e33eac124758e837cbd80a6f633/library/alloc/src/boxed.rs:1575:9
[INFO] [stdout]   42:     0x55b037003eb0 - <std::panic::AssertUnwindSafe<F> as core::ops::function::FnOnce<()>>::call_once::h8af660f3a89ef593
[INFO] [stdout]                                at /rustc/a178d0322ce20e33eac124758e837cbd80a6f633/library/std/src/panic.rs:347:9
[INFO] [stdout]   43:     0x55b037003eb0 - std::panicking::try::do_call::hd36aef60f84b6d36
[INFO] [stdout]                                at /rustc/a178d0322ce20e33eac124758e837cbd80a6f633/library/std/src/panicking.rs:401:40
[INFO] [stdout]   44:     0x55b037003eb0 - std::panicking::try::h9932b4480e69817c
[INFO] [stdout]                                at /rustc/a178d0322ce20e33eac124758e837cbd80a6f633/library/std/src/panicking.rs:365:19
[INFO] [stdout]   45:     0x55b037003eb0 - std::panic::catch_unwind::h6aa177099cfff5f8
[INFO] [stdout]                                at /rustc/a178d0322ce20e33eac124758e837cbd80a6f633/library/std/src/panic.rs:434:14
[INFO] [stdout]   46:     0x55b037003eb0 - test::run_test_in_process::h5884d6f2d99e20c3
[INFO] [stdout]                                at /rustc/a178d0322ce20e33eac124758e837cbd80a6f633/library/test/src/lib.rs:600:18
[INFO] [stdout]   47:     0x55b037003eb0 - test::run_test::run_test_inner::{{closure}}::h6fdc58c6d5f5b6e3
[INFO] [stdout]                                at /rustc/a178d0322ce20e33eac124758e837cbd80a6f633/library/test/src/lib.rs:492:39
[INFO] [stdout]   48:     0x55b036fdd562 - test::run_test::run_test_inner::{{closure}}::h408365d67a78ade8
[INFO] [stdout]                                at /rustc/a178d0322ce20e33eac124758e837cbd80a6f633/library/test/src/lib.rs:519:37
[INFO] [stdout]   49:     0x55b036fdd562 - std::sys_common::backtrace::__rust_begin_short_backtrace::hb560b77c4f701523
[INFO] [stdout]                                at /rustc/a178d0322ce20e33eac124758e837cbd80a6f633/library/std/src/sys_common/backtrace.rs:125:18
[INFO] [stdout]   50:     0x55b036fe1118 - std::thread::Builder::spawn_unchecked::{{closure}}::{{closure}}::hf2e7831dad93c597
[INFO] [stdout]                                at /rustc/a178d0322ce20e33eac124758e837cbd80a6f633/library/std/src/thread/mod.rs:481:17
[INFO] [stdout]   51:     0x55b036fe1118 - <std::panic::AssertUnwindSafe<F> as core::ops::function::FnOnce<()>>::call_once::hd2e08783d8be4d02
[INFO] [stdout]                                at /rustc/a178d0322ce20e33eac124758e837cbd80a6f633/library/std/src/panic.rs:347:9
[INFO] [stdout]   52:     0x55b036fe1118 - std::panicking::try::do_call::h062597b7acfd6b82
[INFO] [stdout]                                at /rustc/a178d0322ce20e33eac124758e837cbd80a6f633/library/std/src/panicking.rs:401:40
[INFO] [stdout]   53:     0x55b036fe1118 - std::panicking::try::h0d7b79db04c14552
[INFO] [stdout]                                at /rustc/a178d0322ce20e33eac124758e837cbd80a6f633/library/std/src/panicking.rs:365:19
[INFO] [stdout]   54:     0x55b036fe1118 - std::panic::catch_unwind::hb01a0b5e7c8cd43b
[INFO] [stdout]                                at /rustc/a178d0322ce20e33eac124758e837cbd80a6f633/library/std/src/panic.rs:434:14
[INFO] [stdout]   55:     0x55b036fe1118 - std::thread::Builder::spawn_unchecked::{{closure}}::h5bde48cc887e0d1e
[INFO] [stdout]                                at /rustc/a178d0322ce20e33eac124758e837cbd80a6f633/library/std/src/thread/mod.rs:480:30
[INFO] [stdout]   56:     0x55b036fe1118 - core::ops::function::FnOnce::call_once{{vtable.shim}}::h745ea30807a29e55
[INFO] [stdout]                                at /rustc/a178d0322ce20e33eac124758e837cbd80a6f633/library/core/src/ops/function.rs:227:5
[INFO] [stdout]   57:     0x55b037693ac7 - <alloc::boxed::Box<F,A> as core::ops::function::FnOnce<Args>>::call_once::h7ece6cfefaff1005
[INFO] [stdout]                                at /rustc/a178d0322ce20e33eac124758e837cbd80a6f633/library/alloc/src/boxed.rs:1575:9
[INFO] [stdout]   58:     0x55b037693ac7 - <alloc::boxed::Box<F,A> as core::ops::function::FnOnce<Args>>::call_once::hb8b48e55c21f193e
[INFO] [stdout]                                at /rustc/a178d0322ce20e33eac124758e837cbd80a6f633/library/alloc/src/boxed.rs:1575:9
[INFO] [stdout]   59:     0x55b037693ac7 - std::sys::unix::thread::Thread::new::thread_start::h8c7c4450dba62914
[INFO] [stdout]                                at /rustc/a178d0322ce20e33eac124758e837cbd80a6f633/library/std/src/sys/unix/thread.rs:71:17
[INFO] [stdout]   60:     0x7fe399128609 - start_thread
[INFO] [stdout]   61:     0x7fe398f00293 - clone
[INFO] [stdout]   62:                0x0 - <unknown>
[INFO] [stdout] 
[INFO] [stdout] 
[INFO] [stdout] failures:
[INFO] [stdout]     handler::tests::handler_handles
[INFO] [stdout] 
[INFO] [stdout] test result: FAILED. 24 passed; 1 failed; 0 ignored; 0 measured; 0 filtered out; finished in 0.16s
[INFO] [stdout] 
[INFO] [stderr] error: test failed, to rerun pass '--bin bootstrap'
[INFO] running `Command { std: "docker" "inspect" "efd61a6cb0aa18ebd37e667d5dac5c065aa12f45af5c503f85be1631ad7c2a7e", kill_on_drop: false }`
[INFO] running `Command { std: "docker" "rm" "-f" "efd61a6cb0aa18ebd37e667d5dac5c065aa12f45af5c503f85be1631ad7c2a7e", kill_on_drop: false }`
[INFO] [stdout] efd61a6cb0aa18ebd37e667d5dac5c065aa12f45af5c503f85be1631ad7c2a7e
