[INFO] cloning repository https://github.com/Paoda/bluearch-recruitment
[INFO] running `Command { std: "git" "-c" "credential.helper=" "-c" "credential.helper=/workspace/cargo-home/bin/git-credential-null" "clone" "--bare" "https://github.com/Paoda/bluearch-recruitment" "/workspace/cache/git-repos/https%3A%2F%2Fgithub.com%2FPaoda%2Fbluearch-recruitment", kill_on_drop: false }`
[INFO] [stderr] Cloning into bare repository '/workspace/cache/git-repos/https%3A%2F%2Fgithub.com%2FPaoda%2Fbluearch-recruitment'...
[INFO] running `Command { std: "git" "rev-parse" "HEAD", kill_on_drop: false }`
[INFO] [stdout] d5df9d4d30ef290ca0a269a9f52f482e284a606a
[INFO] testing Paoda/bluearch-recruitment against 1.54.0 for beta-1.55-1
[INFO] running `Command { std: "git" "clone" "/workspace/cache/git-repos/https%3A%2F%2Fgithub.com%2FPaoda%2Fbluearch-recruitment" "/workspace/builds/worker-6/source", kill_on_drop: false }`
[INFO] [stderr] Cloning into '/workspace/builds/worker-6/source'...
[INFO] [stderr] done.
[INFO] validating manifest of git repo https://github.com/Paoda/bluearch-recruitment on toolchain 1.54.0
[INFO] running `Command { std: "/workspace/cargo-home/bin/cargo" "+1.54.0" "metadata" "--manifest-path" "Cargo.toml" "--no-deps", kill_on_drop: false }`
[INFO] started tweaking git repo https://github.com/Paoda/bluearch-recruitment
[INFO] finished tweaking git repo https://github.com/Paoda/bluearch-recruitment
[INFO] tweaked toml for git repo https://github.com/Paoda/bluearch-recruitment written to /workspace/builds/worker-6/source/Cargo.toml
[INFO] running `Command { std: "/workspace/cargo-home/bin/cargo" "+1.54.0" "generate-lockfile" "--manifest-path" "Cargo.toml" "-Zno-index-update", kill_on_drop: false }`
[INFO] running `Command { std: "/workspace/cargo-home/bin/cargo" "+1.54.0" "fetch" "--manifest-path" "Cargo.toml", kill_on_drop: false }`
[INFO] running `Command { std: "docker" "create" "-v" "/var/lib/crater-agent-workspace/builds/worker-6/target:/opt/rustwide/target:rw,Z" "-v" "/var/lib/crater-agent-workspace/builds/worker-6/source:/opt/rustwide/workdir:ro,Z" "-v" "/var/lib/crater-agent-workspace/cargo-home:/opt/rustwide/cargo-home:ro,Z" "-v" "/var/lib/crater-agent-workspace/rustup-home:/opt/rustwide/rustup-home:ro,Z" "-e" "SOURCE_DIR=/opt/rustwide/workdir" "-e" "CARGO_TARGET_DIR=/opt/rustwide/target" "-e" "CARGO_HOME=/opt/rustwide/cargo-home" "-e" "RUSTUP_HOME=/opt/rustwide/rustup-home" "-w" "/opt/rustwide/workdir" "-m" "1610612736" "--user" "0:0" "--network" "none" "ghcr.io/rust-lang/crates-build-env/linux@sha256:34b6a614d2c27851fe6cbf88fbd1137609cefab8b10d0615aaeb6fd47975d74e" "/opt/rustwide/cargo-home/bin/cargo" "+1.54.0" "metadata" "--no-deps" "--format-version=1", kill_on_drop: false }`
[INFO] [stdout] 2f70b6364300ccaefe77483d9cd3d402f8884f441271eb9cfe6192cd97d5e32a
[INFO] [stderr] WARNING: Your kernel does not support swap limit capabilities or the cgroup is not mounted. Memory limited without swap.
[INFO] running `Command { std: "docker" "start" "-a" "2f70b6364300ccaefe77483d9cd3d402f8884f441271eb9cfe6192cd97d5e32a", kill_on_drop: false }`
[INFO] running `Command { std: "docker" "inspect" "2f70b6364300ccaefe77483d9cd3d402f8884f441271eb9cfe6192cd97d5e32a", kill_on_drop: false }`
[INFO] running `Command { std: "docker" "rm" "-f" "2f70b6364300ccaefe77483d9cd3d402f8884f441271eb9cfe6192cd97d5e32a", kill_on_drop: false }`
[INFO] [stdout] 2f70b6364300ccaefe77483d9cd3d402f8884f441271eb9cfe6192cd97d5e32a
[INFO] running `Command { std: "docker" "create" "-v" "/var/lib/crater-agent-workspace/builds/worker-6/target:/opt/rustwide/target:rw,Z" "-v" "/var/lib/crater-agent-workspace/builds/worker-6/source:/opt/rustwide/workdir:ro,Z" "-v" "/var/lib/crater-agent-workspace/cargo-home:/opt/rustwide/cargo-home:ro,Z" "-v" "/var/lib/crater-agent-workspace/rustup-home:/opt/rustwide/rustup-home:ro,Z" "-e" "SOURCE_DIR=/opt/rustwide/workdir" "-e" "CARGO_TARGET_DIR=/opt/rustwide/target" "-e" "CARGO_INCREMENTAL=0" "-e" "RUST_BACKTRACE=full" "-e" "RUSTFLAGS=--cap-lints=warn" "-e" "CARGO_HOME=/opt/rustwide/cargo-home" "-e" "RUSTUP_HOME=/opt/rustwide/rustup-home" "-w" "/opt/rustwide/workdir" "-m" "1610612736" "--user" "0:0" "--network" "none" "ghcr.io/rust-lang/crates-build-env/linux@sha256:34b6a614d2c27851fe6cbf88fbd1137609cefab8b10d0615aaeb6fd47975d74e" "/opt/rustwide/cargo-home/bin/cargo" "+1.54.0" "build" "--frozen" "--message-format=json", kill_on_drop: false }`
[INFO] [stdout] 8d4132c5cfd915dba134210180c458b9a6fe830c9f6e1c980e967ae1ba024ecd
[INFO] [stderr] WARNING: Your kernel does not support swap limit capabilities or the cgroup is not mounted. Memory limited without swap.
[INFO] running `Command { std: "docker" "start" "-a" "8d4132c5cfd915dba134210180c458b9a6fe830c9f6e1c980e967ae1ba024ecd", kill_on_drop: false }`
[INFO] [stderr]    Compiling serde_repr v0.1.7
[INFO] [stderr]    Compiling blue-gacha v0.1.0 (/opt/rustwide/workdir)
[INFO] [stdout] warning: field is never read: `sparkable`
[INFO] [stdout]    --> src/banner.rs:146:5
[INFO] [stdout]     |
[INFO] [stdout] 146 |     sparkable: Option<Vec<Student>>,
[INFO] [stdout]     |     ^^^^^^^^^^^^^^^^^^^^^^^^^^^^^^^
[INFO] [stdout]     |
[INFO] [stdout]     = note: `#[warn(dead_code)]` on by default
[INFO] [stdout] 
[INFO] [stdout] 
[INFO] [stdout] warning: 1 warning emitted
[INFO] [stdout] 
[INFO] [stdout] 
[INFO] [stderr]     Finished dev [unoptimized + debuginfo] target(s) in 6.01s
[INFO] running `Command { std: "docker" "inspect" "8d4132c5cfd915dba134210180c458b9a6fe830c9f6e1c980e967ae1ba024ecd", kill_on_drop: false }`
[INFO] running `Command { std: "docker" "rm" "-f" "8d4132c5cfd915dba134210180c458b9a6fe830c9f6e1c980e967ae1ba024ecd", kill_on_drop: false }`
[INFO] [stdout] 8d4132c5cfd915dba134210180c458b9a6fe830c9f6e1c980e967ae1ba024ecd
[INFO] running `Command { std: "docker" "create" "-v" "/var/lib/crater-agent-workspace/builds/worker-6/target:/opt/rustwide/target:rw,Z" "-v" "/var/lib/crater-agent-workspace/builds/worker-6/source:/opt/rustwide/workdir:ro,Z" "-v" "/var/lib/crater-agent-workspace/cargo-home:/opt/rustwide/cargo-home:ro,Z" "-v" "/var/lib/crater-agent-workspace/rustup-home:/opt/rustwide/rustup-home:ro,Z" "-e" "SOURCE_DIR=/opt/rustwide/workdir" "-e" "CARGO_TARGET_DIR=/opt/rustwide/target" "-e" "CARGO_INCREMENTAL=0" "-e" "RUST_BACKTRACE=full" "-e" "RUSTFLAGS=--cap-lints=warn" "-e" "CARGO_HOME=/opt/rustwide/cargo-home" "-e" "RUSTUP_HOME=/opt/rustwide/rustup-home" "-w" "/opt/rustwide/workdir" "-m" "1610612736" "--user" "0:0" "--network" "none" "ghcr.io/rust-lang/crates-build-env/linux@sha256:34b6a614d2c27851fe6cbf88fbd1137609cefab8b10d0615aaeb6fd47975d74e" "/opt/rustwide/cargo-home/bin/cargo" "+1.54.0" "test" "--frozen" "--no-run" "--message-format=json", kill_on_drop: false }`
[INFO] [stdout] 3e1a24789d062694aadf19086e8f0be5d050fed2df07606c735d2302e5615113
[INFO] [stderr] WARNING: Your kernel does not support swap limit capabilities or the cgroup is not mounted. Memory limited without swap.
[INFO] running `Command { std: "docker" "start" "-a" "3e1a24789d062694aadf19086e8f0be5d050fed2df07606c735d2302e5615113", kill_on_drop: false }`
[INFO] [stderr]    Compiling blue-gacha v0.1.0 (/opt/rustwide/workdir)
[INFO] [stdout] warning: field is never read: `sparkable`
[INFO] [stdout]    --> src/banner.rs:146:5
[INFO] [stdout]     |
[INFO] [stdout] 146 |     sparkable: Option<Vec<Student>>,
[INFO] [stdout]     |     ^^^^^^^^^^^^^^^^^^^^^^^^^^^^^^^
[INFO] [stdout]     |
[INFO] [stdout]     = note: `#[warn(dead_code)]` on by default
[INFO] [stdout] 
[INFO] [stdout] 
[INFO] [stdout] warning: 1 warning emitted
[INFO] [stdout] 
[INFO] [stdout] 
[INFO] [stdout] warning: field is never read: `sparkable`
[INFO] [stdout]    --> src/banner.rs:146:5
[INFO] [stdout]     |
[INFO] [stdout] 146 |     sparkable: Option<Vec<Student>>,
[INFO] [stdout]     |     ^^^^^^^^^^^^^^^^^^^^^^^^^^^^^^^
[INFO] [stdout]     |
[INFO] [stdout]     = note: `#[warn(dead_code)]` on by default
[INFO] [stdout] 
[INFO] [stdout] 
[INFO] [stdout] warning: 1 warning emitted
[INFO] [stdout] 
[INFO] [stdout] 
[INFO] [stderr]     Finished test [unoptimized + debuginfo] target(s) in 2.02s
[INFO] running `Command { std: "docker" "inspect" "3e1a24789d062694aadf19086e8f0be5d050fed2df07606c735d2302e5615113", kill_on_drop: false }`
[INFO] running `Command { std: "docker" "rm" "-f" "3e1a24789d062694aadf19086e8f0be5d050fed2df07606c735d2302e5615113", kill_on_drop: false }`
[INFO] [stdout] 3e1a24789d062694aadf19086e8f0be5d050fed2df07606c735d2302e5615113
[INFO] running `Command { std: "docker" "create" "-v" "/var/lib/crater-agent-workspace/builds/worker-6/target:/opt/rustwide/target:rw,Z" "-v" "/var/lib/crater-agent-workspace/builds/worker-6/source:/opt/rustwide/workdir:ro,Z" "-v" "/var/lib/crater-agent-workspace/cargo-home:/opt/rustwide/cargo-home:ro,Z" "-v" "/var/lib/crater-agent-workspace/rustup-home:/opt/rustwide/rustup-home:ro,Z" "-e" "SOURCE_DIR=/opt/rustwide/workdir" "-e" "CARGO_TARGET_DIR=/opt/rustwide/target" "-e" "CARGO_INCREMENTAL=0" "-e" "RUST_BACKTRACE=full" "-e" "RUSTFLAGS=--cap-lints=warn" "-e" "CARGO_HOME=/opt/rustwide/cargo-home" "-e" "RUSTUP_HOME=/opt/rustwide/rustup-home" "-w" "/opt/rustwide/workdir" "-m" "1610612736" "--user" "0:0" "--network" "none" "ghcr.io/rust-lang/crates-build-env/linux@sha256:34b6a614d2c27851fe6cbf88fbd1137609cefab8b10d0615aaeb6fd47975d74e" "/opt/rustwide/cargo-home/bin/cargo" "+1.54.0" "test" "--frozen", kill_on_drop: false }`
[INFO] [stdout] 5a33b08bd069720250edeab56bdf0ebb7f02c8b2d298d3c03ae322f8a0213f2f
[INFO] [stderr] WARNING: Your kernel does not support swap limit capabilities or the cgroup is not mounted. Memory limited without swap.
[INFO] running `Command { std: "docker" "start" "-a" "5a33b08bd069720250edeab56bdf0ebb7f02c8b2d298d3c03ae322f8a0213f2f", kill_on_drop: false }`
[INFO] [stderr] warning: field is never read: `sparkable`
[INFO] [stderr]    --> src/banner.rs:146:5
[INFO] [stderr]     |
[INFO] [stderr] 146 |     sparkable: Option<Vec<Student>>,
[INFO] [stderr]     |     ^^^^^^^^^^^^^^^^^^^^^^^^^^^^^^^
[INFO] [stderr]     |
[INFO] [stderr]     = note: `#[warn(dead_code)]` on by default
[INFO] [stderr] 
[INFO] [stderr] warning: 1 warning emitted
[INFO] [stderr] 
[INFO] [stderr] warning: field is never read: `sparkable`
[INFO] [stderr]    --> src/banner.rs:146:5
[INFO] [stderr]     |
[INFO] [stderr] 146 |     sparkable: Option<Vec<Student>>,
[INFO] [stderr]     |     ^^^^^^^^^^^^^^^^^^^^^^^^^^^^^^^
[INFO] [stderr]     |
[INFO] [stderr]     = note: `#[warn(dead_code)]` on by default
[INFO] [stderr] 
[INFO] [stderr] warning: 1 warning emitted
[INFO] [stderr] 
[INFO] [stderr]     Finished test [unoptimized + debuginfo] target(s) in 0.02s
[INFO] [stderr]      Running unittests (/opt/rustwide/target/debug/deps/blue_gacha-94d9136e8df4cbb4)
[INFO] [stdout] 
[INFO] [stdout] running 0 tests
[INFO] [stdout] 
[INFO] [stdout] test result: ok. 0 passed; 0 failed; 0 ignored; 0 measured; 0 filtered out; finished in 0.00s
[INFO] [stdout] 
[INFO] [stderr]    Doc-tests blue-gacha
[INFO] [stdout] 
[INFO] [stdout] running 11 tests
[INFO] [stdout] test src/banner.rs - banner::BannerBuilder::with_sparkable_students (line 81) ... FAILED
[INFO] [stdout] test src/gacha.rs - gacha::GachaBuilder::with_priority (line 143) ... FAILED
[INFO] [stdout] test src/banner.rs - banner::BannerBuilder::with_gacha (line 58) ... FAILED
[INFO] [stdout] test src/banner.rs - banner::BannerBuilder::with_name_translation (line 41) ... ok
[INFO] [stdout] test src/gacha.rs - gacha::GachaBuilder::new (line 97) ... ok
[INFO] [stdout] test src/student.rs - student::Student::new (line 27) ... ok
[INFO] [stdout] test src/student.rs - student::Student::add_translation (line 47) ... ok
[INFO] [stdout] test src/gacha.rs - gacha::Gacha::get_rate (line 203) ... ok
[INFO] [stdout] test src/banner.rs - banner::BannerBuilder::new (line 23) ... ok
[INFO] [stdout] test src/gacha.rs - gacha::GachaBuilder::finish (line 167) ... ok
[INFO] [stdout] test src/gacha.rs - gacha::GachaBuilder::with_pool (line 121) ... ok
[INFO] [stdout] 
[INFO] [stdout] failures:
[INFO] [stdout] 
[INFO] [stdout] ---- src/banner.rs - banner::BannerBuilder::with_sparkable_students (line 81) stdout ----
[INFO] [stdout] error[E0308]: mismatched types
[INFO] [stdout]  --> src/banner.rs:86:30
[INFO] [stdout]   |
[INFO] [stdout] 8 |     .with_sparkable_students(&students);
[INFO] [stdout]   |                              ^^^^^^^^^
[INFO] [stdout]   |                              |
[INFO] [stdout]   |                              expected struct `Vec`, found `&Vec<_>`
[INFO] [stdout]   |                              help: consider removing the borrow: `students`
[INFO] [stdout]   |
[INFO] [stdout]   = note: expected struct `Vec<Student>`
[INFO] [stdout]           found reference `&Vec<_>`
[INFO] [stdout] 
[INFO] [stdout] error: aborting due to previous error
[INFO] [stdout] 
[INFO] [stdout] For more information about this error, try `rustc --explain E0308`.
[INFO] [stdout] Couldn't compile the test.
[INFO] [stdout] ---- src/gacha.rs - gacha::GachaBuilder::with_priority (line 143) stdout ----
[INFO] [stdout] error[E0308]: mismatched types
[INFO] [stdout]   --> src/gacha.rs:152:20
[INFO] [stdout]    |
[INFO] [stdout] 12 |     .with_priority(&priority);
[INFO] [stdout]    |                    ^^^^^^^^^
[INFO] [stdout]    |                    |
[INFO] [stdout]    |                    expected struct `Vec`, found reference
[INFO] [stdout]    |                    help: consider removing the borrow: `priority`
[INFO] [stdout]    |
[INFO] [stdout]    = note: expected struct `Vec<PriorityStudent>`
[INFO] [stdout]            found reference `&Vec<PriorityStudent>`
[INFO] [stdout] 
[INFO] [stdout] error: aborting due to previous error
[INFO] [stdout] 
[INFO] [stdout] For more information about this error, try `rustc --explain E0308`.
[INFO] [stdout] Couldn't compile the test.
[INFO] [stdout] ---- src/banner.rs - banner::BannerBuilder::with_gacha (line 58) stdout ----
[INFO] [stdout] error[E0308]: mismatched types
[INFO] [stdout]   --> src/banner.rs:66:17
[INFO] [stdout]    |
[INFO] [stdout] 11 |     .with_gacha(&gacha);
[INFO] [stdout]    |                 ^^^^^^
[INFO] [stdout]    |                 |
[INFO] [stdout]    |                 expected struct `Gacha`, found `&Gacha`
[INFO] [stdout]    |                 help: consider removing the borrow: `gacha`
[INFO] [stdout] 
[INFO] [stdout] error: aborting due to previous error
[INFO] [stdout] 
[INFO] [stdout] For more information about this error, try `rustc --explain E0308`.
[INFO] [stdout] Couldn't compile the test.
[INFO] [stdout] 
[INFO] [stdout] failures:
[INFO] [stdout]     src/banner.rs - banner::BannerBuilder::with_gacha (line 58)
[INFO] [stdout]     src/banner.rs - banner::BannerBuilder::with_sparkable_students (line 81)
[INFO] [stdout]     src/gacha.rs - gacha::GachaBuilder::with_priority (line 143)
[INFO] [stdout] 
[INFO] [stdout] test result: FAILED. 8 passed; 3 failed; 0 ignored; 0 measured; 0 filtered out; finished in 2.40s
[INFO] [stdout] 
[INFO] [stderr] error: test failed, to rerun pass '--doc'
[INFO] running `Command { std: "docker" "inspect" "5a33b08bd069720250edeab56bdf0ebb7f02c8b2d298d3c03ae322f8a0213f2f", kill_on_drop: false }`
[INFO] running `Command { std: "docker" "rm" "-f" "5a33b08bd069720250edeab56bdf0ebb7f02c8b2d298d3c03ae322f8a0213f2f", kill_on_drop: false }`
[INFO] [stdout] 5a33b08bd069720250edeab56bdf0ebb7f02c8b2d298d3c03ae322f8a0213f2f
