[INFO] cloning repository https://github.com/PabloReszczynski/Clank
[INFO] running `Command { std: "git" "-c" "credential.helper=" "-c" "credential.helper=/workspace/cargo-home/bin/git-credential-null" "clone" "--bare" "https://github.com/PabloReszczynski/Clank" "/workspace/cache/git-repos/https%3A%2F%2Fgithub.com%2FPabloReszczynski%2FClank", kill_on_drop: false }`
[INFO] [stderr] Cloning into bare repository '/workspace/cache/git-repos/https%3A%2F%2Fgithub.com%2FPabloReszczynski%2FClank'...
[INFO] running `Command { std: "git" "rev-parse" "HEAD", kill_on_drop: false }`
[INFO] [stdout] 68edacc440fe529d97afb3c6bd2bd676b30ac53b
[INFO] testing PabloReszczynski/Clank against beta-2021-08-01 for beta-1.55-1
[INFO] running `Command { std: "git" "clone" "/workspace/cache/git-repos/https%3A%2F%2Fgithub.com%2FPabloReszczynski%2FClank" "/workspace/builds/worker-3/source", kill_on_drop: false }`
[INFO] [stderr] Cloning into '/workspace/builds/worker-3/source'...
[INFO] [stderr] done.
[INFO] validating manifest of git repo https://github.com/PabloReszczynski/Clank on toolchain beta-2021-08-01
[INFO] running `Command { std: "/workspace/cargo-home/bin/cargo" "+beta-2021-08-01" "metadata" "--manifest-path" "Cargo.toml" "--no-deps", kill_on_drop: false }`
[INFO] started tweaking git repo https://github.com/PabloReszczynski/Clank
[INFO] finished tweaking git repo https://github.com/PabloReszczynski/Clank
[INFO] tweaked toml for git repo https://github.com/PabloReszczynski/Clank written to /workspace/builds/worker-3/source/Cargo.toml
[INFO] crate git repo https://github.com/PabloReszczynski/Clank already has a lockfile, it will not be regenerated
[INFO] running `Command { std: "/workspace/cargo-home/bin/cargo" "+beta-2021-08-01" "fetch" "--manifest-path" "Cargo.toml", kill_on_drop: false }`
[INFO] running `Command { std: "docker" "create" "-v" "/var/lib/crater-agent-workspace/builds/worker-3/target:/opt/rustwide/target:rw,Z" "-v" "/var/lib/crater-agent-workspace/builds/worker-3/source:/opt/rustwide/workdir:ro,Z" "-v" "/var/lib/crater-agent-workspace/cargo-home:/opt/rustwide/cargo-home:ro,Z" "-v" "/var/lib/crater-agent-workspace/rustup-home:/opt/rustwide/rustup-home:ro,Z" "-e" "SOURCE_DIR=/opt/rustwide/workdir" "-e" "CARGO_TARGET_DIR=/opt/rustwide/target" "-e" "CARGO_HOME=/opt/rustwide/cargo-home" "-e" "RUSTUP_HOME=/opt/rustwide/rustup-home" "-w" "/opt/rustwide/workdir" "-m" "1610612736" "--user" "0:0" "--network" "none" "ghcr.io/rust-lang/crates-build-env/linux@sha256:34b6a614d2c27851fe6cbf88fbd1137609cefab8b10d0615aaeb6fd47975d74e" "/opt/rustwide/cargo-home/bin/cargo" "+beta-2021-08-01" "metadata" "--no-deps" "--format-version=1", kill_on_drop: false }`
[INFO] [stdout] 5968ee235838064d741dc6e636cf77a44659e33da8042f96a985e1ca08654534
[INFO] [stderr] WARNING: Your kernel does not support swap limit capabilities or the cgroup is not mounted. Memory limited without swap.
[INFO] running `Command { std: "docker" "start" "-a" "5968ee235838064d741dc6e636cf77a44659e33da8042f96a985e1ca08654534", kill_on_drop: false }`
[INFO] running `Command { std: "docker" "inspect" "5968ee235838064d741dc6e636cf77a44659e33da8042f96a985e1ca08654534", kill_on_drop: false }`
[INFO] running `Command { std: "docker" "rm" "-f" "5968ee235838064d741dc6e636cf77a44659e33da8042f96a985e1ca08654534", kill_on_drop: false }`
[INFO] [stdout] 5968ee235838064d741dc6e636cf77a44659e33da8042f96a985e1ca08654534
[INFO] running `Command { std: "docker" "create" "-v" "/var/lib/crater-agent-workspace/builds/worker-3/target:/opt/rustwide/target:rw,Z" "-v" "/var/lib/crater-agent-workspace/builds/worker-3/source:/opt/rustwide/workdir:ro,Z" "-v" "/var/lib/crater-agent-workspace/cargo-home:/opt/rustwide/cargo-home:ro,Z" "-v" "/var/lib/crater-agent-workspace/rustup-home:/opt/rustwide/rustup-home:ro,Z" "-e" "SOURCE_DIR=/opt/rustwide/workdir" "-e" "CARGO_TARGET_DIR=/opt/rustwide/target" "-e" "CARGO_INCREMENTAL=0" "-e" "RUST_BACKTRACE=full" "-e" "RUSTFLAGS=--cap-lints=warn" "-e" "CARGO_HOME=/opt/rustwide/cargo-home" "-e" "RUSTUP_HOME=/opt/rustwide/rustup-home" "-w" "/opt/rustwide/workdir" "-m" "1610612736" "--user" "0:0" "--network" "none" "ghcr.io/rust-lang/crates-build-env/linux@sha256:34b6a614d2c27851fe6cbf88fbd1137609cefab8b10d0615aaeb6fd47975d74e" "/opt/rustwide/cargo-home/bin/cargo" "+beta-2021-08-01" "build" "--frozen" "--message-format=json", kill_on_drop: false }`
[INFO] [stderr] WARNING: Your kernel does not support swap limit capabilities or the cgroup is not mounted. Memory limited without swap.
[INFO] [stdout] 753382ed30440ca0042a53f19e3f6d17e96803720a3a049dc05d118ceab0ef2d
[INFO] running `Command { std: "docker" "start" "-a" "753382ed30440ca0042a53f19e3f6d17e96803720a3a049dc05d118ceab0ef2d", kill_on_drop: false }`
[INFO] [stderr]    Compiling clank v0.0.0 (/opt/rustwide/workdir)
[INFO] [stdout] warning: enum is never used: `LispVal`
[INFO] [stdout]  --> src/main.rs:4:6
[INFO] [stdout]   |
[INFO] [stdout] 4 | enum LispVal<'a> {
[INFO] [stdout]   |      ^^^^^^^
[INFO] [stdout]   |
[INFO] [stdout]   = note: `#[warn(dead_code)]` on by default
[INFO] [stdout] 
[INFO] [stdout] 
[INFO] [stdout] warning: function is never used: `show_val`
[INFO] [stdout]   --> src/main.rs:17:4
[INFO] [stdout]    |
[INFO] [stdout] 17 | fn show_val(val: &LispVal) -> String {
[INFO] [stdout]    |    ^^^^^^^^
[INFO] [stdout] 
[INFO] [stdout] 
[INFO] [stdout] warning: function is never used: `show_list`
[INFO] [stdout]   --> src/main.rs:31:4
[INFO] [stdout]    |
[INFO] [stdout] 31 | fn show_list(contents: &LinkedList<&LispVal>) -> String {
[INFO] [stdout]    |    ^^^^^^^^^
[INFO] [stdout] 
[INFO] [stdout] 
[INFO] [stdout] warning: 3 warnings emitted
[INFO] [stdout] 
[INFO] [stdout] 
[INFO] [stderr]     Finished dev [unoptimized + debuginfo] target(s) in 1.81s
[INFO] running `Command { std: "docker" "inspect" "753382ed30440ca0042a53f19e3f6d17e96803720a3a049dc05d118ceab0ef2d", kill_on_drop: false }`
[INFO] running `Command { std: "docker" "rm" "-f" "753382ed30440ca0042a53f19e3f6d17e96803720a3a049dc05d118ceab0ef2d", kill_on_drop: false }`
[INFO] [stdout] 753382ed30440ca0042a53f19e3f6d17e96803720a3a049dc05d118ceab0ef2d
[INFO] running `Command { std: "docker" "create" "-v" "/var/lib/crater-agent-workspace/builds/worker-3/target:/opt/rustwide/target:rw,Z" "-v" "/var/lib/crater-agent-workspace/builds/worker-3/source:/opt/rustwide/workdir:ro,Z" "-v" "/var/lib/crater-agent-workspace/cargo-home:/opt/rustwide/cargo-home:ro,Z" "-v" "/var/lib/crater-agent-workspace/rustup-home:/opt/rustwide/rustup-home:ro,Z" "-e" "SOURCE_DIR=/opt/rustwide/workdir" "-e" "CARGO_TARGET_DIR=/opt/rustwide/target" "-e" "CARGO_INCREMENTAL=0" "-e" "RUST_BACKTRACE=full" "-e" "RUSTFLAGS=--cap-lints=warn" "-e" "CARGO_HOME=/opt/rustwide/cargo-home" "-e" "RUSTUP_HOME=/opt/rustwide/rustup-home" "-w" "/opt/rustwide/workdir" "-m" "1610612736" "--user" "0:0" "--network" "none" "ghcr.io/rust-lang/crates-build-env/linux@sha256:34b6a614d2c27851fe6cbf88fbd1137609cefab8b10d0615aaeb6fd47975d74e" "/opt/rustwide/cargo-home/bin/cargo" "+beta-2021-08-01" "test" "--frozen" "--no-run" "--message-format=json", kill_on_drop: false }`
[INFO] [stdout] 04f0bf91820a473d807a1f67679a263e6b8e7ab17f550260d12f4fe372964fea
[INFO] [stderr] WARNING: Your kernel does not support swap limit capabilities or the cgroup is not mounted. Memory limited without swap.
[INFO] running `Command { std: "docker" "start" "-a" "04f0bf91820a473d807a1f67679a263e6b8e7ab17f550260d12f4fe372964fea", kill_on_drop: false }`
[INFO] [stderr]    Compiling clank v0.0.0 (/opt/rustwide/workdir)
[INFO] [stdout] warning: unused variable: `src`
[INFO] [stdout]   --> src/parser.rs:87:9
[INFO] [stdout]    |
[INFO] [stdout] 87 |     let src = String::from("(+ 1 2)");
[INFO] [stdout]    |         ^^^ help: if this is intentional, prefix it with an underscore: `_src`
[INFO] [stdout]    |
[INFO] [stdout]    = note: `#[warn(unused_variables)]` on by default
[INFO] [stdout] 
[INFO] [stdout] 
[INFO] [stdout] warning: unused variable: `t1`
[INFO] [stdout]   --> src/parser.rs:88:9
[INFO] [stdout]    |
[INFO] [stdout] 88 |     let t1 = String::from("+");
[INFO] [stdout]    |         ^^ help: if this is intentional, prefix it with an underscore: `_t1`
[INFO] [stdout] 
[INFO] [stdout] 
[INFO] [stdout] warning: unused variable: `t2`
[INFO] [stdout]   --> src/parser.rs:89:9
[INFO] [stdout]    |
[INFO] [stdout] 89 |     let t2 = String::from("1");
[INFO] [stdout]    |         ^^ help: if this is intentional, prefix it with an underscore: `_t2`
[INFO] [stdout] 
[INFO] [stdout] 
[INFO] [stdout] warning: unused variable: `t3`
[INFO] [stdout]   --> src/parser.rs:90:9
[INFO] [stdout]    |
[INFO] [stdout] 90 |     let t3 = String::from("2");
[INFO] [stdout]    |         ^^ help: if this is intentional, prefix it with an underscore: `_t3`
[INFO] [stdout] 
[INFO] [stdout] 
[INFO] [stdout] warning: unused variable: `t4`
[INFO] [stdout]   --> src/parser.rs:91:9
[INFO] [stdout]    |
[INFO] [stdout] 91 |     let t4 = String::from("(");
[INFO] [stdout]    |         ^^ help: if this is intentional, prefix it with an underscore: `_t4`
[INFO] [stdout] 
[INFO] [stdout] 
[INFO] [stdout] warning: unused variable: `t5`
[INFO] [stdout]   --> src/parser.rs:92:9
[INFO] [stdout]    |
[INFO] [stdout] 92 |     let t5 = String::from(")");
[INFO] [stdout]    |         ^^ help: if this is intentional, prefix it with an underscore: `_t5`
[INFO] [stdout] 
[INFO] [stdout] 
[INFO] [stdout] warning: 6 warnings emitted
[INFO] [stdout] 
[INFO] [stdout] 
[INFO] [stderr]     Finished test [unoptimized + debuginfo] target(s) in 1.83s
[INFO] running `Command { std: "docker" "inspect" "04f0bf91820a473d807a1f67679a263e6b8e7ab17f550260d12f4fe372964fea", kill_on_drop: false }`
[INFO] running `Command { std: "docker" "rm" "-f" "04f0bf91820a473d807a1f67679a263e6b8e7ab17f550260d12f4fe372964fea", kill_on_drop: false }`
[INFO] [stdout] 04f0bf91820a473d807a1f67679a263e6b8e7ab17f550260d12f4fe372964fea
[INFO] running `Command { std: "docker" "create" "-v" "/var/lib/crater-agent-workspace/builds/worker-3/target:/opt/rustwide/target:rw,Z" "-v" "/var/lib/crater-agent-workspace/builds/worker-3/source:/opt/rustwide/workdir:ro,Z" "-v" "/var/lib/crater-agent-workspace/cargo-home:/opt/rustwide/cargo-home:ro,Z" "-v" "/var/lib/crater-agent-workspace/rustup-home:/opt/rustwide/rustup-home:ro,Z" "-e" "SOURCE_DIR=/opt/rustwide/workdir" "-e" "CARGO_TARGET_DIR=/opt/rustwide/target" "-e" "CARGO_INCREMENTAL=0" "-e" "RUST_BACKTRACE=full" "-e" "RUSTFLAGS=--cap-lints=warn" "-e" "CARGO_HOME=/opt/rustwide/cargo-home" "-e" "RUSTUP_HOME=/opt/rustwide/rustup-home" "-w" "/opt/rustwide/workdir" "-m" "1610612736" "--user" "0:0" "--network" "none" "ghcr.io/rust-lang/crates-build-env/linux@sha256:34b6a614d2c27851fe6cbf88fbd1137609cefab8b10d0615aaeb6fd47975d74e" "/opt/rustwide/cargo-home/bin/cargo" "+beta-2021-08-01" "test" "--frozen", kill_on_drop: false }`
[INFO] [stdout] 8ed8883b996963fd8643ce2dc4ff41845118b1d9447cc52e6063ee0eef451a2b
[INFO] [stderr] WARNING: Your kernel does not support swap limit capabilities or the cgroup is not mounted. Memory limited without swap.
[INFO] running `Command { std: "docker" "start" "-a" "8ed8883b996963fd8643ce2dc4ff41845118b1d9447cc52e6063ee0eef451a2b", kill_on_drop: false }`
[INFO] [stderr] warning: unused variable: `src`
[INFO] [stderr]   --> src/parser.rs:87:9
[INFO] [stderr]    |
[INFO] [stderr] 87 |     let src = String::from("(+ 1 2)");
[INFO] [stderr]    |         ^^^ help: if this is intentional, prefix it with an underscore: `_src`
[INFO] [stderr]    |
[INFO] [stderr]    = note: `#[warn(unused_variables)]` on by default
[INFO] [stderr] 
[INFO] [stderr] warning: unused variable: `t1`
[INFO] [stderr]   --> src/parser.rs:88:9
[INFO] [stderr]    |
[INFO] [stderr] 88 |     let t1 = String::from("+");
[INFO] [stderr]    |         ^^ help: if this is intentional, prefix it with an underscore: `_t1`
[INFO] [stderr] 
[INFO] [stderr] warning: unused variable: `t2`
[INFO] [stderr]   --> src/parser.rs:89:9
[INFO] [stderr]    |
[INFO] [stderr] 89 |     let t2 = String::from("1");
[INFO] [stderr]    |         ^^ help: if this is intentional, prefix it with an underscore: `_t2`
[INFO] [stderr] 
[INFO] [stderr] warning: unused variable: `t3`
[INFO] [stderr]   --> src/parser.rs:90:9
[INFO] [stderr]    |
[INFO] [stderr] 90 |     let t3 = String::from("2");
[INFO] [stderr]    |         ^^ help: if this is intentional, prefix it with an underscore: `_t3`
[INFO] [stderr] 
[INFO] [stderr] warning: unused variable: `t4`
[INFO] [stderr]   --> src/parser.rs:91:9
[INFO] [stdout] 
[INFO] [stderr]    |
[INFO] [stdout] running 11 tests
[INFO] [stderr] 91 |     let t4 = String::from("(");
[INFO] [stderr]    |         ^^ help: if this is intentional, prefix it with an underscore: `_t4`
[INFO] [stderr] 
[INFO] [stderr] warning: unused variable: `t5`
[INFO] [stderr]   --> src/parser.rs:92:9
[INFO] [stderr]    |
[INFO] [stderr] 92 |     let t5 = String::from(")");
[INFO] [stderr]    |         ^^ help: if this is intentional, prefix it with an underscore: `_t5`
[INFO] [stderr] 
[INFO] [stderr] warning: `clank` (lib test) generated 6 warnings
[INFO] [stderr]     Finished test [unoptimized + debuginfo] target(s) in 0.01s
[INFO] [stderr]      Running unittests (/opt/rustwide/target/debug/deps/clank-e0b4d023bddbbd43)
[INFO] [stdout] test lexer::lexer_tests::test_float ... ok
[INFO] [stdout] test lexer::lexer_tests::test_fraction ... ok
[INFO] [stdout] test lexer::lexer_tests::test_vector ... ok
[INFO] [stdout] test lexer::lexer_tests::test_integer ... ok
[INFO] [stdout] test lexer::lexer_tests::test_keyword ... ok
[INFO] [stdout] test parser::parser_tests::test_is_balanced ... ok
[INFO] [stdout] test lexer::lexer_tests::test_symbol ... ok
[INFO] [stdout] test lexer::lexer_tests::test_open_parens ... ok
[INFO] [stdout] test parser::parser_tests::test_tokenize ... ok
[INFO] [stdout] test lexer::lexer_tests::test_list ... ok
[INFO] [stdout] test lexer::lexer_tests::test_str ... FAILED
[INFO] [stdout] 
[INFO] [stdout] failures:
[INFO] [stdout] 
[INFO] [stdout] ---- lexer::lexer_tests::test_str stdout ----
[INFO] [stdout] thread 'lexer::lexer_tests::test_str' panicked at 'assertion failed: `(left == right)`
[INFO] [stdout]   left: `[Symbol("\"hello,"), Symbol("world\"")]`,
[INFO] [stdout]  right: `[Str("hello, world")]`', src/lexer.rs:142:5
[INFO] [stdout] stack backtrace:
[INFO] [stdout]    0:     0x5571924efac0 - std::backtrace_rs::backtrace::libunwind::trace::hff4d1766e93f64f1
[INFO] [stdout]                                at /rustc/53fd98ca776cb875bc9e5514f56b52eb74f9e7a9/library/std/src/../../backtrace/src/backtrace/libunwind.rs:90:5
[INFO] [stdout]    1:     0x5571924efac0 - std::backtrace_rs::backtrace::trace_unsynchronized::h56bbc8eb78770bcb
[INFO] [stdout]                                at /rustc/53fd98ca776cb875bc9e5514f56b52eb74f9e7a9/library/std/src/../../backtrace/src/backtrace/mod.rs:66:5
[INFO] [stdout]    2:     0x5571924efac0 - std::sys_common::backtrace::_print_fmt::h5c8e75464faca780
[INFO] [stdout]                                at /rustc/53fd98ca776cb875bc9e5514f56b52eb74f9e7a9/library/std/src/sys_common/backtrace.rs:67:5
[INFO] [stdout]    3:     0x5571924efac0 - <std::sys_common::backtrace::_print::DisplayBacktrace as core::fmt::Display>::fmt::h48b88277def8b362
[INFO] [stdout]                                at /rustc/53fd98ca776cb875bc9e5514f56b52eb74f9e7a9/library/std/src/sys_common/backtrace.rs:46:22
[INFO] [stdout]    4:     0x5571925138fc - core::fmt::write::h3381b3176fe2b3d3
[INFO] [stdout]                                at /rustc/53fd98ca776cb875bc9e5514f56b52eb74f9e7a9/library/core/src/fmt/mod.rs:1115:17
[INFO] [stdout]    5:     0x5571924eca25 - std::io::Write::write_fmt::h5f34a676f60246b5
[INFO] [stdout]                                at /rustc/53fd98ca776cb875bc9e5514f56b52eb74f9e7a9/library/std/src/io/mod.rs:1665:15
[INFO] [stdout]    6:     0x5571924f1c3b - std::sys_common::backtrace::_print::ha537687d6c17dd0d
[INFO] [stdout]                                at /rustc/53fd98ca776cb875bc9e5514f56b52eb74f9e7a9/library/std/src/sys_common/backtrace.rs:49:5
[INFO] [stdout]    7:     0x5571924f1c3b - std::sys_common::backtrace::print::h61376ae57d131d72
[INFO] [stdout]                                at /rustc/53fd98ca776cb875bc9e5514f56b52eb74f9e7a9/library/std/src/sys_common/backtrace.rs:36:9
[INFO] [stdout]    8:     0x5571924f1c3b - std::panicking::default_hook::{{closure}}::h0f7208c0b9644a54
[INFO] [stdout]                                at /rustc/53fd98ca776cb875bc9e5514f56b52eb74f9e7a9/library/std/src/panicking.rs:208:50
[INFO] [stdout]    9:     0x5571924f174c - std::panicking::default_hook::hdac7fc06578c14ce
[INFO] [stdout]                                at /rustc/53fd98ca776cb875bc9e5514f56b52eb74f9e7a9/library/std/src/panicking.rs:222:9
[INFO] [stdout]   10:     0x5571924f2304 - std::panicking::rust_panic_with_hook::h72b21c283da3d1ef
[INFO] [stdout]                                at /rustc/53fd98ca776cb875bc9e5514f56b52eb74f9e7a9/library/std/src/panicking.rs:622:17
[INFO] [stdout]   11:     0x5571924f1de7 - std::panicking::begin_panic_handler::{{closure}}::he5778f1729cff84a
[INFO] [stdout]                                at /rustc/53fd98ca776cb875bc9e5514f56b52eb74f9e7a9/library/std/src/panicking.rs:519:13
[INFO] [stdout]   12:     0x5571924eff9c - std::sys_common::backtrace::__rust_end_short_backtrace::h2d11ca8b453b4b1d
[INFO] [stdout]                                at /rustc/53fd98ca776cb875bc9e5514f56b52eb74f9e7a9/library/std/src/sys_common/backtrace.rs:141:18
[INFO] [stdout]   13:     0x5571924f1d49 - rust_begin_unwind
[INFO] [stdout]                                at /rustc/53fd98ca776cb875bc9e5514f56b52eb74f9e7a9/library/std/src/panicking.rs:515:5
[INFO] [stdout]   14:     0x55719248c3b1 - core::panicking::panic_fmt::hf9de31d4acbce4db
[INFO] [stdout]                                at /rustc/53fd98ca776cb875bc9e5514f56b52eb74f9e7a9/library/core/src/panicking.rs:92:14
[INFO] [stdout]   15:     0x5571925119b8 - core::panicking::assert_failed_inner::h62e8cb2847a6e7ec
[INFO] [stdout]   16:     0x55719249315a - core::panicking::assert_failed::h9ff375a66e6493ff
[INFO] [stdout]                                at /rustc/53fd98ca776cb875bc9e5514f56b52eb74f9e7a9/library/core/src/panicking.rs:117:5
[INFO] [stdout]   17:     0x5571924a1191 - clank::lexer::lexer_tests::test_str::hb5f2d27320db2171
[INFO] [stdout]                                at /opt/rustwide/workdir/src/lexer.rs:142:5
[INFO] [stdout]   18:     0x5571924a0f6a - clank::lexer::lexer_tests::test_str::{{closure}}::hf5e2deb6bad840c8
[INFO] [stdout]                                at /opt/rustwide/workdir/src/lexer.rs:138:3
[INFO] [stdout]   19:     0x55719249ce9e - core::ops::function::FnOnce::call_once::hbdecd5a44d2e0f84
[INFO] [stdout]                                at /rustc/53fd98ca776cb875bc9e5514f56b52eb74f9e7a9/library/core/src/ops/function.rs:227:5
[INFO] [stdout]   20:     0x5571924d4383 - core::ops::function::FnOnce::call_once::hbb52c4519d3137b0
[INFO] [stdout]                                at /rustc/53fd98ca776cb875bc9e5514f56b52eb74f9e7a9/library/core/src/ops/function.rs:227:5
[INFO] [stdout]   21:     0x5571924d4383 - test::__rust_begin_short_backtrace::h86fe3a2a5a5121af
[INFO] [stdout]                                at /rustc/53fd98ca776cb875bc9e5514f56b52eb74f9e7a9/library/test/src/lib.rs:578:5
[INFO] [stdout]   22:     0x5571924d2e38 - <alloc::boxed::Box<F,A> as core::ops::function::FnOnce<Args>>::call_once::hfd956bc3d57399be
[INFO] [stdout]                                at /rustc/53fd98ca776cb875bc9e5514f56b52eb74f9e7a9/library/alloc/src/boxed.rs:1572:9
[INFO] [stdout]   23:     0x5571924d2e38 - <std::panic::AssertUnwindSafe<F> as core::ops::function::FnOnce<()>>::call_once::h40dc93e0ddb5938a
[INFO] [stdout]                                at /rustc/53fd98ca776cb875bc9e5514f56b52eb74f9e7a9/library/std/src/panic.rs:347:9
[INFO] [stdout]   24:     0x5571924d2e38 - std::panicking::try::do_call::h90d07750cb47c562
[INFO] [stdout]                                at /rustc/53fd98ca776cb875bc9e5514f56b52eb74f9e7a9/library/std/src/panicking.rs:401:40
[INFO] [stdout]   25:     0x5571924d2e38 - std::panicking::try::h063c84733ad2a629
[INFO] [stdout]                                at /rustc/53fd98ca776cb875bc9e5514f56b52eb74f9e7a9/library/std/src/panicking.rs:365:19
[INFO] [stdout]   26:     0x5571924d2e38 - std::panic::catch_unwind::h0c464836a84e7c08
[INFO] [stdout]                                at /rustc/53fd98ca776cb875bc9e5514f56b52eb74f9e7a9/library/std/src/panic.rs:434:14
[INFO] [stdout]   27:     0x5571924d2e38 - test::run_test_in_process::h5cb06ef620b157fc
[INFO] [stdout]                                at /rustc/53fd98ca776cb875bc9e5514f56b52eb74f9e7a9/library/test/src/lib.rs:601:18
[INFO] [stdout]   28:     0x5571924d2e38 - test::run_test::run_test_inner::{{closure}}::h76f677f4b93f9828
[INFO] [stdout]                                at /rustc/53fd98ca776cb875bc9e5514f56b52eb74f9e7a9/library/test/src/lib.rs:493:39
[INFO] [stdout]   29:     0x5571924a15cd - test::run_test::run_test_inner::{{closure}}::h366d01fe04f4d67a
[INFO] [stdout]                                at /rustc/53fd98ca776cb875bc9e5514f56b52eb74f9e7a9/library/test/src/lib.rs:520:37
[INFO] [stdout]   30:     0x5571924a15cd - std::sys_common::backtrace::__rust_begin_short_backtrace::h7dfa0de4eb395af2
[INFO] [stdout]                                at /rustc/53fd98ca776cb875bc9e5514f56b52eb74f9e7a9/library/std/src/sys_common/backtrace.rs:125:18
[INFO] [stdout]   31:     0x5571924a5d98 - std::thread::Builder::spawn_unchecked::{{closure}}::{{closure}}::hf0a74bb58798037f
[INFO] [stdout]                                at /rustc/53fd98ca776cb875bc9e5514f56b52eb74f9e7a9/library/std/src/thread/mod.rs:476:17
[INFO] [stdout]   32:     0x5571924a5d98 - <std::panic::AssertUnwindSafe<F> as core::ops::function::FnOnce<()>>::call_once::hb024e854818586ac
[INFO] [stdout]                                at /rustc/53fd98ca776cb875bc9e5514f56b52eb74f9e7a9/library/std/src/panic.rs:347:9
[INFO] [stdout]   33:     0x5571924a5d98 - std::panicking::try::do_call::hb2dd9f1d0d48e41d
[INFO] [stdout]                                at /rustc/53fd98ca776cb875bc9e5514f56b52eb74f9e7a9/library/std/src/panicking.rs:401:40
[INFO] [stdout]   34:     0x5571924a5d98 - std::panicking::try::h4717ae7bac8b2bf3
[INFO] [stdout]                                at /rustc/53fd98ca776cb875bc9e5514f56b52eb74f9e7a9/library/std/src/panicking.rs:365:19
[INFO] [stdout]   35:     0x5571924a5d98 - std::panic::catch_unwind::h0dc8a061326ce8d8
[INFO] [stdout]                                at /rustc/53fd98ca776cb875bc9e5514f56b52eb74f9e7a9/library/std/src/panic.rs:434:14
[INFO] [stdout]   36:     0x5571924a5d98 - std::thread::Builder::spawn_unchecked::{{closure}}::haa369e2d6fd00aa1
[INFO] [stdout]                                at /rustc/53fd98ca776cb875bc9e5514f56b52eb74f9e7a9/library/std/src/thread/mod.rs:475:30
[INFO] [stdout]   37:     0x5571924a5d98 - core::ops::function::FnOnce::call_once{{vtable.shim}}::h36dcf3de8b056f17
[INFO] [stdout]                                at /rustc/53fd98ca776cb875bc9e5514f56b52eb74f9e7a9/library/core/src/ops/function.rs:227:5
[INFO] [stdout]   38:     0x5571924f6e77 - <alloc::boxed::Box<F,A> as core::ops::function::FnOnce<Args>>::call_once::h65c29e4642be2358
[INFO] [stdout]                                at /rustc/53fd98ca776cb875bc9e5514f56b52eb74f9e7a9/library/alloc/src/boxed.rs:1572:9
[INFO] [stdout]   39:     0x5571924f6e77 - <alloc::boxed::Box<F,A> as core::ops::function::FnOnce<Args>>::call_once::hd0f8f7fbbd9fffbf
[INFO] [stdout]                                at /rustc/53fd98ca776cb875bc9e5514f56b52eb74f9e7a9/library/alloc/src/boxed.rs:1572:9
[INFO] [stdout]   40:     0x5571924f6e77 - std::sys::unix::thread::Thread::new::thread_start::h2fd22fee3ca77b65
[INFO] [stdout]                                at /rustc/53fd98ca776cb875bc9e5514f56b52eb74f9e7a9/library/std/src/sys/unix/thread.rs:74:17
[INFO] [stdout]   41:     0x7fb3c97e2609 - start_thread
[INFO] [stdout]   42:     0x7fb3c95b4293 - clone
[INFO] [stdout]   43:                0x0 - <unknown>
[INFO] [stdout] 
[INFO] [stdout] 
[INFO] [stdout] failures:
[INFO] [stdout]     lexer::lexer_tests::test_str
[INFO] [stdout] 
[INFO] [stdout] test result: FAILED. 10 passed; 1 failed; 0 ignored; 0 measured; 0 filtered out; finished in 0.08s
[INFO] [stdout] 
[INFO] [stderr] error: test failed, to rerun pass '--lib'
[INFO] running `Command { std: "docker" "inspect" "8ed8883b996963fd8643ce2dc4ff41845118b1d9447cc52e6063ee0eef451a2b", kill_on_drop: false }`
[INFO] running `Command { std: "docker" "rm" "-f" "8ed8883b996963fd8643ce2dc4ff41845118b1d9447cc52e6063ee0eef451a2b", kill_on_drop: false }`
[INFO] [stdout] 8ed8883b996963fd8643ce2dc4ff41845118b1d9447cc52e6063ee0eef451a2b
