[INFO] cloning repository https://github.com/OvermindDL1/entity_bench
[INFO] running `Command { std: "git" "-c" "credential.helper=" "-c" "credential.helper=/workspace/cargo-home/bin/git-credential-null" "clone" "--bare" "https://github.com/OvermindDL1/entity_bench" "/workspace/cache/git-repos/https%3A%2F%2Fgithub.com%2FOvermindDL1%2Fentity_bench", kill_on_drop: false }`
[INFO] [stderr] Cloning into bare repository '/workspace/cache/git-repos/https%3A%2F%2Fgithub.com%2FOvermindDL1%2Fentity_bench'...
[INFO] running `Command { std: "git" "rev-parse" "HEAD", kill_on_drop: false }`
[INFO] [stdout] 97c8fb6686dded851e5d05d78112051cb58092ea
[INFO] testing OvermindDL1/entity_bench against beta-2021-08-01 for beta-1.55-1
[INFO] running `Command { std: "git" "clone" "/workspace/cache/git-repos/https%3A%2F%2Fgithub.com%2FOvermindDL1%2Fentity_bench" "/workspace/builds/worker-6/source", kill_on_drop: false }`
[INFO] [stderr] Cloning into '/workspace/builds/worker-6/source'...
[INFO] [stderr] done.
[INFO] validating manifest of git repo https://github.com/OvermindDL1/entity_bench on toolchain beta-2021-08-01
[INFO] running `Command { std: "/workspace/cargo-home/bin/cargo" "+beta-2021-08-01" "metadata" "--manifest-path" "Cargo.toml" "--no-deps", kill_on_drop: false }`
[INFO] started tweaking git repo https://github.com/OvermindDL1/entity_bench
[INFO] finished tweaking git repo https://github.com/OvermindDL1/entity_bench
[INFO] tweaked toml for git repo https://github.com/OvermindDL1/entity_bench written to /workspace/builds/worker-6/source/Cargo.toml
[INFO] crate git repo https://github.com/OvermindDL1/entity_bench already has a lockfile, it will not be regenerated
[INFO] running `Command { std: "/workspace/cargo-home/bin/cargo" "+beta-2021-08-01" "fetch" "--manifest-path" "Cargo.toml", kill_on_drop: false }`
[INFO] [stderr]  Downloading crates ...
[INFO] [stderr]   Downloaded oorandom v11.1.2
[INFO] [stderr]   Downloaded clap v2.33.2
[INFO] running `Command { std: "docker" "create" "-v" "/var/lib/crater-agent-workspace/builds/worker-6/target:/opt/rustwide/target:rw,Z" "-v" "/var/lib/crater-agent-workspace/builds/worker-6/source:/opt/rustwide/workdir:ro,Z" "-v" "/var/lib/crater-agent-workspace/cargo-home:/opt/rustwide/cargo-home:ro,Z" "-v" "/var/lib/crater-agent-workspace/rustup-home:/opt/rustwide/rustup-home:ro,Z" "-e" "SOURCE_DIR=/opt/rustwide/workdir" "-e" "CARGO_TARGET_DIR=/opt/rustwide/target" "-e" "CARGO_HOME=/opt/rustwide/cargo-home" "-e" "RUSTUP_HOME=/opt/rustwide/rustup-home" "-w" "/opt/rustwide/workdir" "-m" "1610612736" "--user" "0:0" "--network" "none" "ghcr.io/rust-lang/crates-build-env/linux@sha256:34b6a614d2c27851fe6cbf88fbd1137609cefab8b10d0615aaeb6fd47975d74e" "/opt/rustwide/cargo-home/bin/cargo" "+beta-2021-08-01" "metadata" "--no-deps" "--format-version=1", kill_on_drop: false }`
[INFO] [stdout] c2b4aa584d13344e26c1704c416353199832f42179b7bf636299cef56b318d2e
[INFO] [stderr] WARNING: Your kernel does not support swap limit capabilities or the cgroup is not mounted. Memory limited without swap.
[INFO] running `Command { std: "docker" "start" "-a" "c2b4aa584d13344e26c1704c416353199832f42179b7bf636299cef56b318d2e", kill_on_drop: false }`
[INFO] running `Command { std: "docker" "inspect" "c2b4aa584d13344e26c1704c416353199832f42179b7bf636299cef56b318d2e", kill_on_drop: false }`
[INFO] running `Command { std: "docker" "rm" "-f" "c2b4aa584d13344e26c1704c416353199832f42179b7bf636299cef56b318d2e", kill_on_drop: false }`
[INFO] [stdout] c2b4aa584d13344e26c1704c416353199832f42179b7bf636299cef56b318d2e
[INFO] running `Command { std: "docker" "create" "-v" "/var/lib/crater-agent-workspace/builds/worker-6/target:/opt/rustwide/target:rw,Z" "-v" "/var/lib/crater-agent-workspace/builds/worker-6/source:/opt/rustwide/workdir:ro,Z" "-v" "/var/lib/crater-agent-workspace/cargo-home:/opt/rustwide/cargo-home:ro,Z" "-v" "/var/lib/crater-agent-workspace/rustup-home:/opt/rustwide/rustup-home:ro,Z" "-e" "SOURCE_DIR=/opt/rustwide/workdir" "-e" "CARGO_TARGET_DIR=/opt/rustwide/target" "-e" "CARGO_INCREMENTAL=0" "-e" "RUST_BACKTRACE=full" "-e" "RUSTFLAGS=--cap-lints=warn" "-e" "CARGO_HOME=/opt/rustwide/cargo-home" "-e" "RUSTUP_HOME=/opt/rustwide/rustup-home" "-w" "/opt/rustwide/workdir" "-m" "1610612736" "--user" "0:0" "--network" "none" "ghcr.io/rust-lang/crates-build-env/linux@sha256:34b6a614d2c27851fe6cbf88fbd1137609cefab8b10d0615aaeb6fd47975d74e" "/opt/rustwide/cargo-home/bin/cargo" "+beta-2021-08-01" "build" "--frozen" "--message-format=json", kill_on_drop: false }`
[INFO] [stdout] a7aebff6a4a1e8ee9939373896f2f973905e8e73c212beaa68279849e0db5e9b
[INFO] [stderr] WARNING: Your kernel does not support swap limit capabilities or the cgroup is not mounted. Memory limited without swap.
[INFO] running `Command { std: "docker" "start" "-a" "a7aebff6a4a1e8ee9939373896f2f973905e8e73c212beaa68279849e0db5e9b", kill_on_drop: false }`
[INFO] [stderr]    Compiling serde v1.0.115
[INFO] [stderr]    Compiling syn v1.0.38
[INFO] [stderr]    Compiling regex-syntax v0.6.18
[INFO] [stderr]    Compiling oorandom v11.1.2
[INFO] [stderr]    Compiling hashbrown v0.8.2
[INFO] [stderr]    Compiling clap v2.33.2
[INFO] [stderr]    Compiling plotters v0.2.15
[INFO] [stderr]    Compiling rayon-core v1.7.1
[INFO] [stderr]    Compiling crossbeam v0.7.3
[INFO] [stderr]    Compiling criterion-plot v0.4.3
[INFO] [stderr]    Compiling rayon v1.3.1
[INFO] [stderr]    Compiling regex v1.3.9
[INFO] [stderr]    Compiling bstr v0.2.13
[INFO] [stderr]    Compiling serde_json v1.0.57
[INFO] [stderr]    Compiling serde_cbor v0.11.1
[INFO] [stderr]    Compiling csv v1.1.3
[INFO] [stderr]    Compiling serde_derive v1.0.115
[INFO] [stderr]    Compiling tinytemplate v1.1.0
[INFO] [stderr]    Compiling criterion v0.3.3
[INFO] [stderr]    Compiling entity_bench v0.1.0 (/opt/rustwide/workdir)
[INFO] [stdout] warning: comparison is useless due to type limits
[INFO] [stdout]    --> src/lib.rs:56:13
[INFO] [stdout]     |
[INFO] [stdout] 56  |                   assert!(idx <= $INDEX_MASK);
[INFO] [stdout]     |                           ^^^
[INFO] [stdout] ...
[INFO] [stdout] 115 | / unsigned_integral_entity!(
[INFO] [stdout] 116 | |     u128,
[INFO] [stdout] 117 | |     u64,
[INFO] [stdout] 118 | |     0x00000000_00000000_FFFFFFFF_FFFFFFFF,
[INFO] [stdout] ...   |
[INFO] [stdout] 121 | |     "`u64` Entity, Index: 32 bits, Generation: 32 bits, Invalid ID: 0, Max: 4294967295"
[INFO] [stdout] 122 | | );
[INFO] [stdout]     | |__- in this macro invocation
[INFO] [stdout]     |
[INFO] [stdout]     = note: `#[warn(unused_comparisons)]` on by default
[INFO] [stdout]     = note: this warning originates in the macro `unsigned_integral_entity` (in Nightly builds, run with -Z macro-backtrace for more info)
[INFO] [stdout] 
[INFO] [stdout] 
[INFO] [stdout] warning: comparison is useless due to type limits
[INFO] [stdout]    --> src/lib.rs:71:13
[INFO] [stdout]     |
[INFO] [stdout] 71  |                   assert!(idx <= $INDEX_MASK);
[INFO] [stdout]     |                           ^^^
[INFO] [stdout] ...
[INFO] [stdout] 115 | / unsigned_integral_entity!(
[INFO] [stdout] 116 | |     u128,
[INFO] [stdout] 117 | |     u64,
[INFO] [stdout] 118 | |     0x00000000_00000000_FFFFFFFF_FFFFFFFF,
[INFO] [stdout] ...   |
[INFO] [stdout] 121 | |     "`u64` Entity, Index: 32 bits, Generation: 32 bits, Invalid ID: 0, Max: 4294967295"
[INFO] [stdout] 122 | | );
[INFO] [stdout]     | |__- in this macro invocation
[INFO] [stdout]     |
[INFO] [stdout]     = note: this warning originates in the macro `unsigned_integral_entity` (in Nightly builds, run with -Z macro-backtrace for more info)
[INFO] [stdout] 
[INFO] [stdout] 
[INFO] [stdout] warning: comparison is useless due to type limits
[INFO] [stdout]    --> src/lib.rs:82:13
[INFO] [stdout]     |
[INFO] [stdout] 82  |                   assert!(idx <= $INDEX_MASK);
[INFO] [stdout]     |                           ^^^
[INFO] [stdout] ...
[INFO] [stdout] 115 | / unsigned_integral_entity!(
[INFO] [stdout] 116 | |     u128,
[INFO] [stdout] 117 | |     u64,
[INFO] [stdout] 118 | |     0x00000000_00000000_FFFFFFFF_FFFFFFFF,
[INFO] [stdout] ...   |
[INFO] [stdout] 121 | |     "`u64` Entity, Index: 32 bits, Generation: 32 bits, Invalid ID: 0, Max: 4294967295"
[INFO] [stdout] 122 | | );
[INFO] [stdout]     | |__- in this macro invocation
[INFO] [stdout]     |
[INFO] [stdout]     = note: this warning originates in the macro `unsigned_integral_entity` (in Nightly builds, run with -Z macro-backtrace for more info)
[INFO] [stdout] 
[INFO] [stdout] 
[INFO] [stdout] warning: 3 warnings emitted
[INFO] [stdout] 
[INFO] [stdout] 
[INFO] [stderr]     Finished dev [unoptimized + debuginfo] target(s) in 48.12s
[INFO] running `Command { std: "docker" "inspect" "a7aebff6a4a1e8ee9939373896f2f973905e8e73c212beaa68279849e0db5e9b", kill_on_drop: false }`
[INFO] running `Command { std: "docker" "rm" "-f" "a7aebff6a4a1e8ee9939373896f2f973905e8e73c212beaa68279849e0db5e9b", kill_on_drop: false }`
[INFO] [stdout] a7aebff6a4a1e8ee9939373896f2f973905e8e73c212beaa68279849e0db5e9b
[INFO] running `Command { std: "docker" "create" "-v" "/var/lib/crater-agent-workspace/builds/worker-6/target:/opt/rustwide/target:rw,Z" "-v" "/var/lib/crater-agent-workspace/builds/worker-6/source:/opt/rustwide/workdir:ro,Z" "-v" "/var/lib/crater-agent-workspace/cargo-home:/opt/rustwide/cargo-home:ro,Z" "-v" "/var/lib/crater-agent-workspace/rustup-home:/opt/rustwide/rustup-home:ro,Z" "-e" "SOURCE_DIR=/opt/rustwide/workdir" "-e" "CARGO_TARGET_DIR=/opt/rustwide/target" "-e" "CARGO_INCREMENTAL=0" "-e" "RUST_BACKTRACE=full" "-e" "RUSTFLAGS=--cap-lints=warn" "-e" "CARGO_HOME=/opt/rustwide/cargo-home" "-e" "RUSTUP_HOME=/opt/rustwide/rustup-home" "-w" "/opt/rustwide/workdir" "-m" "1610612736" "--user" "0:0" "--network" "none" "ghcr.io/rust-lang/crates-build-env/linux@sha256:34b6a614d2c27851fe6cbf88fbd1137609cefab8b10d0615aaeb6fd47975d74e" "/opt/rustwide/cargo-home/bin/cargo" "+beta-2021-08-01" "test" "--frozen" "--no-run" "--message-format=json", kill_on_drop: false }`
[INFO] [stdout] 5c5a3a2d05d096aa769782c125e995085bcb3ebf1fb8123826a2dfebc190e6a7
[INFO] [stderr] WARNING: Your kernel does not support swap limit capabilities or the cgroup is not mounted. Memory limited without swap.
[INFO] running `Command { std: "docker" "start" "-a" "5c5a3a2d05d096aa769782c125e995085bcb3ebf1fb8123826a2dfebc190e6a7", kill_on_drop: false }`
[INFO] [stdout] warning: comparison is useless due to type limits
[INFO] [stdout]    --> src/lib.rs:56:13
[INFO] [stdout]     |
[INFO] [stdout] 56  |                   assert!(idx <= $INDEX_MASK);
[INFO] [stdout]     |                           ^^^
[INFO] [stdout] ...
[INFO] [stdout] 115 | / unsigned_integral_entity!(
[INFO] [stdout] 116 | |     u128,
[INFO] [stdout] 117 | |     u64,
[INFO] [stdout] 118 | |     0x00000000_00000000_FFFFFFFF_FFFFFFFF,
[INFO] [stdout] ...   |
[INFO] [stdout] 121 | |     "`u64` Entity, Index: 32 bits, Generation: 32 bits, Invalid ID: 0, Max: 4294967295"
[INFO] [stdout] 122 | | );
[INFO] [stdout]     | |__- in this macro invocation
[INFO] [stdout]     |
[INFO] [stdout]     = note: `#[warn(unused_comparisons)]` on by default
[INFO] [stdout]     = note: this warning originates in the macro `unsigned_integral_entity` (in Nightly builds, run with -Z macro-backtrace for more info)
[INFO] [stdout] 
[INFO] [stdout] 
[INFO] [stdout] warning: comparison is useless due to type limits
[INFO] [stdout]    --> src/lib.rs:71:13
[INFO] [stdout]     |
[INFO] [stdout] 71  |                   assert!(idx <= $INDEX_MASK);
[INFO] [stdout]     |                           ^^^
[INFO] [stdout] ...
[INFO] [stdout] 115 | / unsigned_integral_entity!(
[INFO] [stdout] 116 | |     u128,
[INFO] [stdout] 117 | |     u64,
[INFO] [stdout] 118 | |     0x00000000_00000000_FFFFFFFF_FFFFFFFF,
[INFO] [stdout] ...   |
[INFO] [stdout] 121 | |     "`u64` Entity, Index: 32 bits, Generation: 32 bits, Invalid ID: 0, Max: 4294967295"
[INFO] [stdout] 122 | | );
[INFO] [stdout]     | |__- in this macro invocation
[INFO] [stdout]     |
[INFO] [stdout]     = note: this warning originates in the macro `unsigned_integral_entity` (in Nightly builds, run with -Z macro-backtrace for more info)
[INFO] [stdout] 
[INFO] [stdout] 
[INFO] [stdout] warning: comparison is useless due to type limits
[INFO] [stdout]    --> src/lib.rs:82:13
[INFO] [stdout]     |
[INFO] [stdout] 82  |                   assert!(idx <= $INDEX_MASK);
[INFO] [stdout]     |                           ^^^
[INFO] [stdout] ...
[INFO] [stdout] 115 | / unsigned_integral_entity!(
[INFO] [stdout] 116 | |     u128,
[INFO] [stdout] 117 | |     u64,
[INFO] [stdout] 118 | |     0x00000000_00000000_FFFFFFFF_FFFFFFFF,
[INFO] [stdout] ...   |
[INFO] [stdout] 121 | |     "`u64` Entity, Index: 32 bits, Generation: 32 bits, Invalid ID: 0, Max: 4294967295"
[INFO] [stdout] 122 | | );
[INFO] [stdout]     | |__- in this macro invocation
[INFO] [stdout]     |
[INFO] [stdout]     = note: this warning originates in the macro `unsigned_integral_entity` (in Nightly builds, run with -Z macro-backtrace for more info)
[INFO] [stdout] 
[INFO] [stdout] 
[INFO] [stdout] warning: 3 warnings emitted
[INFO] [stdout] 
[INFO] [stdout] 
[INFO] [stderr]    Compiling entity_bench v0.1.0 (/opt/rustwide/workdir)
[INFO] [stdout] warning: comparison is useless due to type limits
[INFO] [stdout]    --> src/lib.rs:56:13
[INFO] [stdout]     |
[INFO] [stdout] 56  |                   assert!(idx <= $INDEX_MASK);
[INFO] [stdout]     |                           ^^^
[INFO] [stdout] ...
[INFO] [stdout] 115 | / unsigned_integral_entity!(
[INFO] [stdout] 116 | |     u128,
[INFO] [stdout] 117 | |     u64,
[INFO] [stdout] 118 | |     0x00000000_00000000_FFFFFFFF_FFFFFFFF,
[INFO] [stdout] ...   |
[INFO] [stdout] 121 | |     "`u64` Entity, Index: 32 bits, Generation: 32 bits, Invalid ID: 0, Max: 4294967295"
[INFO] [stdout] 122 | | );
[INFO] [stdout]     | |__- in this macro invocation
[INFO] [stdout]     |
[INFO] [stdout]     = note: `#[warn(unused_comparisons)]` on by default
[INFO] [stdout]     = note: this warning originates in the macro `unsigned_integral_entity` (in Nightly builds, run with -Z macro-backtrace for more info)
[INFO] [stdout] 
[INFO] [stdout] 
[INFO] [stdout] warning: comparison is useless due to type limits
[INFO] [stdout]    --> src/lib.rs:71:13
[INFO] [stdout]     |
[INFO] [stdout] 71  |                   assert!(idx <= $INDEX_MASK);
[INFO] [stdout]     |                           ^^^
[INFO] [stdout] ...
[INFO] [stdout] 115 | / unsigned_integral_entity!(
[INFO] [stdout] 116 | |     u128,
[INFO] [stdout] 117 | |     u64,
[INFO] [stdout] 118 | |     0x00000000_00000000_FFFFFFFF_FFFFFFFF,
[INFO] [stdout] ...   |
[INFO] [stdout] 121 | |     "`u64` Entity, Index: 32 bits, Generation: 32 bits, Invalid ID: 0, Max: 4294967295"
[INFO] [stdout] 122 | | );
[INFO] [stdout]     | |__- in this macro invocation
[INFO] [stdout]     |
[INFO] [stdout]     = note: this warning originates in the macro `unsigned_integral_entity` (in Nightly builds, run with -Z macro-backtrace for more info)
[INFO] [stdout] 
[INFO] [stdout] 
[INFO] [stdout] warning: comparison is useless due to type limits
[INFO] [stdout]    --> src/lib.rs:82:13
[INFO] [stdout]     |
[INFO] [stdout] 82  |                   assert!(idx <= $INDEX_MASK);
[INFO] [stdout]     |                           ^^^
[INFO] [stdout] ...
[INFO] [stdout] 115 | / unsigned_integral_entity!(
[INFO] [stdout] 116 | |     u128,
[INFO] [stdout] 117 | |     u64,
[INFO] [stdout] 118 | |     0x00000000_00000000_FFFFFFFF_FFFFFFFF,
[INFO] [stdout] ...   |
[INFO] [stdout] 121 | |     "`u64` Entity, Index: 32 bits, Generation: 32 bits, Invalid ID: 0, Max: 4294967295"
[INFO] [stdout] 122 | | );
[INFO] [stdout]     | |__- in this macro invocation
[INFO] [stdout]     |
[INFO] [stdout]     = note: this warning originates in the macro `unsigned_integral_entity` (in Nightly builds, run with -Z macro-backtrace for more info)
[INFO] [stdout] 
[INFO] [stdout] 
[INFO] [stdout] warning: 3 warnings emitted
[INFO] [stdout] 
[INFO] [stdout] 
[INFO] [stderr]     Finished test [unoptimized + debuginfo] target(s) in 1.04s
[INFO] running `Command { std: "docker" "inspect" "5c5a3a2d05d096aa769782c125e995085bcb3ebf1fb8123826a2dfebc190e6a7", kill_on_drop: false }`
[INFO] running `Command { std: "docker" "rm" "-f" "5c5a3a2d05d096aa769782c125e995085bcb3ebf1fb8123826a2dfebc190e6a7", kill_on_drop: false }`
[INFO] [stdout] 5c5a3a2d05d096aa769782c125e995085bcb3ebf1fb8123826a2dfebc190e6a7
[INFO] running `Command { std: "docker" "create" "-v" "/var/lib/crater-agent-workspace/builds/worker-6/target:/opt/rustwide/target:rw,Z" "-v" "/var/lib/crater-agent-workspace/builds/worker-6/source:/opt/rustwide/workdir:ro,Z" "-v" "/var/lib/crater-agent-workspace/cargo-home:/opt/rustwide/cargo-home:ro,Z" "-v" "/var/lib/crater-agent-workspace/rustup-home:/opt/rustwide/rustup-home:ro,Z" "-e" "SOURCE_DIR=/opt/rustwide/workdir" "-e" "CARGO_TARGET_DIR=/opt/rustwide/target" "-e" "CARGO_INCREMENTAL=0" "-e" "RUST_BACKTRACE=full" "-e" "RUSTFLAGS=--cap-lints=warn" "-e" "CARGO_HOME=/opt/rustwide/cargo-home" "-e" "RUSTUP_HOME=/opt/rustwide/rustup-home" "-w" "/opt/rustwide/workdir" "-m" "1610612736" "--user" "0:0" "--network" "none" "ghcr.io/rust-lang/crates-build-env/linux@sha256:34b6a614d2c27851fe6cbf88fbd1137609cefab8b10d0615aaeb6fd47975d74e" "/opt/rustwide/cargo-home/bin/cargo" "+beta-2021-08-01" "test" "--frozen", kill_on_drop: false }`
[INFO] [stdout] 019f99124f852e550090796677fcad444793991e444ce702648812b4a0bcb2d3
[INFO] [stderr] WARNING: Your kernel does not support swap limit capabilities or the cgroup is not mounted. Memory limited without swap.
[INFO] running `Command { std: "docker" "start" "-a" "019f99124f852e550090796677fcad444793991e444ce702648812b4a0bcb2d3", kill_on_drop: false }`
[INFO] [stdout] 
[INFO] [stderr] warning: comparison is useless due to type limits
[INFO] [stdout] running 0 tests
[INFO] [stderr]    --> src/lib.rs:56:13
[INFO] [stdout] 
[INFO] [stderr]     |
[INFO] [stdout] test result: ok. 0 passed; 0 failed; 0 ignored; 0 measured; 0 filtered out; finished in 0.00s
[INFO] [stderr] 56  |                   assert!(idx <= $INDEX_MASK);
[INFO] [stdout] 
[INFO] [stderr]     |                           ^^^
[INFO] [stderr] ...
[INFO] [stderr] 115 | / unsigned_integral_entity!(
[INFO] [stderr] 116 | |     u128,
[INFO] [stderr] 117 | |     u64,
[INFO] [stderr] 118 | |     0x00000000_00000000_FFFFFFFF_FFFFFFFF,
[INFO] [stderr] ...   |
[INFO] [stderr] 121 | |     "`u64` Entity, Index: 32 bits, Generation: 32 bits, Invalid ID: 0, Max: 4294967295"
[INFO] [stderr] 122 | | );
[INFO] [stderr]     | |__- in this macro invocation
[INFO] [stderr]     |
[INFO] [stderr]     = note: `#[warn(unused_comparisons)]` on by default
[INFO] [stderr]     = note: this warning originates in the macro `unsigned_integral_entity` (in Nightly builds, run with -Z macro-backtrace for more info)
[INFO] [stderr] 
[INFO] [stderr] warning: comparison is useless due to type limits
[INFO] [stderr]    --> src/lib.rs:71:13
[INFO] [stderr]     |
[INFO] [stderr] 71  |                   assert!(idx <= $INDEX_MASK);
[INFO] [stderr]     |                           ^^^
[INFO] [stderr] ...
[INFO] [stderr] 115 | / unsigned_integral_entity!(
[INFO] [stderr] 116 | |     u128,
[INFO] [stderr] 117 | |     u64,
[INFO] [stderr] 118 | |     0x00000000_00000000_FFFFFFFF_FFFFFFFF,
[INFO] [stderr] ...   |
[INFO] [stderr] 121 | |     "`u64` Entity, Index: 32 bits, Generation: 32 bits, Invalid ID: 0, Max: 4294967295"
[INFO] [stderr] 122 | | );
[INFO] [stderr]     | |__- in this macro invocation
[INFO] [stderr]     |
[INFO] [stderr]     = note: this warning originates in the macro `unsigned_integral_entity` (in Nightly builds, run with -Z macro-backtrace for more info)
[INFO] [stderr] 
[INFO] [stderr] warning: comparison is useless due to type limits
[INFO] [stderr]    --> src/lib.rs:82:13
[INFO] [stderr]     |
[INFO] [stderr] 82  |                   assert!(idx <= $INDEX_MASK);
[INFO] [stderr]     |                           ^^^
[INFO] [stderr] ...
[INFO] [stderr] 115 | / unsigned_integral_entity!(
[INFO] [stderr] 116 | |     u128,
[INFO] [stderr] 117 | |     u64,
[INFO] [stderr] 118 | |     0x00000000_00000000_FFFFFFFF_FFFFFFFF,
[INFO] [stderr] ...   |
[INFO] [stderr] 121 | |     "`u64` Entity, Index: 32 bits, Generation: 32 bits, Invalid ID: 0, Max: 4294967295"
[INFO] [stderr] 122 | | );
[INFO] [stderr]     | |__- in this macro invocation
[INFO] [stderr]     |
[INFO] [stderr]     = note: this warning originates in the macro `unsigned_integral_entity` (in Nightly builds, run with -Z macro-backtrace for more info)
[INFO] [stderr] 
[INFO] [stderr] warning: `entity_bench` (lib) generated 3 warnings
[INFO] [stderr] warning: `entity_bench` (lib test) generated 3 warnings (3 duplicates)
[INFO] [stderr]     Finished test [unoptimized + debuginfo] target(s) in 0.08s
[INFO] [stderr]      Running unittests (/opt/rustwide/target/debug/deps/entity_bench-10e38a196098f691)
[INFO] [stderr]      Running unittests (/opt/rustwide/target/debug/deps/entity_bench-05fe5728a4f9d4ea)
[INFO] [stdout] 
[INFO] [stderr]    Doc-tests entity_bench
[INFO] [stdout] running 0 tests
[INFO] [stdout] 
[INFO] [stdout] test result: ok. 0 passed; 0 failed; 0 ignored; 0 measured; 0 filtered out; finished in 0.00s
[INFO] [stdout] 
[INFO] [stdout] 
[INFO] [stdout] running 1 test
[INFO] [stdout] test src/lib.rs - Entity (line 5) ... FAILED
[INFO] [stdout] 
[INFO] [stdout] failures:
[INFO] [stdout] 
[INFO] [stdout] ---- src/lib.rs - Entity (line 5) stdout ----
[INFO] [stdout] error[E0433]: failed to resolve: use of undeclared crate or module `enrs`
[INFO] [stdout]  --> src/lib.rs:6:5
[INFO] [stdout]   |
[INFO] [stdout] 3 | use enrs::{delegate_wrapped_entity, entity::entity::Entity};
[INFO] [stdout]   |     ^^^^ use of undeclared crate or module `enrs`
[INFO] [stdout] 
[INFO] [stdout] error[E0432]: unresolved import `enrs`
[INFO] [stdout]  --> src/lib.rs:6:5
[INFO] [stdout]   |
[INFO] [stdout] 3 | use enrs::{delegate_wrapped_entity, entity::entity::Entity};
[INFO] [stdout]   |     ^^^^ use of undeclared crate or module `enrs`
[INFO] [stdout] 
[INFO] [stdout] error: cannot determine resolution for the macro `delegate_wrapped_entity`
[INFO] [stdout]  --> src/lib.rs:9:1
[INFO] [stdout]   |
[INFO] [stdout] 6 | delegate_wrapped_entity!(Wrapper, u32);
[INFO] [stdout]   | ^^^^^^^^^^^^^^^^^^^^^^^
[INFO] [stdout]   |
[INFO] [stdout]   = note: import resolution is stuck, try simplifying macro imports
[INFO] [stdout] 
[INFO] [stdout] error: aborting due to 3 previous errors
[INFO] [stdout] 
[INFO] [stdout] Some errors have detailed explanations: E0432, E0433.
[INFO] [stdout] For more information about an error, try `rustc --explain E0432`.
[INFO] [stdout] Couldn't compile the test.
[INFO] [stdout] 
[INFO] [stdout] failures:
[INFO] [stdout]     src/lib.rs - Entity (line 5)
[INFO] [stdout] 
[INFO] [stdout] test result: FAILED. 0 passed; 1 failed; 0 ignored; 0 measured; 0 filtered out; finished in 1.49s
[INFO] [stdout] 
[INFO] [stderr] error: test failed, to rerun pass '--doc'
[INFO] running `Command { std: "docker" "inspect" "019f99124f852e550090796677fcad444793991e444ce702648812b4a0bcb2d3", kill_on_drop: false }`
[INFO] running `Command { std: "docker" "rm" "-f" "019f99124f852e550090796677fcad444793991e444ce702648812b4a0bcb2d3", kill_on_drop: false }`
[INFO] [stdout] 019f99124f852e550090796677fcad444793991e444ce702648812b4a0bcb2d3
