[INFO] cloning repository https://github.com/OllieBerzs/tegne-rs
[INFO] running `Command { std: "git" "-c" "credential.helper=" "-c" "credential.helper=/workspace/cargo-home/bin/git-credential-null" "clone" "--bare" "https://github.com/OllieBerzs/tegne-rs" "/workspace/cache/git-repos/https%3A%2F%2Fgithub.com%2FOllieBerzs%2Ftegne-rs", kill_on_drop: false }`
[INFO] [stderr] Cloning into bare repository '/workspace/cache/git-repos/https%3A%2F%2Fgithub.com%2FOllieBerzs%2Ftegne-rs'...
[INFO] running `Command { std: "git" "rev-parse" "HEAD", kill_on_drop: false }`
[INFO] [stdout] be614c6b5091ffe476ffbe44ef4ea5b62d998078
[INFO] testing OllieBerzs/tegne-rs against 1.54.0 for beta-1.55-1
[INFO] running `Command { std: "git" "clone" "/workspace/cache/git-repos/https%3A%2F%2Fgithub.com%2FOllieBerzs%2Ftegne-rs" "/workspace/builds/worker-21/source", kill_on_drop: false }`
[INFO] [stderr] Cloning into '/workspace/builds/worker-21/source'...
[INFO] [stderr] done.
[INFO] validating manifest of git repo https://github.com/OllieBerzs/tegne-rs on toolchain 1.54.0
[INFO] running `Command { std: "/workspace/cargo-home/bin/cargo" "+1.54.0" "metadata" "--manifest-path" "Cargo.toml" "--no-deps", kill_on_drop: false }`
[INFO] started tweaking git repo https://github.com/OllieBerzs/tegne-rs
[INFO] removed 0 missing examples
[INFO] finished tweaking git repo https://github.com/OllieBerzs/tegne-rs
[INFO] tweaked toml for git repo https://github.com/OllieBerzs/tegne-rs written to /workspace/builds/worker-21/source/Cargo.toml
[INFO] crate git repo https://github.com/OllieBerzs/tegne-rs already has a lockfile, it will not be regenerated
[INFO] running `Command { std: "/workspace/cargo-home/bin/cargo" "+1.54.0" "fetch" "--manifest-path" "Cargo.toml", kill_on_drop: false }`
[INFO] [stderr]     Blocking waiting for file lock on package cache
[INFO] [stderr]     Blocking waiting for file lock on package cache
[INFO] running `Command { std: "docker" "create" "-v" "/var/lib/crater-agent-workspace/builds/worker-21/target:/opt/rustwide/target:rw,Z" "-v" "/var/lib/crater-agent-workspace/builds/worker-21/source:/opt/rustwide/workdir:ro,Z" "-v" "/var/lib/crater-agent-workspace/cargo-home:/opt/rustwide/cargo-home:ro,Z" "-v" "/var/lib/crater-agent-workspace/rustup-home:/opt/rustwide/rustup-home:ro,Z" "-e" "SOURCE_DIR=/opt/rustwide/workdir" "-e" "CARGO_TARGET_DIR=/opt/rustwide/target" "-e" "CARGO_HOME=/opt/rustwide/cargo-home" "-e" "RUSTUP_HOME=/opt/rustwide/rustup-home" "-w" "/opt/rustwide/workdir" "-m" "1610612736" "--user" "0:0" "--network" "none" "ghcr.io/rust-lang/crates-build-env/linux@sha256:34b6a614d2c27851fe6cbf88fbd1137609cefab8b10d0615aaeb6fd47975d74e" "/opt/rustwide/cargo-home/bin/cargo" "+1.54.0" "metadata" "--no-deps" "--format-version=1", kill_on_drop: false }`
[INFO] [stdout] e49422b3b4cfc2c96969139140708ea9bd6df1390329cae99b307b4e92a10094
[INFO] running `Command { std: "docker" "start" "-a" "e49422b3b4cfc2c96969139140708ea9bd6df1390329cae99b307b4e92a10094", kill_on_drop: false }`
[INFO] running `Command { std: "docker" "inspect" "e49422b3b4cfc2c96969139140708ea9bd6df1390329cae99b307b4e92a10094", kill_on_drop: false }`
[INFO] running `Command { std: "docker" "rm" "-f" "e49422b3b4cfc2c96969139140708ea9bd6df1390329cae99b307b4e92a10094", kill_on_drop: false }`
[INFO] [stdout] e49422b3b4cfc2c96969139140708ea9bd6df1390329cae99b307b4e92a10094
[INFO] running `Command { std: "docker" "create" "-v" "/var/lib/crater-agent-workspace/builds/worker-21/target:/opt/rustwide/target:rw,Z" "-v" "/var/lib/crater-agent-workspace/builds/worker-21/source:/opt/rustwide/workdir:ro,Z" "-v" "/var/lib/crater-agent-workspace/cargo-home:/opt/rustwide/cargo-home:ro,Z" "-v" "/var/lib/crater-agent-workspace/rustup-home:/opt/rustwide/rustup-home:ro,Z" "-e" "SOURCE_DIR=/opt/rustwide/workdir" "-e" "CARGO_TARGET_DIR=/opt/rustwide/target" "-e" "CARGO_INCREMENTAL=0" "-e" "RUST_BACKTRACE=full" "-e" "RUSTFLAGS=--cap-lints=warn" "-e" "CARGO_HOME=/opt/rustwide/cargo-home" "-e" "RUSTUP_HOME=/opt/rustwide/rustup-home" "-w" "/opt/rustwide/workdir" "-m" "1610612736" "--user" "0:0" "--network" "none" "ghcr.io/rust-lang/crates-build-env/linux@sha256:34b6a614d2c27851fe6cbf88fbd1137609cefab8b10d0615aaeb6fd47975d74e" "/opt/rustwide/cargo-home/bin/cargo" "+1.54.0" "build" "--frozen" "--message-format=json", kill_on_drop: false }`
[INFO] [stdout] b7784d70341c94f3ee5e400d2456c948991d578c1feded1bc14e5b280d9333b2
[INFO] running `Command { std: "docker" "start" "-a" "b7784d70341c94f3ee5e400d2456c948991d578c1feded1bc14e5b280d9333b2", kill_on_drop: false }`
[INFO] [stderr]     Blocking waiting for file lock on package cache
[INFO] [stderr]    Compiling libc v0.2.76
[INFO] [stderr]    Compiling xml-rs v0.8.3
[INFO] [stderr]    Compiling nix v0.18.0
[INFO] [stderr]    Compiling smallvec v1.4.2
[INFO] [stderr]    Compiling log v0.4.11
[INFO] [stderr]    Compiling memchr v2.3.3
[INFO] [stderr]    Compiling once_cell v1.4.1
[INFO] [stderr]    Compiling scoped-tls v1.0.0
[INFO] [stderr]    Compiling downcast-rs v1.2.0
[INFO] [stderr]    Compiling ab_glyph_rasterizer v0.1.4
[INFO] [stderr]    Compiling same-file v1.0.6
[INFO] [stderr]    Compiling xdg v2.2.0
[INFO] [stderr]    Compiling lazycell v1.3.0
[INFO] [stderr]    Compiling winit v0.23.0
[INFO] [stderr]    Compiling duku v0.2.1 (/opt/rustwide/workdir)
[INFO] [stderr]    Compiling wayland-sys v0.28.1
[INFO] [stderr]    Compiling libloading v0.6.4
[INFO] [stderr]    Compiling num-traits v0.2.12
[INFO] [stderr]    Compiling nom v5.1.2
[INFO] [stderr]    Compiling x11-dl v2.18.5
[INFO] [stderr]    Compiling instant v0.1.7
[INFO] [stderr]    Compiling lock_api v0.4.1
[INFO] [stderr]    Compiling rusttype v0.9.2
[INFO] [stderr]    Compiling walkdir v2.3.1
[INFO] [stderr]    Compiling dlib v0.4.2
[INFO] [stderr]    Compiling wayland-scanner v0.28.1
[INFO] [stderr]    Compiling num-traits v0.1.43
[INFO] [stderr]    Compiling line_drawing v0.8.0
[INFO] [stderr]    Compiling wayland-client v0.28.1
[INFO] [stderr]    Compiling wayland-protocols v0.28.1
[INFO] [stderr]    Compiling andrew v0.3.0
[INFO] [stderr]    Compiling iovec v0.1.4
[INFO] [stderr]    Compiling net2 v0.2.35
[INFO] [stderr]    Compiling memmap v0.7.0
[INFO] [stderr]    Compiling parking_lot_core v0.8.0
[INFO] [stderr]    Compiling raw-window-handle v0.3.3
[INFO] [stderr]    Compiling parking_lot v0.11.0
[INFO] [stderr]    Compiling mio v0.6.22
[INFO] [stderr]    Compiling xcursor v0.3.2
[INFO] [stderr]    Compiling mio-extras v2.0.6
[INFO] [stderr]    Compiling wayland-commons v0.28.1
[INFO] [stderr]    Compiling calloop v0.6.5
[INFO] [stderr]    Compiling wayland-cursor v0.28.1
[INFO] [stderr]    Compiling smithay-client-toolkit v0.12.0
[INFO] [stderr]     Finished dev [unoptimized + debuginfo] target(s) in 1m 09s
[INFO] running `Command { std: "docker" "inspect" "b7784d70341c94f3ee5e400d2456c948991d578c1feded1bc14e5b280d9333b2", kill_on_drop: false }`
[INFO] running `Command { std: "docker" "rm" "-f" "b7784d70341c94f3ee5e400d2456c948991d578c1feded1bc14e5b280d9333b2", kill_on_drop: false }`
[INFO] [stdout] b7784d70341c94f3ee5e400d2456c948991d578c1feded1bc14e5b280d9333b2
[INFO] running `Command { std: "docker" "create" "-v" "/var/lib/crater-agent-workspace/builds/worker-21/target:/opt/rustwide/target:rw,Z" "-v" "/var/lib/crater-agent-workspace/builds/worker-21/source:/opt/rustwide/workdir:ro,Z" "-v" "/var/lib/crater-agent-workspace/cargo-home:/opt/rustwide/cargo-home:ro,Z" "-v" "/var/lib/crater-agent-workspace/rustup-home:/opt/rustwide/rustup-home:ro,Z" "-e" "SOURCE_DIR=/opt/rustwide/workdir" "-e" "CARGO_TARGET_DIR=/opt/rustwide/target" "-e" "CARGO_INCREMENTAL=0" "-e" "RUST_BACKTRACE=full" "-e" "RUSTFLAGS=--cap-lints=warn" "-e" "CARGO_HOME=/opt/rustwide/cargo-home" "-e" "RUSTUP_HOME=/opt/rustwide/rustup-home" "-w" "/opt/rustwide/workdir" "-m" "1610612736" "--user" "0:0" "--network" "none" "ghcr.io/rust-lang/crates-build-env/linux@sha256:34b6a614d2c27851fe6cbf88fbd1137609cefab8b10d0615aaeb6fd47975d74e" "/opt/rustwide/cargo-home/bin/cargo" "+1.54.0" "test" "--frozen" "--no-run" "--message-format=json", kill_on_drop: false }`
[INFO] [stdout] c2ce7b580607b86081a37244d109377e06d70af18fbde53c274f895903d0ebbe
[INFO] running `Command { std: "docker" "start" "-a" "c2ce7b580607b86081a37244d109377e06d70af18fbde53c274f895903d0ebbe", kill_on_drop: false }`
[INFO] [stderr]     Blocking waiting for file lock on package cache
[INFO] [stderr]    Compiling duku v0.2.1 (/opt/rustwide/workdir)
[INFO] [stderr]     Finished test [unoptimized + debuginfo] target(s) in 5.66s
[INFO] running `Command { std: "docker" "inspect" "c2ce7b580607b86081a37244d109377e06d70af18fbde53c274f895903d0ebbe", kill_on_drop: false }`
[INFO] running `Command { std: "docker" "rm" "-f" "c2ce7b580607b86081a37244d109377e06d70af18fbde53c274f895903d0ebbe", kill_on_drop: false }`
[INFO] [stdout] c2ce7b580607b86081a37244d109377e06d70af18fbde53c274f895903d0ebbe
[INFO] running `Command { std: "docker" "create" "-v" "/var/lib/crater-agent-workspace/builds/worker-21/target:/opt/rustwide/target:rw,Z" "-v" "/var/lib/crater-agent-workspace/builds/worker-21/source:/opt/rustwide/workdir:ro,Z" "-v" "/var/lib/crater-agent-workspace/cargo-home:/opt/rustwide/cargo-home:ro,Z" "-v" "/var/lib/crater-agent-workspace/rustup-home:/opt/rustwide/rustup-home:ro,Z" "-e" "SOURCE_DIR=/opt/rustwide/workdir" "-e" "CARGO_TARGET_DIR=/opt/rustwide/target" "-e" "CARGO_INCREMENTAL=0" "-e" "RUST_BACKTRACE=full" "-e" "RUSTFLAGS=--cap-lints=warn" "-e" "CARGO_HOME=/opt/rustwide/cargo-home" "-e" "RUSTUP_HOME=/opt/rustwide/rustup-home" "-w" "/opt/rustwide/workdir" "-m" "1610612736" "--user" "0:0" "--network" "none" "ghcr.io/rust-lang/crates-build-env/linux@sha256:34b6a614d2c27851fe6cbf88fbd1137609cefab8b10d0615aaeb6fd47975d74e" "/opt/rustwide/cargo-home/bin/cargo" "+1.54.0" "test" "--frozen", kill_on_drop: false }`
[INFO] [stdout] 36afafb8b498cbec9e064b7fd2b10a746950d5501afe378c552bc5fdba65a6fc
[INFO] running `Command { std: "docker" "start" "-a" "36afafb8b498cbec9e064b7fd2b10a746950d5501afe378c552bc5fdba65a6fc", kill_on_drop: false }`
[INFO] [stderr]     Finished test [unoptimized + debuginfo] target(s) in 0.21s
[INFO] [stderr]      Running unittests (/opt/rustwide/target/debug/deps/duku-4b7e9e768ddfe755)
[INFO] [stdout] 
[INFO] [stdout] running 62 tests
[INFO] [stdout] test color::hsb::tests::from_rgb ... ok
[INFO] [stdout] test color::mix::tests::simple_mix ... ok
[INFO] [stdout] test color::rgb::tests::from_hsb ... ok
[INFO] [stdout] test color::rgb::tests::from_rgbf ... ok
[INFO] [stdout] test color::rgbf::tests::from_hsb ... ok
[INFO] [stdout] test color::rgbf::tests::from_rgb ... ok
[INFO] [stdout] test math::mat4::test::axis_rotation ... ok
[INFO] [stdout] test color::rgb::tests::from_hex ... ok
[INFO] [stdout] test math::mat4::test::columns ... ok
[INFO] [stdout] test math::mat4::test::euler_rotation_x ... ok
[INFO] [stdout] test math::mat4::test::euler_rotation_y ... ok
[INFO] [stdout] test math::mat4::test::compose ... ok
[INFO] [stdout] test math::mat4::test::from_quaternion ... ok
[INFO] [stdout] test math::mat4::test::mul_with_vector ... ok
[INFO] [stdout] test color::hsb::tests::from_rgbf ... ok
[INFO] [stdout] test math::mat4::test::inverse ... ok
[INFO] [stdout] test math::mat4::test::look_rotation_z ... ok
[INFO] [stdout] test math::quat::test::euler_rotation_x ... ok
[INFO] [stdout] test math::mat4::test::look_rotation_x ... ok
[INFO] [stdout] test math::quat::test::default ... ok
[INFO] [stdout] test math::quat::test::euler_rotation_z ... ok
[INFO] [stdout] test math::quat::test::look_rotation_x ... ok
[INFO] [stdout] test math::quat::test::look_rotation_y ... ok
[INFO] [stdout] test math::quat::test::look_rotation_z ... ok
[INFO] [stdout] test math::quat::test::mul_self ... ok
[INFO] [stdout] test math::quat::test::mul_vector ... ok
[INFO] [stdout] test math::quat::test::quat_to_mat_to_quat ... ok
[INFO] [stdout] test math::vec2::test::angle_between ... ok
[INFO] [stdout] test math::mat4::test::projection ... ok
[INFO] [stdout] test math::mat4::test::scale ... ok
[INFO] [stdout] test math::mat4::test::rows ... ok
[INFO] [stdout] test math::mat4::test::identity ... ok
[INFO] [stdout] test math::mat4::test::mul_with_self ... ok
[INFO] [stdout] test math::quat::test::euler_rotation_y ... ok
[INFO] [stdout] test math::vec2::test::operators ... ok
[INFO] [stdout] test math::vec2::test::unit ... ok
[INFO] [stdout] test math::vec3::test::angle_between ... ok
[INFO] [stdout] test math::vec3::test::default ... ok
[INFO] [stdout] test math::vec3::test::direction ... ok
[INFO] [stdout] test math::vec3::test::cross ... ok
[INFO] [stdout] test math::vec2::test::sqr_length ... ok
[INFO] [stdout] test math::vec3::test::new ... ok
[INFO] [stdout] test math::vec3::test::unit ... ok
[INFO] [stdout] test math::vec3::test::xy ... ok
[INFO] [stdout] test math::vec4::test::default ... ok
[INFO] [stdout] test math::vec4::test::dot ... ok
[INFO] [stdout] test math::mat4::test::look_rotation_y ... ok
[INFO] [stdout] test math::vec3::test::length ... ok
[INFO] [stdout] test math::vec3::test::dot ... ok
[INFO] [stdout] test math::mat4::test::translation ... ok
[INFO] [stdout] test math::vec4::test::new ... ok
[INFO] [stdout] test math::quat::test::axis_rotation ... ok
[INFO] [stdout] test math::vec2::test::default ... ok
[INFO] [stdout] test math::vec2::test::dot ... ok
[INFO] [stdout] test math::mat4::test::perspective ... ok
[INFO] [stdout] test math::vec2::test::new ... ok
[INFO] [stdout] test math::vec2::test::normal ... ok
[INFO] [stdout] test math::vec2::test::length ... ok
[INFO] [stdout] test math::mat4::test::euler_rotation_z ... ok
[INFO] [stdout] test math::vec3::test::operator ... ok
[INFO] [stderr]    Doc-tests duku
[INFO] [stdout] test math::mat4::test::orthographic ... ok
[INFO] [stdout] test math::vec4::test::operator ... ok
[INFO] [stdout] 
[INFO] [stdout] test result: ok. 62 passed; 0 failed; 0 ignored; 0 measured; 0 filtered out; finished in 0.03s
[INFO] [stdout] 
[INFO] [stdout] 
[INFO] [stdout] running 29 tests
[INFO] [stdout] test src/duku.rs - duku::Duku (line 50) - compile ... ok
[INFO] [stdout] test src/lib.rs - (line 10) - compile ... ok
[INFO] [stdout] test src/device/stats.rs - device::stats::Stats (line 12) - compile ... ok
[INFO] [stdout] test src/duku.rs - duku::Duku::draw (line 118) - compile ... ok
[INFO] [stdout] test src/pipeline/material.rs - pipeline::material::Material (line 21) - compile ... ok
[INFO] [stdout] test src/renderer/camera.rs - renderer::camera::Camera (line 12) - compile ... ok
[INFO] [stdout] test src/mesh/mod.rs - mesh::Mesh (line 26) - compile ... ok
[INFO] [stdout] test src/renderer/light.rs - renderer::light::Light (line 14) - compile ... ok
[INFO] [stdout] test src/pipeline/shader.rs - pipeline::shader::Shader (line 28) - compile ... ok
[INFO] [stdout] test src/image/canvas.rs - image::canvas::Canvas (line 29) - compile ... ok
[INFO] [stdout] test src/math/vec2.rs - math::vec2::Vec2 (line 22) - compile ... ok
[INFO] [stdout] test src/math/vec3.rs - math::vec3::Vec3 (line 26) - compile ... ok
[INFO] [stdout] test src/duku.rs - duku::Duku::draw_on_canvas (line 150) - compile ... ok
[INFO] [stdout] test src/color/gradient.rs - color::gradient::Gradient (line 12) ... FAILED
[INFO] [stdout] test src/color/hsb.rs - color::hsb::Hsb::alpha (line 57) ... FAILED
[INFO] [stdout] test src/color/hsb.rs - color::hsb::Hsb::shift (line 74) ... FAILED
[INFO] [stdout] test src/color/hsb.rs - color::hsb::Hsb (line 19) ... FAILED
[INFO] [stdout] test src/color/hsb.rs - color::hsb::Hsb::saturate (line 119) ... FAILED
[INFO] [stdout] test src/color/hsb.rs - color::hsb::Hsb::darken (line 89) ... FAILED
[INFO] [stdout] test src/math/mat4.rs - math::mat4::Mat4 (line 21) ... FAILED
[INFO] [stdout] test src/color/hsb.rs - color::hsb::Hsb::desaturate (line 134) ... FAILED
[INFO] [stdout] test src/color/hsb.rs - color::hsb::Hsb::brighten (line 104) ... FAILED
[INFO] [stdout] test src/color/rgb.rs - color::rgb::Rgb::alpha (line 74) ... FAILED
[INFO] [stdout] test src/color/rgb.rs - color::rgb::Rgb (line 15) ... FAILED
[INFO] [stdout] test src/color/rgbf.rs - color::rgbf::Rgbf (line 15) ... FAILED
[INFO] [stdout] test src/math/vec3.rs - math::vec3::Vec3::angle_between (line 135) ... FAILED
[INFO] [stdout] test src/math/vec2.rs - math::vec2::Vec2::angle_between (line 114) ... FAILED
[INFO] [stdout] test src/math/quat.rs - math::quat::Quat (line 16) ... ok
[INFO] [stdout] test src/color/rgbf.rs - color::rgbf::Rgbf::alpha (line 70) ... ok
[INFO] [stdout] 
[INFO] [stdout] failures:
[INFO] [stdout] 
[INFO] [stdout] ---- src/color/gradient.rs - color::gradient::Gradient (line 12) stdout ----
[INFO] [stdout] Couldn't compile the test.
[INFO] [stdout] ---- src/color/hsb.rs - color::hsb::Hsb::alpha (line 57) stdout ----
[INFO] [stdout] Couldn't compile the test.
[INFO] [stdout] ---- src/color/hsb.rs - color::hsb::Hsb::shift (line 74) stdout ----
[INFO] [stdout] Couldn't compile the test.
[INFO] [stdout] ---- src/color/hsb.rs - color::hsb::Hsb (line 19) stdout ----
[INFO] [stdout] Couldn't compile the test.
[INFO] [stdout] ---- src/color/hsb.rs - color::hsb::Hsb::saturate (line 119) stdout ----
[INFO] [stdout] Couldn't compile the test.
[INFO] [stdout] ---- src/color/hsb.rs - color::hsb::Hsb::darken (line 89) stdout ----
[INFO] [stdout] Couldn't compile the test.
[INFO] [stdout] ---- src/math/mat4.rs - math::mat4::Mat4 (line 21) stdout ----
[INFO] [stdout] Couldn't compile the test.
[INFO] [stdout] ---- src/color/hsb.rs - color::hsb::Hsb::desaturate (line 134) stdout ----
[INFO] [stdout] Couldn't compile the test.
[INFO] [stdout] ---- src/color/hsb.rs - color::hsb::Hsb::brighten (line 104) stdout ----
[INFO] [stdout] Couldn't compile the test.
[INFO] [stdout] ---- src/color/rgb.rs - color::rgb::Rgb::alpha (line 74) stdout ----
[INFO] [stdout] Couldn't compile the test.
[INFO] [stdout] ---- src/color/rgb.rs - color::rgb::Rgb (line 15) stdout ----
[INFO] [stdout] error: linking with `cc` failed: exit status: 1
[INFO] [stdout]   |
[INFO] [stdout]   = note: "cc" "-m64" "/tmp/rustdoctestZTqReT/rust_out.rust_out.7rcbfp3g-cgu.0.rcgu.o" "/tmp/rustdoctestZTqReT/rust_out.33dyzt1ekirinwy8.rcgu.o" "-Wl,--as-needed" "-L" "/opt/rustwide/target/debug/deps" "-L" "/opt/rustwide/target/debug/deps" "-L" "/opt/rustwide/workdir/vulkan" "-L" "/opt/rustwide/rustup-home/toolchains/1.54.0-x86_64-unknown-linux-gnu/lib/rustlib/x86_64-unknown-linux-gnu/lib" "-Wl,-Bstatic" "/opt/rustwide/target/debug/deps/libduku-12d1f6080b55f315.rlib" "/opt/rustwide/target/debug/deps/libwinit-3905c2da0b617309.rlib" "/opt/rustwide/target/debug/deps/libmio_extras-353f255b6a9f280b.rlib" "/opt/rustwide/target/debug/deps/liblazycell-05b01983d1848580.rlib" "/opt/rustwide/target/debug/deps/libmio-1027cd032786e62f.rlib" "/opt/rustwide/target/debug/deps/libslab-a95947d689540fa4.rlib" "/opt/rustwide/target/debug/deps/libiovec-502f1a3b71310635.rlib" "/opt/rustwide/target/debug/deps/libnet2-dcf4b41d4cdb5fe1.rlib" "/opt/rustwide/target/debug/deps/libx11_dl-4ec6979350e4c35b.rlib" "/opt/rustwide/target/debug/deps/libmaybe_uninit-17ac005437abed86.rlib" "/opt/rustwide/target/debug/deps/libpercent_encoding-549c334c22432c49.rlib" "/opt/rustwide/target/debug/deps/libsmithay_client_toolkit-7ff5625dd297fe03.rlib" "/opt/rustwide/target/debug/deps/libandrew-28e5d1c8201612f7.rlib" "/opt/rustwide/target/debug/deps/libxml-f0211806b299c0ce.rlib" "/opt/rustwide/target/debug/deps/libxdg-647441c92ee2915e.rlib" "/opt/rustwide/target/debug/deps/libwalkdir-d3d1a098ed37f0d0.rlib" "/opt/rustwide/target/debug/deps/libsame_file-6c7da3b22554f6bc.rlib" "/opt/rustwide/target/debug/deps/librusttype-a700fdc839708b1d.rlib" "/opt/rustwide/target/debug/deps/libab_glyph_rasterizer-8f0e5b321a3126db.rlib" "/opt/rustwide/target/debug/deps/libowned_ttf_parser-aeadc6ed44872987.rlib" "/opt/rustwide/target/debug/deps/libttf_parser-e67ab49fd649a937.rlib" "/opt/rustwide/target/debug/deps/libline_drawing-2dfabc050453f315.rlib" "/opt/rustwide/target/debug/deps/libnum_traits-2f0ef9f47d11e175.rlib" "/opt/rustwide/target/debug/deps/libnum_traits-ae5ffc8ff8101071.rlib" "/opt/rustwide/target/debug/deps/libwayland_cursor-b5aec2fddd2e142d.rlib" "/opt/rustwide/target/debug/deps/libxcursor-ad0fc8aff28c6e3f.rlib" "/opt/rustwide/target/debug/deps/libnom-7d7a3617eb07e230.rlib" "/opt/rustwide/target/debug/deps/libmemchr-b7b7d3ab61811402.rlib" "/opt/rustwide/target/debug/deps/libmemmap-db054feec8f2ab17.rlib" "/opt/rustwide/target/debug/deps/libbyteorder-d836ba3e41654e24.rlib" "/opt/rustwide/target/debug/deps/libwayland_protocols-975c417df9b94faa.rlib" "/opt/rustwide/target/debug/deps/libwayland_client-bc619048993724c6.rlib" "/opt/rustwide/target/debug/deps/libscoped_tls-602338794b502a6b.rlib" "/opt/rustwide/target/debug/deps/libwayland_commons-46b9decf8c8690f2.rlib" "/opt/rustwide/target/debug/deps/libonce_cell-e80fe5d7e2321ae3.rlib" "/opt/rustwide/target/debug/deps/libwayland_sys-85409cfc03725860.rlib" "/opt/rustwide/target/debug/deps/libcalloop-1db951e9682bde48.rlib" "/opt/rustwide/target/debug/deps/libnix-7305fa1ea82de9a6.rlib" "/opt/rustwide/target/debug/deps/libdlib-af4d674558d1be20.rlib" "/opt/rustwide/target/debug/deps/liblibloading-bbfea0cbc412f264.rlib" "/opt/rustwide/target/debug/deps/libraw_window_handle-392e9e92786c5221.rlib" "/opt/rustwide/target/debug/deps/libparking_lot-f0d1db74cfdf8383.rlib" "/opt/rustwide/target/debug/deps/libparking_lot_core-9184f1d0012a25a6.rlib" "/opt/rustwide/target/debug/deps/liblibc-428df1fde8edbf38.rlib" "/opt/rustwide/target/debug/deps/libsmallvec-8ed8e20939789287.rlib" "/opt/rustwide/target/debug/deps/liblock_api-e65fe944234af0eb.rlib" "/opt/rustwide/target/debug/deps/libscopeguard-7a1710762e6687e9.rlib" "/opt/rustwide/target/debug/deps/libinstant-d60ffbb54a255d53.rlib" "/opt/rustwide/target/debug/deps/libbitflags-f89ae4b715176e2d.rlib" "/opt/rustwide/target/debug/deps/liblog-00ac55f4644ef2c9.rlib" "/opt/rustwide/target/debug/deps/libcfg_if-e7a28af79b261e75.rlib" "/opt/rustwide/target/debug/deps/liblazy_static-5c53d641eb010a81.rlib" "-Wl,--start-group" "/opt/rustwide/rustup-home/toolchains/1.54.0-x86_64-unknown-linux-gnu/lib/rustlib/x86_64-unknown-linux-gnu/lib/libstd-2420485b9e5ef5e1.rlib" "/opt/rustwide/rustup-home/toolchains/1.54.0-x86_64-unknown-linux-gnu/lib/rustlib/x86_64-unknown-linux-gnu/lib/libpanic_unwind-785e3cb61c4b1960.rlib" "/opt/rustwide/rustup-home/toolchains/1.54.0-x86_64-unknown-linux-gnu/lib/rustlib/x86_64-unknown-linux-gnu/lib/libminiz_oxide-087191a88bdaa22d.rlib" "/opt/rustwide/rustup-home/toolchains/1.54.0-x86_64-unknown-linux-gnu/lib/rustlib/x86_64-unknown-linux-gnu/lib/libadler-9981842c02975178.rlib" "/opt/rustwide/rustup-home/toolchains/1.54.0-x86_64-unknown-linux-gnu/lib/rustlib/x86_64-unknown-linux-gnu/lib/libobject-6fb405869b015fde.rlib" "/opt/rustwide/rustup-home/toolchains/1.54.0-x86_64-unknown-linux-gnu/lib/rustlib/x86_64-unknown-linux-gnu/lib/libaddr2line-d05c5c3c56004b7b.rlib" "/opt/rustwide/rustup-home/toolchains/1.54.0-x86_64-unknown-linux-gnu/lib/rustlib/x86_64-unknown-linux-gnu/lib/libgimli-42d74d2097528b38.rlib" "/opt/rustwide/rustup-home/toolchains/1.54.0-x86_64-unknown-linux-gnu/lib/rustlib/x86_64-unknown-linux-gnu/lib/libstd_detect-fb36534c113d2209.rlib" "/opt/rustwide/rustup-home/toolchains/1.54.0-x86_64-unknown-linux-gnu/lib/rustlib/x86_64-unknown-linux-gnu/lib/librustc_demangle-b56b9042c12b6535.rlib" "/opt/rustwide/rustup-home/toolchains/1.54.0-x86_64-unknown-linux-gnu/lib/rustlib/x86_64-unknown-linux-gnu/lib/libhashbrown-491902d6cb3e76df.rlib" "/opt/rustwide/rustup-home/toolchains/1.54.0-x86_64-unknown-linux-gnu/lib/rustlib/x86_64-unknown-linux-gnu/lib/librustc_std_workspace_alloc-61834e0981b8c367.rlib" "/opt/rustwide/rustup-home/toolchains/1.54.0-x86_64-unknown-linux-gnu/lib/rustlib/x86_64-unknown-linux-gnu/lib/libunwind-f78aa99d613a55bc.rlib" "/opt/rustwide/rustup-home/toolchains/1.54.0-x86_64-unknown-linux-gnu/lib/rustlib/x86_64-unknown-linux-gnu/lib/libcfg_if-53ee54cd7fed2c57.rlib" "/opt/rustwide/rustup-home/toolchains/1.54.0-x86_64-unknown-linux-gnu/lib/rustlib/x86_64-unknown-linux-gnu/lib/liblibc-544ecdbd6cda3c58.rlib" "/opt/rustwide/rustup-home/toolchains/1.54.0-x86_64-unknown-linux-gnu/lib/rustlib/x86_64-unknown-linux-gnu/lib/liballoc-379cc252b6943a79.rlib" "/opt/rustwide/rustup-home/toolchains/1.54.0-x86_64-unknown-linux-gnu/lib/rustlib/x86_64-unknown-linux-gnu/lib/librustc_std_workspace_core-8063eea38dcc5e62.rlib" "/opt/rustwide/rustup-home/toolchains/1.54.0-x86_64-unknown-linux-gnu/lib/rustlib/x86_64-unknown-linux-gnu/lib/libcore-5b228734afae15ee.rlib" "-Wl,--end-group" "/opt/rustwide/rustup-home/toolchains/1.54.0-x86_64-unknown-linux-gnu/lib/rustlib/x86_64-unknown-linux-gnu/lib/libcompiler_builtins-d6c7a399d95d173f.rlib" "-Wl,-Bdynamic" "-lvulkan" "-ldl" "-lutil" "-ldl" "-lutil" "-lgcc_s" "-lutil" "-lrt" "-lpthread" "-lm" "-ldl" "-lc" "-Wl,--eh-frame-hdr" "-Wl,-znoexecstack" "-L" "/opt/rustwide/rustup-home/toolchains/1.54.0-x86_64-unknown-linux-gnu/lib/rustlib/x86_64-unknown-linux-gnu/lib" "-o" "/tmp/rustdoctestZTqReT/rust_out" "-Wl,--gc-sections" "-pie" "-Wl,-zrelro" "-Wl,-znow" "-nodefaultlibs"
[INFO] [stdout]   = note: collect2: fatal error: ld terminated with signal 9 [Killed]
[INFO] [stdout]           compilation terminated.
[INFO] [stdout]           
[INFO] [stdout] 
[INFO] [stdout] error: aborting due to previous error
[INFO] [stdout] 
[INFO] [stdout] Couldn't compile the test.
[INFO] [stdout] ---- src/color/rgbf.rs - color::rgbf::Rgbf (line 15) stdout ----
[INFO] [stdout] error: linking with `cc` failed: exit status: 1
[INFO] [stdout]   |
[INFO] [stdout]   = note: "cc" "-m64" "/tmp/rustdoctestLZUn5n/rust_out.rust_out.7rcbfp3g-cgu.0.rcgu.o" "/tmp/rustdoctestLZUn5n/rust_out.33dyzt1ekirinwy8.rcgu.o" "-Wl,--as-needed" "-L" "/opt/rustwide/target/debug/deps" "-L" "/opt/rustwide/target/debug/deps" "-L" "/opt/rustwide/workdir/vulkan" "-L" "/opt/rustwide/rustup-home/toolchains/1.54.0-x86_64-unknown-linux-gnu/lib/rustlib/x86_64-unknown-linux-gnu/lib" "-Wl,-Bstatic" "/opt/rustwide/target/debug/deps/libduku-12d1f6080b55f315.rlib" "/opt/rustwide/target/debug/deps/libwinit-3905c2da0b617309.rlib" "/opt/rustwide/target/debug/deps/libmio_extras-353f255b6a9f280b.rlib" "/opt/rustwide/target/debug/deps/liblazycell-05b01983d1848580.rlib" "/opt/rustwide/target/debug/deps/libmio-1027cd032786e62f.rlib" "/opt/rustwide/target/debug/deps/libslab-a95947d689540fa4.rlib" "/opt/rustwide/target/debug/deps/libiovec-502f1a3b71310635.rlib" "/opt/rustwide/target/debug/deps/libnet2-dcf4b41d4cdb5fe1.rlib" "/opt/rustwide/target/debug/deps/libx11_dl-4ec6979350e4c35b.rlib" "/opt/rustwide/target/debug/deps/libmaybe_uninit-17ac005437abed86.rlib" "/opt/rustwide/target/debug/deps/libpercent_encoding-549c334c22432c49.rlib" "/opt/rustwide/target/debug/deps/libsmithay_client_toolkit-7ff5625dd297fe03.rlib" "/opt/rustwide/target/debug/deps/libandrew-28e5d1c8201612f7.rlib" "/opt/rustwide/target/debug/deps/libxml-f0211806b299c0ce.rlib" "/opt/rustwide/target/debug/deps/libxdg-647441c92ee2915e.rlib" "/opt/rustwide/target/debug/deps/libwalkdir-d3d1a098ed37f0d0.rlib" "/opt/rustwide/target/debug/deps/libsame_file-6c7da3b22554f6bc.rlib" "/opt/rustwide/target/debug/deps/librusttype-a700fdc839708b1d.rlib" "/opt/rustwide/target/debug/deps/libab_glyph_rasterizer-8f0e5b321a3126db.rlib" "/opt/rustwide/target/debug/deps/libowned_ttf_parser-aeadc6ed44872987.rlib" "/opt/rustwide/target/debug/deps/libttf_parser-e67ab49fd649a937.rlib" "/opt/rustwide/target/debug/deps/libline_drawing-2dfabc050453f315.rlib" "/opt/rustwide/target/debug/deps/libnum_traits-2f0ef9f47d11e175.rlib" "/opt/rustwide/target/debug/deps/libnum_traits-ae5ffc8ff8101071.rlib" "/opt/rustwide/target/debug/deps/libwayland_cursor-b5aec2fddd2e142d.rlib" "/opt/rustwide/target/debug/deps/libxcursor-ad0fc8aff28c6e3f.rlib" "/opt/rustwide/target/debug/deps/libnom-7d7a3617eb07e230.rlib" "/opt/rustwide/target/debug/deps/libmemchr-b7b7d3ab61811402.rlib" "/opt/rustwide/target/debug/deps/libmemmap-db054feec8f2ab17.rlib" "/opt/rustwide/target/debug/deps/libbyteorder-d836ba3e41654e24.rlib" "/opt/rustwide/target/debug/deps/libwayland_protocols-975c417df9b94faa.rlib" "/opt/rustwide/target/debug/deps/libwayland_client-bc619048993724c6.rlib" "/opt/rustwide/target/debug/deps/libscoped_tls-602338794b502a6b.rlib" "/opt/rustwide/target/debug/deps/libwayland_commons-46b9decf8c8690f2.rlib" "/opt/rustwide/target/debug/deps/libonce_cell-e80fe5d7e2321ae3.rlib" "/opt/rustwide/target/debug/deps/libwayland_sys-85409cfc03725860.rlib" "/opt/rustwide/target/debug/deps/libcalloop-1db951e9682bde48.rlib" "/opt/rustwide/target/debug/deps/libnix-7305fa1ea82de9a6.rlib" "/opt/rustwide/target/debug/deps/libdlib-af4d674558d1be20.rlib" "/opt/rustwide/target/debug/deps/liblibloading-bbfea0cbc412f264.rlib" "/opt/rustwide/target/debug/deps/libraw_window_handle-392e9e92786c5221.rlib" "/opt/rustwide/target/debug/deps/libparking_lot-f0d1db74cfdf8383.rlib" "/opt/rustwide/target/debug/deps/libparking_lot_core-9184f1d0012a25a6.rlib" "/opt/rustwide/target/debug/deps/liblibc-428df1fde8edbf38.rlib" "/opt/rustwide/target/debug/deps/libsmallvec-8ed8e20939789287.rlib" "/opt/rustwide/target/debug/deps/liblock_api-e65fe944234af0eb.rlib" "/opt/rustwide/target/debug/deps/libscopeguard-7a1710762e6687e9.rlib" "/opt/rustwide/target/debug/deps/libinstant-d60ffbb54a255d53.rlib" "/opt/rustwide/target/debug/deps/libbitflags-f89ae4b715176e2d.rlib" "/opt/rustwide/target/debug/deps/liblog-00ac55f4644ef2c9.rlib" "/opt/rustwide/target/debug/deps/libcfg_if-e7a28af79b261e75.rlib" "/opt/rustwide/target/debug/deps/liblazy_static-5c53d641eb010a81.rlib" "-Wl,--start-group" "/opt/rustwide/rustup-home/toolchains/1.54.0-x86_64-unknown-linux-gnu/lib/rustlib/x86_64-unknown-linux-gnu/lib/libstd-2420485b9e5ef5e1.rlib" "/opt/rustwide/rustup-home/toolchains/1.54.0-x86_64-unknown-linux-gnu/lib/rustlib/x86_64-unknown-linux-gnu/lib/libpanic_unwind-785e3cb61c4b1960.rlib" "/opt/rustwide/rustup-home/toolchains/1.54.0-x86_64-unknown-linux-gnu/lib/rustlib/x86_64-unknown-linux-gnu/lib/libminiz_oxide-087191a88bdaa22d.rlib" "/opt/rustwide/rustup-home/toolchains/1.54.0-x86_64-unknown-linux-gnu/lib/rustlib/x86_64-unknown-linux-gnu/lib/libadler-9981842c02975178.rlib" "/opt/rustwide/rustup-home/toolchains/1.54.0-x86_64-unknown-linux-gnu/lib/rustlib/x86_64-unknown-linux-gnu/lib/libobject-6fb405869b015fde.rlib" "/opt/rustwide/rustup-home/toolchains/1.54.0-x86_64-unknown-linux-gnu/lib/rustlib/x86_64-unknown-linux-gnu/lib/libaddr2line-d05c5c3c56004b7b.rlib" "/opt/rustwide/rustup-home/toolchains/1.54.0-x86_64-unknown-linux-gnu/lib/rustlib/x86_64-unknown-linux-gnu/lib/libgimli-42d74d2097528b38.rlib" "/opt/rustwide/rustup-home/toolchains/1.54.0-x86_64-unknown-linux-gnu/lib/rustlib/x86_64-unknown-linux-gnu/lib/libstd_detect-fb36534c113d2209.rlib" "/opt/rustwide/rustup-home/toolchains/1.54.0-x86_64-unknown-linux-gnu/lib/rustlib/x86_64-unknown-linux-gnu/lib/librustc_demangle-b56b9042c12b6535.rlib" "/opt/rustwide/rustup-home/toolchains/1.54.0-x86_64-unknown-linux-gnu/lib/rustlib/x86_64-unknown-linux-gnu/lib/libhashbrown-491902d6cb3e76df.rlib" "/opt/rustwide/rustup-home/toolchains/1.54.0-x86_64-unknown-linux-gnu/lib/rustlib/x86_64-unknown-linux-gnu/lib/librustc_std_workspace_alloc-61834e0981b8c367.rlib" "/opt/rustwide/rustup-home/toolchains/1.54.0-x86_64-unknown-linux-gnu/lib/rustlib/x86_64-unknown-linux-gnu/lib/libunwind-f78aa99d613a55bc.rlib" "/opt/rustwide/rustup-home/toolchains/1.54.0-x86_64-unknown-linux-gnu/lib/rustlib/x86_64-unknown-linux-gnu/lib/libcfg_if-53ee54cd7fed2c57.rlib" "/opt/rustwide/rustup-home/toolchains/1.54.0-x86_64-unknown-linux-gnu/lib/rustlib/x86_64-unknown-linux-gnu/lib/liblibc-544ecdbd6cda3c58.rlib" "/opt/rustwide/rustup-home/toolchains/1.54.0-x86_64-unknown-linux-gnu/lib/rustlib/x86_64-unknown-linux-gnu/lib/liballoc-379cc252b6943a79.rlib" "/opt/rustwide/rustup-home/toolchains/1.54.0-x86_64-unknown-linux-gnu/lib/rustlib/x86_64-unknown-linux-gnu/lib/librustc_std_workspace_core-8063eea38dcc5e62.rlib" "/opt/rustwide/rustup-home/toolchains/1.54.0-x86_64-unknown-linux-gnu/lib/rustlib/x86_64-unknown-linux-gnu/lib/libcore-5b228734afae15ee.rlib" "-Wl,--end-group" "/opt/rustwide/rustup-home/toolchains/1.54.0-x86_64-unknown-linux-gnu/lib/rustlib/x86_64-unknown-linux-gnu/lib/libcompiler_builtins-d6c7a399d95d173f.rlib" "-Wl,-Bdynamic" "-lvulkan" "-ldl" "-lutil" "-ldl" "-lutil" "-lgcc_s" "-lutil" "-lrt" "-lpthread" "-lm" "-ldl" "-lc" "-Wl,--eh-frame-hdr" "-Wl,-znoexecstack" "-L" "/opt/rustwide/rustup-home/toolchains/1.54.0-x86_64-unknown-linux-gnu/lib/rustlib/x86_64-unknown-linux-gnu/lib" "-o" "/tmp/rustdoctestLZUn5n/rust_out" "-Wl,--gc-sections" "-pie" "-Wl,-zrelro" "-Wl,-znow" "-nodefaultlibs"
[INFO] [stdout]   = note: collect2: fatal error: ld terminated with signal 9 [Killed]
[INFO] [stdout]           compilation terminated.
[INFO] [stdout]           
[INFO] [stdout] 
[INFO] [stdout] error: aborting due to previous error
[INFO] [stdout] 
[INFO] [stdout] Couldn't compile the test.
[INFO] [stdout] ---- src/math/vec3.rs - math::vec3::Vec3::angle_between (line 135) stdout ----
[INFO] [stdout] error: linking with `cc` failed: exit status: 1
[INFO] [stdout]   |
[INFO] [stdout]   = note: "cc" "-m64" "/tmp/rustdoctest0gjBkt/rust_out.rust_out.7rcbfp3g-cgu.0.rcgu.o" "/tmp/rustdoctest0gjBkt/rust_out.33dyzt1ekirinwy8.rcgu.o" "-Wl,--as-needed" "-L" "/opt/rustwide/target/debug/deps" "-L" "/opt/rustwide/target/debug/deps" "-L" "/opt/rustwide/workdir/vulkan" "-L" "/opt/rustwide/rustup-home/toolchains/1.54.0-x86_64-unknown-linux-gnu/lib/rustlib/x86_64-unknown-linux-gnu/lib" "-Wl,-Bstatic" "/opt/rustwide/target/debug/deps/libduku-12d1f6080b55f315.rlib" "/opt/rustwide/target/debug/deps/libwinit-3905c2da0b617309.rlib" "/opt/rustwide/target/debug/deps/libmio_extras-353f255b6a9f280b.rlib" "/opt/rustwide/target/debug/deps/liblazycell-05b01983d1848580.rlib" "/opt/rustwide/target/debug/deps/libmio-1027cd032786e62f.rlib" "/opt/rustwide/target/debug/deps/libslab-a95947d689540fa4.rlib" "/opt/rustwide/target/debug/deps/libiovec-502f1a3b71310635.rlib" "/opt/rustwide/target/debug/deps/libnet2-dcf4b41d4cdb5fe1.rlib" "/opt/rustwide/target/debug/deps/libx11_dl-4ec6979350e4c35b.rlib" "/opt/rustwide/target/debug/deps/libmaybe_uninit-17ac005437abed86.rlib" "/opt/rustwide/target/debug/deps/libpercent_encoding-549c334c22432c49.rlib" "/opt/rustwide/target/debug/deps/libsmithay_client_toolkit-7ff5625dd297fe03.rlib" "/opt/rustwide/target/debug/deps/libandrew-28e5d1c8201612f7.rlib" "/opt/rustwide/target/debug/deps/libxml-f0211806b299c0ce.rlib" "/opt/rustwide/target/debug/deps/libxdg-647441c92ee2915e.rlib" "/opt/rustwide/target/debug/deps/libwalkdir-d3d1a098ed37f0d0.rlib" "/opt/rustwide/target/debug/deps/libsame_file-6c7da3b22554f6bc.rlib" "/opt/rustwide/target/debug/deps/librusttype-a700fdc839708b1d.rlib" "/opt/rustwide/target/debug/deps/libab_glyph_rasterizer-8f0e5b321a3126db.rlib" "/opt/rustwide/target/debug/deps/libowned_ttf_parser-aeadc6ed44872987.rlib" "/opt/rustwide/target/debug/deps/libttf_parser-e67ab49fd649a937.rlib" "/opt/rustwide/target/debug/deps/libline_drawing-2dfabc050453f315.rlib" "/opt/rustwide/target/debug/deps/libnum_traits-2f0ef9f47d11e175.rlib" "/opt/rustwide/target/debug/deps/libnum_traits-ae5ffc8ff8101071.rlib" "/opt/rustwide/target/debug/deps/libwayland_cursor-b5aec2fddd2e142d.rlib" "/opt/rustwide/target/debug/deps/libxcursor-ad0fc8aff28c6e3f.rlib" "/opt/rustwide/target/debug/deps/libnom-7d7a3617eb07e230.rlib" "/opt/rustwide/target/debug/deps/libmemchr-b7b7d3ab61811402.rlib" "/opt/rustwide/target/debug/deps/libmemmap-db054feec8f2ab17.rlib" "/opt/rustwide/target/debug/deps/libbyteorder-d836ba3e41654e24.rlib" "/opt/rustwide/target/debug/deps/libwayland_protocols-975c417df9b94faa.rlib" "/opt/rustwide/target/debug/deps/libwayland_client-bc619048993724c6.rlib" "/opt/rustwide/target/debug/deps/libscoped_tls-602338794b502a6b.rlib" "/opt/rustwide/target/debug/deps/libwayland_commons-46b9decf8c8690f2.rlib" "/opt/rustwide/target/debug/deps/libonce_cell-e80fe5d7e2321ae3.rlib" "/opt/rustwide/target/debug/deps/libwayland_sys-85409cfc03725860.rlib" "/opt/rustwide/target/debug/deps/libcalloop-1db951e9682bde48.rlib" "/opt/rustwide/target/debug/deps/libnix-7305fa1ea82de9a6.rlib" "/opt/rustwide/target/debug/deps/libdlib-af4d674558d1be20.rlib" "/opt/rustwide/target/debug/deps/liblibloading-bbfea0cbc412f264.rlib" "/opt/rustwide/target/debug/deps/libraw_window_handle-392e9e92786c5221.rlib" "/opt/rustwide/target/debug/deps/libparking_lot-f0d1db74cfdf8383.rlib" "/opt/rustwide/target/debug/deps/libparking_lot_core-9184f1d0012a25a6.rlib" "/opt/rustwide/target/debug/deps/liblibc-428df1fde8edbf38.rlib" "/opt/rustwide/target/debug/deps/libsmallvec-8ed8e20939789287.rlib" "/opt/rustwide/target/debug/deps/liblock_api-e65fe944234af0eb.rlib" "/opt/rustwide/target/debug/deps/libscopeguard-7a1710762e6687e9.rlib" "/opt/rustwide/target/debug/deps/libinstant-d60ffbb54a255d53.rlib" "/opt/rustwide/target/debug/deps/libbitflags-f89ae4b715176e2d.rlib" "/opt/rustwide/target/debug/deps/liblog-00ac55f4644ef2c9.rlib" "/opt/rustwide/target/debug/deps/libcfg_if-e7a28af79b261e75.rlib" "/opt/rustwide/target/debug/deps/liblazy_static-5c53d641eb010a81.rlib" "-Wl,--start-group" "/opt/rustwide/rustup-home/toolchains/1.54.0-x86_64-unknown-linux-gnu/lib/rustlib/x86_64-unknown-linux-gnu/lib/libstd-2420485b9e5ef5e1.rlib" "/opt/rustwide/rustup-home/toolchains/1.54.0-x86_64-unknown-linux-gnu/lib/rustlib/x86_64-unknown-linux-gnu/lib/libpanic_unwind-785e3cb61c4b1960.rlib" "/opt/rustwide/rustup-home/toolchains/1.54.0-x86_64-unknown-linux-gnu/lib/rustlib/x86_64-unknown-linux-gnu/lib/libminiz_oxide-087191a88bdaa22d.rlib" "/opt/rustwide/rustup-home/toolchains/1.54.0-x86_64-unknown-linux-gnu/lib/rustlib/x86_64-unknown-linux-gnu/lib/libadler-9981842c02975178.rlib" "/opt/rustwide/rustup-home/toolchains/1.54.0-x86_64-unknown-linux-gnu/lib/rustlib/x86_64-unknown-linux-gnu/lib/libobject-6fb405869b015fde.rlib" "/opt/rustwide/rustup-home/toolchains/1.54.0-x86_64-unknown-linux-gnu/lib/rustlib/x86_64-unknown-linux-gnu/lib/libaddr2line-d05c5c3c56004b7b.rlib" "/opt/rustwide/rustup-home/toolchains/1.54.0-x86_64-unknown-linux-gnu/lib/rustlib/x86_64-unknown-linux-gnu/lib/libgimli-42d74d2097528b38.rlib" "/opt/rustwide/rustup-home/toolchains/1.54.0-x86_64-unknown-linux-gnu/lib/rustlib/x86_64-unknown-linux-gnu/lib/libstd_detect-fb36534c113d2209.rlib" "/opt/rustwide/rustup-home/toolchains/1.54.0-x86_64-unknown-linux-gnu/lib/rustlib/x86_64-unknown-linux-gnu/lib/librustc_demangle-b56b9042c12b6535.rlib" "/opt/rustwide/rustup-home/toolchains/1.54.0-x86_64-unknown-linux-gnu/lib/rustlib/x86_64-unknown-linux-gnu/lib/libhashbrown-491902d6cb3e76df.rlib" "/opt/rustwide/rustup-home/toolchains/1.54.0-x86_64-unknown-linux-gnu/lib/rustlib/x86_64-unknown-linux-gnu/lib/librustc_std_workspace_alloc-61834e0981b8c367.rlib" "/opt/rustwide/rustup-home/toolchains/1.54.0-x86_64-unknown-linux-gnu/lib/rustlib/x86_64-unknown-linux-gnu/lib/libunwind-f78aa99d613a55bc.rlib" "/opt/rustwide/rustup-home/toolchains/1.54.0-x86_64-unknown-linux-gnu/lib/rustlib/x86_64-unknown-linux-gnu/lib/libcfg_if-53ee54cd7fed2c57.rlib" "/opt/rustwide/rustup-home/toolchains/1.54.0-x86_64-unknown-linux-gnu/lib/rustlib/x86_64-unknown-linux-gnu/lib/liblibc-544ecdbd6cda3c58.rlib" "/opt/rustwide/rustup-home/toolchains/1.54.0-x86_64-unknown-linux-gnu/lib/rustlib/x86_64-unknown-linux-gnu/lib/liballoc-379cc252b6943a79.rlib" "/opt/rustwide/rustup-home/toolchains/1.54.0-x86_64-unknown-linux-gnu/lib/rustlib/x86_64-unknown-linux-gnu/lib/librustc_std_workspace_core-8063eea38dcc5e62.rlib" "/opt/rustwide/rustup-home/toolchains/1.54.0-x86_64-unknown-linux-gnu/lib/rustlib/x86_64-unknown-linux-gnu/lib/libcore-5b228734afae15ee.rlib" "-Wl,--end-group" "/opt/rustwide/rustup-home/toolchains/1.54.0-x86_64-unknown-linux-gnu/lib/rustlib/x86_64-unknown-linux-gnu/lib/libcompiler_builtins-d6c7a399d95d173f.rlib" "-Wl,-Bdynamic" "-lvulkan" "-ldl" "-lutil" "-ldl" "-lutil" "-lgcc_s" "-lutil" "-lrt" "-lpthread" "-lm" "-ldl" "-lc" "-Wl,--eh-frame-hdr" "-Wl,-znoexecstack" "-L" "/opt/rustwide/rustup-home/toolchains/1.54.0-x86_64-unknown-linux-gnu/lib/rustlib/x86_64-unknown-linux-gnu/lib" "-o" "/tmp/rustdoctest0gjBkt/rust_out" "-Wl,--gc-sections" "-pie" "-Wl,-zrelro" "-Wl,-znow" "-nodefaultlibs"
[INFO] [stdout]   = note: collect2: fatal error: ld terminated with signal 9 [Killed]
[INFO] [stdout]           compilation terminated.
[INFO] [stdout]           
[INFO] [stdout] 
[INFO] [stdout] error: aborting due to previous error
[INFO] [stdout] 
[INFO] [stdout] Couldn't compile the test.
[INFO] [stdout] ---- src/math/vec2.rs - math::vec2::Vec2::angle_between (line 114) stdout ----
[INFO] [stdout] error: linking with `cc` failed: exit status: 1
[INFO] [stdout]   |
[INFO] [stdout]   = note: "cc" "-m64" "/tmp/rustdoctestAJiTjG/rust_out.rust_out.7rcbfp3g-cgu.0.rcgu.o" "/tmp/rustdoctestAJiTjG/rust_out.33dyzt1ekirinwy8.rcgu.o" "-Wl,--as-needed" "-L" "/opt/rustwide/target/debug/deps" "-L" "/opt/rustwide/target/debug/deps" "-L" "/opt/rustwide/workdir/vulkan" "-L" "/opt/rustwide/rustup-home/toolchains/1.54.0-x86_64-unknown-linux-gnu/lib/rustlib/x86_64-unknown-linux-gnu/lib" "-Wl,-Bstatic" "/opt/rustwide/target/debug/deps/libduku-12d1f6080b55f315.rlib" "/opt/rustwide/target/debug/deps/libwinit-3905c2da0b617309.rlib" "/opt/rustwide/target/debug/deps/libmio_extras-353f255b6a9f280b.rlib" "/opt/rustwide/target/debug/deps/liblazycell-05b01983d1848580.rlib" "/opt/rustwide/target/debug/deps/libmio-1027cd032786e62f.rlib" "/opt/rustwide/target/debug/deps/libslab-a95947d689540fa4.rlib" "/opt/rustwide/target/debug/deps/libiovec-502f1a3b71310635.rlib" "/opt/rustwide/target/debug/deps/libnet2-dcf4b41d4cdb5fe1.rlib" "/opt/rustwide/target/debug/deps/libx11_dl-4ec6979350e4c35b.rlib" "/opt/rustwide/target/debug/deps/libmaybe_uninit-17ac005437abed86.rlib" "/opt/rustwide/target/debug/deps/libpercent_encoding-549c334c22432c49.rlib" "/opt/rustwide/target/debug/deps/libsmithay_client_toolkit-7ff5625dd297fe03.rlib" "/opt/rustwide/target/debug/deps/libandrew-28e5d1c8201612f7.rlib" "/opt/rustwide/target/debug/deps/libxml-f0211806b299c0ce.rlib" "/opt/rustwide/target/debug/deps/libxdg-647441c92ee2915e.rlib" "/opt/rustwide/target/debug/deps/libwalkdir-d3d1a098ed37f0d0.rlib" "/opt/rustwide/target/debug/deps/libsame_file-6c7da3b22554f6bc.rlib" "/opt/rustwide/target/debug/deps/librusttype-a700fdc839708b1d.rlib" "/opt/rustwide/target/debug/deps/libab_glyph_rasterizer-8f0e5b321a3126db.rlib" "/opt/rustwide/target/debug/deps/libowned_ttf_parser-aeadc6ed44872987.rlib" "/opt/rustwide/target/debug/deps/libttf_parser-e67ab49fd649a937.rlib" "/opt/rustwide/target/debug/deps/libline_drawing-2dfabc050453f315.rlib" "/opt/rustwide/target/debug/deps/libnum_traits-2f0ef9f47d11e175.rlib" "/opt/rustwide/target/debug/deps/libnum_traits-ae5ffc8ff8101071.rlib" "/opt/rustwide/target/debug/deps/libwayland_cursor-b5aec2fddd2e142d.rlib" "/opt/rustwide/target/debug/deps/libxcursor-ad0fc8aff28c6e3f.rlib" "/opt/rustwide/target/debug/deps/libnom-7d7a3617eb07e230.rlib" "/opt/rustwide/target/debug/deps/libmemchr-b7b7d3ab61811402.rlib" "/opt/rustwide/target/debug/deps/libmemmap-db054feec8f2ab17.rlib" "/opt/rustwide/target/debug/deps/libbyteorder-d836ba3e41654e24.rlib" "/opt/rustwide/target/debug/deps/libwayland_protocols-975c417df9b94faa.rlib" "/opt/rustwide/target/debug/deps/libwayland_client-bc619048993724c6.rlib" "/opt/rustwide/target/debug/deps/libscoped_tls-602338794b502a6b.rlib" "/opt/rustwide/target/debug/deps/libwayland_commons-46b9decf8c8690f2.rlib" "/opt/rustwide/target/debug/deps/libonce_cell-e80fe5d7e2321ae3.rlib" "/opt/rustwide/target/debug/deps/libwayland_sys-85409cfc03725860.rlib" "/opt/rustwide/target/debug/deps/libcalloop-1db951e9682bde48.rlib" "/opt/rustwide/target/debug/deps/libnix-7305fa1ea82de9a6.rlib" "/opt/rustwide/target/debug/deps/libdlib-af4d674558d1be20.rlib" "/opt/rustwide/target/debug/deps/liblibloading-bbfea0cbc412f264.rlib" "/opt/rustwide/target/debug/deps/libraw_window_handle-392e9e92786c5221.rlib" "/opt/rustwide/target/debug/deps/libparking_lot-f0d1db74cfdf8383.rlib" "/opt/rustwide/target/debug/deps/libparking_lot_core-9184f1d0012a25a6.rlib" "/opt/rustwide/target/debug/deps/liblibc-428df1fde8edbf38.rlib" "/opt/rustwide/target/debug/deps/libsmallvec-8ed8e20939789287.rlib" "/opt/rustwide/target/debug/deps/liblock_api-e65fe944234af0eb.rlib" "/opt/rustwide/target/debug/deps/libscopeguard-7a1710762e6687e9.rlib" "/opt/rustwide/target/debug/deps/libinstant-d60ffbb54a255d53.rlib" "/opt/rustwide/target/debug/deps/libbitflags-f89ae4b715176e2d.rlib" "/opt/rustwide/target/debug/deps/liblog-00ac55f4644ef2c9.rlib" "/opt/rustwide/target/debug/deps/libcfg_if-e7a28af79b261e75.rlib" "/opt/rustwide/target/debug/deps/liblazy_static-5c53d641eb010a81.rlib" "-Wl,--start-group" "/opt/rustwide/rustup-home/toolchains/1.54.0-x86_64-unknown-linux-gnu/lib/rustlib/x86_64-unknown-linux-gnu/lib/libstd-2420485b9e5ef5e1.rlib" "/opt/rustwide/rustup-home/toolchains/1.54.0-x86_64-unknown-linux-gnu/lib/rustlib/x86_64-unknown-linux-gnu/lib/libpanic_unwind-785e3cb61c4b1960.rlib" "/opt/rustwide/rustup-home/toolchains/1.54.0-x86_64-unknown-linux-gnu/lib/rustlib/x86_64-unknown-linux-gnu/lib/libminiz_oxide-087191a88bdaa22d.rlib" "/opt/rustwide/rustup-home/toolchains/1.54.0-x86_64-unknown-linux-gnu/lib/rustlib/x86_64-unknown-linux-gnu/lib/libadler-9981842c02975178.rlib" "/opt/rustwide/rustup-home/toolchains/1.54.0-x86_64-unknown-linux-gnu/lib/rustlib/x86_64-unknown-linux-gnu/lib/libobject-6fb405869b015fde.rlib" "/opt/rustwide/rustup-home/toolchains/1.54.0-x86_64-unknown-linux-gnu/lib/rustlib/x86_64-unknown-linux-gnu/lib/libaddr2line-d05c5c3c56004b7b.rlib" "/opt/rustwide/rustup-home/toolchains/1.54.0-x86_64-unknown-linux-gnu/lib/rustlib/x86_64-unknown-linux-gnu/lib/libgimli-42d74d2097528b38.rlib" "/opt/rustwide/rustup-home/toolchains/1.54.0-x86_64-unknown-linux-gnu/lib/rustlib/x86_64-unknown-linux-gnu/lib/libstd_detect-fb36534c113d2209.rlib" "/opt/rustwide/rustup-home/toolchains/1.54.0-x86_64-unknown-linux-gnu/lib/rustlib/x86_64-unknown-linux-gnu/lib/librustc_demangle-b56b9042c12b6535.rlib" "/opt/rustwide/rustup-home/toolchains/1.54.0-x86_64-unknown-linux-gnu/lib/rustlib/x86_64-unknown-linux-gnu/lib/libhashbrown-491902d6cb3e76df.rlib" "/opt/rustwide/rustup-home/toolchains/1.54.0-x86_64-unknown-linux-gnu/lib/rustlib/x86_64-unknown-linux-gnu/lib/librustc_std_workspace_alloc-61834e0981b8c367.rlib" "/opt/rustwide/rustup-home/toolchains/1.54.0-x86_64-unknown-linux-gnu/lib/rustlib/x86_64-unknown-linux-gnu/lib/libunwind-f78aa99d613a55bc.rlib" "/opt/rustwide/rustup-home/toolchains/1.54.0-x86_64-unknown-linux-gnu/lib/rustlib/x86_64-unknown-linux-gnu/lib/libcfg_if-53ee54cd7fed2c57.rlib" "/opt/rustwide/rustup-home/toolchains/1.54.0-x86_64-unknown-linux-gnu/lib/rustlib/x86_64-unknown-linux-gnu/lib/liblibc-544ecdbd6cda3c58.rlib" "/opt/rustwide/rustup-home/toolchains/1.54.0-x86_64-unknown-linux-gnu/lib/rustlib/x86_64-unknown-linux-gnu/lib/liballoc-379cc252b6943a79.rlib" "/opt/rustwide/rustup-home/toolchains/1.54.0-x86_64-unknown-linux-gnu/lib/rustlib/x86_64-unknown-linux-gnu/lib/librustc_std_workspace_core-8063eea38dcc5e62.rlib" "/opt/rustwide/rustup-home/toolchains/1.54.0-x86_64-unknown-linux-gnu/lib/rustlib/x86_64-unknown-linux-gnu/lib/libcore-5b228734afae15ee.rlib" "-Wl,--end-group" "/opt/rustwide/rustup-home/toolchains/1.54.0-x86_64-unknown-linux-gnu/lib/rustlib/x86_64-unknown-linux-gnu/lib/libcompiler_builtins-d6c7a399d95d173f.rlib" "-Wl,-Bdynamic" "-lvulkan" "-ldl" "-lutil" "-ldl" "-lutil" "-lgcc_s" "-lutil" "-lrt" "-lpthread" "-lm" "-ldl" "-lc" "-Wl,--eh-frame-hdr" "-Wl,-znoexecstack" "-L" "/opt/rustwide/rustup-home/toolchains/1.54.0-x86_64-unknown-linux-gnu/lib/rustlib/x86_64-unknown-linux-gnu/lib" "-o" "/tmp/rustdoctestAJiTjG/rust_out" "-Wl,--gc-sections" "-pie" "-Wl,-zrelro" "-Wl,-znow" "-nodefaultlibs"
[INFO] [stdout]   = note: collect2: fatal error: ld terminated with signal 9 [Killed]
[INFO] [stdout]           compilation terminated.
[INFO] [stdout]           
[INFO] [stdout] 
[INFO] [stdout] error: aborting due to previous error
[INFO] [stdout] 
[INFO] [stdout] Couldn't compile the test.
[INFO] [stdout] 
[INFO] [stdout] failures:
[INFO] [stdout]     src/color/gradient.rs - color::gradient::Gradient (line 12)
[INFO] [stdout]     src/color/hsb.rs - color::hsb::Hsb (line 19)
[INFO] [stdout]     src/color/hsb.rs - color::hsb::Hsb::alpha (line 57)
[INFO] [stdout]     src/color/hsb.rs - color::hsb::Hsb::brighten (line 104)
[INFO] [stdout]     src/color/hsb.rs - color::hsb::Hsb::darken (line 89)
[INFO] [stdout]     src/color/hsb.rs - color::hsb::Hsb::desaturate (line 134)
[INFO] [stdout]     src/color/hsb.rs - color::hsb::Hsb::saturate (line 119)
[INFO] [stdout]     src/color/hsb.rs - color::hsb::Hsb::shift (line 74)
[INFO] [stdout]     src/color/rgb.rs - color::rgb::Rgb (line 15)
[INFO] [stdout]     src/color/rgb.rs - color::rgb::Rgb::alpha (line 74)
[INFO] [stdout]     src/color/rgbf.rs - color::rgbf::Rgbf (line 15)
[INFO] [stdout]     src/math/mat4.rs - math::mat4::Mat4 (line 21)
[INFO] [stdout]     src/math/vec2.rs - math::vec2::Vec2::angle_between (line 114)
[INFO] [stdout]     src/math/vec3.rs - math::vec3::Vec3::angle_between (line 135)
[INFO] [stdout] 
[INFO] [stdout] test result: FAILED. 15 passed; 14 failed; 0 ignored; 0 measured; 0 filtered out; finished in 11.54s
[INFO] [stdout] 
[INFO] [stderr] error: test failed, to rerun pass '--doc'
[INFO] running `Command { std: "docker" "inspect" "36afafb8b498cbec9e064b7fd2b10a746950d5501afe378c552bc5fdba65a6fc", kill_on_drop: false }`
[INFO] running `Command { std: "docker" "rm" "-f" "36afafb8b498cbec9e064b7fd2b10a746950d5501afe378c552bc5fdba65a6fc", kill_on_drop: false }`
[INFO] [stdout] 36afafb8b498cbec9e064b7fd2b10a746950d5501afe378c552bc5fdba65a6fc
