[INFO] cloning repository https://github.com/NavyD/linux-configuration
[INFO] running `Command { std: "git" "-c" "credential.helper=" "-c" "credential.helper=/workspace/cargo-home/bin/git-credential-null" "clone" "--bare" "https://github.com/NavyD/linux-configuration" "/workspace/cache/git-repos/https%3A%2F%2Fgithub.com%2FNavyD%2Flinux-configuration", kill_on_drop: false }`
[INFO] [stderr] Cloning into bare repository '/workspace/cache/git-repos/https%3A%2F%2Fgithub.com%2FNavyD%2Flinux-configuration'...
[INFO] running `Command { std: "git" "rev-parse" "HEAD", kill_on_drop: false }`
[INFO] [stdout] 2a8fa124bc060e3c6efb3242220b768d66bf8a92
[INFO] testing NavyD/linux-configuration against 1.54.0 for beta-1.55-1
[INFO] running `Command { std: "git" "clone" "/workspace/cache/git-repos/https%3A%2F%2Fgithub.com%2FNavyD%2Flinux-configuration" "/workspace/builds/worker-37/source", kill_on_drop: false }`
[INFO] [stderr] Cloning into '/workspace/builds/worker-37/source'...
[INFO] [stderr] done.
[INFO] validating manifest of git repo https://github.com/NavyD/linux-configuration on toolchain 1.54.0
[INFO] running `Command { std: "/workspace/cargo-home/bin/cargo" "+1.54.0" "metadata" "--manifest-path" "Cargo.toml" "--no-deps", kill_on_drop: false }`
[INFO] started tweaking git repo https://github.com/NavyD/linux-configuration
[INFO] finished tweaking git repo https://github.com/NavyD/linux-configuration
[INFO] tweaked toml for git repo https://github.com/NavyD/linux-configuration written to /workspace/builds/worker-37/source/Cargo.toml
[INFO] crate git repo https://github.com/NavyD/linux-configuration already has a lockfile, it will not be regenerated
[INFO] running `Command { std: "/workspace/cargo-home/bin/cargo" "+1.54.0" "fetch" "--manifest-path" "Cargo.toml", kill_on_drop: false }`
[INFO] [stderr]     Blocking waiting for file lock on package cache
[INFO] [stderr]     Blocking waiting for file lock on package cache
[INFO] running `Command { std: "docker" "create" "-v" "/var/lib/crater-agent-workspace/builds/worker-37/target:/opt/rustwide/target:rw,Z" "-v" "/var/lib/crater-agent-workspace/builds/worker-37/source:/opt/rustwide/workdir:ro,Z" "-v" "/var/lib/crater-agent-workspace/cargo-home:/opt/rustwide/cargo-home:ro,Z" "-v" "/var/lib/crater-agent-workspace/rustup-home:/opt/rustwide/rustup-home:ro,Z" "-e" "SOURCE_DIR=/opt/rustwide/workdir" "-e" "CARGO_TARGET_DIR=/opt/rustwide/target" "-e" "CARGO_HOME=/opt/rustwide/cargo-home" "-e" "RUSTUP_HOME=/opt/rustwide/rustup-home" "-w" "/opt/rustwide/workdir" "-m" "1610612736" "--user" "0:0" "--network" "none" "ghcr.io/rust-lang/crates-build-env/linux@sha256:34b6a614d2c27851fe6cbf88fbd1137609cefab8b10d0615aaeb6fd47975d74e" "/opt/rustwide/cargo-home/bin/cargo" "+1.54.0" "metadata" "--no-deps" "--format-version=1", kill_on_drop: false }`
[INFO] [stdout] 1775e90d3d12ef41fca54076464b94fe9f4c348cb36dbd34554c6bc7bc1e4819
[INFO] running `Command { std: "docker" "start" "-a" "1775e90d3d12ef41fca54076464b94fe9f4c348cb36dbd34554c6bc7bc1e4819", kill_on_drop: false }`
[INFO] running `Command { std: "docker" "inspect" "1775e90d3d12ef41fca54076464b94fe9f4c348cb36dbd34554c6bc7bc1e4819", kill_on_drop: false }`
[INFO] running `Command { std: "docker" "rm" "-f" "1775e90d3d12ef41fca54076464b94fe9f4c348cb36dbd34554c6bc7bc1e4819", kill_on_drop: false }`
[INFO] [stdout] 1775e90d3d12ef41fca54076464b94fe9f4c348cb36dbd34554c6bc7bc1e4819
[INFO] running `Command { std: "docker" "create" "-v" "/var/lib/crater-agent-workspace/builds/worker-37/target:/opt/rustwide/target:rw,Z" "-v" "/var/lib/crater-agent-workspace/builds/worker-37/source:/opt/rustwide/workdir:ro,Z" "-v" "/var/lib/crater-agent-workspace/cargo-home:/opt/rustwide/cargo-home:ro,Z" "-v" "/var/lib/crater-agent-workspace/rustup-home:/opt/rustwide/rustup-home:ro,Z" "-e" "SOURCE_DIR=/opt/rustwide/workdir" "-e" "CARGO_TARGET_DIR=/opt/rustwide/target" "-e" "CARGO_INCREMENTAL=0" "-e" "RUST_BACKTRACE=full" "-e" "RUSTFLAGS=--cap-lints=warn" "-e" "CARGO_HOME=/opt/rustwide/cargo-home" "-e" "RUSTUP_HOME=/opt/rustwide/rustup-home" "-w" "/opt/rustwide/workdir" "-m" "1610612736" "--user" "0:0" "--network" "none" "ghcr.io/rust-lang/crates-build-env/linux@sha256:34b6a614d2c27851fe6cbf88fbd1137609cefab8b10d0615aaeb6fd47975d74e" "/opt/rustwide/cargo-home/bin/cargo" "+1.54.0" "build" "--frozen" "--message-format=json", kill_on_drop: false }`
[INFO] [stdout] 3ce2996a0bd53e1148d47d0e8aa4d1fa9a8fce022c4f335c78f5d4811a7bfd0f
[INFO] running `Command { std: "docker" "start" "-a" "3ce2996a0bd53e1148d47d0e8aa4d1fa9a8fce022c4f335c78f5d4811a7bfd0f", kill_on_drop: false }`
[INFO] [stderr]    Compiling libc v0.2.71
[INFO] [stderr]    Compiling cfg-if v0.1.10
[INFO] [stderr]    Compiling log v0.4.8
[INFO] [stderr]    Compiling bitflags v1.2.1
[INFO] [stderr]    Compiling memchr v2.3.3
[INFO] [stderr]    Compiling instant v0.1.6
[INFO] [stderr]    Compiling slab v0.4.2
[INFO] [stderr]    Compiling scopeguard v1.1.0
[INFO] [stderr]    Compiling smallvec v1.4.0
[INFO] [stderr]    Compiling lazy_static v1.4.0
[INFO] [stderr]    Compiling same-file v1.0.6
[INFO] [stderr]    Compiling lazycell v1.2.1
[INFO] [stderr]    Compiling regex-syntax v0.6.18
[INFO] [stderr]    Compiling lock_api v0.4.0
[INFO] [stderr]    Compiling thread_local v1.0.1
[INFO] [stderr]    Compiling walkdir v2.3.1
[INFO] [stderr]    Compiling aho-corasick v0.7.13
[INFO] [stderr]    Compiling net2 v0.2.34
[INFO] [stderr]    Compiling iovec v0.1.4
[INFO] [stderr]    Compiling inotify-sys v0.1.3
[INFO] [stderr]    Compiling parking_lot_core v0.8.0
[INFO] [stderr]    Compiling filetime v0.2.10
[INFO] [stderr]    Compiling inotify v0.7.1
[INFO] [stderr]    Compiling mio v0.6.22
[INFO] [stderr]    Compiling parking_lot v0.11.0
[INFO] [stderr]    Compiling scheduled-thread-pool v0.2.5
[INFO] [stderr]    Compiling mio-extras v2.0.6
[INFO] [stderr]    Compiling regex v1.3.9
[INFO] [stderr]    Compiling notify v4.0.15
[INFO] [stderr]    Compiling auto-configuration v0.1.0 (/opt/rustwide/workdir)
[INFO] [stdout] warning: unused imports: `RecursiveMode`, `watcher`
[INFO] [stdout]  --> src/configuration.rs:1:14
[INFO] [stdout]   |
[INFO] [stdout] 1 | use notify::{watcher, RecursiveMode, Watcher};
[INFO] [stdout]   |              ^^^^^^^  ^^^^^^^^^^^^^
[INFO] [stdout]   |
[INFO] [stdout]   = note: `#[warn(unused_imports)]` on by default
[INFO] [stdout] 
[INFO] [stdout] 
[INFO] [stdout] warning: unused import: `std::collections::HashMap`
[INFO] [stdout]  --> src/configuration.rs:2:5
[INFO] [stdout]   |
[INFO] [stdout] 2 | use std::collections::HashMap;
[INFO] [stdout]   |     ^^^^^^^^^^^^^^^^^^^^^^^^^
[INFO] [stdout] 
[INFO] [stdout] 
[INFO] [stdout] warning: unused import: `std::fs`
[INFO] [stdout]  --> src/configuration.rs:3:5
[INFO] [stdout]   |
[INFO] [stdout] 3 | use std::fs;
[INFO] [stdout]   |     ^^^^^^^
[INFO] [stdout] 
[INFO] [stdout] 
[INFO] [stdout] warning: unused import: `std::path::PathBuf`
[INFO] [stdout]  --> src/configuration.rs:5:5
[INFO] [stdout]   |
[INFO] [stdout] 5 | use std::path::PathBuf;
[INFO] [stdout]   |     ^^^^^^^^^^^^^^^^^^
[INFO] [stdout] 
[INFO] [stdout] 
[INFO] [stdout] warning: unused import: `std::cell::RefCell`
[INFO] [stdout]  --> src/configuration.rs:7:5
[INFO] [stdout]   |
[INFO] [stdout] 7 | use std::cell::RefCell;
[INFO] [stdout]   |     ^^^^^^^^^^^^^^^^^^
[INFO] [stdout] 
[INFO] [stdout] 
[INFO] [stdout] warning: unused import: `std::env`
[INFO] [stdout]  --> src/configuration.rs:8:5
[INFO] [stdout]   |
[INFO] [stdout] 8 | use std::env;
[INFO] [stdout]   |     ^^^^^^^^
[INFO] [stdout] 
[INFO] [stdout] 
[INFO] [stdout] warning: unused import: `Watcher`
[INFO] [stdout]  --> src/configuration.rs:1:38
[INFO] [stdout]   |
[INFO] [stdout] 1 | use notify::{watcher, RecursiveMode, Watcher};
[INFO] [stdout]   |                                      ^^^^^^^
[INFO] [stdout] 
[INFO] [stdout] 
[INFO] [stdout] warning[E0170]: pattern binding `AptGet` is named the same as one of the variants of the type `PackageManager`
[INFO] [stdout]    --> src/main.rs:223:13
[INFO] [stdout]     |
[INFO] [stdout] 223 |             AptGet => Command::new("sudo")
[INFO] [stdout]     |             ^^^^^^ help: to match on the variant, qualify the path: `PackageManager::AptGet`
[INFO] [stdout]     |
[INFO] [stdout]     = note: `#[warn(bindings_with_variant_name)]` on by default
[INFO] [stdout] 
[INFO] [stdout] 
[INFO] [stdout] warning[E0170]: pattern binding `AptGet` is named the same as one of the variants of the type `PackageManager`
[INFO] [stdout]    --> src/main.rs:245:13
[INFO] [stdout]     |
[INFO] [stdout] 245 |             AptGet => Command::new("apt-get")
[INFO] [stdout]     |             ^^^^^^ help: to match on the variant, qualify the path: `PackageManager::AptGet`
[INFO] [stdout] 
[INFO] [stdout] 
[INFO] [stdout] warning[E0170]: pattern binding `AptGet` is named the same as one of the variants of the type `configuration::PackageManager`
[INFO] [stdout]   --> src/configuration.rs:27:13
[INFO] [stdout]    |
[INFO] [stdout] 27 |             AptGet => Command::new("sudo")
[INFO] [stdout]    |             ^^^^^^ help: to match on the variant, qualify the path: `configuration::PackageManager::AptGet`
[INFO] [stdout] 
[INFO] [stdout] 
[INFO] [stdout] warning[E0170]: pattern binding `AptGet` is named the same as one of the variants of the type `configuration::PackageManager`
[INFO] [stdout]   --> src/configuration.rs:49:13
[INFO] [stdout]    |
[INFO] [stdout] 49 |             AptGet => Command::new("apt-get")
[INFO] [stdout]    |             ^^^^^^ help: to match on the variant, qualify the path: `configuration::PackageManager::AptGet`
[INFO] [stdout] 
[INFO] [stdout] 
[INFO] [stdout] warning: unused variable: `path`
[INFO] [stdout]    --> src/main.rs:151:26
[INFO] [stdout]     |
[INFO] [stdout] 151 |     pub fn commit(&self, path: &Path) -> io::Result<()> {
[INFO] [stdout]     |                          ^^^^ help: if this is intentional, prefix it with an underscore: `_path`
[INFO] [stdout]     |
[INFO] [stdout]     = note: `#[warn(unused_variables)]` on by default
[INFO] [stdout] 
[INFO] [stdout] 
[INFO] [stdout] warning: unused variable: `prepending`
[INFO] [stdout]    --> src/main.rs:329:13
[INFO] [stdout]     |
[INFO] [stdout] 329 |         let prepending = "libssl-dev pkg-config";
[INFO] [stdout]     |             ^^^^^^^^^^ help: if this is intentional, prefix it with an underscore: `_prepending`
[INFO] [stdout] 
[INFO] [stdout] 
[INFO] [stdout] warning: function is never used: `exec_in_dir`
[INFO] [stdout]   --> src/configuration.rs:86:4
[INFO] [stdout]    |
[INFO] [stdout] 86 | fn exec_in_dir(command: &str, dir: &str) -> Result<String, String> {
[INFO] [stdout]    |    ^^^^^^^^^^^
[INFO] [stdout]    |
[INFO] [stdout]    = note: `#[warn(dead_code)]` on by default
[INFO] [stdout] 
[INFO] [stdout] 
[INFO] [stdout] warning: field is never read: `commit_duration`
[INFO] [stdout]    --> src/main.rs:126:5
[INFO] [stdout]     |
[INFO] [stdout] 126 |     commit_duration: Duration,
[INFO] [stdout]     |     ^^^^^^^^^^^^^^^^^^^^^^^^^
[INFO] [stdout] 
[INFO] [stdout] 
[INFO] [stdout] warning: field is never read: `name`
[INFO] [stdout]    --> src/main.rs:127:5
[INFO] [stdout]     |
[INFO] [stdout] 127 |     name: String,
[INFO] [stdout]     |     ^^^^^^^^^^^^
[INFO] [stdout] 
[INFO] [stdout] 
[INFO] [stdout] warning: function is never used: `exec`
[INFO] [stdout]    --> src/main.rs:269:4
[INFO] [stdout]     |
[INFO] [stdout] 269 | fn exec(command: &str) -> io::Result<()> {
[INFO] [stdout]     |    ^^^^
[INFO] [stdout] 
[INFO] [stdout] 
[INFO] [stdout] warning: struct is never constructed: `RustProgram`
[INFO] [stdout]    --> src/main.rs:322:8
[INFO] [stdout]     |
[INFO] [stdout] 322 | struct RustProgram {
[INFO] [stdout]     |        ^^^^^^^^^^^
[INFO] [stdout] 
[INFO] [stdout] 
[INFO] [stdout] warning: associated function is never used: `install`
[INFO] [stdout]    --> src/main.rs:327:12
[INFO] [stdout]     |
[INFO] [stdout] 327 |     pub fn install() {
[INFO] [stdout]     |            ^^^^^^^
[INFO] [stdout] 
[INFO] [stdout] 
[INFO] [stdout] warning: field is never read: `configurations`
[INFO] [stdout]    --> src/main.rs:335:5
[INFO] [stdout]     |
[INFO] [stdout] 335 |     configurations: HashMap<PathBuf, RecursiveMode>,
[INFO] [stdout]     |     ^^^^^^^^^^^^^^^^^^^^^^^^^^^^^^^^^^^^^^^^^^^^^^^
[INFO] [stdout] 
[INFO] [stdout] 
[INFO] [stdout] warning: variable `AptGet` should have a snake case name
[INFO] [stdout]    --> src/main.rs:223:13
[INFO] [stdout]     |
[INFO] [stdout] 223 |             AptGet => Command::new("sudo")
[INFO] [stdout]     |             ^^^^^^ help: convert the identifier to snake case: `apt_get`
[INFO] [stdout]     |
[INFO] [stdout]     = note: `#[warn(non_snake_case)]` on by default
[INFO] [stdout] 
[INFO] [stdout] 
[INFO] [stdout] warning: variable `AptGet` should have a snake case name
[INFO] [stdout]    --> src/main.rs:245:13
[INFO] [stdout]     |
[INFO] [stdout] 245 |             AptGet => Command::new("apt-get")
[INFO] [stdout]     |             ^^^^^^ help: convert the identifier to snake case: `apt_get`
[INFO] [stdout] 
[INFO] [stdout] 
[INFO] [stdout] warning: variable `AptGet` should have a snake case name
[INFO] [stdout]   --> src/configuration.rs:27:13
[INFO] [stdout]    |
[INFO] [stdout] 27 |             AptGet => Command::new("sudo")
[INFO] [stdout]    |             ^^^^^^ help: convert the identifier to snake case: `apt_get`
[INFO] [stdout] 
[INFO] [stdout] 
[INFO] [stdout] warning: variable `AptGet` should have a snake case name
[INFO] [stdout]   --> src/configuration.rs:49:13
[INFO] [stdout]    |
[INFO] [stdout] 49 |             AptGet => Command::new("apt-get")
[INFO] [stdout]    |             ^^^^^^ help: convert the identifier to snake case: `apt_get`
[INFO] [stdout] 
[INFO] [stdout] 
[INFO] [stdout] warning: 24 warnings emitted
[INFO] [stdout] 
[INFO] [stdout] 
[INFO] [stdout] For more information about this error, try `rustc --explain E0170`.
[INFO] [stdout] 
[INFO] [stderr]     Finished dev [unoptimized + debuginfo] target(s) in 8.35s
[INFO] running `Command { std: "docker" "inspect" "3ce2996a0bd53e1148d47d0e8aa4d1fa9a8fce022c4f335c78f5d4811a7bfd0f", kill_on_drop: false }`
[INFO] running `Command { std: "docker" "rm" "-f" "3ce2996a0bd53e1148d47d0e8aa4d1fa9a8fce022c4f335c78f5d4811a7bfd0f", kill_on_drop: false }`
[INFO] [stdout] 3ce2996a0bd53e1148d47d0e8aa4d1fa9a8fce022c4f335c78f5d4811a7bfd0f
[INFO] running `Command { std: "docker" "create" "-v" "/var/lib/crater-agent-workspace/builds/worker-37/target:/opt/rustwide/target:rw,Z" "-v" "/var/lib/crater-agent-workspace/builds/worker-37/source:/opt/rustwide/workdir:ro,Z" "-v" "/var/lib/crater-agent-workspace/cargo-home:/opt/rustwide/cargo-home:ro,Z" "-v" "/var/lib/crater-agent-workspace/rustup-home:/opt/rustwide/rustup-home:ro,Z" "-e" "SOURCE_DIR=/opt/rustwide/workdir" "-e" "CARGO_TARGET_DIR=/opt/rustwide/target" "-e" "CARGO_INCREMENTAL=0" "-e" "RUST_BACKTRACE=full" "-e" "RUSTFLAGS=--cap-lints=warn" "-e" "CARGO_HOME=/opt/rustwide/cargo-home" "-e" "RUSTUP_HOME=/opt/rustwide/rustup-home" "-w" "/opt/rustwide/workdir" "-m" "1610612736" "--user" "0:0" "--network" "none" "ghcr.io/rust-lang/crates-build-env/linux@sha256:34b6a614d2c27851fe6cbf88fbd1137609cefab8b10d0615aaeb6fd47975d74e" "/opt/rustwide/cargo-home/bin/cargo" "+1.54.0" "test" "--frozen" "--no-run" "--message-format=json", kill_on_drop: false }`
[INFO] [stdout] 95f464b800000a029eba8486155f841e8252939a6a20b973facf5193206b71dc
[INFO] running `Command { std: "docker" "start" "-a" "95f464b800000a029eba8486155f841e8252939a6a20b973facf5193206b71dc", kill_on_drop: false }`
[INFO] [stderr]    Compiling auto-configuration v0.1.0 (/opt/rustwide/workdir)
[INFO] [stdout] warning: unused imports: `RecursiveMode`, `watcher`
[INFO] [stdout]  --> src/configuration.rs:1:14
[INFO] [stdout]   |
[INFO] [stdout] 1 | use notify::{watcher, RecursiveMode, Watcher};
[INFO] [stdout]   |              ^^^^^^^  ^^^^^^^^^^^^^
[INFO] [stdout]   |
[INFO] [stdout]   = note: `#[warn(unused_imports)]` on by default
[INFO] [stdout] 
[INFO] [stdout] 
[INFO] [stdout] warning: unused import: `std::collections::HashMap`
[INFO] [stdout]  --> src/configuration.rs:2:5
[INFO] [stdout]   |
[INFO] [stdout] 2 | use std::collections::HashMap;
[INFO] [stdout]   |     ^^^^^^^^^^^^^^^^^^^^^^^^^
[INFO] [stdout] 
[INFO] [stdout] 
[INFO] [stdout] warning: unused import: `std::fs`
[INFO] [stdout]  --> src/configuration.rs:3:5
[INFO] [stdout]   |
[INFO] [stdout] 3 | use std::fs;
[INFO] [stdout]   |     ^^^^^^^
[INFO] [stdout] 
[INFO] [stdout] 
[INFO] [stdout] warning: unused import: `std::path::PathBuf`
[INFO] [stdout]  --> src/configuration.rs:5:5
[INFO] [stdout]   |
[INFO] [stdout] 5 | use std::path::PathBuf;
[INFO] [stdout]   |     ^^^^^^^^^^^^^^^^^^
[INFO] [stdout] 
[INFO] [stdout] 
[INFO] [stdout] warning: unused import: `std::cell::RefCell`
[INFO] [stdout]  --> src/configuration.rs:7:5
[INFO] [stdout]   |
[INFO] [stdout] 7 | use std::cell::RefCell;
[INFO] [stdout]   |     ^^^^^^^^^^^^^^^^^^
[INFO] [stdout] 
[INFO] [stdout] 
[INFO] [stdout] warning: unused import: `std::env`
[INFO] [stdout]  --> src/configuration.rs:8:5
[INFO] [stdout]   |
[INFO] [stdout] 8 | use std::env;
[INFO] [stdout]   |     ^^^^^^^^
[INFO] [stdout] 
[INFO] [stdout] 
[INFO] [stdout] warning: unused import: `Watcher`
[INFO] [stdout]  --> src/configuration.rs:1:38
[INFO] [stdout]   |
[INFO] [stdout] 1 | use notify::{watcher, RecursiveMode, Watcher};
[INFO] [stdout]   |                                      ^^^^^^^
[INFO] [stdout] 
[INFO] [stdout] 
[INFO] [stdout] warning: unused import: `super`
[INFO] [stdout]    --> src/configuration.rs:471:9
[INFO] [stdout]     |
[INFO] [stdout] 471 |     use super::*;
[INFO] [stdout]     |         ^^^^^
[INFO] [stdout] 
[INFO] [stdout] 
[INFO] [stdout] warning[E0170]: pattern binding `AptGet` is named the same as one of the variants of the type `PackageManager`
[INFO] [stdout]    --> src/main.rs:223:13
[INFO] [stdout]     |
[INFO] [stdout] 223 |             AptGet => Command::new("sudo")
[INFO] [stdout]     |             ^^^^^^ help: to match on the variant, qualify the path: `PackageManager::AptGet`
[INFO] [stdout]     |
[INFO] [stdout]     = note: `#[warn(bindings_with_variant_name)]` on by default
[INFO] [stdout] 
[INFO] [stdout] 
[INFO] [stdout] warning[E0170]: pattern binding `AptGet` is named the same as one of the variants of the type `PackageManager`
[INFO] [stdout]    --> src/main.rs:245:13
[INFO] [stdout]     |
[INFO] [stdout] 245 |             AptGet => Command::new("apt-get")
[INFO] [stdout]     |             ^^^^^^ help: to match on the variant, qualify the path: `PackageManager::AptGet`
[INFO] [stdout] 
[INFO] [stdout] 
[INFO] [stdout] warning[E0170]: pattern binding `AptGet` is named the same as one of the variants of the type `configuration::PackageManager`
[INFO] [stdout]   --> src/configuration.rs:27:13
[INFO] [stdout]    |
[INFO] [stdout] 27 |             AptGet => Command::new("sudo")
[INFO] [stdout]    |             ^^^^^^ help: to match on the variant, qualify the path: `configuration::PackageManager::AptGet`
[INFO] [stdout] 
[INFO] [stdout] 
[INFO] [stdout] warning[E0170]: pattern binding `AptGet` is named the same as one of the variants of the type `configuration::PackageManager`
[INFO] [stdout]   --> src/configuration.rs:49:13
[INFO] [stdout]    |
[INFO] [stdout] 49 |             AptGet => Command::new("apt-get")
[INFO] [stdout]    |             ^^^^^^ help: to match on the variant, qualify the path: `configuration::PackageManager::AptGet`
[INFO] [stdout] 
[INFO] [stdout] 
[INFO] [stdout] warning: unused variable: `path`
[INFO] [stdout]    --> src/main.rs:151:26
[INFO] [stdout]     |
[INFO] [stdout] 151 |     pub fn commit(&self, path: &Path) -> io::Result<()> {
[INFO] [stdout]     |                          ^^^^ help: if this is intentional, prefix it with an underscore: `_path`
[INFO] [stdout]     |
[INFO] [stdout]     = note: `#[warn(unused_variables)]` on by default
[INFO] [stdout] 
[INFO] [stdout] 
[INFO] [stdout] warning: unused variable: `prepending`
[INFO] [stdout]    --> src/main.rs:329:13
[INFO] [stdout]     |
[INFO] [stdout] 329 |         let prepending = "libssl-dev pkg-config";
[INFO] [stdout]     |             ^^^^^^^^^^ help: if this is intentional, prefix it with an underscore: `_prepending`
[INFO] [stdout] 
[INFO] [stdout] 
[INFO] [stdout] warning: function is never used: `exec_in_dir`
[INFO] [stdout]   --> src/configuration.rs:86:4
[INFO] [stdout]    |
[INFO] [stdout] 86 | fn exec_in_dir(command: &str, dir: &str) -> Result<String, String> {
[INFO] [stdout]    |    ^^^^^^^^^^^
[INFO] [stdout]    |
[INFO] [stdout]    = note: `#[warn(dead_code)]` on by default
[INFO] [stdout] 
[INFO] [stdout] 
[INFO] [stdout] warning: field is never read: `commit_duration`
[INFO] [stdout]    --> src/main.rs:126:5
[INFO] [stdout]     |
[INFO] [stdout] 126 |     commit_duration: Duration,
[INFO] [stdout]     |     ^^^^^^^^^^^^^^^^^^^^^^^^^
[INFO] [stdout] 
[INFO] [stdout] 
[INFO] [stdout] warning: field is never read: `name`
[INFO] [stdout]    --> src/main.rs:127:5
[INFO] [stdout]     |
[INFO] [stdout] 127 |     name: String,
[INFO] [stdout]     |     ^^^^^^^^^^^^
[INFO] [stdout] 
[INFO] [stdout] 
[INFO] [stdout] warning: function is never used: `exec`
[INFO] [stdout]    --> src/main.rs:269:4
[INFO] [stdout]     |
[INFO] [stdout] 269 | fn exec(command: &str) -> io::Result<()> {
[INFO] [stdout]     |    ^^^^
[INFO] [stdout] 
[INFO] [stdout] 
[INFO] [stdout] warning: struct is never constructed: `RustProgram`
[INFO] [stdout]    --> src/main.rs:322:8
[INFO] [stdout]     |
[INFO] [stdout] 322 | struct RustProgram {
[INFO] [stdout]     |        ^^^^^^^^^^^
[INFO] [stdout] 
[INFO] [stdout] 
[INFO] [stdout] warning: associated function is never used: `install`
[INFO] [stdout]    --> src/main.rs:327:12
[INFO] [stdout]     |
[INFO] [stdout] 327 |     pub fn install() {
[INFO] [stdout]     |            ^^^^^^^
[INFO] [stdout] 
[INFO] [stdout] 
[INFO] [stdout] warning: field is never read: `configurations`
[INFO] [stdout]    --> src/main.rs:335:5
[INFO] [stdout]     |
[INFO] [stdout] 335 |     configurations: HashMap<PathBuf, RecursiveMode>,
[INFO] [stdout]     |     ^^^^^^^^^^^^^^^^^^^^^^^^^^^^^^^^^^^^^^^^^^^^^^^
[INFO] [stdout] 
[INFO] [stdout] 
[INFO] [stdout] warning: variable `AptGet` should have a snake case name
[INFO] [stdout]    --> src/main.rs:223:13
[INFO] [stdout]     |
[INFO] [stdout] 223 |             AptGet => Command::new("sudo")
[INFO] [stdout]     |             ^^^^^^ help: convert the identifier to snake case: `apt_get`
[INFO] [stdout]     |
[INFO] [stdout]     = note: `#[warn(non_snake_case)]` on by default
[INFO] [stdout] 
[INFO] [stdout] 
[INFO] [stdout] warning: variable `AptGet` should have a snake case name
[INFO] [stdout]    --> src/main.rs:245:13
[INFO] [stdout]     |
[INFO] [stdout] 245 |             AptGet => Command::new("apt-get")
[INFO] [stdout]     |             ^^^^^^ help: convert the identifier to snake case: `apt_get`
[INFO] [stdout] 
[INFO] [stdout] 
[INFO] [stdout] warning: variable `AptGet` should have a snake case name
[INFO] [stdout]   --> src/configuration.rs:27:13
[INFO] [stdout]    |
[INFO] [stdout] 27 |             AptGet => Command::new("sudo")
[INFO] [stdout]    |             ^^^^^^ help: convert the identifier to snake case: `apt_get`
[INFO] [stdout] 
[INFO] [stdout] 
[INFO] [stdout] warning: variable `AptGet` should have a snake case name
[INFO] [stdout]   --> src/configuration.rs:49:13
[INFO] [stdout]    |
[INFO] [stdout] 49 |             AptGet => Command::new("apt-get")
[INFO] [stdout]    |             ^^^^^^ help: convert the identifier to snake case: `apt_get`
[INFO] [stdout] 
[INFO] [stdout] 
[INFO] [stdout] warning: 25 warnings emitted
[INFO] [stdout] 
[INFO] [stdout] 
[INFO] [stdout] For more information about this error, try `rustc --explain E0170`.
[INFO] [stdout] 
[INFO] [stderr]     Finished test [unoptimized + debuginfo] target(s) in 2.01s
[INFO] running `Command { std: "docker" "inspect" "95f464b800000a029eba8486155f841e8252939a6a20b973facf5193206b71dc", kill_on_drop: false }`
[INFO] running `Command { std: "docker" "rm" "-f" "95f464b800000a029eba8486155f841e8252939a6a20b973facf5193206b71dc", kill_on_drop: false }`
[INFO] [stdout] 95f464b800000a029eba8486155f841e8252939a6a20b973facf5193206b71dc
[INFO] running `Command { std: "docker" "create" "-v" "/var/lib/crater-agent-workspace/builds/worker-37/target:/opt/rustwide/target:rw,Z" "-v" "/var/lib/crater-agent-workspace/builds/worker-37/source:/opt/rustwide/workdir:ro,Z" "-v" "/var/lib/crater-agent-workspace/cargo-home:/opt/rustwide/cargo-home:ro,Z" "-v" "/var/lib/crater-agent-workspace/rustup-home:/opt/rustwide/rustup-home:ro,Z" "-e" "SOURCE_DIR=/opt/rustwide/workdir" "-e" "CARGO_TARGET_DIR=/opt/rustwide/target" "-e" "CARGO_INCREMENTAL=0" "-e" "RUST_BACKTRACE=full" "-e" "RUSTFLAGS=--cap-lints=warn" "-e" "CARGO_HOME=/opt/rustwide/cargo-home" "-e" "RUSTUP_HOME=/opt/rustwide/rustup-home" "-w" "/opt/rustwide/workdir" "-m" "1610612736" "--user" "0:0" "--network" "none" "ghcr.io/rust-lang/crates-build-env/linux@sha256:34b6a614d2c27851fe6cbf88fbd1137609cefab8b10d0615aaeb6fd47975d74e" "/opt/rustwide/cargo-home/bin/cargo" "+1.54.0" "test" "--frozen", kill_on_drop: false }`
[INFO] [stdout] 444747121bd6b14a47ac39c13f37000d0dc1df3ffd89d01a3d1a24804ec2f957
[INFO] running `Command { std: "docker" "start" "-a" "444747121bd6b14a47ac39c13f37000d0dc1df3ffd89d01a3d1a24804ec2f957", kill_on_drop: false }`
[INFO] [stderr] warning: unused imports: `RecursiveMode`, `watcher`
[INFO] [stderr]  --> src/configuration.rs:1:14
[INFO] [stderr]   |
[INFO] [stderr] 1 | use notify::{watcher, RecursiveMode, Watcher};
[INFO] [stderr]   |              ^^^^^^^  ^^^^^^^^^^^^^
[INFO] [stderr]   |
[INFO] [stderr]   = note: `#[warn(unused_imports)]` on by default
[INFO] [stderr] 
[INFO] [stderr] warning: unused import: `std::collections::HashMap`
[INFO] [stderr]  --> src/configuration.rs:2:5
[INFO] [stderr]   |
[INFO] [stderr] 2 | use std::collections::HashMap;
[INFO] [stderr]   |     ^^^^^^^^^^^^^^^^^^^^^^^^^
[INFO] [stderr] 
[INFO] [stderr] warning: unused import: `std::fs`
[INFO] [stderr]  --> src/configuration.rs:3:5
[INFO] [stderr]   |
[INFO] [stderr] 3 | use std::fs;
[INFO] [stderr]   |     ^^^^^^^
[INFO] [stderr] 
[INFO] [stderr] warning: unused import: `std::path::PathBuf`
[INFO] [stderr]  --> src/configuration.rs:5:5
[INFO] [stderr]   |
[INFO] [stderr] 5 | use std::path::PathBuf;
[INFO] [stderr]   |     ^^^^^^^^^^^^^^^^^^
[INFO] [stderr] 
[INFO] [stderr] warning: unused import: `std::cell::RefCell`
[INFO] [stderr]  --> src/configuration.rs:7:5
[INFO] [stderr]   |
[INFO] [stderr] 7 | use std::cell::RefCell;
[INFO] [stderr]   |     ^^^^^^^^^^^^^^^^^^
[INFO] [stderr] 
[INFO] [stderr] warning: unused import: `std::env`
[INFO] [stderr]  --> src/configuration.rs:8:5
[INFO] [stderr]   |
[INFO] [stderr] 8 | use std::env;
[INFO] [stderr]   |     ^^^^^^^^
[INFO] [stderr] 
[INFO] [stderr] warning: unused import: `Watcher`
[INFO] [stderr]  --> src/configuration.rs:1:38
[INFO] [stderr]   |
[INFO] [stderr] 1 | use notify::{watcher, RecursiveMode, Watcher};
[INFO] [stderr]   |                                      ^^^^^^^
[INFO] [stderr] 
[INFO] [stderr] warning: unused import: `super`
[INFO] [stderr]    --> src/configuration.rs:471:9
[INFO] [stderr]     |
[INFO] [stderr] 471 |     use super::*;
[INFO] [stderr]     |         ^^^^^
[INFO] [stderr] 
[INFO] [stderr] warning[E0170]: pattern binding `AptGet` is named the same as one of the variants of the type `PackageManager`
[INFO] [stderr]    --> src/main.rs:223:13
[INFO] [stderr]     |
[INFO] [stderr] 223 |             AptGet => Command::new("sudo")
[INFO] [stderr]     |             ^^^^^^ help: to match on the variant, qualify the path: `PackageManager::AptGet`
[INFO] [stderr]     |
[INFO] [stderr]     = note: `#[warn(bindings_with_variant_name)]` on by default
[INFO] [stderr] 
[INFO] [stderr] warning[E0170]: pattern binding `AptGet` is named the same as one of the variants of the type `PackageManager`
[INFO] [stderr]    --> src/main.rs:245:13
[INFO] [stderr]     |
[INFO] [stderr] 245 |             AptGet => Command::new("apt-get")
[INFO] [stderr]     |             ^^^^^^ help: to match on the variant, qualify the path: `PackageManager::AptGet`
[INFO] [stderr] 
[INFO] [stderr] warning[E0170]: pattern binding `AptGet` is named the same as one of the variants of the type `configuration::PackageManager`
[INFO] [stderr]   --> src/configuration.rs:27:13
[INFO] [stderr]    |
[INFO] [stderr] 27 |             AptGet => Command::new("sudo")
[INFO] [stderr]    |             ^^^^^^ help: to match on the variant, qualify the path: `configuration::PackageManager::AptGet`
[INFO] [stderr] 
[INFO] [stderr] warning[E0170]: pattern binding `AptGet` is named the same as one of the variants of the type `configuration::PackageManager`
[INFO] [stderr]   --> src/configuration.rs:49:13
[INFO] [stderr]    |
[INFO] [stderr] 49 |             AptGet => Command::new("apt-get")
[INFO] [stderr]    |             ^^^^^^ help: to match on the variant, qualify the path: `configuration::PackageManager::AptGet`
[INFO] [stderr] 
[INFO] [stderr] warning: unused variable: `path`
[INFO] [stderr]    --> src/main.rs:151:26
[INFO] [stderr]     |
[INFO] [stderr] 151 |     pub fn commit(&self, path: &Path) -> io::Result<()> {
[INFO] [stderr]     |                          ^^^^ help: if this is intentional, prefix it with an underscore: `_path`
[INFO] [stderr]     |
[INFO] [stderr]     = note: `#[warn(unused_variables)]` on by default
[INFO] [stderr] 
[INFO] [stderr] warning: unused variable: `prepending`
[INFO] [stderr]    --> src/main.rs:329:13
[INFO] [stderr]     |
[INFO] [stderr] 329 |         let prepending = "libssl-dev pkg-config";
[INFO] [stderr]     |             ^^^^^^^^^^ help: if this is intentional, prefix it with an underscore: `_prepending`
[INFO] [stderr] 
[INFO] [stderr] warning: function is never used: `exec_in_dir`
[INFO] [stderr]   --> src/configuration.rs:86:4
[INFO] [stderr]    |
[INFO] [stderr] 86 | fn exec_in_dir(command: &str, dir: &str) -> Result<String, String> {
[INFO] [stderr]    |    ^^^^^^^^^^^
[INFO] [stderr]    |
[INFO] [stderr]    = note: `#[warn(dead_code)]` on by default
[INFO] [stderr] 
[INFO] [stderr] warning: field is never read: `commit_duration`
[INFO] [stderr]    --> src/main.rs:126:5
[INFO] [stderr]     |
[INFO] [stderr] 126 |     commit_duration: Duration,
[INFO] [stderr]     |     ^^^^^^^^^^^^^^^^^^^^^^^^^
[INFO] [stderr] 
[INFO] [stderr] warning: field is never read: `name`
[INFO] [stderr]    --> src/main.rs:127:5
[INFO] [stderr]     |
[INFO] [stderr] 127 |     name: String,
[INFO] [stderr]     |     ^^^^^^^^^^^^
[INFO] [stderr] 
[INFO] [stderr] warning: function is never used: `exec`
[INFO] [stderr]    --> src/main.rs:269:4
[INFO] [stderr]     |
[INFO] [stderr] 269 | fn exec(command: &str) -> io::Result<()> {
[INFO] [stderr]     |    ^^^^
[INFO] [stderr] 
[INFO] [stderr] warning: struct is never constructed: `RustProgram`
[INFO] [stderr]    --> src/main.rs:322:8
[INFO] [stderr]     |
[INFO] [stderr] 322 | struct RustProgram {
[INFO] [stderr]     |        ^^^^^^^^^^^
[INFO] [stderr] 
[INFO] [stderr] warning: associated function is never used: `install`
[INFO] [stderr]    --> src/main.rs:327:12
[INFO] [stderr]     |
[INFO] [stderr] 327 |     pub fn install() {
[INFO] [stderr]     |            ^^^^^^^
[INFO] [stderr] 
[INFO] [stderr] warning: field is never read: `configurations`
[INFO] [stderr]    --> src/main.rs:335:5
[INFO] [stderr]     |
[INFO] [stderr] 335 |     configurations: HashMap<PathBuf, RecursiveMode>,
[INFO] [stderr]     |     ^^^^^^^^^^^^^^^^^^^^^^^^^^^^^^^^^^^^^^^^^^^^^^^
[INFO] [stderr] 
[INFO] [stderr] warning: variable `AptGet` should have a snake case name
[INFO] [stderr]    --> src/main.rs:223:13
[INFO] [stderr]     |
[INFO] [stderr] 223 |             AptGet => Command::new("sudo")
[INFO] [stderr]     |             ^^^^^^ help: convert the identifier to snake case: `apt_get`
[INFO] [stderr]     |
[INFO] [stderr]     = note: `#[warn(non_snake_case)]` on by default
[INFO] [stderr] 
[INFO] [stderr] warning: variable `AptGet` should have a snake case name
[INFO] [stderr]    --> src/main.rs:245:13
[INFO] [stderr]     |
[INFO] [stderr] 245 |             AptGet => Command::new("apt-get")
[INFO] [stderr]     |             ^^^^^^ help: convert the identifier to snake case: `apt_get`
[INFO] [stderr] 
[INFO] [stderr] warning: variable `AptGet` should have a snake case name
[INFO] [stderr]   --> src/configuration.rs:27:13
[INFO] [stderr]    |
[INFO] [stderr] 27 |             AptGet => Command::new("sudo")
[INFO] [stderr]    |             ^^^^^^ help: convert the identifier to snake case: `apt_get`
[INFO] [stderr] 
[INFO] [stderr] warning: variable `AptGet` should have a snake case name
[INFO] [stderr]   --> src/configuration.rs:49:13
[INFO] [stderr]    |
[INFO] [stderr] 49 |             AptGet => Command::new("apt-get")
[INFO] [stderr]    |             ^^^^^^ help: convert the identifier to snake case: `apt_get`
[INFO] [stderr] 
[INFO] [stderr] warning: 25 warnings emitted
[INFO] [stderr] 
[INFO] [stderr] For more information about this error, try `rustc --explain E0170`.
[INFO] [stderr]     Finished test [unoptimized + debuginfo] target(s) in 0.35s
[INFO] [stderr]      Running unittests (/opt/rustwide/target/debug/deps/auto_configuration-eb6ac8ec9c6b3812)
[INFO] [stdout] 
[INFO] [stdout] running 15 tests
[INFO] [stdout] test configuration::tests::config_from_backup_file ... ok
[INFO] [stdout] test tests::zsh_install ... ok
[INFO] [stdout] test configuration::shell_configuration_tests::exported_var ... ok
[INFO] [stdout] test tests::zsh_exists ... FAILED
[INFO] [stdout] test configuration::shell_configuration_tests::not_exported_var_in_none_name_and_local_name ... ok
[INFO] [stdout] test configuration::shell_configuration_tests::reg_test ... ok
[INFO] [stdout] test configuration::shell_configuration_tests::export_var_with_local_var ... ok
[INFO] [stdout] test configuration::shell_configuration_tests::get_with_prefix_export_or_others ... ok
[INFO] [stdout] test configuration::shell_configuration_tests::put_old_with_quote ... ok
[INFO] [stdout] test configuration::shell_configuration_tests::export_var_failed_in_none_name ... ok
[INFO] [stdout] test configuration::shell_configuration_tests::get_none_with_hash ... ok
[INFO] [stdout] test configuration::shell_configuration_tests::put_new ... ok
[INFO] [stdout] test configuration::shell_configuration_tests::remove_old_var ... ok
[INFO] [stdout] test configuration::shell_configuration_tests::basic_get ... ok
[INFO] [stdout] test configuration::shell_configuration_tests::remove_var_none ... ok
[INFO] [stdout] 
[INFO] [stdout] failures:
[INFO] [stdout] 
[INFO] [stdout] ---- tests::zsh_exists stdout ----
[INFO] [stdout] thread 'tests::zsh_exists' panicked at 'assertion failed: `(left == right)`
[INFO] [stdout]   left: `true`,
[INFO] [stdout]  right: `false`', src/main.rs:375:9
[INFO] [stdout] stack backtrace:
[INFO] [stdout]    0:     0x5640e60f1d60 - std::backtrace_rs::backtrace::libunwind::trace::h34055254b57d8e79
[INFO] [stdout]                                at /rustc/a178d0322ce20e33eac124758e837cbd80a6f633/library/std/src/../../backtrace/src/backtrace/libunwind.rs:90:5
[INFO] [stdout]    1:     0x5640e60f1d60 - std::backtrace_rs::backtrace::trace_unsynchronized::h8f1e3fbd9afff6ec
[INFO] [stdout]                                at /rustc/a178d0322ce20e33eac124758e837cbd80a6f633/library/std/src/../../backtrace/src/backtrace/mod.rs:66:5
[INFO] [stdout]    2:     0x5640e60f1d60 - std::sys_common::backtrace::_print_fmt::h3a99a796b770c360
[INFO] [stdout]                                at /rustc/a178d0322ce20e33eac124758e837cbd80a6f633/library/std/src/sys_common/backtrace.rs:67:5
[INFO] [stdout]    3:     0x5640e60f1d60 - <std::sys_common::backtrace::_print::DisplayBacktrace as core::fmt::Display>::fmt::h32d1f94a80615d18
[INFO] [stdout]                                at /rustc/a178d0322ce20e33eac124758e837cbd80a6f633/library/std/src/sys_common/backtrace.rs:46:22
[INFO] [stdout]    4:     0x5640e611480c - core::fmt::write::h306731c068f7162c
[INFO] [stdout]                                at /rustc/a178d0322ce20e33eac124758e837cbd80a6f633/library/core/src/fmt/mod.rs:1110:17
[INFO] [stdout]    5:     0x5640e60eeb45 - std::io::Write::write_fmt::h87f19b0a2cd190bc
[INFO] [stdout]                                at /rustc/a178d0322ce20e33eac124758e837cbd80a6f633/library/std/src/io/mod.rs:1588:15
[INFO] [stdout]    6:     0x5640e60f3ecb - std::sys_common::backtrace::_print::h5abaa2601a852287
[INFO] [stdout]                                at /rustc/a178d0322ce20e33eac124758e837cbd80a6f633/library/std/src/sys_common/backtrace.rs:49:5
[INFO] [stdout]    7:     0x5640e60f3ecb - std::sys_common::backtrace::print::h8d81445442bb638f
[INFO] [stdout]                                at /rustc/a178d0322ce20e33eac124758e837cbd80a6f633/library/std/src/sys_common/backtrace.rs:36:9
[INFO] [stdout]    8:     0x5640e60f3ecb - std::panicking::default_hook::{{closure}}::hcfe804496a9fa747
[INFO] [stdout]                                at /rustc/a178d0322ce20e33eac124758e837cbd80a6f633/library/std/src/panicking.rs:208:50
[INFO] [stdout]    9:     0x5640e60f39dc - std::panicking::default_hook::hbea8e3ccf2ba8901
[INFO] [stdout]                                at /rustc/a178d0322ce20e33eac124758e837cbd80a6f633/library/std/src/panicking.rs:222:9
[INFO] [stdout]   10:     0x5640e60f4594 - std::panicking::rust_panic_with_hook::h7ee9e1a2d0f8975a
[INFO] [stdout]                                at /rustc/a178d0322ce20e33eac124758e837cbd80a6f633/library/std/src/panicking.rs:622:17
[INFO] [stdout]   11:     0x5640e60f4077 - std::panicking::begin_panic_handler::{{closure}}::h8ab3b4491718b2c7
[INFO] [stdout]                                at /rustc/a178d0322ce20e33eac124758e837cbd80a6f633/library/std/src/panicking.rs:519:13
[INFO] [stdout]   12:     0x5640e60f225c - std::sys_common::backtrace::__rust_end_short_backtrace::hd489062ffa586a9f
[INFO] [stdout]                                at /rustc/a178d0322ce20e33eac124758e837cbd80a6f633/library/std/src/sys_common/backtrace.rs:141:18
[INFO] [stdout]   13:     0x5640e60f3fd9 - rust_begin_unwind
[INFO] [stdout]                                at /rustc/a178d0322ce20e33eac124758e837cbd80a6f633/library/std/src/panicking.rs:515:5
[INFO] [stdout]   14:     0x5640e5eb6b31 - core::panicking::panic_fmt::hca6330e3e14086b4
[INFO] [stdout]                                at /rustc/a178d0322ce20e33eac124758e837cbd80a6f633/library/core/src/panicking.rs:92:14
[INFO] [stdout]   15:     0x5640e6113128 - core::panicking::assert_failed_inner::h33b45280069a80ed
[INFO] [stdout]   16:     0x5640e5ebc95a - core::panicking::assert_failed::h406244f152d959f9
[INFO] [stdout]                                at /rustc/a178d0322ce20e33eac124758e837cbd80a6f633/library/core/src/panicking.rs:117:5
[INFO] [stdout]   17:     0x5640e5ebdd31 - auto_configuration::tests::zsh_exists::h18780b31872cbd93
[INFO] [stdout]                                at /opt/rustwide/workdir/src/main.rs:375:9
[INFO] [stdout]   18:     0x5640e5ebdb3a - auto_configuration::tests::zsh_exists::{{closure}}::h4c1726b40fadb5a8
[INFO] [stdout]                                at /opt/rustwide/workdir/src/main.rs:368:5
[INFO] [stdout]   19:     0x5640e5ec0fde - core::ops::function::FnOnce::call_once::heb1ccb48b1fb961a
[INFO] [stdout]                                at /rustc/a178d0322ce20e33eac124758e837cbd80a6f633/library/core/src/ops/function.rs:227:5
[INFO] [stdout]   20:     0x5640e5eeec63 - core::ops::function::FnOnce::call_once::h152e7e439ff59e19
[INFO] [stdout]                                at /rustc/a178d0322ce20e33eac124758e837cbd80a6f633/library/core/src/ops/function.rs:227:5
[INFO] [stdout]   21:     0x5640e5eeec63 - test::__rust_begin_short_backtrace::h0908f3b1fdbb72ab
[INFO] [stdout]                                at /rustc/a178d0322ce20e33eac124758e837cbd80a6f633/library/test/src/lib.rs:577:5
[INFO] [stdout]   22:     0x5640e5eed720 - <alloc::boxed::Box<F,A> as core::ops::function::FnOnce<Args>>::call_once::hf6d2a51e5587546c
[INFO] [stdout]                                at /rustc/a178d0322ce20e33eac124758e837cbd80a6f633/library/alloc/src/boxed.rs:1575:9
[INFO] [stdout]   23:     0x5640e5eed720 - <std::panic::AssertUnwindSafe<F> as core::ops::function::FnOnce<()>>::call_once::h8af660f3a89ef593
[INFO] [stdout]                                at /rustc/a178d0322ce20e33eac124758e837cbd80a6f633/library/std/src/panic.rs:347:9
[INFO] [stdout]   24:     0x5640e5eed720 - std::panicking::try::do_call::hd36aef60f84b6d36
[INFO] [stdout]                                at /rustc/a178d0322ce20e33eac124758e837cbd80a6f633/library/std/src/panicking.rs:401:40
[INFO] [stdout]   25:     0x5640e5eed720 - std::panicking::try::h9932b4480e69817c
[INFO] [stdout]                                at /rustc/a178d0322ce20e33eac124758e837cbd80a6f633/library/std/src/panicking.rs:365:19
[INFO] [stdout]   26:     0x5640e5eed720 - std::panic::catch_unwind::h6aa177099cfff5f8
[INFO] [stdout]                                at /rustc/a178d0322ce20e33eac124758e837cbd80a6f633/library/std/src/panic.rs:434:14
[INFO] [stdout]   27:     0x5640e5eed720 - test::run_test_in_process::h5884d6f2d99e20c3
[INFO] [stdout]                                at /rustc/a178d0322ce20e33eac124758e837cbd80a6f633/library/test/src/lib.rs:600:18
[INFO] [stdout]   28:     0x5640e5eed720 - test::run_test::run_test_inner::{{closure}}::h6fdc58c6d5f5b6e3
[INFO] [stdout]                                at /rustc/a178d0322ce20e33eac124758e837cbd80a6f633/library/test/src/lib.rs:492:39
[INFO] [stdout]   29:     0x5640e5ec6dd2 - test::run_test::run_test_inner::{{closure}}::h408365d67a78ade8
[INFO] [stdout]                                at /rustc/a178d0322ce20e33eac124758e837cbd80a6f633/library/test/src/lib.rs:519:37
[INFO] [stdout]   30:     0x5640e5ec6dd2 - std::sys_common::backtrace::__rust_begin_short_backtrace::hb560b77c4f701523
[INFO] [stdout]                                at /rustc/a178d0322ce20e33eac124758e837cbd80a6f633/library/std/src/sys_common/backtrace.rs:125:18
[INFO] [stdout]   31:     0x5640e5eca988 - std::thread::Builder::spawn_unchecked::{{closure}}::{{closure}}::hf2e7831dad93c597
[INFO] [stdout]                                at /rustc/a178d0322ce20e33eac124758e837cbd80a6f633/library/std/src/thread/mod.rs:481:17
[INFO] [stdout]   32:     0x5640e5eca988 - <std::panic::AssertUnwindSafe<F> as core::ops::function::FnOnce<()>>::call_once::hd2e08783d8be4d02
[INFO] [stdout]                                at /rustc/a178d0322ce20e33eac124758e837cbd80a6f633/library/std/src/panic.rs:347:9
[INFO] [stdout]   33:     0x5640e5eca988 - std::panicking::try::do_call::h062597b7acfd6b82
[INFO] [stdout]                                at /rustc/a178d0322ce20e33eac124758e837cbd80a6f633/library/std/src/panicking.rs:401:40
[INFO] [stdout]   34:     0x5640e5eca988 - std::panicking::try::h0d7b79db04c14552
[INFO] [stdout]                                at /rustc/a178d0322ce20e33eac124758e837cbd80a6f633/library/std/src/panicking.rs:365:19
[INFO] [stdout]   35:     0x5640e5eca988 - std::panic::catch_unwind::hb01a0b5e7c8cd43b
[INFO] [stdout]                                at /rustc/a178d0322ce20e33eac124758e837cbd80a6f633/library/std/src/panic.rs:434:14
[INFO] [stdout]   36:     0x5640e5eca988 - std::thread::Builder::spawn_unchecked::{{closure}}::h5bde48cc887e0d1e
[INFO] [stdout]                                at /rustc/a178d0322ce20e33eac124758e837cbd80a6f633/library/std/src/thread/mod.rs:480:30
[INFO] [stdout]   37:     0x5640e5eca988 - core::ops::function::FnOnce::call_once{{vtable.shim}}::h745ea30807a29e55
[INFO] [stdout]                                at /rustc/a178d0322ce20e33eac124758e837cbd80a6f633/library/core/src/ops/function.rs:227:5
[INFO] [stdout]   38:     0x5640e60f9147 - <alloc::boxed::Box<F,A> as core::ops::function::FnOnce<Args>>::call_once::h7ece6cfefaff1005
[INFO] [stdout]                                at /rustc/a178d0322ce20e33eac124758e837cbd80a6f633/library/alloc/src/boxed.rs:1575:9
[INFO] [stdout]   39:     0x5640e60f9147 - <alloc::boxed::Box<F,A> as core::ops::function::FnOnce<Args>>::call_once::hb8b48e55c21f193e
[INFO] [stdout]                                at /rustc/a178d0322ce20e33eac124758e837cbd80a6f633/library/alloc/src/boxed.rs:1575:9
[INFO] [stdout]   40:     0x5640e60f9147 - std::sys::unix::thread::Thread::new::thread_start::h8c7c4450dba62914
[INFO] [stdout]                                at /rustc/a178d0322ce20e33eac124758e837cbd80a6f633/library/std/src/sys/unix/thread.rs:71:17
[INFO] [stdout]   41:     0x7fe4a8788609 - start_thread
[INFO] [stdout]   42:     0x7fe4a8560293 - clone
[INFO] [stdout]   43:                0x0 - <unknown>
[INFO] [stdout] 
[INFO] [stdout] 
[INFO] [stdout] failures:
[INFO] [stdout]     tests::zsh_exists
[INFO] [stdout] 
[INFO] [stdout] test result: FAILED. 14 passed; 1 failed; 0 ignored; 0 measured; 0 filtered out; finished in 0.66s
[INFO] [stdout] 
[INFO] [stderr] error: test failed, to rerun pass '--bin auto-configuration'
[INFO] running `Command { std: "docker" "inspect" "444747121bd6b14a47ac39c13f37000d0dc1df3ffd89d01a3d1a24804ec2f957", kill_on_drop: false }`
[INFO] running `Command { std: "docker" "rm" "-f" "444747121bd6b14a47ac39c13f37000d0dc1df3ffd89d01a3d1a24804ec2f957", kill_on_drop: false }`
[INFO] [stdout] 444747121bd6b14a47ac39c13f37000d0dc1df3ffd89d01a3d1a24804ec2f957
