[INFO] cloning repository https://github.com/NattapongSiri/permutator
[INFO] running `Command { std: "git" "-c" "credential.helper=" "-c" "credential.helper=/workspace/cargo-home/bin/git-credential-null" "clone" "--bare" "https://github.com/NattapongSiri/permutator" "/workspace/cache/git-repos/https%3A%2F%2Fgithub.com%2FNattapongSiri%2Fpermutator", kill_on_drop: false }`
[INFO] [stderr] Cloning into bare repository '/workspace/cache/git-repos/https%3A%2F%2Fgithub.com%2FNattapongSiri%2Fpermutator'...
[INFO] running `Command { std: "git" "rev-parse" "HEAD", kill_on_drop: false }`
[INFO] [stdout] c192343f507182fc4634e8ea6695f781a5688f16
[INFO] testing NattapongSiri/permutator against 1.54.0 for beta-1.55-1
[INFO] running `Command { std: "git" "clone" "/workspace/cache/git-repos/https%3A%2F%2Fgithub.com%2FNattapongSiri%2Fpermutator" "/workspace/builds/worker-0/source", kill_on_drop: false }`
[INFO] [stderr] Cloning into '/workspace/builds/worker-0/source'...
[INFO] [stderr] done.
[INFO] validating manifest of git repo https://github.com/NattapongSiri/permutator on toolchain 1.54.0
[INFO] running `Command { std: "/workspace/cargo-home/bin/cargo" "+1.54.0" "metadata" "--manifest-path" "Cargo.toml" "--no-deps", kill_on_drop: false }`
[INFO] started tweaking git repo https://github.com/NattapongSiri/permutator
[INFO] finished tweaking git repo https://github.com/NattapongSiri/permutator
[INFO] tweaked toml for git repo https://github.com/NattapongSiri/permutator written to /workspace/builds/worker-0/source/Cargo.toml
[INFO] crate git repo https://github.com/NattapongSiri/permutator already has a lockfile, it will not be regenerated
[INFO] running `Command { std: "/workspace/cargo-home/bin/cargo" "+1.54.0" "fetch" "--manifest-path" "Cargo.toml", kill_on_drop: false }`
[INFO] [stderr]     Blocking waiting for file lock on package cache
[INFO] [stderr]     Blocking waiting for file lock on package cache
[INFO] running `Command { std: "docker" "create" "-v" "/var/lib/crater-agent-workspace/builds/worker-0/target:/opt/rustwide/target:rw,Z" "-v" "/var/lib/crater-agent-workspace/builds/worker-0/source:/opt/rustwide/workdir:ro,Z" "-v" "/var/lib/crater-agent-workspace/cargo-home:/opt/rustwide/cargo-home:ro,Z" "-v" "/var/lib/crater-agent-workspace/rustup-home:/opt/rustwide/rustup-home:ro,Z" "-e" "SOURCE_DIR=/opt/rustwide/workdir" "-e" "CARGO_TARGET_DIR=/opt/rustwide/target" "-e" "CARGO_HOME=/opt/rustwide/cargo-home" "-e" "RUSTUP_HOME=/opt/rustwide/rustup-home" "-w" "/opt/rustwide/workdir" "-m" "1610612736" "--user" "0:0" "--network" "none" "ghcr.io/rust-lang/crates-build-env/linux@sha256:34b6a614d2c27851fe6cbf88fbd1137609cefab8b10d0615aaeb6fd47975d74e" "/opt/rustwide/cargo-home/bin/cargo" "+1.54.0" "metadata" "--no-deps" "--format-version=1", kill_on_drop: false }`
[INFO] [stdout] ccad7dc0f760c044dc9e9077442a77a8f65b85553b20413bc11d98f4565abc72
[INFO] running `Command { std: "docker" "start" "-a" "ccad7dc0f760c044dc9e9077442a77a8f65b85553b20413bc11d98f4565abc72", kill_on_drop: false }`
[INFO] running `Command { std: "docker" "inspect" "ccad7dc0f760c044dc9e9077442a77a8f65b85553b20413bc11d98f4565abc72", kill_on_drop: false }`
[INFO] running `Command { std: "docker" "rm" "-f" "ccad7dc0f760c044dc9e9077442a77a8f65b85553b20413bc11d98f4565abc72", kill_on_drop: false }`
[INFO] [stdout] ccad7dc0f760c044dc9e9077442a77a8f65b85553b20413bc11d98f4565abc72
[INFO] running `Command { std: "docker" "create" "-v" "/var/lib/crater-agent-workspace/builds/worker-0/target:/opt/rustwide/target:rw,Z" "-v" "/var/lib/crater-agent-workspace/builds/worker-0/source:/opt/rustwide/workdir:ro,Z" "-v" "/var/lib/crater-agent-workspace/cargo-home:/opt/rustwide/cargo-home:ro,Z" "-v" "/var/lib/crater-agent-workspace/rustup-home:/opt/rustwide/rustup-home:ro,Z" "-e" "SOURCE_DIR=/opt/rustwide/workdir" "-e" "CARGO_TARGET_DIR=/opt/rustwide/target" "-e" "CARGO_INCREMENTAL=0" "-e" "RUST_BACKTRACE=full" "-e" "RUSTFLAGS=--cap-lints=warn" "-e" "CARGO_HOME=/opt/rustwide/cargo-home" "-e" "RUSTUP_HOME=/opt/rustwide/rustup-home" "-w" "/opt/rustwide/workdir" "-m" "1610612736" "--user" "0:0" "--network" "none" "ghcr.io/rust-lang/crates-build-env/linux@sha256:34b6a614d2c27851fe6cbf88fbd1137609cefab8b10d0615aaeb6fd47975d74e" "/opt/rustwide/cargo-home/bin/cargo" "+1.54.0" "build" "--frozen" "--message-format=json", kill_on_drop: false }`
[INFO] [stdout] 2aa0a65254133b2ec0fa2032a4498fc32c13e42aa089fa5bf5c46466735211d4
[INFO] running `Command { std: "docker" "start" "-a" "2aa0a65254133b2ec0fa2032a4498fc32c13e42aa089fa5bf5c46466735211d4", kill_on_drop: false }`
[INFO] [stderr]    Compiling autocfg v0.1.7
[INFO] [stderr]    Compiling num-traits v0.2.10
[INFO] [stderr]    Compiling num-integer v0.1.41
[INFO] [stderr]    Compiling num-bigint v0.2.3
[INFO] [stderr]    Compiling num-complex v0.2.3
[INFO] [stderr]    Compiling num-iter v0.1.39
[INFO] [stderr]    Compiling num-rational v0.2.2
[INFO] [stderr]    Compiling num v0.2.0
[INFO] [stderr]    Compiling permutator v0.4.0 (/opt/rustwide/workdir)
[INFO] [stdout] warning: unnecessary trailing semicolon
[INFO] [stdout]     --> src/lib.rs:2292:6
[INFO] [stdout]      |
[INFO] [stdout] 2292 |     };
[INFO] [stdout]      |      ^ help: remove this semicolon
[INFO] [stdout]      |
[INFO] [stdout]      = note: `#[warn(redundant_semicolons)]` on by default
[INFO] [stdout] 
[INFO] [stdout] 
[INFO] [stdout] warning: 1 warning emitted
[INFO] [stdout] 
[INFO] [stdout] 
[INFO] [stderr]     Finished dev [unoptimized + debuginfo] target(s) in 11.57s
[INFO] running `Command { std: "docker" "inspect" "2aa0a65254133b2ec0fa2032a4498fc32c13e42aa089fa5bf5c46466735211d4", kill_on_drop: false }`
[INFO] running `Command { std: "docker" "rm" "-f" "2aa0a65254133b2ec0fa2032a4498fc32c13e42aa089fa5bf5c46466735211d4", kill_on_drop: false }`
[INFO] [stdout] 2aa0a65254133b2ec0fa2032a4498fc32c13e42aa089fa5bf5c46466735211d4
[INFO] running `Command { std: "docker" "create" "-v" "/var/lib/crater-agent-workspace/builds/worker-0/target:/opt/rustwide/target:rw,Z" "-v" "/var/lib/crater-agent-workspace/builds/worker-0/source:/opt/rustwide/workdir:ro,Z" "-v" "/var/lib/crater-agent-workspace/cargo-home:/opt/rustwide/cargo-home:ro,Z" "-v" "/var/lib/crater-agent-workspace/rustup-home:/opt/rustwide/rustup-home:ro,Z" "-e" "SOURCE_DIR=/opt/rustwide/workdir" "-e" "CARGO_TARGET_DIR=/opt/rustwide/target" "-e" "CARGO_INCREMENTAL=0" "-e" "RUST_BACKTRACE=full" "-e" "RUSTFLAGS=--cap-lints=warn" "-e" "CARGO_HOME=/opt/rustwide/cargo-home" "-e" "RUSTUP_HOME=/opt/rustwide/rustup-home" "-w" "/opt/rustwide/workdir" "-m" "1610612736" "--user" "0:0" "--network" "none" "ghcr.io/rust-lang/crates-build-env/linux@sha256:34b6a614d2c27851fe6cbf88fbd1137609cefab8b10d0615aaeb6fd47975d74e" "/opt/rustwide/cargo-home/bin/cargo" "+1.54.0" "test" "--frozen" "--no-run" "--message-format=json", kill_on_drop: false }`
[INFO] [stdout] d5ecd2715d7636df8fafab25b5dbeb10c8e85ebf797bb9c7c4afdeaf562a160b
[INFO] running `Command { std: "docker" "start" "-a" "d5ecd2715d7636df8fafab25b5dbeb10c8e85ebf797bb9c7c4afdeaf562a160b", kill_on_drop: false }`
[INFO] [stderr]     Blocking waiting for file lock on package cache
[INFO] [stdout] warning: unnecessary trailing semicolon
[INFO] [stdout]     --> src/lib.rs:2292:6
[INFO] [stdout]      |
[INFO] [stdout] 2292 |     };
[INFO] [stdout]      |      ^ help: remove this semicolon
[INFO] [stdout]      |
[INFO] [stdout]      = note: `#[warn(redundant_semicolons)]` on by default
[INFO] [stdout] 
[INFO] [stdout] 
[INFO] [stderr]    Compiling permutator v0.4.0 (/opt/rustwide/workdir)
[INFO] [stdout] warning: 1 warning emitted
[INFO] [stdout] 
[INFO] [stdout] 
[INFO] [stdout] warning: unnecessary trailing semicolon
[INFO] [stdout]     --> src/lib.rs:2292:6
[INFO] [stdout]      |
[INFO] [stdout] 2292 |     };
[INFO] [stdout]      |      ^ help: remove this semicolon
[INFO] [stdout]      |
[INFO] [stdout]      = note: `#[warn(redundant_semicolons)]` on by default
[INFO] [stdout] 
[INFO] [stdout] 
[INFO] [stdout] warning: 1 warning emitted
[INFO] [stdout] 
[INFO] [stdout] 
[INFO] [stderr]     Finished test [unoptimized + debuginfo] target(s) in 21.52s
[INFO] running `Command { std: "docker" "inspect" "d5ecd2715d7636df8fafab25b5dbeb10c8e85ebf797bb9c7c4afdeaf562a160b", kill_on_drop: false }`
[INFO] running `Command { std: "docker" "rm" "-f" "d5ecd2715d7636df8fafab25b5dbeb10c8e85ebf797bb9c7c4afdeaf562a160b", kill_on_drop: false }`
[INFO] [stdout] d5ecd2715d7636df8fafab25b5dbeb10c8e85ebf797bb9c7c4afdeaf562a160b
[INFO] running `Command { std: "docker" "create" "-v" "/var/lib/crater-agent-workspace/builds/worker-0/target:/opt/rustwide/target:rw,Z" "-v" "/var/lib/crater-agent-workspace/builds/worker-0/source:/opt/rustwide/workdir:ro,Z" "-v" "/var/lib/crater-agent-workspace/cargo-home:/opt/rustwide/cargo-home:ro,Z" "-v" "/var/lib/crater-agent-workspace/rustup-home:/opt/rustwide/rustup-home:ro,Z" "-e" "SOURCE_DIR=/opt/rustwide/workdir" "-e" "CARGO_TARGET_DIR=/opt/rustwide/target" "-e" "CARGO_INCREMENTAL=0" "-e" "RUST_BACKTRACE=full" "-e" "RUSTFLAGS=--cap-lints=warn" "-e" "CARGO_HOME=/opt/rustwide/cargo-home" "-e" "RUSTUP_HOME=/opt/rustwide/rustup-home" "-w" "/opt/rustwide/workdir" "-m" "1610612736" "--user" "0:0" "--network" "none" "ghcr.io/rust-lang/crates-build-env/linux@sha256:34b6a614d2c27851fe6cbf88fbd1137609cefab8b10d0615aaeb6fd47975d74e" "/opt/rustwide/cargo-home/bin/cargo" "+1.54.0" "test" "--frozen", kill_on_drop: false }`
[INFO] [stdout] 628b0e4cb8e326bf87eadc6c7626855f6d3f9c40b7c9b39ffd0e011f45b51dc3
[INFO] running `Command { std: "docker" "start" "-a" "628b0e4cb8e326bf87eadc6c7626855f6d3f9c40b7c9b39ffd0e011f45b51dc3", kill_on_drop: false }`
[INFO] [stderr] warning: unnecessary trailing semicolon
[INFO] [stderr]     --> src/lib.rs:2292:6
[INFO] [stderr]      |
[INFO] [stderr] 2292 |     };
[INFO] [stderr]      |      ^ help: remove this semicolon
[INFO] [stderr]      |
[INFO] [stderr]      = note: `#[warn(redundant_semicolons)]` on by default
[INFO] [stderr] 
[INFO] [stderr] warning: 1 warning emitted
[INFO] [stderr] 
[INFO] [stderr] warning: unnecessary trailing semicolon
[INFO] [stderr]     --> src/lib.rs:2292:6
[INFO] [stderr]      |
[INFO] [stderr] 2292 |     };
[INFO] [stderr]      |      ^ help: remove this semicolon
[INFO] [stderr]      |
[INFO] [stderr]      = note: `#[warn(redundant_semicolons)]` on by default
[INFO] [stderr] 
[INFO] [stderr] warning: 1 warning emitted
[INFO] [stderr] 
[INFO] [stderr]     Finished test [unoptimized + debuginfo] target(s) in 0.07s
[INFO] [stderr]      Running unittests (/opt/rustwide/target/debug/deps/permutator-77192617a0d49fb3)
[INFO] [stdout] 
[INFO] [stdout] running 180 tests
[INFO] [stdout] test copy::test::compare_gosper_custom_cell_iter ... ignored
[INFO] [stdout] test copy::test::compare_gosper_custom_fn ... ignored
[INFO] [stdout] test copy::test::compare_gosper_custom_iter ... ignored
[INFO] [stdout] test copy::test::compare_gosper_custom_ref_iter ... ignored
[INFO] [stdout] test copy::test::test_GosperCombinationIterator ... ok
[INFO] [stdout] test copy::test::test_CartesianProduct ... ok
[INFO] [stdout] test copy::test::test_CartesianProduct_iterator_alike_shared_result ... ok
[INFO] [stdout] test copy::test::test_CartesianProduct_reset ... ok
[INFO] [stdout] test copy::test::test_CartesianProduct_ptr_trait ... ok
[INFO] [stdout] test copy::test::test_CartesianProduct_mimic_iterator ... ok
[INFO] [stdout] test copy::test::test_GosperCombinationIteratorUnsafe ... ok
[INFO] [stdout] test copy::test::test_HeapPermutation ... ok
[INFO] [stdout] test copy::test::test_HeapPermutationIntoIterator ... ok
[INFO] [stdout] test copy::test::test_HeapPermutationCellIterIterator ... ok
[INFO] [stdout] test copy::test::test_HeapPermutationIterator ... ok
[INFO] [stdout] test copy::test::test_HeapPermutationRefIterator ... ok
[INFO] [stdout] test copy::test::test_HeapPermutation_reset ... ok
[INFO] [stdout] test copy::test::test_KPermutation_into_Cell ... ok
[INFO] [stdout] test copy::test::test_KPermutationIterator ... ok
[INFO] [stdout] test copy::test::test_KPermutation_into_Ref ... ok
[INFO] [stdout] test copy::test::test_KPermutation_into_cell_trait ... ok
[INFO] [stdout] test copy::test::test_KPermutation_into_Ref_trait ... ok
[INFO] [stdout] test copy::test::test_KPermutation_single_term ... ok
[INFO] [stdout] test copy::test::test_SelfCartesianProduct ... ok
[INFO] [stdout] test copy::test::test_SelfCartesianProduct_cell ... ok
[INFO] [stdout] test copy::test::test_KPermutation_trait ... ok
[INFO] [stdout] test copy::test::test_SelfCartesianProduct_ref ... ok
[INFO] [stdout] test copy::test::test_XPermutationCellIter ... ok
[INFO] [stdout] test copy::test::test_XPermutationIterator_mt ... ignored
[INFO] [stdout] test copy::test::test_XPermutationIterator ... ok
[INFO] [stdout] test copy::test::test_XPermutationRefIter ... ok
[INFO] [stdout] test copy::test::test_cartesian_product ... ok
[INFO] [stdout] test copy::test::test_cartesian_product_shared_result_fn ... ok
[INFO] [stdout] test copy::test::test_combination_cell_fn ... ok
[INFO] [stdout] test copy::test::test_combination_trait ... ok
[INFO] [stdout] test copy::test::test_get_permutation_for ... ok
[INFO] [stdout] test copy::test::test_combination_trait_share ... ok
[INFO] [stdout] test copy::test::test_get_cartesian_for ... ok
[INFO] [stdout] test copy::test::test_heap_permutation_6 ... ok
[INFO] [stdout] test copy::test::test_k_permutation ... ok
[INFO] [stdout] test copy::test::test_permutation_trait ... ok
[INFO] [stdout] test copy::test::test_permutation_trait_cell ... ok
[INFO] [stdout] test copy::test::test_self_cartesian_product ... ok
[INFO] [stdout] test copy::test::test_permutation_trait_ref ... ok
[INFO] [stdout] test copy::test::test_GosperCombinationCellIter ... ok
[INFO] [stdout] test copy::test::test_GosperCombinationIteratorAlike_reset ... ok
[INFO] [stdout] test copy::test::test_CartesianProduct_shared_trait ... ok
[INFO] [stdout] test copy::test::test_combination_fn ... ok
[INFO] [stdout] test copy::test::test_CartesianProduct_mimic_iterator_2 ... ok
[INFO] [stdout] test copy::test::test_shared_CartesianProduct_result_sync ... ok
[INFO] [stdout] test copy::test::test_self_cartesian_product_shared_result_fn ... ok
[INFO] [stdout] test copy::test::test_CartesianProduct_trait ... ok
[INFO] [stdout] test copy::test::test_combination_trait_ptr ... ok
[INFO] [stdout] test copy::test::test_shared_KPermutation_result ... ok
[INFO] [stdout] test copy::test::test_k_permutation_primitive ... ok
[INFO] [stdout] test copy::test::test_shared_combination_result_fn ... ok
[INFO] [stdout] test copy::test::test_k_permutation_ref_single_term ... ok
[INFO] [stdout] test copy::test::test_shared_combination_result_iterator_alike ... ok
[INFO] [stdout] test copy::test::test_shared_k_permutation_result_fn ... ok
[INFO] [stdout] test copy::test::test_share_CartesianProductIterator_result_to_thread ... ok
[INFO] [stdout] test copy::test::test_shared_cartesian_product_result_sync_fn ... ok
[INFO] [stdout] test copy::test::test_unsafe_cartesian_product ... ok
[INFO] [stdout] test copy::test::test_x_permutation ... ok
[INFO] [stdout] test test::bench_cart_fn ... ignored
[INFO] [stdout] test test::bench_cart_iter ... ignored
[INFO] [stdout] test test::bench_heap_fn ... ignored
[INFO] [stdout] test test::bench_heap_iter ... ignored
[INFO] [stdout] test test::bench_k_perm_fn ... ignored
[INFO] [stdout] test test::bench_k_perm_iter ... ignored
[INFO] [stdout] test test::bench_x_perm_mt_fn ... ignored
[INFO] [stdout] test test::bench_x_perm_st_fn ... ignored
[INFO] [stdout] test test::compare_gosper_custom_cell_iter ... ignored
[INFO] [stdout] test test::compare_gosper_custom_fn ... ignored
[INFO] [stdout] test test::compare_gosper_custom_iter ... ignored
[INFO] [stdout] test test::compare_gosper_custom_ref_iter ... ignored
[INFO] [stdout] test copy::test::test_unsafe_combination_fn ... ok
[INFO] [stdout] test copy::test::test_unsafe_cartesian_product_shared_result ... ok
[INFO] [stdout] test copy::test::test_unsafe_self_cartesian_product_shared_result ... ok
[INFO] [stdout] test test::test_CartesianProduct_mimic_iterator ... ok
[INFO] [stdout] test test::test_CartesianProduct_ptr_trait ... ok
[INFO] [stdout] test copy::test::test_tldr_case ... ok
[INFO] [stdout] test test::test_HeapPermutationIntoIterator ... ok
[INFO] [stdout] test test::test_HeapPermutation_reset ... ok
[INFO] [stdout] test test::test_KPermutationIteratorBound ... ok
[INFO] [stdout] test test::test_KPermutationIterator ... ok
[INFO] [stdout] test test::test_KPermutation_into_Ref ... ok
[INFO] [stdout] test test::test_KPermutation_into_cell_trait ... ok
[INFO] [stdout] test test::test_KPermutation_single ... ok
[INFO] [stdout] test test::test_HeapPermutationRefIterator ... ok
[INFO] [stdout] test test::test_CartesianProduct ... ok
[INFO] [stdout] test test::test_KPermutation_into_Ref_trait ... ok
[INFO] [stdout] test copy::test::test_unsafe_shared_combination_result_fn ... ok
[INFO] [stdout] test copy::test::test_x_permutation_cell ... ok
[INFO] [stdout] test copy::test::test_x_permutation_restricted ... ok
[INFO] [stdout] test test::test_GosperCombinationIteratorAlike_reset ... ok
[INFO] [stdout] test test::test_GosperCombinationIteratorUnsafe ... ok
[INFO] [stdout] test test::test_KPermutation_into_Cell ... ok
[INFO] [stdout] test test::test_KPermutation_trait ... ok
[INFO] [stdout] test test::test_CartesianProduct_trait ... ok
[INFO] [stdout] test test::test_GosperCombinationIterator ... ok
[INFO] [stdout] test test::test_GosperCombinationCellIter ... ok
[INFO] [stdout] test copy::test::test_x_permutation_sync ... ok
[INFO] [stdout] test copy::test::test_unsafe_shared_k_permutation_result_fn ... ok
[INFO] [stdout] test test::test_CartesianProduct_mimic_iterator_2 ... ok
[INFO] [stdout] test test::test_CartesianProduct_reset ... ok
[INFO] [stdout] test copy::test::test_unsafe_k_permutation ... ok
[INFO] [stdout] test test::test_CartesianProduct_shared_trait ... ok
[INFO] [stdout] test copy::test::test_unsafe_x_permutation ... ok
[INFO] [stdout] test test::test_CartesianProduct_iterator_alike_shared_result ... ok
[INFO] [stdout] test test::test_HeapPermutation ... ok
[INFO] [stdout] test test::test_HeapPermutationCellIterIterator ... ok
[INFO] [stdout] test test::test_LargeCombinationIterator ... ok
[INFO] [stdout] test copy::test::test_share_result_KPermutation_iterator_sync ... ok
[INFO] [stdout] test test::test_LargeCombinationIterator_single ... ok
[INFO] [stdout] test test::test_SelfCartesianProduct ... ok
[INFO] [stdout] test test::test_SelfCartesianProduct_cell ... ok
[INFO] [stdout] test test::test_XPermutationCellIter ... ok
[INFO] [stdout] test test::test_SelfCartesianProduct_ref ... ok
[INFO] [stdout] test test::test_XPermutationIterator_mt ... ignored
[INFO] [stdout] test test::test_XPermutationIterator ... ok
[INFO] [stdout] test test::test_cartesian_product_shared_result_fn ... ok
[INFO] [stdout] test test::test_cartesian_product ... ok
[INFO] [stdout] test test::test_XPermutationRefIter ... ok
[INFO] [stdout] test test::test_combination_cell_fn ... ok
[INFO] [stdout] test test::test_combination_fn ... ok
[INFO] [stdout] test test::test_combination_fn_single ... ok
[INFO] [stdout] test test::test_combination_trait ... ok
[INFO] [stdout] test test::test_combination_trait_ptr ... ok
[INFO] [stdout] test test::test_combination_trait_share ... ok
[INFO] [stdout] test test::test_get_permutation_for ... ok
[INFO] [stdout] test test::test_heap_permutation_6 ... ok
[INFO] [stdout] test test::test_large_combination_fn ... ok
[INFO] [stdout] test test::test_large_combination_fn_d_eq_k ... ok
[INFO] [stdout] test test::test_large_k_permutation ... ignored
[INFO] [stdout] test test::test_lex_family ... ignored
[INFO] [stdout] test test::test_self_cartesian_product_shared_result_fn ... ok
[INFO] [stdout] test test::test_permutation_trait_ref ... ok
[INFO] [stdout] test test::test_combination_fn_bound ... ok
[INFO] [stdout] test test::test_k_permutation_k_1 ... ok
[INFO] [stdout] test test::test_k_permutation_primitive ... ok
[INFO] [stdout] test test::test_large_combination_fn_k_1 ... ok
[INFO] [stdout] test test::test_shared_combination_result_fn ... ok
[INFO] [stdout] test test::test_large_combination_sync_fn ... ok
[INFO] [stdout] test test::test_k_permutation_fn ... ok
[INFO] [stdout] test test::test_self_cartesian_product ... ok
[INFO] [stdout] test test::test_get_cartesian_for ... ok
[INFO] [stdout] test test::test_unsafe_combination_fn ... ok
[INFO] [stdout] test test::test_unsafe_shared_combination_result_fn ... ok
[INFO] [stdout] test test::test_shared_k_permutation_result_fn ... ok
[INFO] [stdout] test test::test_unsafe_x_permutation ... ok
[INFO] [stdout] test test::test_unsafe_shared_k_permutation_result_fn ... ok
[INFO] [stdout] test test::test_unsafe_k_permutation ... ok
[INFO] [stdout] test test::test_x_permutation ... ok
[INFO] [stdout] test test::test_x_permutation_cell ... ok
[INFO] [stdout] test test::test_x_permutation_restricted ... ok
[INFO] [stdout] test test::test_x_permutation_sync ... ok
[INFO] [stdout] test test::test_unsafe_self_cartesian_product_shared_result ... ok
[INFO] [stdout] test test::test_unsafe_cartesian_product_shared_result ... ok
[INFO] [stdout] test test::test_shared_KPermutation_result ... ok
[INFO] [stdout] test test::test_large_combination_cell_fn ... ok
[INFO] [stdout] test test::test_shared_combination_result_iterator_alike ... ok
[INFO] [stdout] test test::test_share_CartesianProductIterator_result_to_thread ... ok
[INFO] [stdout] test test::test_unsafe_cartesian_product ... ok
[INFO] [stdout] test test::test_permutation_trait ... ok
[INFO] [stdout] test test::test_permutation_trait_cell ... ok
[INFO] [stdout] test test::test_shared_cartesian_product_result_sync_fn ... ok
[INFO] [stdout] test test::test_shared_combination_result_sync_fn ... ok
[INFO] [stdout] test test::test_shared_k_permutation_sync_fn ... ok
[INFO] [stdout] test test::test_shared_CartesianProduct_result_sync ... ok
[INFO] [stdout] test test::test_tldr_case ... ok
[INFO] [stdout] test test::test_share_result_KPermutation_iterator_sync ... ok
[INFO] [stdout] test test::test_share_result_CombinationIterator_with_thread_fn ... ok
[INFO] [stdout] test test::test_k_permutation_empty_dom - should panic ... ok
[INFO] [stdout] test test::test_self_cartesian_product_zero - should panic ... ok
[INFO] [stdout] test test::test_large_combination_fn_k_0 - should panic ... ok
[INFO] [stdout] test copy::test::test_share_result_CombinationIterator_with_thread_fn ... ok
[INFO] [stdout] test copy::test::test_shared_combination_result_sync_fn ... ok
[INFO] [stdout] test test::test_heap_permutation_10 ... ok
[INFO] [stdout] test copy::test::test_heap_permutation_10 ... ok
[INFO] [stdout] test copy::test::test_shared_k_permutation_sync_fn ... ok
[INFO] [stdout] 
[INFO] [stdout] test result: ok. 160 passed; 0 failed; 20 ignored; 0 measured; 0 filtered out; finished in 3.75s
[INFO] [stdout] 
[INFO] [stderr]    Doc-tests permutator
[INFO] [stderr] warning: unnecessary trailing semicolon
[INFO] [stderr]     --> /opt/rustwide/workdir/src/lib.rs:2292:6
[INFO] [stderr]      |
[INFO] [stderr] 2292 |     };
[INFO] [stderr]      |      ^ help: remove this semicolon
[INFO] [stderr]      |
[INFO] [stderr]      = note: `#[warn(redundant_semicolons)]` on by default
[INFO] [stderr] 
[INFO] [stderr] warning: 1 warning emitted
[INFO] [stderr] 
[INFO] [stdout] 
[INFO] [stdout] running 91 tests
[INFO] [stdout] test src/copy/mod.rs - copy::cartesian_product_sync (line 508) ... FAILED
[INFO] [stdout] test src/copy/mod.rs - copy::k_permutation_cell (line 1706) ... FAILED
[INFO] [stdout] test src/copy/mod.rs - copy::unsafe_combination (line 1020) ... FAILED
[INFO] [stdout] test src/lib.rs - CartesianProductIterator (line 2717) ... FAILED
[INFO] [stdout] test src/copy/mod.rs - copy::self_cartesian_product_sync (line 858) ... FAILED
[INFO] [stdout] test src/lib.rs - GosperCombinationRefIter (line 3469) ... FAILED
[INFO] [stdout] test src/copy/mod.rs - copy::k_permutation_sync (line 1811) ... FAILED
[INFO] [stdout] test src/copy/mod.rs - copy::combination_sync (line 1221) ... FAILED
[INFO] [stdout] test src/lib.rs - Permutation (line 6100) ... FAILED
[INFO] [stdout] test src/lib.rs - GosperCombinationCellIter (line 3283) ... FAILED
[INFO] [stdout] test src/lib.rs - k_permutation (line 1878) ... FAILED
[INFO] [stdout] test src/lib.rs - LargeCombinationCellIter (line 3831) ... FAILED
[INFO] [stdout] test src/lib.rs - k_permutation_cell (line 2057) ... FAILED
[INFO] [stdout] test src/lib.rs - heap_permutation_cell (line 1759) ... FAILED
[INFO] [stdout] test src/lib.rs - Combination (line 5983) ... FAILED
[INFO] [stdout] test src/lib.rs - unsafe_self_cartesian_product (line 795) ... FAILED
[INFO] [stdout] test src/lib.rs - (line 40) ... FAILED
[INFO] [stdout] test src/lib.rs - CartesianProductCellIter (line 2830) ... FAILED
[INFO] [stdout] test src/lib.rs - self_cartesian_product (line 729) ... FAILED
[INFO] [stdout] test src/lib.rs - CartesianProductRefIter (line 2964) ... FAILED
[INFO] [stdout] test src/lib.rs - self_cartesian_product_sync (line 985) ... FAILED
[INFO] [stdout] test src/lib.rs - cartesian_product_sync (line 638) ... FAILED
[INFO] [stdout] test src/lib.rs - HeapPermutationIterator (line 4089) ... FAILED
[INFO] [stdout] test src/lib.rs - unsafe_combination (line 1147) ... FAILED
[INFO] [stdout] test src/copy/mod.rs - copy::unsafe_self_cartesian_product (line 668) ... FAILED
[INFO] [stdout] test src/lib.rs - combination (line 1088) ... FAILED
[INFO] [stdout] test src/lib.rs - SelfCartesianProductRefIter (line 5675) ... FAILED
[INFO] [stdout] test src/lib.rs - unsafe_cartesian_product (line 452) ... FAILED
[INFO] [stdout] test src/lib.rs - multiply_factorial (line 6386) ... FAILED
[INFO] [stdout] test src/lib.rs - LargeCombinationIterator (line 3727) ... FAILED
[INFO] [stdout] test src/lib.rs - HeapPermutationCellIter (line 4192) ... FAILED
[INFO] [stdout] test src/lib.rs - LargeCombinationRefIter (line 3957) ... FAILED
[INFO] [stdout] test src/lib.rs - get_cartesian_for (line 160) ... FAILED
[INFO] [stdout] test src/lib.rs - cartesian_product (line 387) ... FAILED
[INFO] [stdout] test src/lib.rs - KPermutationRefIter (line 4726) ... FAILED
[INFO] [stdout] test src/lib.rs - divide_factorial (line 6361) ... FAILED
[INFO] [stdout] test src/lib.rs - (line 88) ... FAILED
[INFO] [stdout] test src/lib.rs - KPermutationIterator (line 4449) ... FAILED
[INFO] [stdout] test src/lib.rs - combination_sync (line 1348) ... FAILED
[INFO] [stdout] test src/lib.rs - combination_cell (line 1244) ... FAILED
[INFO] [stdout] test src/lib.rs - self_cartesian_product_cell (line 890) ... FAILED
[INFO] [stdout] test src/lib.rs - GosperCombinationIterator (line 3136) ... FAILED
[INFO] [stdout] test src/copy/mod.rs - copy::SelfCartesianProductRefIter (line 4001) ... FAILED
[INFO] [stdout] test src/lib.rs - cartesian_product_cell (line 545) ... FAILED
[INFO] [stdout] test src/lib.rs - Permutation (line 6090) ... FAILED
[INFO] [stdout] test src/lib.rs - get_permutation_for (line 225) ... FAILED
[INFO] [stderr] error: test failed, to rerun pass '--doc'
[INFO] [stderr] 
[INFO] [stderr] Caused by:
[INFO] [stderr]   process didn't exit successfully: `rustdoc --edition=2018 --crate-type rlib --crate-name permutator --test /opt/rustwide/workdir/src/lib.rs -L dependency=/opt/rustwide/target/debug/deps -L dependency=/opt/rustwide/target/debug/deps --extern num=/opt/rustwide/target/debug/deps/libnum-bc02c172b386d6a5.rlib --extern permutator=/opt/rustwide/target/debug/deps/libpermutator-aea092337f9dbc1c.rlib -C embed-bitcode=no --cfg 'feature="default"' --error-format human` (signal: 9, SIGKILL: kill)
[INFO] running `Command { std: "docker" "inspect" "628b0e4cb8e326bf87eadc6c7626855f6d3f9c40b7c9b39ffd0e011f45b51dc3", kill_on_drop: false }`
[INFO] running `Command { std: "docker" "rm" "-f" "628b0e4cb8e326bf87eadc6c7626855f6d3f9c40b7c9b39ffd0e011f45b51dc3", kill_on_drop: false }`
[INFO] [stdout] 628b0e4cb8e326bf87eadc6c7626855f6d3f9c40b7c9b39ffd0e011f45b51dc3
