[INFO] cloning repository https://github.com/MyJetTools/fl-url
[INFO] running `Command { std: "git" "-c" "credential.helper=" "-c" "credential.helper=/workspace/cargo-home/bin/git-credential-null" "clone" "--bare" "https://github.com/MyJetTools/fl-url" "/workspace/cache/git-repos/https%3A%2F%2Fgithub.com%2FMyJetTools%2Ffl-url", kill_on_drop: false }`
[INFO] [stderr] Cloning into bare repository '/workspace/cache/git-repos/https%3A%2F%2Fgithub.com%2FMyJetTools%2Ffl-url'...
[INFO] running `Command { std: "git" "rev-parse" "HEAD", kill_on_drop: false }`
[INFO] [stdout] b73c49a30f194d31576c4c116117f44960f8e4fb
[INFO] testing MyJetTools/fl-url against beta-2021-08-01 for beta-1.55-1
[INFO] running `Command { std: "git" "clone" "/workspace/cache/git-repos/https%3A%2F%2Fgithub.com%2FMyJetTools%2Ffl-url" "/workspace/builds/worker-24/source", kill_on_drop: false }`
[INFO] [stderr] Cloning into '/workspace/builds/worker-24/source'...
[INFO] [stderr] done.
[INFO] validating manifest of git repo https://github.com/MyJetTools/fl-url on toolchain beta-2021-08-01
[INFO] running `Command { std: "/workspace/cargo-home/bin/cargo" "+beta-2021-08-01" "metadata" "--manifest-path" "Cargo.toml" "--no-deps", kill_on_drop: false }`
[INFO] started tweaking git repo https://github.com/MyJetTools/fl-url
[INFO] finished tweaking git repo https://github.com/MyJetTools/fl-url
[INFO] tweaked toml for git repo https://github.com/MyJetTools/fl-url written to /workspace/builds/worker-24/source/Cargo.toml
[INFO] crate git repo https://github.com/MyJetTools/fl-url already has a lockfile, it will not be regenerated
[INFO] running `Command { std: "/workspace/cargo-home/bin/cargo" "+beta-2021-08-01" "fetch" "--manifest-path" "Cargo.toml", kill_on_drop: false }`
[INFO] [stderr]     Blocking waiting for file lock on package cache
[INFO] running `Command { std: "docker" "create" "-v" "/var/lib/crater-agent-workspace/builds/worker-24/target:/opt/rustwide/target:rw,Z" "-v" "/var/lib/crater-agent-workspace/builds/worker-24/source:/opt/rustwide/workdir:ro,Z" "-v" "/var/lib/crater-agent-workspace/cargo-home:/opt/rustwide/cargo-home:ro,Z" "-v" "/var/lib/crater-agent-workspace/rustup-home:/opt/rustwide/rustup-home:ro,Z" "-e" "SOURCE_DIR=/opt/rustwide/workdir" "-e" "CARGO_TARGET_DIR=/opt/rustwide/target" "-e" "CARGO_HOME=/opt/rustwide/cargo-home" "-e" "RUSTUP_HOME=/opt/rustwide/rustup-home" "-w" "/opt/rustwide/workdir" "-m" "1610612736" "--user" "0:0" "--network" "none" "ghcr.io/rust-lang/crates-build-env/linux@sha256:34b6a614d2c27851fe6cbf88fbd1137609cefab8b10d0615aaeb6fd47975d74e" "/opt/rustwide/cargo-home/bin/cargo" "+beta-2021-08-01" "metadata" "--no-deps" "--format-version=1", kill_on_drop: false }`
[INFO] [stdout] 26c17f72f4dc26eeeef519c6eab6755409b83034f1c35bf11cb0cecf35a8e680
[INFO] running `Command { std: "docker" "start" "-a" "26c17f72f4dc26eeeef519c6eab6755409b83034f1c35bf11cb0cecf35a8e680", kill_on_drop: false }`
[INFO] running `Command { std: "docker" "inspect" "26c17f72f4dc26eeeef519c6eab6755409b83034f1c35bf11cb0cecf35a8e680", kill_on_drop: false }`
[INFO] running `Command { std: "docker" "rm" "-f" "26c17f72f4dc26eeeef519c6eab6755409b83034f1c35bf11cb0cecf35a8e680", kill_on_drop: false }`
[INFO] [stdout] 26c17f72f4dc26eeeef519c6eab6755409b83034f1c35bf11cb0cecf35a8e680
[INFO] running `Command { std: "docker" "create" "-v" "/var/lib/crater-agent-workspace/builds/worker-24/target:/opt/rustwide/target:rw,Z" "-v" "/var/lib/crater-agent-workspace/builds/worker-24/source:/opt/rustwide/workdir:ro,Z" "-v" "/var/lib/crater-agent-workspace/cargo-home:/opt/rustwide/cargo-home:ro,Z" "-v" "/var/lib/crater-agent-workspace/rustup-home:/opt/rustwide/rustup-home:ro,Z" "-e" "SOURCE_DIR=/opt/rustwide/workdir" "-e" "CARGO_TARGET_DIR=/opt/rustwide/target" "-e" "CARGO_INCREMENTAL=0" "-e" "RUST_BACKTRACE=full" "-e" "RUSTFLAGS=--cap-lints=warn" "-e" "CARGO_HOME=/opt/rustwide/cargo-home" "-e" "RUSTUP_HOME=/opt/rustwide/rustup-home" "-w" "/opt/rustwide/workdir" "-m" "1610612736" "--user" "0:0" "--network" "none" "ghcr.io/rust-lang/crates-build-env/linux@sha256:34b6a614d2c27851fe6cbf88fbd1137609cefab8b10d0615aaeb6fd47975d74e" "/opt/rustwide/cargo-home/bin/cargo" "+beta-2021-08-01" "build" "--frozen" "--message-format=json", kill_on_drop: false }`
[INFO] [stdout] c4b42855d4c951629019cda350f76459a77aeabda9df5f779ba2666afa3657a9
[INFO] running `Command { std: "docker" "start" "-a" "c4b42855d4c951629019cda350f76459a77aeabda9df5f779ba2666afa3657a9", kill_on_drop: false }`
[INFO] [stderr]     Blocking waiting for file lock on package cache
[INFO] [stderr]    Compiling libc v0.2.94
[INFO] [stderr]    Compiling cfg-if v1.0.0
[INFO] [stderr]    Compiling log v0.4.14
[INFO] [stderr]    Compiling pkg-config v0.3.19
[INFO] [stderr]    Compiling pin-project-lite v0.2.6
[INFO] [stderr]    Compiling cc v1.0.67
[INFO] [stderr]    Compiling proc-macro2 v1.0.26
[INFO] [stderr]    Compiling bytes v1.0.1
[INFO] [stderr]    Compiling memchr v2.4.0
[INFO] [stderr]    Compiling unicode-xid v0.2.2
[INFO] [stderr]    Compiling syn v1.0.72
[INFO] [stderr]    Compiling futures-core v0.3.14
[INFO] [stderr]    Compiling openssl v0.10.34
[INFO] [stderr]    Compiling foreign-types-shared v0.1.1
[INFO] [stderr]    Compiling itoa v0.4.7
[INFO] [stderr]    Compiling httparse v1.4.0
[INFO] [stderr]    Compiling native-tls v0.2.7
[INFO] [stderr]    Compiling pin-utils v0.1.0
[INFO] [stderr]    Compiling futures-sink v0.3.14
[INFO] [stderr]    Compiling once_cell v1.7.2
[INFO] [stderr]    Compiling futures-task v0.3.14
[INFO] [stderr]    Compiling openssl-probe v0.1.2
[INFO] [stderr]    Compiling slab v0.4.3
[INFO] [stderr]    Compiling try-lock v0.2.3
[INFO] [stderr]    Compiling httpdate v1.0.0
[INFO] [stderr]    Compiling tower-service v0.3.1
[INFO] [stderr]    Compiling tokio v1.5.0
[INFO] [stderr]    Compiling indexmap v1.6.2
[INFO] [stderr]    Compiling tracing-core v0.1.18
[INFO] [stderr]    Compiling futures-channel v0.3.14
[INFO] [stderr]    Compiling futures-util v0.3.14
[INFO] [stderr]    Compiling foreign-types v0.3.2
[INFO] [stderr]    Compiling want v0.3.0
[INFO] [stderr]    Compiling http v0.2.4
[INFO] [stderr]    Compiling tracing v0.1.26
[INFO] [stderr]    Compiling openssl-sys v0.9.63
[INFO] [stderr]    Compiling quote v1.0.9
[INFO] [stderr]    Compiling mio v0.7.11
[INFO] [stderr]    Compiling socket2 v0.4.0
[INFO] [stderr]    Compiling http-body v0.4.1
[INFO] [stderr]    Compiling tokio-util v0.6.6
[INFO] [stderr]    Compiling tokio-native-tls v0.3.0
[INFO] [stderr]    Compiling h2 v0.3.3
[INFO] [stderr]    Compiling pin-project-internal v1.0.7
[INFO] [stderr]    Compiling pin-project v1.0.7
[INFO] [stderr]    Compiling hyper v0.14.7
[INFO] [stderr]    Compiling hyper-tls v0.5.0
[INFO] [stderr]    Compiling flurl v0.1.0 (/opt/rustwide/workdir)
[INFO] [stderr]     Finished dev [unoptimized + debuginfo] target(s) in 27.84s
[INFO] running `Command { std: "docker" "inspect" "c4b42855d4c951629019cda350f76459a77aeabda9df5f779ba2666afa3657a9", kill_on_drop: false }`
[INFO] running `Command { std: "docker" "rm" "-f" "c4b42855d4c951629019cda350f76459a77aeabda9df5f779ba2666afa3657a9", kill_on_drop: false }`
[INFO] [stdout] c4b42855d4c951629019cda350f76459a77aeabda9df5f779ba2666afa3657a9
[INFO] running `Command { std: "docker" "create" "-v" "/var/lib/crater-agent-workspace/builds/worker-24/target:/opt/rustwide/target:rw,Z" "-v" "/var/lib/crater-agent-workspace/builds/worker-24/source:/opt/rustwide/workdir:ro,Z" "-v" "/var/lib/crater-agent-workspace/cargo-home:/opt/rustwide/cargo-home:ro,Z" "-v" "/var/lib/crater-agent-workspace/rustup-home:/opt/rustwide/rustup-home:ro,Z" "-e" "SOURCE_DIR=/opt/rustwide/workdir" "-e" "CARGO_TARGET_DIR=/opt/rustwide/target" "-e" "CARGO_INCREMENTAL=0" "-e" "RUST_BACKTRACE=full" "-e" "RUSTFLAGS=--cap-lints=warn" "-e" "CARGO_HOME=/opt/rustwide/cargo-home" "-e" "RUSTUP_HOME=/opt/rustwide/rustup-home" "-w" "/opt/rustwide/workdir" "-m" "1610612736" "--user" "0:0" "--network" "none" "ghcr.io/rust-lang/crates-build-env/linux@sha256:34b6a614d2c27851fe6cbf88fbd1137609cefab8b10d0615aaeb6fd47975d74e" "/opt/rustwide/cargo-home/bin/cargo" "+beta-2021-08-01" "test" "--frozen" "--no-run" "--message-format=json", kill_on_drop: false }`
[INFO] [stdout] 8501772774a127b592ba3e76ebdcf672824bf63630e90c50ea11bfd1b68425c6
[INFO] running `Command { std: "docker" "start" "-a" "8501772774a127b592ba3e76ebdcf672824bf63630e90c50ea11bfd1b68425c6", kill_on_drop: false }`
[INFO] [stderr]    Compiling flurl v0.1.0 (/opt/rustwide/workdir)
[INFO] [stderr]     Finished test [unoptimized + debuginfo] target(s) in 2.51s
[INFO] running `Command { std: "docker" "inspect" "8501772774a127b592ba3e76ebdcf672824bf63630e90c50ea11bfd1b68425c6", kill_on_drop: false }`
[INFO] running `Command { std: "docker" "rm" "-f" "8501772774a127b592ba3e76ebdcf672824bf63630e90c50ea11bfd1b68425c6", kill_on_drop: false }`
[INFO] [stdout] 8501772774a127b592ba3e76ebdcf672824bf63630e90c50ea11bfd1b68425c6
[INFO] running `Command { std: "docker" "create" "-v" "/var/lib/crater-agent-workspace/builds/worker-24/target:/opt/rustwide/target:rw,Z" "-v" "/var/lib/crater-agent-workspace/builds/worker-24/source:/opt/rustwide/workdir:ro,Z" "-v" "/var/lib/crater-agent-workspace/cargo-home:/opt/rustwide/cargo-home:ro,Z" "-v" "/var/lib/crater-agent-workspace/rustup-home:/opt/rustwide/rustup-home:ro,Z" "-e" "SOURCE_DIR=/opt/rustwide/workdir" "-e" "CARGO_TARGET_DIR=/opt/rustwide/target" "-e" "CARGO_INCREMENTAL=0" "-e" "RUST_BACKTRACE=full" "-e" "RUSTFLAGS=--cap-lints=warn" "-e" "CARGO_HOME=/opt/rustwide/cargo-home" "-e" "RUSTUP_HOME=/opt/rustwide/rustup-home" "-w" "/opt/rustwide/workdir" "-m" "1610612736" "--user" "0:0" "--network" "none" "ghcr.io/rust-lang/crates-build-env/linux@sha256:34b6a614d2c27851fe6cbf88fbd1137609cefab8b10d0615aaeb6fd47975d74e" "/opt/rustwide/cargo-home/bin/cargo" "+beta-2021-08-01" "test" "--frozen", kill_on_drop: false }`
[INFO] [stdout] ef8bbb77b0c326b284589b0b6816b96c7f6d28106fb946c74507637519eed36a
[INFO] running `Command { std: "docker" "start" "-a" "ef8bbb77b0c326b284589b0b6816b96c7f6d28106fb946c74507637519eed36a", kill_on_drop: false }`
[INFO] [stderr]     Finished test [unoptimized + debuginfo] target(s) in 0.13s
[INFO] [stderr]      Running unittests (/opt/rustwide/target/debug/deps/flurl-dec904bcb2f1e67f)
[INFO] [stdout] 
[INFO] [stdout] running 0 tests
[INFO] [stdout] 
[INFO] [stdout] test result: ok. 0 passed; 0 failed; 0 ignored; 0 measured; 0 filtered out; finished in 0.00s
[INFO] [stdout] 
[INFO] [stderr]    Doc-tests flurl
[INFO] [stderr] error[E0659]: `flurl` is ambiguous (name vs any other name during import resolution)
[INFO] [stderr]  --> /opt/rustwide/workdir/src/lib.rs:3:9
[INFO] [stderr]   |
[INFO] [stderr] 3 | pub use flurl::url_utils::*;
[INFO] [stderr]   |         ^^^^^ ambiguous name
[INFO] [stderr]   |
[INFO] [stderr]   = note: `flurl` could refer to a crate passed with `--extern`
[INFO] [stderr]   = help: use `::flurl` to refer to this crate unambiguously
[INFO] [stderr] note: `flurl` could also refer to the module defined here
[INFO] [stderr]  --> /opt/rustwide/workdir/src/lib.rs:1:1
[INFO] [stderr]   |
[INFO] [stderr] 1 | pub mod flurl;
[INFO] [stderr]   | ^^^^^^^^^^^^^^
[INFO] [stderr]   = help: use `crate::flurl` to refer to this module unambiguously
[INFO] [stderr] 
[INFO] [stderr] error[E0659]: `flurl` is ambiguous (name vs any other name during import resolution)
[INFO] [stderr]  --> /opt/rustwide/workdir/src/lib.rs:4:9
[INFO] [stderr]   |
[INFO] [stderr] 4 | pub use flurl::FlUrl;
[INFO] [stderr]   |         ^^^^^ ambiguous name
[INFO] [stderr]   |
[INFO] [stderr]   = note: `flurl` could refer to a crate passed with `--extern`
[INFO] [stderr]   = help: use `::flurl` to refer to this crate unambiguously
[INFO] [stderr] note: `flurl` could also refer to the module defined here
[INFO] [stderr]  --> /opt/rustwide/workdir/src/lib.rs:1:1
[INFO] [stderr]   |
[INFO] [stderr] 1 | pub mod flurl;
[INFO] [stderr]   | ^^^^^^^^^^^^^^
[INFO] [stderr]   = help: use `crate::flurl` to refer to this module unambiguously
[INFO] [stderr] 
[INFO] [stderr] error[E0659]: `flurl` is ambiguous (name vs any other name during import resolution)
[INFO] [stderr]  --> /opt/rustwide/workdir/src/lib.rs:5:9
[INFO] [stderr]   |
[INFO] [stderr] 5 | pub use flurl::FlUrlResponse;
[INFO] [stderr]   |         ^^^^^ ambiguous name
[INFO] [stderr]   |
[INFO] [stderr]   = note: `flurl` could refer to a crate passed with `--extern`
[INFO] [stderr]   = help: use `::flurl` to refer to this crate unambiguously
[INFO] [stderr] note: `flurl` could also refer to the module defined here
[INFO] [stderr]  --> /opt/rustwide/workdir/src/lib.rs:1:1
[INFO] [stderr]   |
[INFO] [stderr] 1 | pub mod flurl;
[INFO] [stderr]   | ^^^^^^^^^^^^^^
[INFO] [stderr]   = help: use `crate::flurl` to refer to this module unambiguously
[INFO] [stderr] 
[INFO] [stderr] error: aborting due to 3 previous errors
[INFO] [stderr] 
[INFO] [stderr] For more information about this error, try `rustc --explain E0659`.
[INFO] [stderr] error: test failed, to rerun pass '--doc'
[INFO] running `Command { std: "docker" "inspect" "ef8bbb77b0c326b284589b0b6816b96c7f6d28106fb946c74507637519eed36a", kill_on_drop: false }`
[INFO] running `Command { std: "docker" "rm" "-f" "ef8bbb77b0c326b284589b0b6816b96c7f6d28106fb946c74507637519eed36a", kill_on_drop: false }`
[INFO] [stdout] ef8bbb77b0c326b284589b0b6816b96c7f6d28106fb946c74507637519eed36a
