[INFO] cloning repository https://github.com/MordragT/injector
[INFO] running `Command { std: "git" "-c" "credential.helper=" "-c" "credential.helper=/workspace/cargo-home/bin/git-credential-null" "clone" "--bare" "https://github.com/MordragT/injector" "/workspace/cache/git-repos/https%3A%2F%2Fgithub.com%2FMordragT%2Finjector", kill_on_drop: false }`
[INFO] [stderr] Cloning into bare repository '/workspace/cache/git-repos/https%3A%2F%2Fgithub.com%2FMordragT%2Finjector'...
[INFO] running `Command { std: "git" "rev-parse" "HEAD", kill_on_drop: false }`
[INFO] [stdout] 4115563ac550e7e73ca303496d6fd2572c41134c
[INFO] testing MordragT/injector against 1.54.0 for beta-1.55-1
[INFO] running `Command { std: "git" "clone" "/workspace/cache/git-repos/https%3A%2F%2Fgithub.com%2FMordragT%2Finjector" "/workspace/builds/worker-93/source", kill_on_drop: false }`
[INFO] [stderr] Cloning into '/workspace/builds/worker-93/source'...
[INFO] [stderr] done.
[INFO] validating manifest of git repo https://github.com/MordragT/injector on toolchain 1.54.0
[INFO] running `Command { std: "/workspace/cargo-home/bin/cargo" "+1.54.0" "metadata" "--manifest-path" "Cargo.toml" "--no-deps", kill_on_drop: false }`
[INFO] started tweaking git repo https://github.com/MordragT/injector
[INFO] finished tweaking git repo https://github.com/MordragT/injector
[INFO] tweaked toml for git repo https://github.com/MordragT/injector written to /workspace/builds/worker-93/source/Cargo.toml
[INFO] crate git repo https://github.com/MordragT/injector already has a lockfile, it will not be regenerated
[INFO] running `Command { std: "/workspace/cargo-home/bin/cargo" "+1.54.0" "fetch" "--manifest-path" "Cargo.toml", kill_on_drop: false }`
[INFO] [stderr]     Blocking waiting for file lock on package cache
[INFO] [stderr]     Blocking waiting for file lock on package cache
[INFO] running `Command { std: "docker" "create" "-v" "/var/lib/crater-agent-workspace/builds/worker-93/target:/opt/rustwide/target:rw,Z" "-v" "/var/lib/crater-agent-workspace/builds/worker-93/source:/opt/rustwide/workdir:ro,Z" "-v" "/var/lib/crater-agent-workspace/cargo-home:/opt/rustwide/cargo-home:ro,Z" "-v" "/var/lib/crater-agent-workspace/rustup-home:/opt/rustwide/rustup-home:ro,Z" "-e" "SOURCE_DIR=/opt/rustwide/workdir" "-e" "CARGO_TARGET_DIR=/opt/rustwide/target" "-e" "CARGO_HOME=/opt/rustwide/cargo-home" "-e" "RUSTUP_HOME=/opt/rustwide/rustup-home" "-w" "/opt/rustwide/workdir" "-m" "1610612736" "--user" "0:0" "--network" "none" "ghcr.io/rust-lang/crates-build-env/linux@sha256:34b6a614d2c27851fe6cbf88fbd1137609cefab8b10d0615aaeb6fd47975d74e" "/opt/rustwide/cargo-home/bin/cargo" "+1.54.0" "metadata" "--no-deps" "--format-version=1", kill_on_drop: false }`
[INFO] [stdout] 579dafbbd103ab95f82fc7b22aba918ed0950a0b1cce1ac31c357eaec59a8b36
[INFO] running `Command { std: "docker" "start" "-a" "579dafbbd103ab95f82fc7b22aba918ed0950a0b1cce1ac31c357eaec59a8b36", kill_on_drop: false }`
[INFO] running `Command { std: "docker" "inspect" "579dafbbd103ab95f82fc7b22aba918ed0950a0b1cce1ac31c357eaec59a8b36", kill_on_drop: false }`
[INFO] running `Command { std: "docker" "rm" "-f" "579dafbbd103ab95f82fc7b22aba918ed0950a0b1cce1ac31c357eaec59a8b36", kill_on_drop: false }`
[INFO] [stdout] 579dafbbd103ab95f82fc7b22aba918ed0950a0b1cce1ac31c357eaec59a8b36
[INFO] running `Command { std: "docker" "create" "-v" "/var/lib/crater-agent-workspace/builds/worker-93/target:/opt/rustwide/target:rw,Z" "-v" "/var/lib/crater-agent-workspace/builds/worker-93/source:/opt/rustwide/workdir:ro,Z" "-v" "/var/lib/crater-agent-workspace/cargo-home:/opt/rustwide/cargo-home:ro,Z" "-v" "/var/lib/crater-agent-workspace/rustup-home:/opt/rustwide/rustup-home:ro,Z" "-e" "SOURCE_DIR=/opt/rustwide/workdir" "-e" "CARGO_TARGET_DIR=/opt/rustwide/target" "-e" "CARGO_INCREMENTAL=0" "-e" "RUST_BACKTRACE=full" "-e" "RUSTFLAGS=--cap-lints=warn" "-e" "CARGO_HOME=/opt/rustwide/cargo-home" "-e" "RUSTUP_HOME=/opt/rustwide/rustup-home" "-w" "/opt/rustwide/workdir" "-m" "1610612736" "--user" "0:0" "--network" "none" "ghcr.io/rust-lang/crates-build-env/linux@sha256:34b6a614d2c27851fe6cbf88fbd1137609cefab8b10d0615aaeb6fd47975d74e" "/opt/rustwide/cargo-home/bin/cargo" "+1.54.0" "build" "--frozen" "--message-format=json", kill_on_drop: false }`
[INFO] [stdout] 20469514df65092eef76555471b733da5bfd824cd8f338ad61b0544382cb55d7
[INFO] running `Command { std: "docker" "start" "-a" "20469514df65092eef76555471b733da5bfd824cd8f338ad61b0544382cb55d7", kill_on_drop: false }`
[INFO] [stderr]     Blocking waiting for file lock on package cache
[INFO] [stderr]    Compiling autocfg v1.0.1
[INFO] [stderr]    Compiling libc v0.2.93
[INFO] [stderr]    Compiling proc-macro2 v1.0.24
[INFO] [stderr]    Compiling unicode-xid v0.2.1
[INFO] [stderr]    Compiling syn v1.0.54
[INFO] [stderr]    Compiling version_check v0.9.2
[INFO] [stderr]    Compiling const_fn v0.4.4
[INFO] [stderr]    Compiling rayon-core v1.9.0
[INFO] [stderr]    Compiling byteorder v1.3.4
[INFO] [stderr]    Compiling memchr v2.3.4
[INFO] [stderr]    Compiling adler v0.2.3
[INFO] [stderr]    Compiling log v0.4.11
[INFO] [stderr]    Compiling doc-comment v0.3.3
[INFO] [stderr]    Compiling sysinfo v0.17.2
[INFO] [stderr]    Compiling either v1.6.1
[INFO] [stderr]    Compiling plain v0.2.3
[INFO] [stderr]    Compiling regex-syntax v0.6.21
[INFO] [stderr]    Compiling hex v0.4.2
[INFO] [stderr]    Compiling once_cell v1.5.2
[INFO] [stderr]    Compiling bitflags v1.2.1
[INFO] [stderr]    Compiling crc32fast v1.2.1
[INFO] [stderr]    Compiling thread_local v1.0.1
[INFO] [stderr]    Compiling crossbeam-utils v0.8.1
[INFO] [stderr]    Compiling memoffset v0.6.1
[INFO] [stderr]    Compiling proc-macro-error-attr v1.0.4
[INFO] [stderr]    Compiling num-traits v0.2.14
[INFO] [stderr]    Compiling proc-macro-error v1.0.4
[INFO] [stderr]    Compiling miniz_oxide v0.4.3
[INFO] [stderr]    Compiling num-integer v0.1.44
[INFO] [stderr]    Compiling rayon v1.5.0
[INFO] [stderr]    Compiling aho-corasick v0.7.15
[INFO] [stderr]    Compiling regex v1.4.2
[INFO] [stderr]    Compiling quote v1.0.7
[INFO] [stderr]    Compiling crossbeam-epoch v0.9.1
[INFO] [stderr]    Compiling crossbeam-channel v0.5.0
[INFO] [stderr]    Compiling num_cpus v1.13.0
[INFO] [stderr]    Compiling time v0.1.44
[INFO] [stderr]    Compiling flate2 v1.0.19
[INFO] [stderr]    Compiling memmap v0.7.0
[INFO] [stderr]    Compiling nix v0.20.0
[INFO] [stderr]    Compiling chrono v0.4.19
[INFO] [stderr]    Compiling crossbeam-deque v0.8.0
[INFO] [stderr]    Compiling procfs v0.9.1
[INFO] [stderr]    Compiling scroll_derive v0.10.4
[INFO] [stderr]    Compiling dynasm v1.0.0
[INFO] [stderr]    Compiling scroll v0.10.2
[INFO] [stderr]    Compiling goblin v0.4.0
[INFO] [stderr]    Compiling dynasmrt v1.0.0
[INFO] [stderr]    Compiling injex v0.1.0 (/opt/rustwide/workdir)
[INFO] [stderr]     Finished dev [unoptimized + debuginfo] target(s) in 44.45s
[INFO] running `Command { std: "docker" "inspect" "20469514df65092eef76555471b733da5bfd824cd8f338ad61b0544382cb55d7", kill_on_drop: false }`
[INFO] running `Command { std: "docker" "rm" "-f" "20469514df65092eef76555471b733da5bfd824cd8f338ad61b0544382cb55d7", kill_on_drop: false }`
[INFO] [stdout] 20469514df65092eef76555471b733da5bfd824cd8f338ad61b0544382cb55d7
[INFO] running `Command { std: "docker" "create" "-v" "/var/lib/crater-agent-workspace/builds/worker-93/target:/opt/rustwide/target:rw,Z" "-v" "/var/lib/crater-agent-workspace/builds/worker-93/source:/opt/rustwide/workdir:ro,Z" "-v" "/var/lib/crater-agent-workspace/cargo-home:/opt/rustwide/cargo-home:ro,Z" "-v" "/var/lib/crater-agent-workspace/rustup-home:/opt/rustwide/rustup-home:ro,Z" "-e" "SOURCE_DIR=/opt/rustwide/workdir" "-e" "CARGO_TARGET_DIR=/opt/rustwide/target" "-e" "CARGO_INCREMENTAL=0" "-e" "RUST_BACKTRACE=full" "-e" "RUSTFLAGS=--cap-lints=warn" "-e" "CARGO_HOME=/opt/rustwide/cargo-home" "-e" "RUSTUP_HOME=/opt/rustwide/rustup-home" "-w" "/opt/rustwide/workdir" "-m" "1610612736" "--user" "0:0" "--network" "none" "ghcr.io/rust-lang/crates-build-env/linux@sha256:34b6a614d2c27851fe6cbf88fbd1137609cefab8b10d0615aaeb6fd47975d74e" "/opt/rustwide/cargo-home/bin/cargo" "+1.54.0" "test" "--frozen" "--no-run" "--message-format=json", kill_on_drop: false }`
[INFO] [stdout] 2020e2a0db870cf8e0eb192c9211f007997ed700a212040e69db26619f3d5b1b
[INFO] running `Command { std: "docker" "start" "-a" "2020e2a0db870cf8e0eb192c9211f007997ed700a212040e69db26619f3d5b1b", kill_on_drop: false }`
[INFO] [stderr]    Compiling injex v0.1.0 (/opt/rustwide/workdir)
[INFO] [stderr]     Finished test [unoptimized + debuginfo] target(s) in 3.04s
[INFO] running `Command { std: "docker" "inspect" "2020e2a0db870cf8e0eb192c9211f007997ed700a212040e69db26619f3d5b1b", kill_on_drop: false }`
[INFO] running `Command { std: "docker" "rm" "-f" "2020e2a0db870cf8e0eb192c9211f007997ed700a212040e69db26619f3d5b1b", kill_on_drop: false }`
[INFO] [stdout] 2020e2a0db870cf8e0eb192c9211f007997ed700a212040e69db26619f3d5b1b
[INFO] running `Command { std: "docker" "create" "-v" "/var/lib/crater-agent-workspace/builds/worker-93/target:/opt/rustwide/target:rw,Z" "-v" "/var/lib/crater-agent-workspace/builds/worker-93/source:/opt/rustwide/workdir:ro,Z" "-v" "/var/lib/crater-agent-workspace/cargo-home:/opt/rustwide/cargo-home:ro,Z" "-v" "/var/lib/crater-agent-workspace/rustup-home:/opt/rustwide/rustup-home:ro,Z" "-e" "SOURCE_DIR=/opt/rustwide/workdir" "-e" "CARGO_TARGET_DIR=/opt/rustwide/target" "-e" "CARGO_INCREMENTAL=0" "-e" "RUST_BACKTRACE=full" "-e" "RUSTFLAGS=--cap-lints=warn" "-e" "CARGO_HOME=/opt/rustwide/cargo-home" "-e" "RUSTUP_HOME=/opt/rustwide/rustup-home" "-w" "/opt/rustwide/workdir" "-m" "1610612736" "--user" "0:0" "--network" "none" "ghcr.io/rust-lang/crates-build-env/linux@sha256:34b6a614d2c27851fe6cbf88fbd1137609cefab8b10d0615aaeb6fd47975d74e" "/opt/rustwide/cargo-home/bin/cargo" "+1.54.0" "test" "--frozen", kill_on_drop: false }`
[INFO] [stdout] 7f1d8294ad170cc3091d3e5e38d331e7ab533badffa94ae209734c025149053c
[INFO] running `Command { std: "docker" "start" "-a" "7f1d8294ad170cc3091d3e5e38d331e7ab533badffa94ae209734c025149053c", kill_on_drop: false }`
[INFO] [stderr]     Finished test [unoptimized + debuginfo] target(s) in 0.04s
[INFO] [stderr]      Running unittests (/opt/rustwide/target/debug/deps/injex-ba2f3cd9f5328e07)
[INFO] [stdout] 
[INFO] [stderr]    Doc-tests injex
[INFO] [stdout] running 0 tests
[INFO] [stdout] 
[INFO] [stdout] test result: ok. 0 passed; 0 failed; 0 ignored; 0 measured; 0 filtered out; finished in 0.00s
[INFO] [stdout] 
[INFO] [stdout] 
[INFO] [stdout] running 2 tests
[INFO] [stdout] test src/lib.rs - (line 17) ... FAILED
[INFO] [stdout] test src/lib.rs - (line 5) ... FAILED
[INFO] [stdout] 
[INFO] [stdout] failures:
[INFO] [stdout] 
[INFO] [stdout] ---- src/lib.rs - (line 17) stdout ----
[INFO] [stdout] error: expected `;`, found `println`
[INFO] [stdout]   --> src/lib.rs:28:48
[INFO] [stdout]    |
[INFO] [stdout] 14 |        let manipulator = InternalManipulator {}
[INFO] [stdout]    |                                                ^ help: add `;` here
[INFO] [stdout] 15 |        println!("{:?}", manipulator.memory_maps());
[INFO] [stdout]    |        ------- unexpected token
[INFO] [stdout] 
[INFO] [stdout] error: aborting due to previous error
[INFO] [stdout] 
[INFO] [stdout] Couldn't compile the test.
[INFO] [stdout] ---- src/lib.rs - (line 5) stdout ----
[INFO] [stdout] Test executable failed (exit code 1).
[INFO] [stdout] 
[INFO] [stdout] stderr:
[INFO] [stdout] Error: ProcessNotFound("game_name")
[INFO] [stdout] 
[INFO] [stdout] 
[INFO] [stdout] 
[INFO] [stdout] failures:
[INFO] [stdout]     src/lib.rs - (line 17)
[INFO] [stdout]     src/lib.rs - (line 5)
[INFO] [stdout] 
[INFO] [stdout] test result: FAILED. 0 passed; 2 failed; 0 ignored; 0 measured; 0 filtered out; finished in 2.68s
[INFO] [stdout] 
[INFO] [stderr] error: test failed, to rerun pass '--doc'
[INFO] running `Command { std: "docker" "inspect" "7f1d8294ad170cc3091d3e5e38d331e7ab533badffa94ae209734c025149053c", kill_on_drop: false }`
[INFO] running `Command { std: "docker" "rm" "-f" "7f1d8294ad170cc3091d3e5e38d331e7ab533badffa94ae209734c025149053c", kill_on_drop: false }`
[INFO] [stdout] 7f1d8294ad170cc3091d3e5e38d331e7ab533badffa94ae209734c025149053c
