[INFO] cloning repository https://github.com/MikkelPaulson/irustc-bot
[INFO] running `Command { std: "git" "-c" "credential.helper=" "-c" "credential.helper=/workspace/cargo-home/bin/git-credential-null" "clone" "--bare" "https://github.com/MikkelPaulson/irustc-bot" "/workspace/cache/git-repos/https%3A%2F%2Fgithub.com%2FMikkelPaulson%2Firustc-bot", kill_on_drop: false }`
[INFO] [stderr] Cloning into bare repository '/workspace/cache/git-repos/https%3A%2F%2Fgithub.com%2FMikkelPaulson%2Firustc-bot'...
[INFO] running `Command { std: "git" "rev-parse" "HEAD", kill_on_drop: false }`
[INFO] [stdout] 2db0e71911ac3f3c75b5270e94f6042cd228ea54
[INFO] testing MikkelPaulson/irustc-bot against 1.54.0 for beta-1.55-1
[INFO] running `Command { std: "git" "clone" "/workspace/cache/git-repos/https%3A%2F%2Fgithub.com%2FMikkelPaulson%2Firustc-bot" "/workspace/builds/worker-28/source", kill_on_drop: false }`
[INFO] [stderr] Cloning into '/workspace/builds/worker-28/source'...
[INFO] [stderr] done.
[INFO] validating manifest of git repo https://github.com/MikkelPaulson/irustc-bot on toolchain 1.54.0
[INFO] running `Command { std: "/workspace/cargo-home/bin/cargo" "+1.54.0" "metadata" "--manifest-path" "Cargo.toml" "--no-deps", kill_on_drop: false }`
[INFO] started tweaking git repo https://github.com/MikkelPaulson/irustc-bot
[INFO] finished tweaking git repo https://github.com/MikkelPaulson/irustc-bot
[INFO] tweaked toml for git repo https://github.com/MikkelPaulson/irustc-bot written to /workspace/builds/worker-28/source/Cargo.toml
[INFO] crate git repo https://github.com/MikkelPaulson/irustc-bot already has a lockfile, it will not be regenerated
[INFO] running `Command { std: "/workspace/cargo-home/bin/cargo" "+1.54.0" "fetch" "--manifest-path" "Cargo.toml", kill_on_drop: false }`
[INFO] [stderr]     Blocking waiting for file lock on package cache
[INFO] running `Command { std: "docker" "create" "-v" "/var/lib/crater-agent-workspace/builds/worker-28/target:/opt/rustwide/target:rw,Z" "-v" "/var/lib/crater-agent-workspace/builds/worker-28/source:/opt/rustwide/workdir:ro,Z" "-v" "/var/lib/crater-agent-workspace/cargo-home:/opt/rustwide/cargo-home:ro,Z" "-v" "/var/lib/crater-agent-workspace/rustup-home:/opt/rustwide/rustup-home:ro,Z" "-e" "SOURCE_DIR=/opt/rustwide/workdir" "-e" "CARGO_TARGET_DIR=/opt/rustwide/target" "-e" "CARGO_HOME=/opt/rustwide/cargo-home" "-e" "RUSTUP_HOME=/opt/rustwide/rustup-home" "-w" "/opt/rustwide/workdir" "-m" "1610612736" "--user" "0:0" "--network" "none" "ghcr.io/rust-lang/crates-build-env/linux@sha256:34b6a614d2c27851fe6cbf88fbd1137609cefab8b10d0615aaeb6fd47975d74e" "/opt/rustwide/cargo-home/bin/cargo" "+1.54.0" "metadata" "--no-deps" "--format-version=1", kill_on_drop: false }`
[INFO] [stdout] 27080609d7a4af1a653448469bd76f6de6c003a22b972a1cb91a51cdce8103fa
[INFO] running `Command { std: "docker" "start" "-a" "27080609d7a4af1a653448469bd76f6de6c003a22b972a1cb91a51cdce8103fa", kill_on_drop: false }`
[INFO] running `Command { std: "docker" "inspect" "27080609d7a4af1a653448469bd76f6de6c003a22b972a1cb91a51cdce8103fa", kill_on_drop: false }`
[INFO] running `Command { std: "docker" "rm" "-f" "27080609d7a4af1a653448469bd76f6de6c003a22b972a1cb91a51cdce8103fa", kill_on_drop: false }`
[INFO] [stdout] 27080609d7a4af1a653448469bd76f6de6c003a22b972a1cb91a51cdce8103fa
[INFO] running `Command { std: "docker" "create" "-v" "/var/lib/crater-agent-workspace/builds/worker-28/target:/opt/rustwide/target:rw,Z" "-v" "/var/lib/crater-agent-workspace/builds/worker-28/source:/opt/rustwide/workdir:ro,Z" "-v" "/var/lib/crater-agent-workspace/cargo-home:/opt/rustwide/cargo-home:ro,Z" "-v" "/var/lib/crater-agent-workspace/rustup-home:/opt/rustwide/rustup-home:ro,Z" "-e" "SOURCE_DIR=/opt/rustwide/workdir" "-e" "CARGO_TARGET_DIR=/opt/rustwide/target" "-e" "CARGO_INCREMENTAL=0" "-e" "RUST_BACKTRACE=full" "-e" "RUSTFLAGS=--cap-lints=warn" "-e" "CARGO_HOME=/opt/rustwide/cargo-home" "-e" "RUSTUP_HOME=/opt/rustwide/rustup-home" "-w" "/opt/rustwide/workdir" "-m" "1610612736" "--user" "0:0" "--network" "none" "ghcr.io/rust-lang/crates-build-env/linux@sha256:34b6a614d2c27851fe6cbf88fbd1137609cefab8b10d0615aaeb6fd47975d74e" "/opt/rustwide/cargo-home/bin/cargo" "+1.54.0" "build" "--frozen" "--message-format=json", kill_on_drop: false }`
[INFO] [stdout] 1e7d97ec5fa98f921a0e97f231d231bc7649ab95f28e9b7b368ccb87a2320dff
[INFO] running `Command { std: "docker" "start" "-a" "1e7d97ec5fa98f921a0e97f231d231bc7649ab95f28e9b7b368ccb87a2320dff", kill_on_drop: false }`
[INFO] [stderr]     Blocking waiting for file lock on package cache
[INFO] [stderr]    Compiling crikey-irc v0.1.0 (/opt/rustwide/workdir)
[INFO] [stdout] warning: lint `overlapping_patterns` has been renamed to `overlapping_range_endpoints`
[INFO] [stdout]    --> src/connection/message/reply.rs:183:9
[INFO] [stdout]     |
[INFO] [stdout] 183 | #[allow(overlapping_patterns)]
[INFO] [stdout]     |         ^^^^^^^^^^^^^^^^^^^^ help: use the new name: `overlapping_range_endpoints`
[INFO] [stdout]     |
[INFO] [stdout]     = note: `#[warn(renamed_and_removed_lints)]` on by default
[INFO] [stdout] 
[INFO] [stdout] 
[INFO] [stdout] warning: 1 warning emitted
[INFO] [stdout] 
[INFO] [stdout] 
[INFO] [stderr]     Finished dev [unoptimized + debuginfo] target(s) in 2.34s
[INFO] running `Command { std: "docker" "inspect" "1e7d97ec5fa98f921a0e97f231d231bc7649ab95f28e9b7b368ccb87a2320dff", kill_on_drop: false }`
[INFO] running `Command { std: "docker" "rm" "-f" "1e7d97ec5fa98f921a0e97f231d231bc7649ab95f28e9b7b368ccb87a2320dff", kill_on_drop: false }`
[INFO] [stdout] 1e7d97ec5fa98f921a0e97f231d231bc7649ab95f28e9b7b368ccb87a2320dff
[INFO] running `Command { std: "docker" "create" "-v" "/var/lib/crater-agent-workspace/builds/worker-28/target:/opt/rustwide/target:rw,Z" "-v" "/var/lib/crater-agent-workspace/builds/worker-28/source:/opt/rustwide/workdir:ro,Z" "-v" "/var/lib/crater-agent-workspace/cargo-home:/opt/rustwide/cargo-home:ro,Z" "-v" "/var/lib/crater-agent-workspace/rustup-home:/opt/rustwide/rustup-home:ro,Z" "-e" "SOURCE_DIR=/opt/rustwide/workdir" "-e" "CARGO_TARGET_DIR=/opt/rustwide/target" "-e" "CARGO_INCREMENTAL=0" "-e" "RUST_BACKTRACE=full" "-e" "RUSTFLAGS=--cap-lints=warn" "-e" "CARGO_HOME=/opt/rustwide/cargo-home" "-e" "RUSTUP_HOME=/opt/rustwide/rustup-home" "-w" "/opt/rustwide/workdir" "-m" "1610612736" "--user" "0:0" "--network" "none" "ghcr.io/rust-lang/crates-build-env/linux@sha256:34b6a614d2c27851fe6cbf88fbd1137609cefab8b10d0615aaeb6fd47975d74e" "/opt/rustwide/cargo-home/bin/cargo" "+1.54.0" "test" "--frozen" "--no-run" "--message-format=json", kill_on_drop: false }`
[INFO] [stdout] 7b0d3ad0f88068469fb77617b69a3c1e1dc66577634d09e660ae37fc11a20999
[INFO] running `Command { std: "docker" "start" "-a" "7b0d3ad0f88068469fb77617b69a3c1e1dc66577634d09e660ae37fc11a20999", kill_on_drop: false }`
[INFO] [stderr]     Blocking waiting for file lock on package cache
[INFO] [stderr]    Compiling autocfg v1.0.1
[INFO] [stderr]    Compiling cfg-if v0.1.10
[INFO] [stderr]    Compiling lazy_static v1.4.0
[INFO] [stdout] warning: lint `overlapping_patterns` has been renamed to `overlapping_range_endpoints`
[INFO] [stdout]    --> src/connection/message/reply.rs:183:9
[INFO] [stdout]     |
[INFO] [stdout] 183 | #[allow(overlapping_patterns)]
[INFO] [stdout]     |         ^^^^^^^^^^^^^^^^^^^^ help: use the new name: `overlapping_range_endpoints`
[INFO] [stdout]     |
[INFO] [stdout]     = note: `#[warn(renamed_and_removed_lints)]` on by default
[INFO] [stdout] 
[INFO] [stdout] 
[INFO] [stdout] warning: 1 warning emitted
[INFO] [stdout] 
[INFO] [stdout] 
[INFO] [stderr]    Compiling crossbeam-utils v0.7.2
[INFO] [stderr]    Compiling crossbeam-channel v0.4.3
[INFO] [stderr]    Compiling pipe v0.3.0
[INFO] [stderr]    Compiling crikey-irc v0.1.0 (/opt/rustwide/workdir)
[INFO] [stdout] warning: lint `overlapping_patterns` has been renamed to `overlapping_range_endpoints`
[INFO] [stdout]    --> src/connection/message/reply.rs:183:9
[INFO] [stdout]     |
[INFO] [stdout] 183 | #[allow(overlapping_patterns)]
[INFO] [stdout]     |         ^^^^^^^^^^^^^^^^^^^^ help: use the new name: `overlapping_range_endpoints`
[INFO] [stdout]     |
[INFO] [stdout]     = note: `#[warn(renamed_and_removed_lints)]` on by default
[INFO] [stdout] 
[INFO] [stdout] 
[INFO] [stdout] warning: 1 warning emitted
[INFO] [stdout] 
[INFO] [stdout] 
[INFO] [stderr]     Finished test [unoptimized + debuginfo] target(s) in 11.60s
[INFO] running `Command { std: "docker" "inspect" "7b0d3ad0f88068469fb77617b69a3c1e1dc66577634d09e660ae37fc11a20999", kill_on_drop: false }`
[INFO] running `Command { std: "docker" "rm" "-f" "7b0d3ad0f88068469fb77617b69a3c1e1dc66577634d09e660ae37fc11a20999", kill_on_drop: false }`
[INFO] [stdout] 7b0d3ad0f88068469fb77617b69a3c1e1dc66577634d09e660ae37fc11a20999
[INFO] running `Command { std: "docker" "create" "-v" "/var/lib/crater-agent-workspace/builds/worker-28/target:/opt/rustwide/target:rw,Z" "-v" "/var/lib/crater-agent-workspace/builds/worker-28/source:/opt/rustwide/workdir:ro,Z" "-v" "/var/lib/crater-agent-workspace/cargo-home:/opt/rustwide/cargo-home:ro,Z" "-v" "/var/lib/crater-agent-workspace/rustup-home:/opt/rustwide/rustup-home:ro,Z" "-e" "SOURCE_DIR=/opt/rustwide/workdir" "-e" "CARGO_TARGET_DIR=/opt/rustwide/target" "-e" "CARGO_INCREMENTAL=0" "-e" "RUST_BACKTRACE=full" "-e" "RUSTFLAGS=--cap-lints=warn" "-e" "CARGO_HOME=/opt/rustwide/cargo-home" "-e" "RUSTUP_HOME=/opt/rustwide/rustup-home" "-w" "/opt/rustwide/workdir" "-m" "1610612736" "--user" "0:0" "--network" "none" "ghcr.io/rust-lang/crates-build-env/linux@sha256:34b6a614d2c27851fe6cbf88fbd1137609cefab8b10d0615aaeb6fd47975d74e" "/opt/rustwide/cargo-home/bin/cargo" "+1.54.0" "test" "--frozen", kill_on_drop: false }`
[INFO] [stdout] a483c6c76ebbde91065d6dd57473296467138f9b9082738e51ae3ae72ac78589
[INFO] running `Command { std: "docker" "start" "-a" "a483c6c76ebbde91065d6dd57473296467138f9b9082738e51ae3ae72ac78589", kill_on_drop: false }`
[INFO] [stderr] warning: lint `overlapping_patterns` has been renamed to `overlapping_range_endpoints`
[INFO] [stderr]    --> src/connection/message/reply.rs:183:9
[INFO] [stderr]     |
[INFO] [stderr] 183 | #[allow(overlapping_patterns)]
[INFO] [stderr]     |         ^^^^^^^^^^^^^^^^^^^^ help: use the new name: `overlapping_range_endpoints`
[INFO] [stderr]     |
[INFO] [stderr]     = note: `#[warn(renamed_and_removed_lints)]` on by default
[INFO] [stderr] 
[INFO] [stderr] warning: 1 warning emitted
[INFO] [stderr] 
[INFO] [stderr] warning: lint `overlapping_patterns` has been renamed to `overlapping_range_endpoints`
[INFO] [stderr]    --> src/connection/message/reply.rs:183:9
[INFO] [stderr]     |
[INFO] [stderr] 183 | #[allow(overlapping_patterns)]
[INFO] [stderr]     |         ^^^^^^^^^^^^^^^^^^^^ help: use the new name: `overlapping_range_endpoints`
[INFO] [stderr]     |
[INFO] [stderr]     = note: `#[warn(renamed_and_removed_lints)]` on by default
[INFO] [stderr] 
[INFO] [stderr] warning: 1 warning emitted
[INFO] [stderr] 
[INFO] [stderr]     Finished test [unoptimized + debuginfo] target(s) in 0.03s
[INFO] [stdout] 
[INFO] [stderr]      Running unittests (/opt/rustwide/target/debug/deps/crikey_irc-2846dc504209b6a2)
[INFO] [stdout] running 120 tests
[INFO] [stdout] test client::test_auth_token::pass_none ... ok
[INFO] [stdout] test client::test_auth_token::nick ... ok
[INFO] [stdout] test client::test_auth_token::pass_some ... ok
[INFO] [stdout] test client::test_auth_token::user ... ok
[INFO] [stdout] test connection::entity::channel::test_channel::into_string ... ok
[INFO] [stdout] test connection::entity::channel::test_channel_id::into_string ... ok
[INFO] [stdout] test connection::entity::channel::test_channel_id::invalid ... ok
[INFO] [stdout] test connection::entity::channel::test_channel_id::valid ... ok
[INFO] [stdout] test connection::entity::channel::test_channel_key::into_string ... ok
[INFO] [stdout] test client::test_client::responds_to_ping ... ok
[INFO] [stdout] test connection::entity::channel::test_channel::valid ... ok
[INFO] [stdout] test client::test_client::authenticate_with_password ... ok
[INFO] [stdout] test connection::entity::channel::test_channel_key::invalid ... ok
[INFO] [stdout] test client::test_client::authenticate_without_password ... ok
[INFO] [stdout] test connection::entity::channel::test_channel::invalid ... ok
[INFO] [stdout] test connection::entity::channel::test_channel_key::valid ... ok
[INFO] [stdout] test connection::entity::channel::test_channel_name::into_string ... ok
[INFO] [stdout] test connection::entity::channel::test_channel_name::invalid ... ok
[INFO] [stdout] test connection::entity::channel::test_channel_name::valid ... ok
[INFO] [stdout] test connection::entity::channel::test_channel_type::into_string ... ok
[INFO] [stdout] test connection::entity::channel::test_channel_type::invalid ... ok
[INFO] [stdout] test connection::entity::channel::test_channel_type::valid ... ok
[INFO] [stdout] test connection::entity::server::test_host::from_types ... ok
[INFO] [stdout] test connection::entity::server::test_host::into_string ... ok
[INFO] [stdout] test connection::entity::server::test_host::invalid ... ok
[INFO] [stdout] test connection::entity::server::test_host::valid ... ok
[INFO] [stdout] test connection::entity::server::test_hostname_servername::invalid ... ok
[INFO] [stdout] test connection::entity::server::test_hostname_servername::into_string ... ok
[INFO] [stdout] test connection::entity::server::test_hostname_servername::valid ... ok
[INFO] [stdout] test connection::entity::test_recipient::from_types ... ok
[INFO] [stdout] test connection::entity::test_recipient::into_string ... ok
[INFO] [stdout] test connection::entity::test_recipient::invalid ... ok
[INFO] [stdout] test connection::entity::test_recipient::valid ... ok
[INFO] [stdout] test connection::entity::test_sender::from_types ... ok
[INFO] [stdout] test connection::entity::test_recipient::valid_list ... ok
[INFO] [stdout] test connection::entity::test_sender::into_string ... ok
[INFO] [stdout] test connection::entity::test_sender::invalid ... ok
[INFO] [stdout] test connection::entity::user::test_nickname::into_string ... ok
[INFO] [stdout] test connection::entity::test_sender::valid ... ok
[INFO] [stdout] test connection::entity::user::test_nickname::invalid ... ok
[INFO] [stdout] test connection::entity::user::test_nickname::valid ... ok
[INFO] [stdout] test connection::entity::user::test_username::into_string ... ok
[INFO] [stdout] test connection::entity::user::test_username::invalid ... ok
[INFO] [stdout] test connection::message::command::tests::channel_operations_join ... ok
[INFO] [stdout] test connection::entity::user::test_username::valid ... ok
[INFO] [stdout] test connection::message::command::tests::channel_operations_invite ... ok
[INFO] [stdout] test connection::message::command::tests::channel_operations_channel_mode ... ok
[INFO] [stdout] test connection::message::command::tests::channel_operations_kick ... ok
[INFO] [stdout] test connection::message::command::tests::channel_operations_list ... ok
[INFO] [stdout] test connection::message::command::tests::channel_operations_part ... ok
[INFO] [stdout] test connection::message::command::tests::channel_operations_names ... ok
[INFO] [stdout] test connection::message::command::tests::channel_operations_topic ... ok
[INFO] [stdout] test connection::message::command::tests::connection_registration_nick ... ok
[INFO] [stdout] test connection::message::command::tests::connection_registration_oper ... ok
[INFO] [stdout] test connection::message::command::tests::connection_registration_password ... ok
[INFO] [stdout] test connection::message::command::tests::connection_registration_service ... ok
[INFO] [stdout] test connection::message::command::tests::connection_registration_quit ... ok
[INFO] [stdout] test connection::message::command::tests::connection_registration_squit ... ok
[INFO] [stdout] test connection::message::command::tests::connection_registration_user_mode ... ok
[INFO] [stdout] test connection::message::command::tests::connection_registration_user ... ok
[INFO] [stdout] test connection::message::command::tests::miscellaneous_messages_error ... ok
[INFO] [stdout] test connection::message::command::tests::optional_features_die ... ok
[INFO] [stdout] test connection::message::command::tests::miscellaneous_messages_kill ... ok
[INFO] [stdout] test connection::message::command::tests::optional_features_away ... ok
[INFO] [stdout] test connection::message::command::tests::miscellaneous_messages_ping ... ok
[INFO] [stdout] test connection::message::command::tests::optional_features_restart ... ok
[INFO] [stdout] test connection::message::command::tests::miscellaneous_messages_pong ... ok
[INFO] [stdout] test connection::message::command::tests::optional_features_userhost ... ok
[INFO] [stdout] test connection::message::command::tests::optional_features_users ... ok
[INFO] [stdout] test connection::message::command::tests::optional_features_summon ... ok
[INFO] [stdout] test connection::message::command::tests::sending_messages_notice ... ok
[INFO] [stdout] test connection::message::command::tests::optional_features_wallops ... ok
[INFO] [stdout] test connection::message::command::tests::optional_features_ison ... ok
[INFO] [stdout] test connection::message::command::tests::server_queries_and_commands_admin ... ok
[INFO] [stdout] test connection::message::command::tests::server_queries_and_commands_info ... ok
[INFO] [stdout] test connection::message::command::tests::sending_messages_privmsg ... ok
[INFO] [stdout] test connection::message::command::tests::optional_features_rehash ... ok
[INFO] [stdout] test connection::message::command::tests::server_queries_and_commands_motd ... ok
[INFO] [stdout] test connection::message::command::tests::server_queries_and_commands_links ... ok
[INFO] [stdout] test connection::message::command::tests::server_queries_and_commands_lusers ... ok
[INFO] [stdout] test connection::message::command::tests::user_based_queries_who ... ok
[INFO] [stdout] test connection::message::command::tests::server_queries_and_commands_servlist ... ok
[INFO] [stdout] test connection::message::command::tests::server_queries_and_commands_trace ... ok
[INFO] [stdout] test connection::message::command::tests::server_queries_and_commands_time ... ok
[INFO] [stdout] test connection::message::command::tests::user_based_queries_whowas ... ok
[INFO] [stdout] test connection::message::test_command_args::to_string ... ok
[INFO] [stdout] test connection::message::reply::tests::all_values_in_range ... ok
[INFO] [stdout] test connection::message::command::tests::server_queries_and_commands_squery ... ok
[INFO] [stdout] test connection::message::test_message::string ... ok
[INFO] [stdout] test connection::message::test_message_body::invalid ... ok
[INFO] [stdout] test connection::message::test_message::valid ... ok
[INFO] [stdout] test connection::message::test_message_body::string ... ok
[INFO] [stdout] test connection::syntax::keyword_list::test_keyword_list::from_string ... ok
[INFO] [stdout] test connection::message::test_message::invalid ... ok
[INFO] [stdout] test connection::message::test_command_args::push_validates ... ok
[INFO] [stdout] test connection::message::test_message_body::valid ... ok
[INFO] [stdout] test connection::message::test_command_args::valid ... ok
[INFO] [stdout] test connection::message::command::tests::server_queries_and_commands_version ... ok
[INFO] [stdout] test connection::syntax::keyword_list::test_keyword_list::invalid ... ok
[INFO] [stdout] test connection::syntax::keyword_list::test_keyword_list::into_string ... ok
[INFO] [stdout] test connection::syntax::stats_query::test_stats_query::invalid ... ok
[INFO] [stdout] test connection::syntax::stats_query::test_stats_query::to_string ... ok
[INFO] [stdout] test connection::message::command::tests::server_queries_and_commands_stats ... ok
[INFO] [stdout] test connection::message::command::tests::user_based_queries_whois ... ok
[INFO] [stdout] test connection::syntax::target_mask::tests::invalid_chars ... ok
[INFO] [stdout] test connection::syntax::target_mask::tests::invalid_dot_placement ... ok
[INFO] [stdout] test connection::syntax::target_mask::tests::invalid_prefix ... ok
[INFO] [stdout] test connection::syntax::target_mask::tests::invalid_server_and_host_mask ... ok
[INFO] [stdout] test connection::syntax::target_mask::tests::ipv4 ... ok
[INFO] [stdout] test connection::syntax::target_mask::tests::ipv6 ... ok
[INFO] [stdout] test connection::syntax::target_mask::tests::valid ... ok
[INFO] [stdout] test connection::syntax::target_mask::tests::valid_server_and_host_mask ... ok
[INFO] [stdout] test connection::syntax::target_mask::tests::wildcard_in_last_group ... ok
[INFO] [stdout] test connection::syntax::target_mask::tests::into_string ... ok
[INFO] [stdout] test connection::syntax::stats_query::test_stats_query::valid ... ok
[INFO] [stdout] test connection::test_connection::poll_command ... ok
[INFO] [stdout] test connection::test_connection::poll_unrecognized ... ok
[INFO] [stdout] test connection::test_connection::send_command_raw ... ok
[INFO] [stdout] test connection::test_connection::send_command ... ok
[INFO] [stdout] test connection::test_connection::poll_disconnected - should panic ... ok
[INFO] [stdout] 
[INFO] [stdout] test result: ok. 120 passed; 0 failed; 0 ignored; 0 measured; 0 filtered out; finished in 0.11s
[INFO] [stdout] 
[INFO] [stderr]      Running unittests (/opt/rustwide/target/debug/deps/crikey_irc-511088ea49948a54)
[INFO] [stdout] 
[INFO] [stderr]      Running tests/integration.rs (/opt/rustwide/target/debug/deps/integration-1859267a129c12f9)
[INFO] [stdout] running 0 tests
[INFO] [stdout] 
[INFO] [stdout] test result: ok. 0 passed; 0 failed; 0 ignored; 0 measured; 0 filtered out; finished in 0.00s
[INFO] [stdout] 
[INFO] [stdout] 
[INFO] [stdout] running 2 tests
[INFO] [stdout] test it_responds_to_ping ... FAILED
[INFO] [stdout] test it_authenticates ... FAILED
[INFO] [stdout] 
[INFO] [stdout] failures:
[INFO] [stdout] 
[INFO] [stdout] ---- it_responds_to_ping stdout ----
[INFO] [stdout] thread 'it_responds_to_ping' panicked at 'Unable to spawn client process.: Os { code: 2, kind: NotFound, message: "No such file or directory" }', tests/common/mod.rs:55:14
[INFO] [stdout] stack backtrace:
[INFO] [stdout]    0:     0x564f927812f0 - std::backtrace_rs::backtrace::libunwind::trace::h34055254b57d8e79
[INFO] [stdout]                                at /rustc/a178d0322ce20e33eac124758e837cbd80a6f633/library/std/src/../../backtrace/src/backtrace/libunwind.rs:90:5
[INFO] [stdout]    1:     0x564f927812f0 - std::backtrace_rs::backtrace::trace_unsynchronized::h8f1e3fbd9afff6ec
[INFO] [stdout]                                at /rustc/a178d0322ce20e33eac124758e837cbd80a6f633/library/std/src/../../backtrace/src/backtrace/mod.rs:66:5
[INFO] [stdout]    2:     0x564f927812f0 - std::sys_common::backtrace::_print_fmt::h3a99a796b770c360
[INFO] [stdout]                                at /rustc/a178d0322ce20e33eac124758e837cbd80a6f633/library/std/src/sys_common/backtrace.rs:67:5
[INFO] [stdout]    3:     0x564f927812f0 - <std::sys_common::backtrace::_print::DisplayBacktrace as core::fmt::Display>::fmt::h32d1f94a80615d18
[INFO] [stdout]                                at /rustc/a178d0322ce20e33eac124758e837cbd80a6f633/library/std/src/sys_common/backtrace.rs:46:22
[INFO] [stdout]    4:     0x564f927a433c - core::fmt::write::h306731c068f7162c
[INFO] [stdout]                                at /rustc/a178d0322ce20e33eac124758e837cbd80a6f633/library/core/src/fmt/mod.rs:1110:17
[INFO] [stdout]    5:     0x564f9277ae15 - std::io::Write::write_fmt::h87f19b0a2cd190bc
[INFO] [stdout]                                at /rustc/a178d0322ce20e33eac124758e837cbd80a6f633/library/std/src/io/mod.rs:1588:15
[INFO] [stdout]    6:     0x564f9278345b - std::sys_common::backtrace::_print::h5abaa2601a852287
[INFO] [stdout]                                at /rustc/a178d0322ce20e33eac124758e837cbd80a6f633/library/std/src/sys_common/backtrace.rs:49:5
[INFO] [stdout]    7:     0x564f9278345b - std::sys_common::backtrace::print::h8d81445442bb638f
[INFO] [stdout]                                at /rustc/a178d0322ce20e33eac124758e837cbd80a6f633/library/std/src/sys_common/backtrace.rs:36:9
[INFO] [stdout]    8:     0x564f9278345b - std::panicking::default_hook::{{closure}}::hcfe804496a9fa747
[INFO] [stdout]                                at /rustc/a178d0322ce20e33eac124758e837cbd80a6f633/library/std/src/panicking.rs:208:50
[INFO] [stdout]    9:     0x564f92782f6c - std::panicking::default_hook::hbea8e3ccf2ba8901
[INFO] [stdout]                                at /rustc/a178d0322ce20e33eac124758e837cbd80a6f633/library/std/src/panicking.rs:222:9
[INFO] [stdout]   10:     0x564f92783b24 - std::panicking::rust_panic_with_hook::h7ee9e1a2d0f8975a
[INFO] [stdout]                                at /rustc/a178d0322ce20e33eac124758e837cbd80a6f633/library/std/src/panicking.rs:622:17
[INFO] [stdout]   11:     0x564f92783607 - std::panicking::begin_panic_handler::{{closure}}::h8ab3b4491718b2c7
[INFO] [stdout]                                at /rustc/a178d0322ce20e33eac124758e837cbd80a6f633/library/std/src/panicking.rs:519:13
[INFO] [stdout]   12:     0x564f927817ec - std::sys_common::backtrace::__rust_end_short_backtrace::hd489062ffa586a9f
[INFO] [stdout]                                at /rustc/a178d0322ce20e33eac124758e837cbd80a6f633/library/std/src/sys_common/backtrace.rs:141:18
[INFO] [stdout]   13:     0x564f92783569 - rust_begin_unwind
[INFO] [stdout]                                at /rustc/a178d0322ce20e33eac124758e837cbd80a6f633/library/std/src/panicking.rs:515:5
[INFO] [stdout]   14:     0x564f926f4721 - core::panicking::panic_fmt::hca6330e3e14086b4
[INFO] [stdout]                                at /rustc/a178d0322ce20e33eac124758e837cbd80a6f633/library/core/src/panicking.rs:92:14
[INFO] [stdout]   15:     0x564f926f4813 - core::result::unwrap_failed::h6160d2b4bfbb0e87
[INFO] [stdout]                                at /rustc/a178d0322ce20e33eac124758e837cbd80a6f633/library/core/src/result.rs:1355:5
[INFO] [stdout]   16:     0x564f926fb835 - core::result::Result<T,E>::expect::h2ee973b411991eb7
[INFO] [stdout]                                at /rustc/a178d0322ce20e33eac124758e837cbd80a6f633/library/core/src/result.rs:997:23
[INFO] [stdout]   17:     0x564f9272001d - integration::common::Client::new::he38b3ab9fcec4404
[INFO] [stdout]                                at /opt/rustwide/workdir/tests/common/mod.rs:49:21
[INFO] [stdout]   18:     0x564f9271fa8e - integration::common::init::h463fdcec1f707c1a
[INFO] [stdout]                                at /opt/rustwide/workdir/tests/common/mod.rs:11:18
[INFO] [stdout]   19:     0x564f9271fbba - integration::common::connect::ha85d06a81b94ae2f
[INFO] [stdout]                                at /opt/rustwide/workdir/tests/common/mod.rs:18:32
[INFO] [stdout]   20:     0x564f92700cad - integration::it_responds_to_ping::h66201f97bea00e2a
[INFO] [stdout]                                at /opt/rustwide/workdir/tests/integration.rs:17:33
[INFO] [stdout]   21:     0x564f92700c7a - integration::it_responds_to_ping::{{closure}}::ha29ab68e774b1b22
[INFO] [stdout]                                at /opt/rustwide/workdir/tests/integration.rs:16:1
[INFO] [stdout]   22:     0x564f92721ebe - core::ops::function::FnOnce::call_once::ha6e82c580d2dece4
[INFO] [stdout]                                at /rustc/a178d0322ce20e33eac124758e837cbd80a6f633/library/core/src/ops/function.rs:227:5
[INFO] [stdout]   23:     0x564f927550f3 - core::ops::function::FnOnce::call_once::h152e7e439ff59e19
[INFO] [stdout]                                at /rustc/a178d0322ce20e33eac124758e837cbd80a6f633/library/core/src/ops/function.rs:227:5
[INFO] [stdout]   24:     0x564f927550f3 - test::__rust_begin_short_backtrace::h0908f3b1fdbb72ab
[INFO] [stdout]                                at /rustc/a178d0322ce20e33eac124758e837cbd80a6f633/library/test/src/lib.rs:577:5
[INFO] [stdout]   25:     0x564f92753bb0 - <alloc::boxed::Box<F,A> as core::ops::function::FnOnce<Args>>::call_once::hf6d2a51e5587546c
[INFO] [stdout]                                at /rustc/a178d0322ce20e33eac124758e837cbd80a6f633/library/alloc/src/boxed.rs:1575:9
[INFO] [stdout]   26:     0x564f92753bb0 - <std::panic::AssertUnwindSafe<F> as core::ops::function::FnOnce<()>>::call_once::h8af660f3a89ef593
[INFO] [stdout]                                at /rustc/a178d0322ce20e33eac124758e837cbd80a6f633/library/std/src/panic.rs:347:9
[INFO] [stdout]   27:     0x564f92753bb0 - std::panicking::try::do_call::hd36aef60f84b6d36
[INFO] [stdout]                                at /rustc/a178d0322ce20e33eac124758e837cbd80a6f633/library/std/src/panicking.rs:401:40
[INFO] [stdout]   28:     0x564f92753bb0 - std::panicking::try::h9932b4480e69817c
[INFO] [stdout]                                at /rustc/a178d0322ce20e33eac124758e837cbd80a6f633/library/std/src/panicking.rs:365:19
[INFO] [stdout]   29:     0x564f92753bb0 - std::panic::catch_unwind::h6aa177099cfff5f8
[INFO] [stdout]                                at /rustc/a178d0322ce20e33eac124758e837cbd80a6f633/library/std/src/panic.rs:434:14
[INFO] [stdout]   30:     0x564f92753bb0 - test::run_test_in_process::h5884d6f2d99e20c3
[INFO] [stdout]                                at /rustc/a178d0322ce20e33eac124758e837cbd80a6f633/library/test/src/lib.rs:600:18
[INFO] [stdout]   31:     0x564f92753bb0 - test::run_test::run_test_inner::{{closure}}::h6fdc58c6d5f5b6e3
[INFO] [stdout]                                at /rustc/a178d0322ce20e33eac124758e837cbd80a6f633/library/test/src/lib.rs:492:39
[INFO] [stdout]   32:     0x564f9272d262 - test::run_test::run_test_inner::{{closure}}::h408365d67a78ade8
[INFO] [stdout]                                at /rustc/a178d0322ce20e33eac124758e837cbd80a6f633/library/test/src/lib.rs:519:37
[INFO] [stdout]   33:     0x564f9272d262 - std::sys_common::backtrace::__rust_begin_short_backtrace::hb560b77c4f701523
[INFO] [stdout]                                at /rustc/a178d0322ce20e33eac124758e837cbd80a6f633/library/std/src/sys_common/backtrace.rs:125:18
[INFO] [stdout]   34:     0x564f92730e18 - std::thread::Builder::spawn_unchecked::{{closure}}::{{closure}}::hf2e7831dad93c597
[INFO] [stdout]                                at /rustc/a178d0322ce20e33eac124758e837cbd80a6f633/library/std/src/thread/mod.rs:481:17
[INFO] [stdout]   35:     0x564f92730e18 - <std::panic::AssertUnwindSafe<F> as core::ops::function::FnOnce<()>>::call_once::hd2e08783d8be4d02
[INFO] [stdout]                                at /rustc/a178d0322ce20e33eac124758e837cbd80a6f633/library/std/src/panic.rs:347:9
[INFO] [stdout]   36:     0x564f92730e18 - std::panicking::try::do_call::h062597b7acfd6b82
[INFO] [stdout]                                at /rustc/a178d0322ce20e33eac124758e837cbd80a6f633/library/std/src/panicking.rs:401:40
[INFO] [stdout]   37:     0x564f92730e18 - std::panicking::try::h0d7b79db04c14552
[INFO] [stdout]                                at /rustc/a178d0322ce20e33eac124758e837cbd80a6f633/library/std/src/panicking.rs:365:19
[INFO] [stdout]   38:     0x564f92730e18 - std::panic::catch_unwind::hb01a0b5e7c8cd43b
[INFO] [stdout]                                at /rustc/a178d0322ce20e33eac124758e837cbd80a6f633/library/std/src/panic.rs:434:14
[INFO] [stdout]   39:     0x564f92730e18 - std::thread::Builder::spawn_unchecked::{{closure}}::h5bde48cc887e0d1e
[INFO] [stdout]                                at /rustc/a178d0322ce20e33eac124758e837cbd80a6f633/library/std/src/thread/mod.rs:480:30
[INFO] [stdout]   40:     0x564f92730e18 - core::ops::function::FnOnce::call_once{{vtable.shim}}::h745ea30807a29e55
[INFO] [stdout]                                at /rustc/a178d0322ce20e33eac124758e837cbd80a6f633/library/core/src/ops/function.rs:227:5
[INFO] [stdout]   41:     0x564f92788e27 - <alloc::boxed::Box<F,A> as core::ops::function::FnOnce<Args>>::call_once::h7ece6cfefaff1005
[INFO] [stdout]                                at /rustc/a178d0322ce20e33eac124758e837cbd80a6f633/library/alloc/src/boxed.rs:1575:9
[INFO] [stdout]   42:     0x564f92788e27 - <alloc::boxed::Box<F,A> as core::ops::function::FnOnce<Args>>::call_once::hb8b48e55c21f193e
[INFO] [stdout]                                at /rustc/a178d0322ce20e33eac124758e837cbd80a6f633/library/alloc/src/boxed.rs:1575:9
[INFO] [stdout]   43:     0x564f92788e27 - std::sys::unix::thread::Thread::new::thread_start::h8c7c4450dba62914
[INFO] [stdout]                                at /rustc/a178d0322ce20e33eac124758e837cbd80a6f633/library/std/src/sys/unix/thread.rs:71:17
[INFO] [stdout]   44:     0x7f15e71be609 - start_thread
[INFO] [stdout]   45:     0x7f15e6f90293 - clone
[INFO] [stdout]   46:                0x0 - <unknown>
[INFO] [stdout] 
[INFO] [stdout] ---- it_authenticates stdout ----
[INFO] [stdout] thread 'it_authenticates' panicked at 'Unable to spawn client process.: Os { code: 2, kind: NotFound, message: "No such file or directory" }', tests/common/mod.rs:55:14
[INFO] [stdout] stack backtrace:
[INFO] [stdout]    0:     0x564f927812f0 - std::backtrace_rs::backtrace::libunwind::trace::h34055254b57d8e79
[INFO] [stdout]                                at /rustc/a178d0322ce20e33eac124758e837cbd80a6f633/library/std/src/../../backtrace/src/backtrace/libunwind.rs:90:5
[INFO] [stdout]    1:     0x564f927812f0 - std::backtrace_rs::backtrace::trace_unsynchronized::h8f1e3fbd9afff6ec
[INFO] [stdout]                                at /rustc/a178d0322ce20e33eac124758e837cbd80a6f633/library/std/src/../../backtrace/src/backtrace/mod.rs:66:5
[INFO] [stdout]    2:     0x564f927812f0 - std::sys_common::backtrace::_print_fmt::h3a99a796b770c360
[INFO] [stdout]                                at /rustc/a178d0322ce20e33eac124758e837cbd80a6f633/library/std/src/sys_common/backtrace.rs:67:5
[INFO] [stdout]    3:     0x564f927812f0 - <std::sys_common::backtrace::_print::DisplayBacktrace as core::fmt::Display>::fmt::h32d1f94a80615d18
[INFO] [stdout]                                at /rustc/a178d0322ce20e33eac124758e837cbd80a6f633/library/std/src/sys_common/backtrace.rs:46:22
[INFO] [stdout]    4:     0x564f927a433c - core::fmt::write::h306731c068f7162c
[INFO] [stdout]                                at /rustc/a178d0322ce20e33eac124758e837cbd80a6f633/library/core/src/fmt/mod.rs:1110:17
[INFO] [stdout]    5:     0x564f9277ae15 - std::io::Write::write_fmt::h87f19b0a2cd190bc
[INFO] [stdout]                                at /rustc/a178d0322ce20e33eac124758e837cbd80a6f633/library/std/src/io/mod.rs:1588:15
[INFO] [stdout]    6:     0x564f9278345b - std::sys_common::backtrace::_print::h5abaa2601a852287
[INFO] [stdout]                                at /rustc/a178d0322ce20e33eac124758e837cbd80a6f633/library/std/src/sys_common/backtrace.rs:49:5
[INFO] [stdout]    7:     0x564f9278345b - std::sys_common::backtrace::print::h8d81445442bb638f
[INFO] [stdout]                                at /rustc/a178d0322ce20e33eac124758e837cbd80a6f633/library/std/src/sys_common/backtrace.rs:36:9
[INFO] [stdout]    8:     0x564f9278345b - std::panicking::default_hook::{{closure}}::hcfe804496a9fa747
[INFO] [stdout]                                at /rustc/a178d0322ce20e33eac124758e837cbd80a6f633/library/std/src/panicking.rs:208:50
[INFO] [stdout]    9:     0x564f92782f6c - std::panicking::default_hook::hbea8e3ccf2ba8901
[INFO] [stdout]                                at /rustc/a178d0322ce20e33eac124758e837cbd80a6f633/library/std/src/panicking.rs:222:9
[INFO] [stdout]   10:     0x564f92783b24 - std::panicking::rust_panic_with_hook::h7ee9e1a2d0f8975a
[INFO] [stdout]                                at /rustc/a178d0322ce20e33eac124758e837cbd80a6f633/library/std/src/panicking.rs:622:17
[INFO] [stdout]   11:     0x564f92783607 - std::panicking::begin_panic_handler::{{closure}}::h8ab3b4491718b2c7
[INFO] [stdout]                                at /rustc/a178d0322ce20e33eac124758e837cbd80a6f633/library/std/src/panicking.rs:519:13
[INFO] [stdout]   12:     0x564f927817ec - std::sys_common::backtrace::__rust_end_short_backtrace::hd489062ffa586a9f
[INFO] [stdout]                                at /rustc/a178d0322ce20e33eac124758e837cbd80a6f633/library/std/src/sys_common/backtrace.rs:141:18
[INFO] [stdout]   13:     0x564f92783569 - rust_begin_unwind
[INFO] [stdout]                                at /rustc/a178d0322ce20e33eac124758e837cbd80a6f633/library/std/src/panicking.rs:515:5
[INFO] [stdout]   14:     0x564f926f4721 - core::panicking::panic_fmt::hca6330e3e14086b4
[INFO] [stdout]                                at /rustc/a178d0322ce20e33eac124758e837cbd80a6f633/library/core/src/panicking.rs:92:14
[INFO] [stdout]   15:     0x564f926f4813 - core::result::unwrap_failed::h6160d2b4bfbb0e87
[INFO] [stdout]                                at /rustc/a178d0322ce20e33eac124758e837cbd80a6f633/library/core/src/result.rs:1355:5
[INFO] [stdout]   16:     0x564f926fb835 - core::result::Result<T,E>::expect::h2ee973b411991eb7
[INFO] [stdout]                                at /rustc/a178d0322ce20e33eac124758e837cbd80a6f633/library/core/src/result.rs:997:23
[INFO] [stdout]   17:     0x564f9272001d - integration::common::Client::new::he38b3ab9fcec4404
[INFO] [stdout]                                at /opt/rustwide/workdir/tests/common/mod.rs:49:21
[INFO] [stdout]   18:     0x564f9271fa8e - integration::common::init::h463fdcec1f707c1a
[INFO] [stdout]                                at /opt/rustwide/workdir/tests/common/mod.rs:11:18
[INFO] [stdout]   19:     0x564f927008a0 - integration::it_authenticates::h029444871589eccb
[INFO] [stdout]                                at /opt/rustwide/workdir/tests/integration.rs:5:33
[INFO] [stdout]   20:     0x564f9270086a - integration::it_authenticates::{{closure}}::h907ca2766f06921e
[INFO] [stdout]                                at /opt/rustwide/workdir/tests/integration.rs:4:1
[INFO] [stdout]   21:     0x564f92721d4e - core::ops::function::FnOnce::call_once::h3366b57b0f6ce98f
[INFO] [stdout]                                at /rustc/a178d0322ce20e33eac124758e837cbd80a6f633/library/core/src/ops/function.rs:227:5
[INFO] [stdout]   22:     0x564f927550f3 - core::ops::function::FnOnce::call_once::h152e7e439ff59e19
[INFO] [stdout]                                at /rustc/a178d0322ce20e33eac124758e837cbd80a6f633/library/core/src/ops/function.rs:227:5
[INFO] [stdout]   23:     0x564f927550f3 - test::__rust_begin_short_backtrace::h0908f3b1fdbb72ab
[INFO] [stdout]                                at /rustc/a178d0322ce20e33eac124758e837cbd80a6f633/library/test/src/lib.rs:577:5
[INFO] [stdout]   24:     0x564f92753bb0 - <alloc::boxed::Box<F,A> as core::ops::function::FnOnce<Args>>::call_once::hf6d2a51e5587546c
[INFO] [stdout]                                at /rustc/a178d0322ce20e33eac124758e837cbd80a6f633/library/alloc/src/boxed.rs:1575:9
[INFO] [stdout]   25:     0x564f92753bb0 - <std::panic::AssertUnwindSafe<F> as core::ops::function::FnOnce<()>>::call_once::h8af660f3a89ef593
[INFO] [stdout]                                at /rustc/a178d0322ce20e33eac124758e837cbd80a6f633/library/std/src/panic.rs:347:9
[INFO] [stdout]   26:     0x564f92753bb0 - std::panicking::try::do_call::hd36aef60f84b6d36
[INFO] [stdout]                                at /rustc/a178d0322ce20e33eac124758e837cbd80a6f633/library/std/src/panicking.rs:401:40
[INFO] [stdout]   27:     0x564f92753bb0 - std::panicking::try::h9932b4480e69817c
[INFO] [stdout]                                at /rustc/a178d0322ce20e33eac124758e837cbd80a6f633/library/std/src/panicking.rs:365:19
[INFO] [stdout]   28:     0x564f92753bb0 - std::panic::catch_unwind::h6aa177099cfff5f8
[INFO] [stdout]                                at /rustc/a178d0322ce20e33eac124758e837cbd80a6f633/library/std/src/panic.rs:434:14
[INFO] [stdout]   29:     0x564f92753bb0 - test::run_test_in_process::h5884d6f2d99e20c3
[INFO] [stdout]                                at /rustc/a178d0322ce20e33eac124758e837cbd80a6f633/library/test/src/lib.rs:600:18
[INFO] [stdout]   30:     0x564f92753bb0 - test::run_test::run_test_inner::{{closure}}::h6fdc58c6d5f5b6e3
[INFO] [stdout]                                at /rustc/a178d0322ce20e33eac124758e837cbd80a6f633/library/test/src/lib.rs:492:39
[INFO] [stdout]   31:     0x564f9272d262 - test::run_test::run_test_inner::{{closure}}::h408365d67a78ade8
[INFO] [stdout]                                at /rustc/a178d0322ce20e33eac124758e837cbd80a6f633/library/test/src/lib.rs:519:37
[INFO] [stdout]   32:     0x564f9272d262 - std::sys_common::backtrace::__rust_begin_short_backtrace::hb560b77c4f701523
[INFO] [stdout]                                at /rustc/a178d0322ce20e33eac124758e837cbd80a6f633/library/std/src/sys_common/backtrace.rs:125:18
[INFO] [stdout]   33:     0x564f92730e18 - std::thread::Builder::spawn_unchecked::{{closure}}::{{closure}}::hf2e7831dad93c597
[INFO] [stdout]                                at /rustc/a178d0322ce20e33eac124758e837cbd80a6f633/library/std/src/thread/mod.rs:481:17
[INFO] [stdout]   34:     0x564f92730e18 - <std::panic::AssertUnwindSafe<F> as core::ops::function::FnOnce<()>>::call_once::hd2e08783d8be4d02
[INFO] [stdout]                                at /rustc/a178d0322ce20e33eac124758e837cbd80a6f633/library/std/src/panic.rs:347:9
[INFO] [stdout]   35:     0x564f92730e18 - std::panicking::try::do_call::h062597b7acfd6b82
[INFO] [stdout]                                at /rustc/a178d0322ce20e33eac124758e837cbd80a6f633/library/std/src/panicking.rs:401:40
[INFO] [stdout]   36:     0x564f92730e18 - std::panicking::try::h0d7b79db04c14552
[INFO] [stdout]                                at /rustc/a178d0322ce20e33eac124758e837cbd80a6f633/library/std/src/panicking.rs:365:19
[INFO] [stdout]   37:     0x564f92730e18 - std::panic::catch_unwind::hb01a0b5e7c8cd43b
[INFO] [stdout]                                at /rustc/a178d0322ce20e33eac124758e837cbd80a6f633/library/std/src/panic.rs:434:14
[INFO] [stdout]   38:     0x564f92730e18 - std::thread::Builder::spawn_unchecked::{{closure}}::h5bde48cc887e0d1e
[INFO] [stdout]                                at /rustc/a178d0322ce20e33eac124758e837cbd80a6f633/library/std/src/thread/mod.rs:480:30
[INFO] [stdout]   39:     0x564f92730e18 - core::ops::function::FnOnce::call_once{{vtable.shim}}::h745ea30807a29e55
[INFO] [stdout]                                at /rustc/a178d0322ce20e33eac124758e837cbd80a6f633/library/core/src/ops/function.rs:227:5
[INFO] [stdout]   40:     0x564f92788e27 - <alloc::boxed::Box<F,A> as core::ops::function::FnOnce<Args>>::call_once::h7ece6cfefaff1005
[INFO] [stdout]                                at /rustc/a178d0322ce20e33eac124758e837cbd80a6f633/library/alloc/src/boxed.rs:1575:9
[INFO] [stdout]   41:     0x564f92788e27 - <alloc::boxed::Box<F,A> as core::ops::function::FnOnce<Args>>::call_once::hb8b48e55c21f193e
[INFO] [stdout]                                at /rustc/a178d0322ce20e33eac124758e837cbd80a6f633/library/alloc/src/boxed.rs:1575:9
[INFO] [stdout]   42:     0x564f92788e27 - std::sys::unix::thread::Thread::new::thread_start::h8c7c4450dba62914
[INFO] [stdout]                                at /rustc/a178d0322ce20e33eac124758e837cbd80a6f633/library/std/src/sys/unix/thread.rs:71:17
[INFO] [stdout]   43:     0x7f15e71be609 - start_thread
[INFO] [stdout]   44:     0x7f15e6f90293 - clone
[INFO] [stdout]   45:                0x0 - <unknown>
[INFO] [stdout] 
[INFO] [stdout] 
[INFO] [stdout] failures:
[INFO] [stdout]     it_authenticates
[INFO] [stdout]     it_responds_to_ping
[INFO] [stdout] 
[INFO] [stdout] test result: FAILED. 0 passed; 2 failed; 0 ignored; 0 measured; 0 filtered out; finished in 0.03s
[INFO] [stdout] 
[INFO] [stderr] error: test failed, to rerun pass '--test integration'
[INFO] running `Command { std: "docker" "inspect" "a483c6c76ebbde91065d6dd57473296467138f9b9082738e51ae3ae72ac78589", kill_on_drop: false }`
[INFO] running `Command { std: "docker" "rm" "-f" "a483c6c76ebbde91065d6dd57473296467138f9b9082738e51ae3ae72ac78589", kill_on_drop: false }`
[INFO] [stdout] a483c6c76ebbde91065d6dd57473296467138f9b9082738e51ae3ae72ac78589
