[INFO] cloning repository https://github.com/MattWindsor91/phenolphthalein
[INFO] running `Command { std: "git" "-c" "credential.helper=" "-c" "credential.helper=/workspace/cargo-home/bin/git-credential-null" "clone" "--bare" "https://github.com/MattWindsor91/phenolphthalein" "/workspace/cache/git-repos/https%3A%2F%2Fgithub.com%2FMattWindsor91%2Fphenolphthalein", kill_on_drop: false }`
[INFO] [stderr] Cloning into bare repository '/workspace/cache/git-repos/https%3A%2F%2Fgithub.com%2FMattWindsor91%2Fphenolphthalein'...
[INFO] running `Command { std: "git" "rev-parse" "HEAD", kill_on_drop: false }`
[INFO] [stdout] f6d938705ef7585da51a0a4acd1d7418ab6600c1
[INFO] testing MattWindsor91/phenolphthalein against 1.54.0 for beta-1.55-1
[INFO] running `Command { std: "git" "clone" "/workspace/cache/git-repos/https%3A%2F%2Fgithub.com%2FMattWindsor91%2Fphenolphthalein" "/workspace/builds/worker-100/source", kill_on_drop: false }`
[INFO] [stderr] Cloning into '/workspace/builds/worker-100/source'...
[INFO] [stderr] done.
[INFO] validating manifest of git repo https://github.com/MattWindsor91/phenolphthalein on toolchain 1.54.0
[INFO] running `Command { std: "/workspace/cargo-home/bin/cargo" "+1.54.0" "metadata" "--manifest-path" "Cargo.toml" "--no-deps", kill_on_drop: false }`
[INFO] started tweaking git repo https://github.com/MattWindsor91/phenolphthalein
[INFO] finished tweaking git repo https://github.com/MattWindsor91/phenolphthalein
[INFO] tweaked toml for git repo https://github.com/MattWindsor91/phenolphthalein written to /workspace/builds/worker-100/source/Cargo.toml
[INFO] crate git repo https://github.com/MattWindsor91/phenolphthalein already has a lockfile, it will not be regenerated
[INFO] running `Command { std: "/workspace/cargo-home/bin/cargo" "+1.54.0" "fetch" "--manifest-path" "Cargo.toml", kill_on_drop: false }`
[INFO] [stderr]     Blocking waiting for file lock on package cache
[INFO] [stderr]     Blocking waiting for file lock on package cache
[INFO] running `Command { std: "docker" "create" "-v" "/var/lib/crater-agent-workspace/builds/worker-100/target:/opt/rustwide/target:rw,Z" "-v" "/var/lib/crater-agent-workspace/builds/worker-100/source:/opt/rustwide/workdir:ro,Z" "-v" "/var/lib/crater-agent-workspace/cargo-home:/opt/rustwide/cargo-home:ro,Z" "-v" "/var/lib/crater-agent-workspace/rustup-home:/opt/rustwide/rustup-home:ro,Z" "-e" "SOURCE_DIR=/opt/rustwide/workdir" "-e" "CARGO_TARGET_DIR=/opt/rustwide/target" "-e" "CARGO_HOME=/opt/rustwide/cargo-home" "-e" "RUSTUP_HOME=/opt/rustwide/rustup-home" "-w" "/opt/rustwide/workdir" "-m" "1610612736" "--user" "0:0" "--network" "none" "ghcr.io/rust-lang/crates-build-env/linux@sha256:34b6a614d2c27851fe6cbf88fbd1137609cefab8b10d0615aaeb6fd47975d74e" "/opt/rustwide/cargo-home/bin/cargo" "+1.54.0" "metadata" "--no-deps" "--format-version=1", kill_on_drop: false }`
[INFO] [stdout] 364a7ef76f729a31a6cb4fee9c8e0edaf58addf067998ff64016b3c68675d67b
[INFO] running `Command { std: "docker" "start" "-a" "364a7ef76f729a31a6cb4fee9c8e0edaf58addf067998ff64016b3c68675d67b", kill_on_drop: false }`
[INFO] running `Command { std: "docker" "inspect" "364a7ef76f729a31a6cb4fee9c8e0edaf58addf067998ff64016b3c68675d67b", kill_on_drop: false }`
[INFO] running `Command { std: "docker" "rm" "-f" "364a7ef76f729a31a6cb4fee9c8e0edaf58addf067998ff64016b3c68675d67b", kill_on_drop: false }`
[INFO] [stdout] 364a7ef76f729a31a6cb4fee9c8e0edaf58addf067998ff64016b3c68675d67b
[INFO] running `Command { std: "docker" "create" "-v" "/var/lib/crater-agent-workspace/builds/worker-100/target:/opt/rustwide/target:rw,Z" "-v" "/var/lib/crater-agent-workspace/builds/worker-100/source:/opt/rustwide/workdir:ro,Z" "-v" "/var/lib/crater-agent-workspace/cargo-home:/opt/rustwide/cargo-home:ro,Z" "-v" "/var/lib/crater-agent-workspace/rustup-home:/opt/rustwide/rustup-home:ro,Z" "-e" "SOURCE_DIR=/opt/rustwide/workdir" "-e" "CARGO_TARGET_DIR=/opt/rustwide/target" "-e" "CARGO_INCREMENTAL=0" "-e" "RUST_BACKTRACE=full" "-e" "RUSTFLAGS=--cap-lints=warn" "-e" "CARGO_HOME=/opt/rustwide/cargo-home" "-e" "RUSTUP_HOME=/opt/rustwide/rustup-home" "-w" "/opt/rustwide/workdir" "-m" "1610612736" "--user" "0:0" "--network" "none" "ghcr.io/rust-lang/crates-build-env/linux@sha256:34b6a614d2c27851fe6cbf88fbd1137609cefab8b10d0615aaeb6fd47975d74e" "/opt/rustwide/cargo-home/bin/cargo" "+1.54.0" "build" "--frozen" "--message-format=json", kill_on_drop: false }`
[INFO] [stdout] eadb07b6782bc1a2fe0c799fb5273d17d4fe47ddfa6efca57ddfa2dc0db64ca7
[INFO] running `Command { std: "docker" "start" "-a" "eadb07b6782bc1a2fe0c799fb5273d17d4fe47ddfa6efca57ddfa2dc0db64ca7", kill_on_drop: false }`
[INFO] [stderr]     Blocking waiting for file lock on package cache
[INFO] [stderr]    Compiling libc v0.2.86
[INFO] [stderr]    Compiling syn v1.0.60
[INFO] [stderr]    Compiling proc-macro2 v0.4.30
[INFO] [stderr]    Compiling unicode-xid v0.1.0
[INFO] [stderr]    Compiling getrandom v0.2.2
[INFO] [stderr]    Compiling serde_derive v1.0.123
[INFO] [stderr]    Compiling serde v1.0.123
[INFO] [stderr]    Compiling syn v0.15.44
[INFO] [stderr]    Compiling scopeguard v1.1.0
[INFO] [stderr]    Compiling regex-syntax v0.6.22
[INFO] [stderr]    Compiling serde_json v1.0.63
[INFO] [stderr]    Compiling ppv-lite86 v0.2.10
[INFO] [stderr]    Compiling anyhow v1.0.38
[INFO] [stderr]    Compiling itoa v0.4.7
[INFO] [stderr]    Compiling spin v0.7.1
[INFO] [stderr]    Compiling crossbeam-utils v0.8.3
[INFO] [stderr]    Compiling memoffset v0.6.1
[INFO] [stderr]    Compiling phenolphthalein v0.1.0 (/opt/rustwide/workdir)
[INFO] [stderr]    Compiling quote v0.6.13
[INFO] [stderr]    Compiling regex v1.4.3
[INFO] [stderr]    Compiling thiserror-impl v1.0.24
[INFO] [stderr]    Compiling crossbeam-epoch v0.9.3
[INFO] [stderr]    Compiling crossbeam-channel v0.5.0
[INFO] [stderr]    Compiling crossbeam-queue v0.3.1
[INFO] [stderr]    Compiling atty v0.2.14
[INFO] [stderr]    Compiling nix v0.20.0
[INFO] [stderr]    Compiling dirs-sys v0.3.5
[INFO] [stderr]    Compiling crossbeam-deque v0.8.0
[INFO] [stderr]    Compiling tabwriter v1.2.1
[INFO] [stderr]    Compiling colored v2.0.0
[INFO] [stderr]    Compiling clap v2.33.3
[INFO] [stderr]    Compiling dirs v3.0.1
[INFO] [stderr]    Compiling rand_core v0.6.2
[INFO] [stderr]    Compiling crossbeam v0.8.0
[INFO] [stderr]    Compiling rand_chacha v0.3.0
[INFO] [stderr]    Compiling rand v0.8.3
[INFO] [stderr]    Compiling dlopen_derive v0.1.4
[INFO] [stderr]    Compiling thiserror v1.0.24
[INFO] [stderr]    Compiling dlopen v0.1.8
[INFO] [stderr]    Compiling ctrlc v3.1.8
[INFO] [stderr]    Compiling toml v0.5.8
[INFO] [stderr]     Finished dev [unoptimized + debuginfo] target(s) in 42.81s
[INFO] running `Command { std: "docker" "inspect" "eadb07b6782bc1a2fe0c799fb5273d17d4fe47ddfa6efca57ddfa2dc0db64ca7", kill_on_drop: false }`
[INFO] running `Command { std: "docker" "rm" "-f" "eadb07b6782bc1a2fe0c799fb5273d17d4fe47ddfa6efca57ddfa2dc0db64ca7", kill_on_drop: false }`
[INFO] [stdout] eadb07b6782bc1a2fe0c799fb5273d17d4fe47ddfa6efca57ddfa2dc0db64ca7
[INFO] running `Command { std: "docker" "create" "-v" "/var/lib/crater-agent-workspace/builds/worker-100/target:/opt/rustwide/target:rw,Z" "-v" "/var/lib/crater-agent-workspace/builds/worker-100/source:/opt/rustwide/workdir:ro,Z" "-v" "/var/lib/crater-agent-workspace/cargo-home:/opt/rustwide/cargo-home:ro,Z" "-v" "/var/lib/crater-agent-workspace/rustup-home:/opt/rustwide/rustup-home:ro,Z" "-e" "SOURCE_DIR=/opt/rustwide/workdir" "-e" "CARGO_TARGET_DIR=/opt/rustwide/target" "-e" "CARGO_INCREMENTAL=0" "-e" "RUST_BACKTRACE=full" "-e" "RUSTFLAGS=--cap-lints=warn" "-e" "CARGO_HOME=/opt/rustwide/cargo-home" "-e" "RUSTUP_HOME=/opt/rustwide/rustup-home" "-w" "/opt/rustwide/workdir" "-m" "1610612736" "--user" "0:0" "--network" "none" "ghcr.io/rust-lang/crates-build-env/linux@sha256:34b6a614d2c27851fe6cbf88fbd1137609cefab8b10d0615aaeb6fd47975d74e" "/opt/rustwide/cargo-home/bin/cargo" "+1.54.0" "test" "--frozen" "--no-run" "--message-format=json", kill_on_drop: false }`
[INFO] [stdout] fc31a8dc24f005b2f7d9771dfa220c88468392d36332a4982674645e4bbd2cf7
[INFO] running `Command { std: "docker" "start" "-a" "fc31a8dc24f005b2f7d9771dfa220c88468392d36332a4982674645e4bbd2cf7", kill_on_drop: false }`
[INFO] [stderr]     Blocking waiting for file lock on package cache
[INFO] [stderr]    Compiling phenolphthalein v0.1.0 (/opt/rustwide/workdir)
[INFO] [stderr]     Finished test [unoptimized + debuginfo] target(s) in 2.73s
[INFO] running `Command { std: "docker" "inspect" "fc31a8dc24f005b2f7d9771dfa220c88468392d36332a4982674645e4bbd2cf7", kill_on_drop: false }`
[INFO] running `Command { std: "docker" "rm" "-f" "fc31a8dc24f005b2f7d9771dfa220c88468392d36332a4982674645e4bbd2cf7", kill_on_drop: false }`
[INFO] [stdout] fc31a8dc24f005b2f7d9771dfa220c88468392d36332a4982674645e4bbd2cf7
[INFO] running `Command { std: "docker" "create" "-v" "/var/lib/crater-agent-workspace/builds/worker-100/target:/opt/rustwide/target:rw,Z" "-v" "/var/lib/crater-agent-workspace/builds/worker-100/source:/opt/rustwide/workdir:ro,Z" "-v" "/var/lib/crater-agent-workspace/cargo-home:/opt/rustwide/cargo-home:ro,Z" "-v" "/var/lib/crater-agent-workspace/rustup-home:/opt/rustwide/rustup-home:ro,Z" "-e" "SOURCE_DIR=/opt/rustwide/workdir" "-e" "CARGO_TARGET_DIR=/opt/rustwide/target" "-e" "CARGO_INCREMENTAL=0" "-e" "RUST_BACKTRACE=full" "-e" "RUSTFLAGS=--cap-lints=warn" "-e" "CARGO_HOME=/opt/rustwide/cargo-home" "-e" "RUSTUP_HOME=/opt/rustwide/rustup-home" "-w" "/opt/rustwide/workdir" "-m" "1610612736" "--user" "0:0" "--network" "none" "ghcr.io/rust-lang/crates-build-env/linux@sha256:34b6a614d2c27851fe6cbf88fbd1137609cefab8b10d0615aaeb6fd47975d74e" "/opt/rustwide/cargo-home/bin/cargo" "+1.54.0" "test" "--frozen", kill_on_drop: false }`
[INFO] [stdout] 74a30652e5f755c7d955843a015095b9eb593c12912cbc18cc8da1d76a79fecf
[INFO] running `Command { std: "docker" "start" "-a" "74a30652e5f755c7d955843a015095b9eb593c12912cbc18cc8da1d76a79fecf", kill_on_drop: false }`
[INFO] [stderr]     Blocking waiting for file lock on package cache
[INFO] [stderr]     Finished test [unoptimized + debuginfo] target(s) in 0.25s
[INFO] [stderr]      Running unittests (/opt/rustwide/target/debug/deps/phenolphthalein-50f9639d5011a922)
[INFO] [stdout] 
[INFO] [stdout] running 13 tests
[INFO] [stdout] test api::abs::check::test::test_outcome_as_check ... ok
[INFO] [stdout] test api::c::env::tests::test_get_set_atomic_i32 ... ok
[INFO] [stdout] test api::c::env::tests::test_get_set_i32 ... ok
[INFO] [stdout] test api::rust::env::tests::test_get_set_atomic_i32 ... ok
[INFO] [stdout] test api::rust::env::tests::test_get_set_i32 ... ok
[INFO] [stdout] test config::permute::tests::test_all_strings_in_sync ... ok
[INFO] [stdout] test config::check::tests::test_all_strings_in_sync ... ok
[INFO] [stdout] test model::outcome::test::test_max_empty ... ok
[INFO] [stdout] test config::sync::tests::test_all_strings_in_sync ... ok
[INFO] [stdout] test model::outcome::test::test_max_fail ... ok
[INFO] [stdout] test model::outcome::test::test_max_mixed ... ok
[INFO] [stdout] test model::outcome::test::test_max_passes ... ok
[INFO] [stdout] test model::outcome::test::test_max_unknown ... ok
[INFO] [stdout] 
[INFO] [stdout] test result: ok. 13 passed; 0 failed; 0 ignored; 0 measured; 0 filtered out; finished in 0.00s
[INFO] [stdout] 
[INFO] [stderr]      Running unittests (/opt/rustwide/target/debug/deps/phph-3abcbd7baf791dde)
[INFO] [stdout] 
[INFO] [stdout] running 0 tests
[INFO] [stdout] 
[INFO] [stdout] test result: ok. 0 passed; 0 failed; 0 ignored; 0 measured; 0 filtered out; finished in 0.00s
[INFO] [stdout] 
[INFO] [stderr]    Doc-tests phenolphthalein
[INFO] [stdout] 
[INFO] [stdout] running 10 tests
[INFO] [stdout] test src/model/outcome.rs - model::outcome::Outcome (line 39) ... FAILED
[INFO] [stdout] test src/model/outcome.rs - model::outcome::Outcome::from_pass_bool (line 113) ... ok
[INFO] [stdout] test src/config/check.rs - config::check::Strategy (line 53) ... ok
[INFO] [stdout] test src/model/outcome.rs - model::outcome::Outcome (line 64) ... ok
[INFO] [stdout] test src/api/abs/check.rs - api::abs::check::model::Outcome (line 25) ... ok
[INFO] [stdout] test src/config/permute.rs - config::permute::Strategy::all (line 70) ... ok
[INFO] [stdout] test src/api/abs/check.rs - api::abs::check::make_optional (line 55) ... ok
[INFO] [stdout] test src/config/check.rs - config::check::Strategy::is_disabled (line 157) ... ok
[INFO] [stdout] test src/model/outcome.rs - model::outcome::Outcome::all (line 97) ... ok
[INFO] [stdout] test src/config/check.rs - config::check::Strategy::all (line 122) ... ok
[INFO] [stdout] 
[INFO] [stdout] failures:
[INFO] [stdout] 
[INFO] [stdout] ---- src/model/outcome.rs - model::outcome::Outcome (line 39) stdout ----
[INFO] [stdout] error: linking with `cc` failed: exit status: 1
[INFO] [stdout]   |
[INFO] [stdout]   = note: "cc" "-m64" "/tmp/rustdoctest6PnahL/rust_out.rust_out.7rcbfp3g-cgu.0.rcgu.o" "/tmp/rustdoctest6PnahL/rust_out.33dyzt1ekirinwy8.rcgu.o" "-Wl,--as-needed" "-L" "/opt/rustwide/target/debug/deps" "-L" "/opt/rustwide/target/debug/deps" "-L" "/opt/rustwide/target/debug/build/phenolphthalein-d35e42dcd0cfe246/out" "-L" "/opt/rustwide/rustup-home/toolchains/1.54.0-x86_64-unknown-linux-gnu/lib/rustlib/x86_64-unknown-linux-gnu/lib" "-Wl,-Bstatic" "/opt/rustwide/target/debug/deps/libphenolphthalein-d0728419d94c82f7.rlib" "/opt/rustwide/target/debug/deps/libtabwriter-416df7241e601de2.rlib" "/opt/rustwide/target/debug/deps/libregex-a2ab666216db847b.rlib" "/opt/rustwide/target/debug/deps/libregex_syntax-56812ef3963caf73.rlib" "/opt/rustwide/target/debug/deps/libserde_json-6f67aa8fa16f90f5.rlib" "/opt/rustwide/target/debug/deps/libryu-059aa1fbb24cd15e.rlib" "/opt/rustwide/target/debug/deps/libitoa-e8b11f69ec08d8ae.rlib" "/opt/rustwide/target/debug/deps/libanyhow-a2189cf81ad3db79.rlib" "/opt/rustwide/target/debug/deps/libclap-cd698911b50397f2.rlib" "/opt/rustwide/target/debug/deps/libvec_map-07385fbe5fb99a77.rlib" "/opt/rustwide/target/debug/deps/libtextwrap-3bb22fb43a400e8d.rlib" "/opt/rustwide/target/debug/deps/libunicode_width-5cf7ed896e8bb5a9.rlib" "/opt/rustwide/target/debug/deps/libstrsim-b10957d572414a9c.rlib" "/opt/rustwide/target/debug/deps/libbitflags-f89ae4b715176e2d.rlib" "/opt/rustwide/target/debug/deps/libansi_term-e2a35aae900e64a8.rlib" "/opt/rustwide/target/debug/deps/libspin-76a2315c06a57f84.rlib" "/opt/rustwide/target/debug/deps/libcrossbeam-52d4f15002378afb.rlib" "/opt/rustwide/target/debug/deps/libcrossbeam_channel-4eb767f2dcc90ff0.rlib" "/opt/rustwide/target/debug/deps/libcrossbeam_deque-8af95d2fbddad429.rlib" "/opt/rustwide/target/debug/deps/libcrossbeam_queue-adeb480aa9619321.rlib" "/opt/rustwide/target/debug/deps/libcrossbeam_epoch-36f42b9da70b2409.rlib" "/opt/rustwide/target/debug/deps/libmemoffset-143a1b8fc5a22334.rlib" "/opt/rustwide/target/debug/deps/libscopeguard-7a1710762e6687e9.rlib" "/opt/rustwide/target/debug/deps/libcrossbeam_utils-0c711a2f44537674.rlib" "/opt/rustwide/target/debug/deps/libdirs-a528f2bbef83653c.rlib" "/opt/rustwide/target/debug/deps/libdirs_sys-86e463303ab6055f.rlib" "/opt/rustwide/target/debug/deps/libtoml-7bbf328a0f38e94d.rlib" "/opt/rustwide/target/debug/deps/libcolored-7dac9f3dd1f06293.rlib" "/opt/rustwide/target/debug/deps/libatty-f14fe0784e8a7ab0.rlib" "/opt/rustwide/target/debug/deps/librand-b2f444116f065fcc.rlib" "/opt/rustwide/target/debug/deps/librand_chacha-2426524ccbc37145.rlib" "/opt/rustwide/target/debug/deps/libppv_lite86-545d86392ea1d8e4.rlib" "/opt/rustwide/target/debug/deps/librand_core-0506349a3a9d6aab.rlib" "/opt/rustwide/target/debug/deps/libgetrandom-cad8fddb378001f0.rlib" "/opt/rustwide/target/debug/deps/libcfg_if-38c8a3e888ecb06a.rlib" "/opt/rustwide/target/debug/deps/libthiserror-6bd39e9ef9cf76a9.rlib" "/opt/rustwide/target/debug/deps/libserde-1567aa6af7da6a06.rlib" "/opt/rustwide/target/debug/deps/libdlopen-9ef03e5411df8ca7.rlib" "/opt/rustwide/target/debug/deps/liblibc-3188b29722cfc318.rlib" "/opt/rustwide/target/debug/deps/liblazy_static-5c53d641eb010a81.rlib" "-Wl,--start-group" "/opt/rustwide/rustup-home/toolchains/1.54.0-x86_64-unknown-linux-gnu/lib/rustlib/x86_64-unknown-linux-gnu/lib/libstd-2420485b9e5ef5e1.rlib" "/opt/rustwide/rustup-home/toolchains/1.54.0-x86_64-unknown-linux-gnu/lib/rustlib/x86_64-unknown-linux-gnu/lib/libpanic_unwind-785e3cb61c4b1960.rlib" "/opt/rustwide/rustup-home/toolchains/1.54.0-x86_64-unknown-linux-gnu/lib/rustlib/x86_64-unknown-linux-gnu/lib/libminiz_oxide-087191a88bdaa22d.rlib" "/opt/rustwide/rustup-home/toolchains/1.54.0-x86_64-unknown-linux-gnu/lib/rustlib/x86_64-unknown-linux-gnu/lib/libadler-9981842c02975178.rlib" "/opt/rustwide/rustup-home/toolchains/1.54.0-x86_64-unknown-linux-gnu/lib/rustlib/x86_64-unknown-linux-gnu/lib/libobject-6fb405869b015fde.rlib" "/opt/rustwide/rustup-home/toolchains/1.54.0-x86_64-unknown-linux-gnu/lib/rustlib/x86_64-unknown-linux-gnu/lib/libaddr2line-d05c5c3c56004b7b.rlib" "/opt/rustwide/rustup-home/toolchains/1.54.0-x86_64-unknown-linux-gnu/lib/rustlib/x86_64-unknown-linux-gnu/lib/libgimli-42d74d2097528b38.rlib" "/opt/rustwide/rustup-home/toolchains/1.54.0-x86_64-unknown-linux-gnu/lib/rustlib/x86_64-unknown-linux-gnu/lib/libstd_detect-fb36534c113d2209.rlib" "/opt/rustwide/rustup-home/toolchains/1.54.0-x86_64-unknown-linux-gnu/lib/rustlib/x86_64-unknown-linux-gnu/lib/librustc_demangle-b56b9042c12b6535.rlib" "/opt/rustwide/rustup-home/toolchains/1.54.0-x86_64-unknown-linux-gnu/lib/rustlib/x86_64-unknown-linux-gnu/lib/libhashbrown-491902d6cb3e76df.rlib" "/opt/rustwide/rustup-home/toolchains/1.54.0-x86_64-unknown-linux-gnu/lib/rustlib/x86_64-unknown-linux-gnu/lib/librustc_std_workspace_alloc-61834e0981b8c367.rlib" "/opt/rustwide/rustup-home/toolchains/1.54.0-x86_64-unknown-linux-gnu/lib/rustlib/x86_64-unknown-linux-gnu/lib/libunwind-f78aa99d613a55bc.rlib" "/opt/rustwide/rustup-home/toolchains/1.54.0-x86_64-unknown-linux-gnu/lib/rustlib/x86_64-unknown-linux-gnu/lib/libcfg_if-53ee54cd7fed2c57.rlib" "/opt/rustwide/rustup-home/toolchains/1.54.0-x86_64-unknown-linux-gnu/lib/rustlib/x86_64-unknown-linux-gnu/lib/liblibc-544ecdbd6cda3c58.rlib" "/opt/rustwide/rustup-home/toolchains/1.54.0-x86_64-unknown-linux-gnu/lib/rustlib/x86_64-unknown-linux-gnu/lib/liballoc-379cc252b6943a79.rlib" "/opt/rustwide/rustup-home/toolchains/1.54.0-x86_64-unknown-linux-gnu/lib/rustlib/x86_64-unknown-linux-gnu/lib/librustc_std_workspace_core-8063eea38dcc5e62.rlib" "/opt/rustwide/rustup-home/toolchains/1.54.0-x86_64-unknown-linux-gnu/lib/rustlib/x86_64-unknown-linux-gnu/lib/libcore-5b228734afae15ee.rlib" "-Wl,--end-group" "/opt/rustwide/rustup-home/toolchains/1.54.0-x86_64-unknown-linux-gnu/lib/rustlib/x86_64-unknown-linux-gnu/lib/libcompiler_builtins-d6c7a399d95d173f.rlib" "-Wl,-Bdynamic" "-lgcc_s" "-lutil" "-lrt" "-lpthread" "-lm" "-ldl" "-lc" "-Wl,--eh-frame-hdr" "-Wl,-znoexecstack" "-L" "/opt/rustwide/rustup-home/toolchains/1.54.0-x86_64-unknown-linux-gnu/lib/rustlib/x86_64-unknown-linux-gnu/lib" "-o" "/tmp/rustdoctest6PnahL/rust_out" "-Wl,--gc-sections" "-pie" "-Wl,-zrelro" "-Wl,-znow" "-nodefaultlibs"
[INFO] [stdout]   = note: collect2: fatal error: ld terminated with signal 9 [Killed]
[INFO] [stdout]           compilation terminated.
[INFO] [stdout]           
[INFO] [stdout] 
[INFO] [stdout] error: aborting due to previous error
[INFO] [stdout] 
[INFO] [stdout] Couldn't compile the test.
[INFO] [stdout] 
[INFO] [stdout] failures:
[INFO] [stdout]     src/model/outcome.rs - model::outcome::Outcome (line 39)
[INFO] [stdout] 
[INFO] [stdout] test result: FAILED. 9 passed; 1 failed; 0 ignored; 0 measured; 0 filtered out; finished in 2.23s
[INFO] [stdout] 
[INFO] [stderr] error: test failed, to rerun pass '--doc'
[INFO] running `Command { std: "docker" "inspect" "74a30652e5f755c7d955843a015095b9eb593c12912cbc18cc8da1d76a79fecf", kill_on_drop: false }`
[INFO] running `Command { std: "docker" "rm" "-f" "74a30652e5f755c7d955843a015095b9eb593c12912cbc18cc8da1d76a79fecf", kill_on_drop: false }`
[INFO] [stdout] 74a30652e5f755c7d955843a015095b9eb593c12912cbc18cc8da1d76a79fecf
