[INFO] cloning repository https://github.com/MartinN13/chatwork_client
[INFO] running `Command { std: "git" "-c" "credential.helper=" "-c" "credential.helper=/workspace/cargo-home/bin/git-credential-null" "clone" "--bare" "https://github.com/MartinN13/chatwork_client" "/workspace/cache/git-repos/https%3A%2F%2Fgithub.com%2FMartinN13%2Fchatwork_client", kill_on_drop: false }`
[INFO] [stderr] Cloning into bare repository '/workspace/cache/git-repos/https%3A%2F%2Fgithub.com%2FMartinN13%2Fchatwork_client'...
[INFO] running `Command { std: "git" "rev-parse" "HEAD", kill_on_drop: false }`
[INFO] [stdout] bb008e0d8afe2f7dccd7c2431a32903ce699f5be
[INFO] testing MartinN13/chatwork_client against beta-2021-08-01 for beta-1.55-1
[INFO] running `Command { std: "git" "clone" "/workspace/cache/git-repos/https%3A%2F%2Fgithub.com%2FMartinN13%2Fchatwork_client" "/workspace/builds/worker-32/source", kill_on_drop: false }`
[INFO] [stderr] Cloning into '/workspace/builds/worker-32/source'...
[INFO] [stderr] done.
[INFO] validating manifest of git repo https://github.com/MartinN13/chatwork_client on toolchain beta-2021-08-01
[INFO] running `Command { std: "/workspace/cargo-home/bin/cargo" "+beta-2021-08-01" "metadata" "--manifest-path" "Cargo.toml" "--no-deps", kill_on_drop: false }`
[INFO] started tweaking git repo https://github.com/MartinN13/chatwork_client
[INFO] finished tweaking git repo https://github.com/MartinN13/chatwork_client
[INFO] tweaked toml for git repo https://github.com/MartinN13/chatwork_client written to /workspace/builds/worker-32/source/Cargo.toml
[INFO] crate git repo https://github.com/MartinN13/chatwork_client already has a lockfile, it will not be regenerated
[INFO] running `Command { std: "/workspace/cargo-home/bin/cargo" "+beta-2021-08-01" "fetch" "--manifest-path" "Cargo.toml", kill_on_drop: false }`
[INFO] [stderr]     Blocking waiting for file lock on package cache
[INFO] [stderr]     Blocking waiting for file lock on package cache
[INFO] [stderr]  Downloading crates ...
[INFO] [stderr]   Downloaded tokio-tls v0.3.0
[INFO] [stderr]   Downloaded hyper-tls v0.4.1
[INFO] [stderr]   Downloaded js-sys v0.3.35
[INFO] [stderr]   Downloaded reqwest v0.10.1
[INFO] [stderr]   Downloaded futures-io v0.3.1
[INFO] [stderr]   Downloaded indexmap v1.3.1
[INFO] [stderr]   Downloaded futures-channel v0.3.1
[INFO] [stderr]   Downloaded futures-task v0.3.1
[INFO] [stderr]   Downloaded futures-core v0.3.1
[INFO] [stderr]   Downloaded futures-util v0.3.1
[INFO] [stderr]   Downloaded wasm-bindgen-webidl v0.2.58
[INFO] [stderr]   Downloaded web-sys v0.3.35
[INFO] [stderr]   Downloaded futures-sink v0.3.1
[INFO] [stderr]   Downloaded hyper v0.13.1
[INFO] [stderr]   Downloaded tokio v0.2.11
[INFO] [stderr]   Downloaded h2 v0.2.1
[INFO] [stderr]   Downloaded wasm-bindgen-futures v0.4.8
[INFO] [stderr]   Downloaded serde_json v1.0.45
[INFO] [stderr]   Downloaded http v0.2.0
[INFO] running `Command { std: "docker" "create" "-v" "/var/lib/crater-agent-workspace/builds/worker-32/target:/opt/rustwide/target:rw,Z" "-v" "/var/lib/crater-agent-workspace/builds/worker-32/source:/opt/rustwide/workdir:ro,Z" "-v" "/var/lib/crater-agent-workspace/cargo-home:/opt/rustwide/cargo-home:ro,Z" "-v" "/var/lib/crater-agent-workspace/rustup-home:/opt/rustwide/rustup-home:ro,Z" "-e" "SOURCE_DIR=/opt/rustwide/workdir" "-e" "CARGO_TARGET_DIR=/opt/rustwide/target" "-e" "CARGO_HOME=/opt/rustwide/cargo-home" "-e" "RUSTUP_HOME=/opt/rustwide/rustup-home" "-w" "/opt/rustwide/workdir" "-m" "1610612736" "--user" "0:0" "--network" "none" "ghcr.io/rust-lang/crates-build-env/linux@sha256:34b6a614d2c27851fe6cbf88fbd1137609cefab8b10d0615aaeb6fd47975d74e" "/opt/rustwide/cargo-home/bin/cargo" "+beta-2021-08-01" "metadata" "--no-deps" "--format-version=1", kill_on_drop: false }`
[INFO] [stdout] 4a5bcf3833548805c435987f16f5f9dcc9fbe4aaf702fcf814a49c845698206e
[INFO] running `Command { std: "docker" "start" "-a" "4a5bcf3833548805c435987f16f5f9dcc9fbe4aaf702fcf814a49c845698206e", kill_on_drop: false }`
[INFO] running `Command { std: "docker" "inspect" "4a5bcf3833548805c435987f16f5f9dcc9fbe4aaf702fcf814a49c845698206e", kill_on_drop: false }`
[INFO] running `Command { std: "docker" "rm" "-f" "4a5bcf3833548805c435987f16f5f9dcc9fbe4aaf702fcf814a49c845698206e", kill_on_drop: false }`
[INFO] [stdout] 4a5bcf3833548805c435987f16f5f9dcc9fbe4aaf702fcf814a49c845698206e
[INFO] running `Command { std: "docker" "create" "-v" "/var/lib/crater-agent-workspace/builds/worker-32/target:/opt/rustwide/target:rw,Z" "-v" "/var/lib/crater-agent-workspace/builds/worker-32/source:/opt/rustwide/workdir:ro,Z" "-v" "/var/lib/crater-agent-workspace/cargo-home:/opt/rustwide/cargo-home:ro,Z" "-v" "/var/lib/crater-agent-workspace/rustup-home:/opt/rustwide/rustup-home:ro,Z" "-e" "SOURCE_DIR=/opt/rustwide/workdir" "-e" "CARGO_TARGET_DIR=/opt/rustwide/target" "-e" "CARGO_INCREMENTAL=0" "-e" "RUST_BACKTRACE=full" "-e" "RUSTFLAGS=--cap-lints=warn" "-e" "CARGO_HOME=/opt/rustwide/cargo-home" "-e" "RUSTUP_HOME=/opt/rustwide/rustup-home" "-w" "/opt/rustwide/workdir" "-m" "1610612736" "--user" "0:0" "--network" "none" "ghcr.io/rust-lang/crates-build-env/linux@sha256:34b6a614d2c27851fe6cbf88fbd1137609cefab8b10d0615aaeb6fd47975d74e" "/opt/rustwide/cargo-home/bin/cargo" "+beta-2021-08-01" "build" "--frozen" "--message-format=json", kill_on_drop: false }`
[INFO] [stdout] 21b02a181fa738ed585a44f470c117448bba7ad2da4189b9ea479f196e9c28a3
[INFO] running `Command { std: "docker" "start" "-a" "21b02a181fa738ed585a44f470c117448bba7ad2da4189b9ea479f196e9c28a3", kill_on_drop: false }`
[INFO] [stderr]    Compiling libc v0.2.66
[INFO] [stderr]    Compiling pkg-config v0.3.17
[INFO] [stderr]    Compiling cc v1.0.50
[INFO] [stderr]    Compiling autocfg v0.1.7
[INFO] [stderr]    Compiling memchr v2.3.0
[INFO] [stderr]    Compiling proc-macro2 v1.0.8
[INFO] [stderr]    Compiling slab v0.4.2
[INFO] [stderr]    Compiling bytes v0.5.4
[INFO] [stderr]    Compiling fnv v1.0.6
[INFO] [stderr]    Compiling itoa v0.4.5
[INFO] [stderr]    Compiling pin-project-lite v0.1.4
[INFO] [stderr]    Compiling version_check v0.9.1
[INFO] [stderr]    Compiling futures-core v0.3.1
[INFO] [stderr]    Compiling syn v1.0.14
[INFO] [stderr]    Compiling foreign-types-shared v0.1.1
[INFO] [stderr]    Compiling openssl v0.10.26
[INFO] [stderr]    Compiling futures-sink v0.3.1
[INFO] [stderr]    Compiling serde v1.0.104
[INFO] [stderr]    Compiling futures-io v0.3.1
[INFO] [stderr]    Compiling httparse v1.3.4
[INFO] [stderr]    Compiling smallvec v1.1.0
[INFO] [stderr]    Compiling matches v0.1.8
[INFO] [stderr]    Compiling native-tls v0.2.3
[INFO] [stderr]    Compiling pin-utils v0.1.0-alpha.4
[INFO] [stderr]    Compiling futures-task v0.3.1
[INFO] [stderr]    Compiling openssl-probe v0.1.2
[INFO] [stderr]    Compiling try-lock v0.2.2
[INFO] [stderr]    Compiling tower-service v0.3.0
[INFO] [stderr]    Compiling encoding_rs v0.8.22
[INFO] [stderr]    Compiling percent-encoding v2.1.0
[INFO] [stderr]    Compiling dtoa v0.4.4
[INFO] [stderr]    Compiling mime v0.3.16
[INFO] [stderr]    Compiling base64 v0.11.0
[INFO] [stderr]    Compiling indexmap v1.3.1
[INFO] [stderr]    Compiling futures-channel v0.3.1
[INFO] [stderr]    Compiling unicode-bidi v0.3.4
[INFO] [stderr]    Compiling unicode-normalization v0.1.12
[INFO] [stderr]    Compiling want v0.3.0
[INFO] [stderr]    Compiling foreign-types v0.3.2
[INFO] [stderr]    Compiling http v0.2.0
[INFO] [stderr]    Compiling unicase v2.6.0
[INFO] [stderr]    Compiling openssl-sys v0.9.53
[INFO] [stderr]    Compiling futures-util v0.3.1
[INFO] [stderr]    Compiling net2 v0.2.33
[INFO] [stderr]    Compiling iovec v0.1.4
[INFO] [stderr]    Compiling num_cpus v1.12.0
[INFO] [stderr]    Compiling time v0.1.42
[INFO] [stderr]    Compiling idna v0.2.0
[INFO] [stderr]    Compiling mio v0.6.21
[INFO] [stderr]    Compiling quote v1.0.2
[INFO] [stderr]    Compiling mime_guess v2.0.1
[INFO] [stderr]    Compiling url v2.1.1
[INFO] [stderr]    Compiling tokio v0.2.11
[INFO] [stderr]    Compiling http-body v0.3.1
[INFO] [stderr]    Compiling serde_urlencoded v0.6.1
[INFO] [stderr]    Compiling serde_json v1.0.45
[INFO] [stderr]    Compiling tokio-util v0.2.0
[INFO] [stderr]    Compiling h2 v0.2.1
[INFO] [stderr]    Compiling tokio-tls v0.3.0
[INFO] [stderr]    Compiling pin-project-internal v0.4.8
[INFO] [stderr]    Compiling pin-project v0.4.8
[INFO] [stderr]    Compiling hyper v0.13.1
[INFO] [stderr]    Compiling hyper-tls v0.4.1
[INFO] [stderr]    Compiling reqwest v0.10.1
[INFO] [stderr]    Compiling chatwork_client v0.1.0 (/opt/rustwide/workdir)
[INFO] [stderr]     Finished dev [unoptimized + debuginfo] target(s) in 32.46s
[INFO] running `Command { std: "docker" "inspect" "21b02a181fa738ed585a44f470c117448bba7ad2da4189b9ea479f196e9c28a3", kill_on_drop: false }`
[INFO] running `Command { std: "docker" "rm" "-f" "21b02a181fa738ed585a44f470c117448bba7ad2da4189b9ea479f196e9c28a3", kill_on_drop: false }`
[INFO] [stdout] 21b02a181fa738ed585a44f470c117448bba7ad2da4189b9ea479f196e9c28a3
[INFO] running `Command { std: "docker" "create" "-v" "/var/lib/crater-agent-workspace/builds/worker-32/target:/opt/rustwide/target:rw,Z" "-v" "/var/lib/crater-agent-workspace/builds/worker-32/source:/opt/rustwide/workdir:ro,Z" "-v" "/var/lib/crater-agent-workspace/cargo-home:/opt/rustwide/cargo-home:ro,Z" "-v" "/var/lib/crater-agent-workspace/rustup-home:/opt/rustwide/rustup-home:ro,Z" "-e" "SOURCE_DIR=/opt/rustwide/workdir" "-e" "CARGO_TARGET_DIR=/opt/rustwide/target" "-e" "CARGO_INCREMENTAL=0" "-e" "RUST_BACKTRACE=full" "-e" "RUSTFLAGS=--cap-lints=warn" "-e" "CARGO_HOME=/opt/rustwide/cargo-home" "-e" "RUSTUP_HOME=/opt/rustwide/rustup-home" "-w" "/opt/rustwide/workdir" "-m" "1610612736" "--user" "0:0" "--network" "none" "ghcr.io/rust-lang/crates-build-env/linux@sha256:34b6a614d2c27851fe6cbf88fbd1137609cefab8b10d0615aaeb6fd47975d74e" "/opt/rustwide/cargo-home/bin/cargo" "+beta-2021-08-01" "test" "--frozen" "--no-run" "--message-format=json", kill_on_drop: false }`
[INFO] [stdout] 453d9c190dbeb1583e17d83cc9a7a72dc583fbd751bf7eec029b342fbad0416d
[INFO] running `Command { std: "docker" "start" "-a" "453d9c190dbeb1583e17d83cc9a7a72dc583fbd751bf7eec029b342fbad0416d", kill_on_drop: false }`
[INFO] [stderr]     Blocking waiting for file lock on package cache
[INFO] [stderr]    Compiling chatwork_client v0.1.0 (/opt/rustwide/workdir)
[INFO] [stderr]     Finished test [unoptimized + debuginfo] target(s) in 2.11s
[INFO] running `Command { std: "docker" "inspect" "453d9c190dbeb1583e17d83cc9a7a72dc583fbd751bf7eec029b342fbad0416d", kill_on_drop: false }`
[INFO] running `Command { std: "docker" "rm" "-f" "453d9c190dbeb1583e17d83cc9a7a72dc583fbd751bf7eec029b342fbad0416d", kill_on_drop: false }`
[INFO] [stdout] 453d9c190dbeb1583e17d83cc9a7a72dc583fbd751bf7eec029b342fbad0416d
[INFO] running `Command { std: "docker" "create" "-v" "/var/lib/crater-agent-workspace/builds/worker-32/target:/opt/rustwide/target:rw,Z" "-v" "/var/lib/crater-agent-workspace/builds/worker-32/source:/opt/rustwide/workdir:ro,Z" "-v" "/var/lib/crater-agent-workspace/cargo-home:/opt/rustwide/cargo-home:ro,Z" "-v" "/var/lib/crater-agent-workspace/rustup-home:/opt/rustwide/rustup-home:ro,Z" "-e" "SOURCE_DIR=/opt/rustwide/workdir" "-e" "CARGO_TARGET_DIR=/opt/rustwide/target" "-e" "CARGO_INCREMENTAL=0" "-e" "RUST_BACKTRACE=full" "-e" "RUSTFLAGS=--cap-lints=warn" "-e" "CARGO_HOME=/opt/rustwide/cargo-home" "-e" "RUSTUP_HOME=/opt/rustwide/rustup-home" "-w" "/opt/rustwide/workdir" "-m" "1610612736" "--user" "0:0" "--network" "none" "ghcr.io/rust-lang/crates-build-env/linux@sha256:34b6a614d2c27851fe6cbf88fbd1137609cefab8b10d0615aaeb6fd47975d74e" "/opt/rustwide/cargo-home/bin/cargo" "+beta-2021-08-01" "test" "--frozen", kill_on_drop: false }`
[INFO] [stdout] 6c0648a5c9fe88f8673b0ccafb9d51a341b7da2b6ab0365b56e769e326d8d81d
[INFO] running `Command { std: "docker" "start" "-a" "6c0648a5c9fe88f8673b0ccafb9d51a341b7da2b6ab0365b56e769e326d8d81d", kill_on_drop: false }`
[INFO] [stderr]     Blocking waiting for file lock on package cache
[INFO] [stderr]     Finished test [unoptimized + debuginfo] target(s) in 0.23s
[INFO] [stderr]      Running unittests (/opt/rustwide/target/debug/deps/chatwork_client-600c4ef00dbd1de9)
[INFO] [stdout] 
[INFO] [stderr]    Doc-tests chatwork_client
[INFO] [stdout] running 0 tests
[INFO] [stdout] 
[INFO] [stdout] test result: ok. 0 passed; 0 failed; 0 ignored; 0 measured; 0 filtered out; finished in 0.00s
[INFO] [stdout] 
[INFO] [stdout] 
[INFO] [stdout] running 4 tests
[INFO] [stdout] test src/lib.rs - (line 40) ... FAILED
[INFO] [stdout] test src/lib.rs - (line 12) ... FAILED
[INFO] [stdout] test src/lib.rs - (line 21) ... FAILED
[INFO] [stdout] test src/lib.rs - (line 49) ... FAILED
[INFO] [stdout] 
[INFO] [stdout] failures:
[INFO] [stdout] 
[INFO] [stdout] ---- src/lib.rs - (line 40) stdout ----
[INFO] [stdout] error[E0433]: failed to resolve: use of undeclared crate or module `env`
[INFO] [stdout]  --> src/lib.rs:41:13
[INFO] [stdout]   |
[INFO] [stdout] 3 | let token = env::var("CHATWORK_TOKEN").expect("CHATWORK_TOKENを設定してください。");
[INFO] [stdout]   |             ^^^ use of undeclared crate or module `env`
[INFO] [stdout] 
[INFO] [stdout] error[E0433]: failed to resolve: use of undeclared type `Chatwork`
[INFO] [stdout]  --> src/lib.rs:42:16
[INFO] [stdout]   |
[INFO] [stdout] 4 | let chatwork = Chatwork::new(token);
[INFO] [stdout]   |                ^^^^^^^^ not found in this scope
[INFO] [stdout]   |
[INFO] [stdout] help: consider importing this struct
[INFO] [stdout]   |
[INFO] [stdout] 2 | use chatwork_client::Chatwork;
[INFO] [stdout]   |
[INFO] [stdout] 
[INFO] [stdout] error: aborting due to 2 previous errors
[INFO] [stdout] 
[INFO] [stdout] For more information about this error, try `rustc --explain E0433`.
[INFO] [stdout] Couldn't compile the test.
[INFO] [stdout] ---- src/lib.rs - (line 12) stdout ----
[INFO] [stdout] error[E0433]: failed to resolve: use of undeclared crate or module `env`
[INFO] [stdout]  --> src/lib.rs:13:13
[INFO] [stdout]   |
[INFO] [stdout] 3 | let token = env::var("CHATWORK_TOKEN").expect("Please set the CHATWORK_TOKEN enironment variable.");
[INFO] [stdout]   |             ^^^ use of undeclared crate or module `env`
[INFO] [stdout] 
[INFO] [stdout] error[E0433]: failed to resolve: use of undeclared type `Chatwork`
[INFO] [stdout]  --> src/lib.rs:14:16
[INFO] [stdout]   |
[INFO] [stdout] 4 | let chatwork = Chatwork::new(token);
[INFO] [stdout]   |                ^^^^^^^^ not found in this scope
[INFO] [stdout]   |
[INFO] [stdout] help: consider importing this struct
[INFO] [stdout]   |
[INFO] [stdout] 2 | use chatwork_client::Chatwork;
[INFO] [stdout]   |
[INFO] [stdout] 
[INFO] [stdout] error: aborting due to 2 previous errors
[INFO] [stdout] 
[INFO] [stdout] For more information about this error, try `rustc --explain E0433`.
[INFO] [stdout] Couldn't compile the test.
[INFO] [stdout] ---- src/lib.rs - (line 21) stdout ----
[INFO] [stdout] error[E0433]: failed to resolve: use of undeclared crate or module `env`
[INFO] [stdout]  --> src/lib.rs:22:13
[INFO] [stdout]   |
[INFO] [stdout] 3 | let token = env::var("CHATWORK_TOKEN").expect("Please set the CHATWORK_TOKEN enironment variable.");
[INFO] [stdout]   |             ^^^ use of undeclared crate or module `env`
[INFO] [stdout] 
[INFO] [stdout] error[E0433]: failed to resolve: use of undeclared type `Chatwork`
[INFO] [stdout]  --> src/lib.rs:23:16
[INFO] [stdout]   |
[INFO] [stdout] 4 | let chatwork = Chatwork::new(token);
[INFO] [stdout]   |                ^^^^^^^^ not found in this scope
[INFO] [stdout]   |
[INFO] [stdout] help: consider importing this struct
[INFO] [stdout]   |
[INFO] [stdout] 2 | use chatwork_client::Chatwork;
[INFO] [stdout]   |
[INFO] [stdout] 
[INFO] [stdout] error: aborting due to 2 previous errors
[INFO] [stdout] 
[INFO] [stdout] For more information about this error, try `rustc --explain E0433`.
[INFO] [stdout] Couldn't compile the test.
[INFO] [stdout] ---- src/lib.rs - (line 49) stdout ----
[INFO] [stdout] error[E0433]: failed to resolve: use of undeclared crate or module `env`
[INFO] [stdout]  --> src/lib.rs:50:13
[INFO] [stdout]   |
[INFO] [stdout] 3 | let token = env::var("CHATWORK_TOKEN").expect("CHATWORK_TOKENを設定してください。");
[INFO] [stdout]   |             ^^^ use of undeclared crate or module `env`
[INFO] [stdout] 
[INFO] [stdout] error[E0433]: failed to resolve: use of undeclared type `Chatwork`
[INFO] [stdout]  --> src/lib.rs:51:16
[INFO] [stdout]   |
[INFO] [stdout] 4 | let chatwork = Chatwork::new(token);
[INFO] [stdout]   |                ^^^^^^^^ not found in this scope
[INFO] [stdout]   |
[INFO] [stdout] help: consider importing this struct
[INFO] [stdout]   |
[INFO] [stdout] 2 | use chatwork_client::Chatwork;
[INFO] [stdout]   |
[INFO] [stdout] 
[INFO] [stdout] error: aborting due to 2 previous errors
[INFO] [stdout] 
[INFO] [stdout] For more information about this error, try `rustc --explain E0433`.
[INFO] [stdout] Couldn't compile the test.
[INFO] [stdout] 
[INFO] [stdout] failures:
[INFO] [stdout]     src/lib.rs - (line 12)
[INFO] [stdout]     src/lib.rs - (line 21)
[INFO] [stdout]     src/lib.rs - (line 40)
[INFO] [stdout]     src/lib.rs - (line 49)
[INFO] [stdout] 
[INFO] [stdout] test result: FAILED. 0 passed; 4 failed; 0 ignored; 0 measured; 0 filtered out; finished in 0.10s
[INFO] [stdout] 
[INFO] [stderr] error: test failed, to rerun pass '--doc'
[INFO] running `Command { std: "docker" "inspect" "6c0648a5c9fe88f8673b0ccafb9d51a341b7da2b6ab0365b56e769e326d8d81d", kill_on_drop: false }`
[INFO] running `Command { std: "docker" "rm" "-f" "6c0648a5c9fe88f8673b0ccafb9d51a341b7da2b6ab0365b56e769e326d8d81d", kill_on_drop: false }`
[INFO] [stdout] 6c0648a5c9fe88f8673b0ccafb9d51a341b7da2b6ab0365b56e769e326d8d81d
